I20260709 13:03:01.824339  9534 tablet_bootstrap.cc:654] T ae33ba7072f241b8b2a9767af9f9a315 P 46d75259e6ba463dbe1b55951fe4418b: Neither blocks nor log segments found. Creating new log.
I20260709 13:03:01.830015  9819 consensus_queue.cc:1048] T d0a8cfe3aef7473281cf8a61bb042bb8 P 19741092fa9d4130a369e0630268c9a7 [LEADER]: Connected to new peer: Peer: permanent_uuid: "d621e66ea734483480f6cf98449ec12a" member_type: VOTER last_known_addr { host: "127.8.14.129" port: 41715 }, Status: LMP_MISMATCH, Last received: 0.0, Next index: 1, Last known committed idx: 0, Time since last communication: 0.000s
I20260709 13:03:01.832388  9533 raft_consensus.cc:359] T 9869b50f7f6740b6bb4d9454a18f6822 P 19741092fa9d4130a369e0630268c9a7 [term 0 FOLLOWER]: Replica starting. Triggering 0 pending ops. Active config: opid_index: -1 OBSOLETE_local: false peers { permanent_uuid: "d621e66ea734483480f6cf98449ec12a" member_type: VOTER last_known_addr { host: "127.8.14.129" port: 41715 } } peers { permanent_uuid: "19741092fa9d4130a369e0630268c9a7" member_type: VOTER last_known_addr { host: "127.8.14.130" port: 38113 } } peers { permanent_uuid: "46d75259e6ba463dbe1b55951fe4418b" member_type: VOTER last_known_addr { host: "127.8.14.131" port: 39409 } }
I20260709 13:03:01.833062  9533 raft_consensus.cc:385] T 9869b50f7f6740b6bb4d9454a18f6822 P 19741092fa9d4130a369e0630268c9a7 [term 0 FOLLOWER]: Consensus starting up: Expiring failure detector timer to make a prompt election more likely
I20260709 13:03:01.833317  9533 raft_consensus.cc:740] T 9869b50f7f6740b6bb4d9454a18f6822 P 19741092fa9d4130a369e0630268c9a7 [term 0 FOLLOWER]: Becoming Follower/Learner. State: Replica: 19741092fa9d4130a369e0630268c9a7, State: Initialized, Role: FOLLOWER
I20260709 13:03:01.784564  9824 leader_election.cc:290] T a6c829cc19284a85b78bc0bf9f6851d4 P 46d75259e6ba463dbe1b55951fe4418b [CANDIDATE]: Term 1 pre-election: Requested pre-vote from peers d621e66ea734483480f6cf98449ec12a (127.8.14.129:41715), 19741092fa9d4130a369e0630268c9a7 (127.8.14.130:38113)
I20260709 13:03:01.840749  9533 consensus_queue.cc:260] T 9869b50f7f6740b6bb4d9454a18f6822 P 19741092fa9d4130a369e0630268c9a7 [NON_LEADER]: Queue going to NON_LEADER mode. State: All replicated index: 0, Majority replicated index: 0, Committed index: 0, Last appended: 0.0, Last appended by leader: 0, Current term: 0, Majority size: -1, State: 0, Mode: NON_LEADER, active raft config: opid_index: -1 OBSOLETE_local: false peers { permanent_uuid: "d621e66ea734483480f6cf98449ec12a" member_type: VOTER last_known_addr { host: "127.8.14.129" port: 41715 } } peers { permanent_uuid: "19741092fa9d4130a369e0630268c9a7" member_type: VOTER last_known_addr { host: "127.8.14.130" port: 38113 } } peers { permanent_uuid: "46d75259e6ba463dbe1b55951fe4418b" member_type: VOTER last_known_addr { host: "127.8.14.131" port: 39409 } }
I20260709 13:03:01.844938  9533 ts_tablet_manager.cc:1434] T 9869b50f7f6740b6bb4d9454a18f6822 P 19741092fa9d4130a369e0630268c9a7: Time spent starting tablet: real 0.098s	user 0.005s	sys 0.005s
I20260709 13:03:01.845019  9535 tablet_bootstrap.cc:492] T 8bcf80e032fd4cb5a5aba9ac03fcad5d P d621e66ea734483480f6cf98449ec12a: No bootstrap required, opened a new log
I20260709 13:03:01.845577  9535 ts_tablet_manager.cc:1403] T 8bcf80e032fd4cb5a5aba9ac03fcad5d P d621e66ea734483480f6cf98449ec12a: Time spent bootstrapping tablet: real 0.160s	user 0.015s	sys 0.013s
I20260709 13:03:01.847959  9533 tablet_bootstrap.cc:492] T a6c829cc19284a85b78bc0bf9f6851d4 P 19741092fa9d4130a369e0630268c9a7: Bootstrap starting.
I20260709 13:03:01.851161  9457 leader_election.cc:304] T 671e1e5366da4b1daac212cbc3ac6f0e P 46d75259e6ba463dbe1b55951fe4418b [CANDIDATE]: Term 1 election: Election decided. Result: candidate won. Election summary: received 3 responses out of 3 voters: 2 yes votes; 1 no votes. yes voters: 19741092fa9d4130a369e0630268c9a7, 46d75259e6ba463dbe1b55951fe4418b; no voters: d621e66ea734483480f6cf98449ec12a
W20260709 13:03:01.852226  9457 leader_election.cc:343] T fb3887eebda24ae18b11b07c75d32713 P 46d75259e6ba463dbe1b55951fe4418b [CANDIDATE]: Term 1 pre-election: Tablet error from VoteRequest() call to peer 19741092fa9d4130a369e0630268c9a7 (127.8.14.130:38113): Illegal state: must be running to vote when last-logged opid is not known
I20260709 13:03:01.852663  9457 leader_election.cc:304] T fb3887eebda24ae18b11b07c75d32713 P 46d75259e6ba463dbe1b55951fe4418b [CANDIDATE]: Term 1 pre-election: Election decided. Result: candidate lost. Election summary: received 3 responses out of 3 voters: 1 yes votes; 2 no votes. yes voters: 46d75259e6ba463dbe1b55951fe4418b; no voters: 19741092fa9d4130a369e0630268c9a7, d621e66ea734483480f6cf98449ec12a
I20260709 13:03:01.854492  9535 raft_consensus.cc:359] T 8bcf80e032fd4cb5a5aba9ac03fcad5d P d621e66ea734483480f6cf98449ec12a [term 0 FOLLOWER]: Replica starting. Triggering 0 pending ops. Active config: opid_index: -1 OBSOLETE_local: false peers { permanent_uuid: "d621e66ea734483480f6cf98449ec12a" member_type: VOTER last_known_addr { host: "127.8.14.129" port: 41715 } } peers { permanent_uuid: "19741092fa9d4130a369e0630268c9a7" member_type: VOTER last_known_addr { host: "127.8.14.130" port: 38113 } } peers { permanent_uuid: "46d75259e6ba463dbe1b55951fe4418b" member_type: VOTER last_known_addr { host: "127.8.14.131" port: 39409 } }
I20260709 13:03:01.860594  9535 raft_consensus.cc:385] T 8bcf80e032fd4cb5a5aba9ac03fcad5d P d621e66ea734483480f6cf98449ec12a [term 0 FOLLOWER]: Consensus starting up: Expiring failure detector timer to make a prompt election more likely
I20260709 13:03:01.860847  9535 raft_consensus.cc:740] T 8bcf80e032fd4cb5a5aba9ac03fcad5d P d621e66ea734483480f6cf98449ec12a [term 0 FOLLOWER]: Becoming Follower/Learner. State: Replica: d621e66ea734483480f6cf98449ec12a, State: Initialized, Role: FOLLOWER
I20260709 13:03:01.861423  9535 consensus_queue.cc:260] T 8bcf80e032fd4cb5a5aba9ac03fcad5d P d621e66ea734483480f6cf98449ec12a [NON_LEADER]: Queue going to NON_LEADER mode. State: All replicated index: 0, Majority replicated index: 0, Committed index: 0, Last appended: 0.0, Last appended by leader: 0, Current term: 0, Majority size: -1, State: 0, Mode: NON_LEADER, active raft config: opid_index: -1 OBSOLETE_local: false peers { permanent_uuid: "d621e66ea734483480f6cf98449ec12a" member_type: VOTER last_known_addr { host: "127.8.14.129" port: 41715 } } peers { permanent_uuid: "19741092fa9d4130a369e0630268c9a7" member_type: VOTER last_known_addr { host: "127.8.14.130" port: 38113 } } peers { permanent_uuid: "46d75259e6ba463dbe1b55951fe4418b" member_type: VOTER last_known_addr { host: "127.8.14.131" port: 39409 } }
I20260709 13:03:01.860302  9533 tablet_bootstrap.cc:654] T a6c829cc19284a85b78bc0bf9f6851d4 P 19741092fa9d4130a369e0630268c9a7: Neither blocks nor log segments found. Creating new log.
I20260709 13:03:01.866539  9709 raft_consensus.cc:2804] T 671e1e5366da4b1daac212cbc3ac6f0e P 46d75259e6ba463dbe1b55951fe4418b [term 1 FOLLOWER]: Leader election won for term 1
I20260709 13:03:01.866659  9611 raft_consensus.cc:2749] T fb3887eebda24ae18b11b07c75d32713 P 46d75259e6ba463dbe1b55951fe4418b [term 0 FOLLOWER]: Leader pre-election lost for term 1. Reason: could not achieve majority
I20260709 13:03:01.867074  9709 raft_consensus.cc:697] T 671e1e5366da4b1daac212cbc3ac6f0e P 46d75259e6ba463dbe1b55951fe4418b [term 1 LEADER]: Becoming Leader. State: Replica: 46d75259e6ba463dbe1b55951fe4418b, State: Running, Role: LEADER
I20260709 13:03:01.867942  9709 consensus_queue.cc:237] T 671e1e5366da4b1daac212cbc3ac6f0e P 46d75259e6ba463dbe1b55951fe4418b [LEADER]: Queue going to LEADER mode. State: All replicated index: 0, Majority replicated index: 0, Committed index: 0, Last appended: 0.0, Last appended by leader: 0, Current term: 1, Majority size: 2, State: 0, Mode: LEADER, active raft config: opid_index: -1 OBSOLETE_local: false peers { permanent_uuid: "d621e66ea734483480f6cf98449ec12a" member_type: VOTER last_known_addr { host: "127.8.14.129" port: 41715 } } peers { permanent_uuid: "19741092fa9d4130a369e0630268c9a7" member_type: VOTER last_known_addr { host: "127.8.14.130" port: 38113 } } peers { permanent_uuid: "46d75259e6ba463dbe1b55951fe4418b" member_type: VOTER last_known_addr { host: "127.8.14.131" port: 39409 } }
I20260709 13:03:01.868968  9535 ts_tablet_manager.cc:1434] T 8bcf80e032fd4cb5a5aba9ac03fcad5d P d621e66ea734483480f6cf98449ec12a: Time spent starting tablet: real 0.023s	user 0.001s	sys 0.005s
I20260709 13:03:01.871615  9535 tablet_bootstrap.cc:492] T 9869b50f7f6740b6bb4d9454a18f6822 P d621e66ea734483480f6cf98449ec12a: Bootstrap starting.
I20260709 13:03:01.872674  9242 catalog_manager.cc:5697] T 460bcabafaad4be68ae008cef71db8d8 P 19741092fa9d4130a369e0630268c9a7 reported cstate change: term changed from 0 to 1, leader changed from <none> to 19741092fa9d4130a369e0630268c9a7 (127.8.14.130). New cstate: current_term: 1 leader_uuid: "19741092fa9d4130a369e0630268c9a7" committed_config { opid_index: -1 OBSOLETE_local: false peers { permanent_uuid: "d621e66ea734483480f6cf98449ec12a" member_type: VOTER last_known_addr { host: "127.8.14.129" port: 41715 } health_report { overall_health: UNKNOWN } } peers { permanent_uuid: "19741092fa9d4130a369e0630268c9a7" member_type: VOTER last_known_addr { host: "127.8.14.130" port: 38113 } health_report { overall_health: HEALTHY } } peers { permanent_uuid: "46d75259e6ba463dbe1b55951fe4418b" member_type: VOTER last_known_addr { host: "127.8.14.131" port: 39409 } health_report { overall_health: UNKNOWN } } }
I20260709 13:03:01.873147  9595 consensus_queue.cc:1048] T d0a8cfe3aef7473281cf8a61bb042bb8 P 19741092fa9d4130a369e0630268c9a7 [LEADER]: Connected to new peer: Peer: permanent_uuid: "46d75259e6ba463dbe1b55951fe4418b" member_type: VOTER last_known_addr { host: "127.8.14.131" port: 39409 }, Status: LMP_MISMATCH, Last received: 0.0, Next index: 1, Last known committed idx: 0, Time since last communication: 0.000s
I20260709 13:03:01.877254  9535 tablet_bootstrap.cc:654] T 9869b50f7f6740b6bb4d9454a18f6822 P d621e66ea734483480f6cf98449ec12a: Neither blocks nor log segments found. Creating new log.
I20260709 13:03:01.877346  9418 tablet_service.cc:1917] Received RequestConsensusVote() RPC: tablet_id: "a6c829cc19284a85b78bc0bf9f6851d4" candidate_uuid: "46d75259e6ba463dbe1b55951fe4418b" candidate_term: 1 candidate_status { last_received { term: 0 index: 0 } } ignore_live_leader: false dest_uuid: "19741092fa9d4130a369e0630268c9a7" is_pre_election: true
I20260709 13:03:01.883966  9825 raft_consensus.cc:493] T cd2999cf313d4153956244fcd81875b8 P 19741092fa9d4130a369e0630268c9a7 [term 0 FOLLOWER]: Starting pre-election (no leader contacted us within the election timeout)
I20260709 13:03:01.884414  9825 raft_consensus.cc:515] T cd2999cf313d4153956244fcd81875b8 P 19741092fa9d4130a369e0630268c9a7 [term 0 FOLLOWER]: Starting pre-election with config: opid_index: -1 OBSOLETE_local: false peers { permanent_uuid: "d621e66ea734483480f6cf98449ec12a" member_type: VOTER last_known_addr { host: "127.8.14.129" port: 41715 } } peers { permanent_uuid: "19741092fa9d4130a369e0630268c9a7" member_type: VOTER last_known_addr { host: "127.8.14.130" port: 38113 } } peers { permanent_uuid: "46d75259e6ba463dbe1b55951fe4418b" member_type: VOTER last_known_addr { host: "127.8.14.131" port: 39409 } }
I20260709 13:03:01.886097  9534 tablet_bootstrap.cc:492] T ae33ba7072f241b8b2a9767af9f9a315 P 46d75259e6ba463dbe1b55951fe4418b: No bootstrap required, opened a new log
I20260709 13:03:01.886528  9534 ts_tablet_manager.cc:1403] T ae33ba7072f241b8b2a9767af9f9a315 P 46d75259e6ba463dbe1b55951fe4418b: Time spent bootstrapping tablet: real 0.186s	user 0.005s	sys 0.013s
W20260709 13:03:01.888131  9457 leader_election.cc:343] T a6c829cc19284a85b78bc0bf9f6851d4 P 46d75259e6ba463dbe1b55951fe4418b [CANDIDATE]: Term 1 pre-election: Tablet error from VoteRequest() call to peer 19741092fa9d4130a369e0630268c9a7 (127.8.14.130:38113): Illegal state: must be running to vote when last-logged opid is not known
I20260709 13:03:01.888515  9457 leader_election.cc:304] T a6c829cc19284a85b78bc0bf9f6851d4 P 46d75259e6ba463dbe1b55951fe4418b [CANDIDATE]: Term 1 pre-election: Election decided. Result: candidate lost. Election summary: received 3 responses out of 3 voters: 1 yes votes; 2 no votes. yes voters: 46d75259e6ba463dbe1b55951fe4418b; no voters: 19741092fa9d4130a369e0630268c9a7, d621e66ea734483480f6cf98449ec12a
I20260709 13:03:01.890492  9701 raft_consensus.cc:2749] T a6c829cc19284a85b78bc0bf9f6851d4 P 46d75259e6ba463dbe1b55951fe4418b [term 0 FOLLOWER]: Leader pre-election lost for term 1. Reason: could not achieve majority
I20260709 13:03:01.897668  9825 leader_election.cc:290] T cd2999cf313d4153956244fcd81875b8 P 19741092fa9d4130a369e0630268c9a7 [CANDIDATE]: Term 1 pre-election: Requested pre-vote from peers d621e66ea734483480f6cf98449ec12a (127.8.14.129:41715), 46d75259e6ba463dbe1b55951fe4418b (127.8.14.131:39409)
I20260709 13:03:01.904539  9344 tablet_service.cc:1917] Received RequestConsensusVote() RPC: tablet_id: "cd2999cf313d4153956244fcd81875b8" candidate_uuid: "19741092fa9d4130a369e0630268c9a7" candidate_term: 1 candidate_status { last_received { term: 0 index: 0 } } ignore_live_leader: false dest_uuid: "d621e66ea734483480f6cf98449ec12a" is_pre_election: true
W20260709 13:03:01.912734  9383 leader_election.cc:343] T cd2999cf313d4153956244fcd81875b8 P 19741092fa9d4130a369e0630268c9a7 [CANDIDATE]: Term 1 pre-election: Tablet error from VoteRequest() call to peer d621e66ea734483480f6cf98449ec12a (127.8.14.129:41715): Illegal state: must be running to vote when last-logged opid is not known
I20260709 13:03:01.914407  9488 tablet_service.cc:1917] Received RequestConsensusVote() RPC: tablet_id: "cd2999cf313d4153956244fcd81875b8" candidate_uuid: "19741092fa9d4130a369e0630268c9a7" candidate_term: 1 candidate_status { last_received { term: 0 index: 0 } } ignore_live_leader: false dest_uuid: "46d75259e6ba463dbe1b55951fe4418b" is_pre_election: true
I20260709 13:03:01.915086  9488 raft_consensus.cc:2468] T cd2999cf313d4153956244fcd81875b8 P 46d75259e6ba463dbe1b55951fe4418b [term 0 FOLLOWER]: Leader pre-election vote request: Granting yes vote for candidate 19741092fa9d4130a369e0630268c9a7 in term 0.
I20260709 13:03:01.932561  9534 raft_consensus.cc:359] T ae33ba7072f241b8b2a9767af9f9a315 P 46d75259e6ba463dbe1b55951fe4418b [term 0 FOLLOWER]: Replica starting. Triggering 0 pending ops. Active config: opid_index: -1 OBSOLETE_local: false peers { permanent_uuid: "d621e66ea734483480f6cf98449ec12a" member_type: VOTER last_known_addr { host: "127.8.14.129" port: 41715 } } peers { permanent_uuid: "19741092fa9d4130a369e0630268c9a7" member_type: VOTER last_known_addr { host: "127.8.14.130" port: 38113 } } peers { permanent_uuid: "46d75259e6ba463dbe1b55951fe4418b" member_type: VOTER last_known_addr { host: "127.8.14.131" port: 39409 } }
I20260709 13:03:01.933454  9534 raft_consensus.cc:385] T ae33ba7072f241b8b2a9767af9f9a315 P 46d75259e6ba463dbe1b55951fe4418b [term 0 FOLLOWER]: Consensus starting up: Expiring failure detector timer to make a prompt election more likely
I20260709 13:03:01.934288  9534 raft_consensus.cc:740] T ae33ba7072f241b8b2a9767af9f9a315 P 46d75259e6ba463dbe1b55951fe4418b [term 0 FOLLOWER]: Becoming Follower/Learner. State: Replica: 46d75259e6ba463dbe1b55951fe4418b, State: Initialized, Role: FOLLOWER
I20260709 13:03:01.932256  9382 leader_election.cc:304] T cd2999cf313d4153956244fcd81875b8 P 19741092fa9d4130a369e0630268c9a7 [CANDIDATE]: Term 1 pre-election: Election decided. Result: candidate won. Election summary: received 3 responses out of 3 voters: 2 yes votes; 1 no votes. yes voters: 19741092fa9d4130a369e0630268c9a7, 46d75259e6ba463dbe1b55951fe4418b; no voters: d621e66ea734483480f6cf98449ec12a
I20260709 13:03:01.935122  9534 consensus_queue.cc:260] T ae33ba7072f241b8b2a9767af9f9a315 P 46d75259e6ba463dbe1b55951fe4418b [NON_LEADER]: Queue going to NON_LEADER mode. State: All replicated index: 0, Majority replicated index: 0, Committed index: 0, Last appended: 0.0, Last appended by leader: 0, Current term: 0, Majority size: -1, State: 0, Mode: NON_LEADER, active raft config: opid_index: -1 OBSOLETE_local: false peers { permanent_uuid: "d621e66ea734483480f6cf98449ec12a" member_type: VOTER last_known_addr { host: "127.8.14.129" port: 41715 } } peers { permanent_uuid: "19741092fa9d4130a369e0630268c9a7" member_type: VOTER last_known_addr { host: "127.8.14.130" port: 38113 } } peers { permanent_uuid: "46d75259e6ba463dbe1b55951fe4418b" member_type: VOTER last_known_addr { host: "127.8.14.131" port: 39409 } }
W20260709 13:03:01.935480  9457 outbound_call.cc:321] RPC callback for RPC call kudu.consensus.ConsensusService.UpdateConsensus -> {remote=127.8.14.130:38113, user_credentials={real_user=slave}} blocked reactor thread for 45979.8us
I20260709 13:03:01.940378  9534 ts_tablet_manager.cc:1434] T ae33ba7072f241b8b2a9767af9f9a315 P 46d75259e6ba463dbe1b55951fe4418b: Time spent starting tablet: real 0.054s	user 0.008s	sys 0.000s
I20260709 13:03:01.941380  9534 tablet_bootstrap.cc:492] T a8183222bc2542c7953c671ffd165772 P 46d75259e6ba463dbe1b55951fe4418b: Bootstrap starting.
I20260709 13:03:01.944725  9701 raft_consensus.cc:493] T ae33ba7072f241b8b2a9767af9f9a315 P 46d75259e6ba463dbe1b55951fe4418b [term 0 FOLLOWER]: Starting pre-election (no leader contacted us within the election timeout)
I20260709 13:03:01.945273  9701 raft_consensus.cc:515] T ae33ba7072f241b8b2a9767af9f9a315 P 46d75259e6ba463dbe1b55951fe4418b [term 0 FOLLOWER]: Starting pre-election with config: opid_index: -1 OBSOLETE_local: false peers { permanent_uuid: "d621e66ea734483480f6cf98449ec12a" member_type: VOTER last_known_addr { host: "127.8.14.129" port: 41715 } } peers { permanent_uuid: "19741092fa9d4130a369e0630268c9a7" member_type: VOTER last_known_addr { host: "127.8.14.130" port: 38113 } } peers { permanent_uuid: "46d75259e6ba463dbe1b55951fe4418b" member_type: VOTER last_known_addr { host: "127.8.14.131" port: 39409 } }
I20260709 13:03:01.947253  9701 leader_election.cc:290] T ae33ba7072f241b8b2a9767af9f9a315 P 46d75259e6ba463dbe1b55951fe4418b [CANDIDATE]: Term 1 pre-election: Requested pre-vote from peers d621e66ea734483480f6cf98449ec12a (127.8.14.129:41715), 19741092fa9d4130a369e0630268c9a7 (127.8.14.130:38113)
I20260709 13:03:01.950320  9344 tablet_service.cc:1917] Received RequestConsensusVote() RPC: tablet_id: "ae33ba7072f241b8b2a9767af9f9a315" candidate_uuid: "46d75259e6ba463dbe1b55951fe4418b" candidate_term: 1 candidate_status { last_received { term: 0 index: 0 } } ignore_live_leader: false dest_uuid: "d621e66ea734483480f6cf98449ec12a" is_pre_election: true
I20260709 13:03:01.935580  9857 raft_consensus.cc:2804] T cd2999cf313d4153956244fcd81875b8 P 19741092fa9d4130a369e0630268c9a7 [term 0 FOLLOWER]: Leader pre-election won for term 1
I20260709 13:03:01.951606  9857 raft_consensus.cc:493] T cd2999cf313d4153956244fcd81875b8 P 19741092fa9d4130a369e0630268c9a7 [term 0 FOLLOWER]: Starting leader election (no leader contacted us within the election timeout)
I20260709 13:03:01.952039  9857 raft_consensus.cc:3060] T cd2999cf313d4153956244fcd81875b8 P 19741092fa9d4130a369e0630268c9a7 [term 0 FOLLOWER]: Advancing to term 1
W20260709 13:03:01.954044  9457 leader_election.cc:343] T ae33ba7072f241b8b2a9767af9f9a315 P 46d75259e6ba463dbe1b55951fe4418b [CANDIDATE]: Term 1 pre-election: Tablet error from VoteRequest() call to peer d621e66ea734483480f6cf98449ec12a (127.8.14.129:41715): Illegal state: must be running to vote when last-logged opid is not known
I20260709 13:03:01.958492  9534 tablet_bootstrap.cc:654] T a8183222bc2542c7953c671ffd165772 P 46d75259e6ba463dbe1b55951fe4418b: Neither blocks nor log segments found. Creating new log.
I20260709 13:03:01.960697  9416 tablet_service.cc:1917] Received RequestConsensusVote() RPC: tablet_id: "ae33ba7072f241b8b2a9767af9f9a315" candidate_uuid: "46d75259e6ba463dbe1b55951fe4418b" candidate_term: 1 candidate_status { last_received { term: 0 index: 0 } } ignore_live_leader: false dest_uuid: "19741092fa9d4130a369e0630268c9a7" is_pre_election: true
W20260709 13:03:01.962754  9457 leader_election.cc:343] T ae33ba7072f241b8b2a9767af9f9a315 P 46d75259e6ba463dbe1b55951fe4418b [CANDIDATE]: Term 1 pre-election: Tablet error from VoteRequest() call to peer 19741092fa9d4130a369e0630268c9a7 (127.8.14.130:38113): Illegal state: must be running to vote when last-logged opid is not known
I20260709 13:03:01.963285  9457 leader_election.cc:304] T ae33ba7072f241b8b2a9767af9f9a315 P 46d75259e6ba463dbe1b55951fe4418b [CANDIDATE]: Term 1 pre-election: Election decided. Result: candidate lost. Election summary: received 3 responses out of 3 voters: 1 yes votes; 2 no votes. yes voters: 46d75259e6ba463dbe1b55951fe4418b; no voters: 19741092fa9d4130a369e0630268c9a7, d621e66ea734483480f6cf98449ec12a
I20260709 13:03:01.964080  9701 raft_consensus.cc:2749] T ae33ba7072f241b8b2a9767af9f9a315 P 46d75259e6ba463dbe1b55951fe4418b [term 0 FOLLOWER]: Leader pre-election lost for term 1. Reason: could not achieve majority
I20260709 13:03:01.968056  9763 raft_consensus.cc:493] T 597e61d4eb6f4e4ca2b836134efd0380 P d621e66ea734483480f6cf98449ec12a [term 0 FOLLOWER]: Starting pre-election (no leader contacted us within the election timeout)
I20260709 13:03:01.968556  9535 tablet_bootstrap.cc:492] T 9869b50f7f6740b6bb4d9454a18f6822 P d621e66ea734483480f6cf98449ec12a: No bootstrap required, opened a new log
I20260709 13:03:01.968497  9763 raft_consensus.cc:515] T 597e61d4eb6f4e4ca2b836134efd0380 P d621e66ea734483480f6cf98449ec12a [term 0 FOLLOWER]: Starting pre-election with config: opid_index: -1 OBSOLETE_local: false peers { permanent_uuid: "d621e66ea734483480f6cf98449ec12a" member_type: VOTER last_known_addr { host: "127.8.14.129" port: 41715 } } peers { permanent_uuid: "19741092fa9d4130a369e0630268c9a7" member_type: VOTER last_known_addr { host: "127.8.14.130" port: 38113 } } peers { permanent_uuid: "46d75259e6ba463dbe1b55951fe4418b" member_type: VOTER last_known_addr { host: "127.8.14.131" port: 39409 } }
I20260709 13:03:01.969085  9535 ts_tablet_manager.cc:1403] T 9869b50f7f6740b6bb4d9454a18f6822 P d621e66ea734483480f6cf98449ec12a: Time spent bootstrapping tablet: real 0.098s	user 0.011s	sys 0.004s
I20260709 13:03:01.970563  9763 leader_election.cc:290] T 597e61d4eb6f4e4ca2b836134efd0380 P d621e66ea734483480f6cf98449ec12a [CANDIDATE]: Term 1 pre-election: Requested pre-vote from peers 19741092fa9d4130a369e0630268c9a7 (127.8.14.130:38113), 46d75259e6ba463dbe1b55951fe4418b (127.8.14.131:39409)
I20260709 13:03:01.973129  9488 tablet_service.cc:1917] Received RequestConsensusVote() RPC: tablet_id: "597e61d4eb6f4e4ca2b836134efd0380" candidate_uuid: "d621e66ea734483480f6cf98449ec12a" candidate_term: 1 candidate_status { last_received { term: 0 index: 0 } } ignore_live_leader: false dest_uuid: "46d75259e6ba463dbe1b55951fe4418b" is_pre_election: true
I20260709 13:03:01.973434  9533 tablet_bootstrap.cc:492] T a6c829cc19284a85b78bc0bf9f6851d4 P 19741092fa9d4130a369e0630268c9a7: No bootstrap required, opened a new log
I20260709 13:03:01.973331  9535 raft_consensus.cc:359] T 9869b50f7f6740b6bb4d9454a18f6822 P d621e66ea734483480f6cf98449ec12a [term 0 FOLLOWER]: Replica starting. Triggering 0 pending ops. Active config: opid_index: -1 OBSOLETE_local: false peers { permanent_uuid: "d621e66ea734483480f6cf98449ec12a" member_type: VOTER last_known_addr { host: "127.8.14.129" port: 41715 } } peers { permanent_uuid: "19741092fa9d4130a369e0630268c9a7" member_type: VOTER last_known_addr { host: "127.8.14.130" port: 38113 } } peers { permanent_uuid: "46d75259e6ba463dbe1b55951fe4418b" member_type: VOTER last_known_addr { host: "127.8.14.131" port: 39409 } }
I20260709 13:03:01.973984  9533 ts_tablet_manager.cc:1403] T a6c829cc19284a85b78bc0bf9f6851d4 P 19741092fa9d4130a369e0630268c9a7: Time spent bootstrapping tablet: real 0.127s	user 0.019s	sys 0.047s
I20260709 13:03:01.974156  9535 raft_consensus.cc:385] T 9869b50f7f6740b6bb4d9454a18f6822 P d621e66ea734483480f6cf98449ec12a [term 0 FOLLOWER]: Consensus starting up: Expiring failure detector timer to make a prompt election more likely
I20260709 13:03:01.974560  9535 raft_consensus.cc:740] T 9869b50f7f6740b6bb4d9454a18f6822 P d621e66ea734483480f6cf98449ec12a [term 0 FOLLOWER]: Becoming Follower/Learner. State: Replica: d621e66ea734483480f6cf98449ec12a, State: Initialized, Role: FOLLOWER
I20260709 13:03:01.975051  9416 tablet_service.cc:1917] Received RequestConsensusVote() RPC: tablet_id: "597e61d4eb6f4e4ca2b836134efd0380" candidate_uuid: "d621e66ea734483480f6cf98449ec12a" candidate_term: 1 candidate_status { last_received { term: 0 index: 0 } } ignore_live_leader: false dest_uuid: "19741092fa9d4130a369e0630268c9a7" is_pre_election: true
I20260709 13:03:01.975261  9535 consensus_queue.cc:260] T 9869b50f7f6740b6bb4d9454a18f6822 P d621e66ea734483480f6cf98449ec12a [NON_LEADER]: Queue going to NON_LEADER mode. State: All replicated index: 0, Majority replicated index: 0, Committed index: 0, Last appended: 0.0, Last appended by leader: 0, Current term: 0, Majority size: -1, State: 0, Mode: NON_LEADER, active raft config: opid_index: -1 OBSOLETE_local: false peers { permanent_uuid: "d621e66ea734483480f6cf98449ec12a" member_type: VOTER last_known_addr { host: "127.8.14.129" port: 41715 } } peers { permanent_uuid: "19741092fa9d4130a369e0630268c9a7" member_type: VOTER last_known_addr { host: "127.8.14.130" port: 38113 } } peers { permanent_uuid: "46d75259e6ba463dbe1b55951fe4418b" member_type: VOTER last_known_addr { host: "127.8.14.131" port: 39409 } }
I20260709 13:03:01.976564  9308 leader_election.cc:304] T 597e61d4eb6f4e4ca2b836134efd0380 P d621e66ea734483480f6cf98449ec12a [CANDIDATE]: Term 1 pre-election: Election decided. Result: candidate lost. Election summary: received 3 responses out of 3 voters: 1 yes votes; 2 no votes. yes voters: d621e66ea734483480f6cf98449ec12a; no voters: 19741092fa9d4130a369e0630268c9a7, 46d75259e6ba463dbe1b55951fe4418b
I20260709 13:03:01.976604  9533 raft_consensus.cc:359] T a6c829cc19284a85b78bc0bf9f6851d4 P 19741092fa9d4130a369e0630268c9a7 [term 0 FOLLOWER]: Replica starting. Triggering 0 pending ops. Active config: opid_index: -1 OBSOLETE_local: false peers { permanent_uuid: "d621e66ea734483480f6cf98449ec12a" member_type: VOTER last_known_addr { host: "127.8.14.129" port: 41715 } } peers { permanent_uuid: "19741092fa9d4130a369e0630268c9a7" member_type: VOTER last_known_addr { host: "127.8.14.130" port: 38113 } } peers { permanent_uuid: "46d75259e6ba463dbe1b55951fe4418b" member_type: VOTER last_known_addr { host: "127.8.14.131" port: 39409 } }
I20260709 13:03:01.977442  9533 raft_consensus.cc:385] T a6c829cc19284a85b78bc0bf9f6851d4 P 19741092fa9d4130a369e0630268c9a7 [term 0 FOLLOWER]: Consensus starting up: Expiring failure detector timer to make a prompt election more likely
I20260709 13:03:01.977564  9535 ts_tablet_manager.cc:1434] T 9869b50f7f6740b6bb4d9454a18f6822 P d621e66ea734483480f6cf98449ec12a: Time spent starting tablet: real 0.008s	user 0.006s	sys 0.000s
I20260709 13:03:01.977761  9533 raft_consensus.cc:740] T a6c829cc19284a85b78bc0bf9f6851d4 P 19741092fa9d4130a369e0630268c9a7 [term 0 FOLLOWER]: Becoming Follower/Learner. State: Replica: 19741092fa9d4130a369e0630268c9a7, State: Initialized, Role: FOLLOWER
I20260709 13:03:01.977944  9764 raft_consensus.cc:2749] T 597e61d4eb6f4e4ca2b836134efd0380 P d621e66ea734483480f6cf98449ec12a [term 0 FOLLOWER]: Leader pre-election lost for term 1. Reason: could not achieve majority
I20260709 13:03:01.978719  9535 tablet_bootstrap.cc:492] T 54da13d150f74d85a214031d9f9a1b8e P d621e66ea734483480f6cf98449ec12a: Bootstrap starting.
I20260709 13:03:01.978574  9533 consensus_queue.cc:260] T a6c829cc19284a85b78bc0bf9f6851d4 P 19741092fa9d4130a369e0630268c9a7 [NON_LEADER]: Queue going to NON_LEADER mode. State: All replicated index: 0, Majority replicated index: 0, Committed index: 0, Last appended: 0.0, Last appended by leader: 0, Current term: 0, Majority size: -1, State: 0, Mode: NON_LEADER, active raft config: opid_index: -1 OBSOLETE_local: false peers { permanent_uuid: "d621e66ea734483480f6cf98449ec12a" member_type: VOTER last_known_addr { host: "127.8.14.129" port: 41715 } } peers { permanent_uuid: "19741092fa9d4130a369e0630268c9a7" member_type: VOTER last_known_addr { host: "127.8.14.130" port: 38113 } } peers { permanent_uuid: "46d75259e6ba463dbe1b55951fe4418b" member_type: VOTER last_known_addr { host: "127.8.14.131" port: 39409 } }
I20260709 13:03:01.979691  9241 catalog_manager.cc:5697] T 671e1e5366da4b1daac212cbc3ac6f0e P 46d75259e6ba463dbe1b55951fe4418b reported cstate change: term changed from 0 to 1, leader changed from <none> to 46d75259e6ba463dbe1b55951fe4418b (127.8.14.131). New cstate: current_term: 1 leader_uuid: "46d75259e6ba463dbe1b55951fe4418b" committed_config { opid_index: -1 OBSOLETE_local: false peers { permanent_uuid: "d621e66ea734483480f6cf98449ec12a" member_type: VOTER last_known_addr { host: "127.8.14.129" port: 41715 } health_report { overall_health: UNKNOWN } } peers { permanent_uuid: "19741092fa9d4130a369e0630268c9a7" member_type: VOTER last_known_addr { host: "127.8.14.130" port: 38113 } health_report { overall_health: UNKNOWN } } peers { permanent_uuid: "46d75259e6ba463dbe1b55951fe4418b" member_type: VOTER last_known_addr { host: "127.8.14.131" port: 39409 } health_report { overall_health: HEALTHY } } }
I20260709 13:03:01.985105  9533 ts_tablet_manager.cc:1434] T a6c829cc19284a85b78bc0bf9f6851d4 P 19741092fa9d4130a369e0630268c9a7: Time spent starting tablet: real 0.011s	user 0.009s	sys 0.000s
I20260709 13:03:01.985533  9534 tablet_bootstrap.cc:492] T a8183222bc2542c7953c671ffd165772 P 46d75259e6ba463dbe1b55951fe4418b: No bootstrap required, opened a new log
I20260709 13:03:01.986564  9534 ts_tablet_manager.cc:1403] T a8183222bc2542c7953c671ffd165772 P 46d75259e6ba463dbe1b55951fe4418b: Time spent bootstrapping tablet: real 0.045s	user 0.011s	sys 0.002s
I20260709 13:03:01.988153  9533 tablet_bootstrap.cc:492] T bfe14713ae3b4ab889b83c5a9baf1ad8 P 19741092fa9d4130a369e0630268c9a7: Bootstrap starting.
I20260709 13:03:01.989538  9534 raft_consensus.cc:359] T a8183222bc2542c7953c671ffd165772 P 46d75259e6ba463dbe1b55951fe4418b [term 0 FOLLOWER]: Replica starting. Triggering 0 pending ops. Active config: opid_index: -1 OBSOLETE_local: false peers { permanent_uuid: "d621e66ea734483480f6cf98449ec12a" member_type: VOTER last_known_addr { host: "127.8.14.129" port: 41715 } } peers { permanent_uuid: "19741092fa9d4130a369e0630268c9a7" member_type: VOTER last_known_addr { host: "127.8.14.130" port: 38113 } } peers { permanent_uuid: "46d75259e6ba463dbe1b55951fe4418b" member_type: VOTER last_known_addr { host: "127.8.14.131" port: 39409 } }
I20260709 13:03:01.990139  9534 raft_consensus.cc:385] T a8183222bc2542c7953c671ffd165772 P 46d75259e6ba463dbe1b55951fe4418b [term 0 FOLLOWER]: Consensus starting up: Expiring failure detector timer to make a prompt election more likely
I20260709 13:03:01.990316  9534 raft_consensus.cc:740] T a8183222bc2542c7953c671ffd165772 P 46d75259e6ba463dbe1b55951fe4418b [term 0 FOLLOWER]: Becoming Follower/Learner. State: Replica: 46d75259e6ba463dbe1b55951fe4418b, State: Initialized, Role: FOLLOWER
I20260709 13:03:01.990868  9534 consensus_queue.cc:260] T a8183222bc2542c7953c671ffd165772 P 46d75259e6ba463dbe1b55951fe4418b [NON_LEADER]: Queue going to NON_LEADER mode. State: All replicated index: 0, Majority replicated index: 0, Committed index: 0, Last appended: 0.0, Last appended by leader: 0, Current term: 0, Majority size: -1, State: 0, Mode: NON_LEADER, active raft config: opid_index: -1 OBSOLETE_local: false peers { permanent_uuid: "d621e66ea734483480f6cf98449ec12a" member_type: VOTER last_known_addr { host: "127.8.14.129" port: 41715 } } peers { permanent_uuid: "19741092fa9d4130a369e0630268c9a7" member_type: VOTER last_known_addr { host: "127.8.14.130" port: 38113 } } peers { permanent_uuid: "46d75259e6ba463dbe1b55951fe4418b" member_type: VOTER last_known_addr { host: "127.8.14.131" port: 39409 } }
I20260709 13:03:01.992230  9534 ts_tablet_manager.cc:1434] T a8183222bc2542c7953c671ffd165772 P 46d75259e6ba463dbe1b55951fe4418b: Time spent starting tablet: real 0.005s	user 0.005s	sys 0.000s
I20260709 13:03:01.993158  9534 tablet_bootstrap.cc:492] T 8c4b22de4b174ded9a13ac47eeb1a8e9 P 46d75259e6ba463dbe1b55951fe4418b: Bootstrap starting.
I20260709 13:03:01.994462  9701 raft_consensus.cc:493] T 73e570618074416da55e7996b1d8386e P 46d75259e6ba463dbe1b55951fe4418b [term 0 FOLLOWER]: Starting pre-election (no leader contacted us within the election timeout)
I20260709 13:03:01.994957  9701 raft_consensus.cc:515] T 73e570618074416da55e7996b1d8386e P 46d75259e6ba463dbe1b55951fe4418b [term 0 FOLLOWER]: Starting pre-election with config: opid_index: -1 OBSOLETE_local: false peers { permanent_uuid: "d621e66ea734483480f6cf98449ec12a" member_type: VOTER last_known_addr { host: "127.8.14.129" port: 41715 } } peers { permanent_uuid: "19741092fa9d4130a369e0630268c9a7" member_type: VOTER last_known_addr { host: "127.8.14.130" port: 38113 } } peers { permanent_uuid: "46d75259e6ba463dbe1b55951fe4418b" member_type: VOTER last_known_addr { host: "127.8.14.131" port: 39409 } }
I20260709 13:03:01.986557  9857 raft_consensus.cc:515] T cd2999cf313d4153956244fcd81875b8 P 19741092fa9d4130a369e0630268c9a7 [term 1 FOLLOWER]: Starting leader election with config: opid_index: -1 OBSOLETE_local: false peers { permanent_uuid: "d621e66ea734483480f6cf98449ec12a" member_type: VOTER last_known_addr { host: "127.8.14.129" port: 41715 } } peers { permanent_uuid: "19741092fa9d4130a369e0630268c9a7" member_type: VOTER last_known_addr { host: "127.8.14.130" port: 38113 } } peers { permanent_uuid: "46d75259e6ba463dbe1b55951fe4418b" member_type: VOTER last_known_addr { host: "127.8.14.131" port: 39409 } }
I20260709 13:03:01.997787  9857 leader_election.cc:290] T cd2999cf313d4153956244fcd81875b8 P 19741092fa9d4130a369e0630268c9a7 [CANDIDATE]: Term 1 election: Requested vote from peers d621e66ea734483480f6cf98449ec12a (127.8.14.129:41715), 46d75259e6ba463dbe1b55951fe4418b (127.8.14.131:39409)
I20260709 13:03:01.998540  9339 tablet_service.cc:1917] Received RequestConsensusVote() RPC: tablet_id: "cd2999cf313d4153956244fcd81875b8" candidate_uuid: "19741092fa9d4130a369e0630268c9a7" candidate_term: 1 candidate_status { last_received { term: 0 index: 0 } } ignore_live_leader: false dest_uuid: "d621e66ea734483480f6cf98449ec12a"
I20260709 13:03:01.998797  9344 tablet_service.cc:1917] Received RequestConsensusVote() RPC: tablet_id: "73e570618074416da55e7996b1d8386e" candidate_uuid: "46d75259e6ba463dbe1b55951fe4418b" candidate_term: 1 candidate_status { last_received { term: 0 index: 0 } } ignore_live_leader: false dest_uuid: "d621e66ea734483480f6cf98449ec12a" is_pre_election: true
W20260709 13:03:02.000613  9457 leader_election.cc:343] T 73e570618074416da55e7996b1d8386e P 46d75259e6ba463dbe1b55951fe4418b [CANDIDATE]: Term 1 pre-election: Tablet error from VoteRequest() call to peer d621e66ea734483480f6cf98449ec12a (127.8.14.129:41715): Illegal state: must be running to vote when last-logged opid is not known
I20260709 13:03:02.000932  9535 tablet_bootstrap.cc:654] T 54da13d150f74d85a214031d9f9a1b8e P d621e66ea734483480f6cf98449ec12a: Neither blocks nor log segments found. Creating new log.
W20260709 13:03:02.001264  9383 leader_election.cc:343] T cd2999cf313d4153956244fcd81875b8 P 19741092fa9d4130a369e0630268c9a7 [CANDIDATE]: Term 1 election: Tablet error from VoteRequest() call to peer d621e66ea734483480f6cf98449ec12a (127.8.14.129:41715): Illegal state: must be running to vote when last-logged opid is not known
I20260709 13:03:02.002365  9488 tablet_service.cc:1917] Received RequestConsensusVote() RPC: tablet_id: "cd2999cf313d4153956244fcd81875b8" candidate_uuid: "19741092fa9d4130a369e0630268c9a7" candidate_term: 1 candidate_status { last_received { term: 0 index: 0 } } ignore_live_leader: false dest_uuid: "46d75259e6ba463dbe1b55951fe4418b"
I20260709 13:03:02.002996  9488 raft_consensus.cc:3060] T cd2999cf313d4153956244fcd81875b8 P 46d75259e6ba463dbe1b55951fe4418b [term 0 FOLLOWER]: Advancing to term 1
I20260709 13:03:02.007503  9534 tablet_bootstrap.cc:654] T 8c4b22de4b174ded9a13ac47eeb1a8e9 P 46d75259e6ba463dbe1b55951fe4418b: Neither blocks nor log segments found. Creating new log.
I20260709 13:03:02.017565  9763 raft_consensus.cc:493] T 9869b50f7f6740b6bb4d9454a18f6822 P d621e66ea734483480f6cf98449ec12a [term 0 FOLLOWER]: Starting pre-election (no leader contacted us within the election timeout)
I20260709 13:03:02.018224  9763 raft_consensus.cc:515] T 9869b50f7f6740b6bb4d9454a18f6822 P d621e66ea734483480f6cf98449ec12a [term 0 FOLLOWER]: Starting pre-election with config: opid_index: -1 OBSOLETE_local: false peers { permanent_uuid: "d621e66ea734483480f6cf98449ec12a" member_type: VOTER last_known_addr { host: "127.8.14.129" port: 41715 } } peers { permanent_uuid: "19741092fa9d4130a369e0630268c9a7" member_type: VOTER last_known_addr { host: "127.8.14.130" port: 38113 } } peers { permanent_uuid: "46d75259e6ba463dbe1b55951fe4418b" member_type: VOTER last_known_addr { host: "127.8.14.131" port: 39409 } }
I20260709 13:03:02.020510  9534 tablet_bootstrap.cc:492] T 8c4b22de4b174ded9a13ac47eeb1a8e9 P 46d75259e6ba463dbe1b55951fe4418b: No bootstrap required, opened a new log
I20260709 13:03:02.020979  9534 ts_tablet_manager.cc:1403] T 8c4b22de4b174ded9a13ac47eeb1a8e9 P 46d75259e6ba463dbe1b55951fe4418b: Time spent bootstrapping tablet: real 0.028s	user 0.010s	sys 0.000s
I20260709 13:03:02.020926  9545 raft_consensus.cc:493] T a6c829cc19284a85b78bc0bf9f6851d4 P 19741092fa9d4130a369e0630268c9a7 [term 0 FOLLOWER]: Starting pre-election (no leader contacted us within the election timeout)
I20260709 13:03:02.021495  9545 raft_consensus.cc:515] T a6c829cc19284a85b78bc0bf9f6851d4 P 19741092fa9d4130a369e0630268c9a7 [term 0 FOLLOWER]: Starting pre-election with config: opid_index: -1 OBSOLETE_local: false peers { permanent_uuid: "d621e66ea734483480f6cf98449ec12a" member_type: VOTER last_known_addr { host: "127.8.14.129" port: 41715 } } peers { permanent_uuid: "19741092fa9d4130a369e0630268c9a7" member_type: VOTER last_known_addr { host: "127.8.14.130" port: 38113 } } peers { permanent_uuid: "46d75259e6ba463dbe1b55951fe4418b" member_type: VOTER last_known_addr { host: "127.8.14.131" port: 39409 } }
I20260709 13:03:02.022102  9763 leader_election.cc:290] T 9869b50f7f6740b6bb4d9454a18f6822 P d621e66ea734483480f6cf98449ec12a [CANDIDATE]: Term 1 pre-election: Requested pre-vote from peers 19741092fa9d4130a369e0630268c9a7 (127.8.14.130:38113), 46d75259e6ba463dbe1b55951fe4418b (127.8.14.131:39409)
I20260709 13:03:02.023229  9545 leader_election.cc:290] T a6c829cc19284a85b78bc0bf9f6851d4 P 19741092fa9d4130a369e0630268c9a7 [CANDIDATE]: Term 1 pre-election: Requested pre-vote from peers d621e66ea734483480f6cf98449ec12a (127.8.14.129:41715), 46d75259e6ba463dbe1b55951fe4418b (127.8.14.131:39409)
I20260709 13:03:02.023787  9534 raft_consensus.cc:359] T 8c4b22de4b174ded9a13ac47eeb1a8e9 P 46d75259e6ba463dbe1b55951fe4418b [term 0 FOLLOWER]: Replica starting. Triggering 0 pending ops. Active config: opid_index: -1 OBSOLETE_local: false peers { permanent_uuid: "d621e66ea734483480f6cf98449ec12a" member_type: VOTER last_known_addr { host: "127.8.14.129" port: 41715 } } peers { permanent_uuid: "19741092fa9d4130a369e0630268c9a7" member_type: VOTER last_known_addr { host: "127.8.14.130" port: 38113 } } peers { permanent_uuid: "46d75259e6ba463dbe1b55951fe4418b" member_type: VOTER last_known_addr { host: "127.8.14.131" port: 39409 } }
I20260709 13:03:02.024467  9534 raft_consensus.cc:385] T 8c4b22de4b174ded9a13ac47eeb1a8e9 P 46d75259e6ba463dbe1b55951fe4418b [term 0 FOLLOWER]: Consensus starting up: Expiring failure detector timer to make a prompt election more likely
I20260709 13:03:02.024750  9534 raft_consensus.cc:740] T 8c4b22de4b174ded9a13ac47eeb1a8e9 P 46d75259e6ba463dbe1b55951fe4418b [term 0 FOLLOWER]: Becoming Follower/Learner. State: Replica: 46d75259e6ba463dbe1b55951fe4418b, State: Initialized, Role: FOLLOWER
I20260709 13:03:02.024709  9418 tablet_service.cc:1917] Received RequestConsensusVote() RPC: tablet_id: "73e570618074416da55e7996b1d8386e" candidate_uuid: "46d75259e6ba463dbe1b55951fe4418b" candidate_term: 1 candidate_status { last_received { term: 0 index: 0 } } ignore_live_leader: false dest_uuid: "19741092fa9d4130a369e0630268c9a7" is_pre_election: true
I20260709 13:03:02.025533  9534 consensus_queue.cc:260] T 8c4b22de4b174ded9a13ac47eeb1a8e9 P 46d75259e6ba463dbe1b55951fe4418b [NON_LEADER]: Queue going to NON_LEADER mode. State: All replicated index: 0, Majority replicated index: 0, Committed index: 0, Last appended: 0.0, Last appended by leader: 0, Current term: 0, Majority size: -1, State: 0, Mode: NON_LEADER, active raft config: opid_index: -1 OBSOLETE_local: false peers { permanent_uuid: "d621e66ea734483480f6cf98449ec12a" member_type: VOTER last_known_addr { host: "127.8.14.129" port: 41715 } } peers { permanent_uuid: "19741092fa9d4130a369e0630268c9a7" member_type: VOTER last_known_addr { host: "127.8.14.130" port: 38113 } } peers { permanent_uuid: "46d75259e6ba463dbe1b55951fe4418b" member_type: VOTER last_known_addr { host: "127.8.14.131" port: 39409 } }
I20260709 13:03:02.025980  9344 tablet_service.cc:1917] Received RequestConsensusVote() RPC: tablet_id: "a6c829cc19284a85b78bc0bf9f6851d4" candidate_uuid: "19741092fa9d4130a369e0630268c9a7" candidate_term: 1 candidate_status { last_received { term: 0 index: 0 } } ignore_live_leader: false dest_uuid: "d621e66ea734483480f6cf98449ec12a" is_pre_election: true
I20260709 13:03:02.027109  9490 tablet_service.cc:1917] Received RequestConsensusVote() RPC: tablet_id: "a6c829cc19284a85b78bc0bf9f6851d4" candidate_uuid: "19741092fa9d4130a369e0630268c9a7" candidate_term: 1 candidate_status { last_received { term: 0 index: 0 } } ignore_live_leader: false dest_uuid: "46d75259e6ba463dbe1b55951fe4418b" is_pre_election: true
W20260709 13:03:02.027164  9383 leader_election.cc:343] T a6c829cc19284a85b78bc0bf9f6851d4 P 19741092fa9d4130a369e0630268c9a7 [CANDIDATE]: Term 1 pre-election: Tablet error from VoteRequest() call to peer d621e66ea734483480f6cf98449ec12a (127.8.14.129:41715): Illegal state: must be running to vote when last-logged opid is not known
I20260709 13:03:02.021564  9492 tablet_service.cc:1917] Received RequestConsensusVote() RPC: tablet_id: "9869b50f7f6740b6bb4d9454a18f6822" candidate_uuid: "d621e66ea734483480f6cf98449ec12a" candidate_term: 1 candidate_status { last_received { term: 0 index: 0 } } ignore_live_leader: false dest_uuid: "46d75259e6ba463dbe1b55951fe4418b" is_pre_election: true
I20260709 13:03:02.030808  9534 ts_tablet_manager.cc:1434] T 8c4b22de4b174ded9a13ac47eeb1a8e9 P 46d75259e6ba463dbe1b55951fe4418b: Time spent starting tablet: real 0.009s	user 0.006s	sys 0.000s
I20260709 13:03:02.028024  9490 raft_consensus.cc:2468] T a6c829cc19284a85b78bc0bf9f6851d4 P 46d75259e6ba463dbe1b55951fe4418b [term 0 FOLLOWER]: Leader pre-election vote request: Granting yes vote for candidate 19741092fa9d4130a369e0630268c9a7 in term 0.
I20260709 13:03:02.030978  9492 raft_consensus.cc:2468] T 9869b50f7f6740b6bb4d9454a18f6822 P 46d75259e6ba463dbe1b55951fe4418b [term 0 FOLLOWER]: Leader pre-election vote request: Granting yes vote for candidate d621e66ea734483480f6cf98449ec12a in term 0.
I20260709 13:03:02.014792  9701 leader_election.cc:290] T 73e570618074416da55e7996b1d8386e P 46d75259e6ba463dbe1b55951fe4418b [CANDIDATE]: Term 1 pre-election: Requested pre-vote from peers d621e66ea734483480f6cf98449ec12a (127.8.14.129:41715), 19741092fa9d4130a369e0630268c9a7 (127.8.14.130:38113)
I20260709 13:03:02.030490  9344 raft_consensus.cc:3060] T 8bcf80e032fd4cb5a5aba9ac03fcad5d P d621e66ea734483480f6cf98449ec12a [term 0 FOLLOWER]: Advancing to term 1
W20260709 13:03:02.029531  9457 leader_election.cc:343] T 73e570618074416da55e7996b1d8386e P 46d75259e6ba463dbe1b55951fe4418b [CANDIDATE]: Term 1 pre-election: Tablet error from VoteRequest() call to peer 19741092fa9d4130a369e0630268c9a7 (127.8.14.130:38113): Illegal state: must be running to vote when last-logged opid is not known
I20260709 13:03:02.033034  9457 leader_election.cc:304] T 73e570618074416da55e7996b1d8386e P 46d75259e6ba463dbe1b55951fe4418b [CANDIDATE]: Term 1 pre-election: Election decided. Result: candidate lost. Election summary: received 3 responses out of 3 voters: 1 yes votes; 2 no votes. yes voters: 46d75259e6ba463dbe1b55951fe4418b; no voters: 19741092fa9d4130a369e0630268c9a7, d621e66ea734483480f6cf98449ec12a
I20260709 13:03:02.033456  9307 leader_election.cc:304] T 9869b50f7f6740b6bb4d9454a18f6822 P d621e66ea734483480f6cf98449ec12a [CANDIDATE]: Term 1 pre-election: Election decided. Result: candidate won. Election summary: received 2 responses out of 3 voters: 2 yes votes; 0 no votes. yes voters: 46d75259e6ba463dbe1b55951fe4418b, d621e66ea734483480f6cf98449ec12a; no voters: 
I20260709 13:03:02.034076  9701 raft_consensus.cc:2749] T 73e570618074416da55e7996b1d8386e P 46d75259e6ba463dbe1b55951fe4418b [term 0 FOLLOWER]: Leader pre-election lost for term 1. Reason: could not achieve majority
I20260709 13:03:02.034350  9763 raft_consensus.cc:2804] T 9869b50f7f6740b6bb4d9454a18f6822 P d621e66ea734483480f6cf98449ec12a [term 0 FOLLOWER]: Leader pre-election won for term 1
I20260709 13:03:02.034807  9763 raft_consensus.cc:493] T 9869b50f7f6740b6bb4d9454a18f6822 P d621e66ea734483480f6cf98449ec12a [term 0 FOLLOWER]: Starting leader election (no leader contacted us within the election timeout)
I20260709 13:03:02.035219  9763 raft_consensus.cc:3060] T 9869b50f7f6740b6bb4d9454a18f6822 P d621e66ea734483480f6cf98449ec12a [term 0 FOLLOWER]: Advancing to term 1
I20260709 13:03:02.032491  9534 tablet_bootstrap.cc:492] T 4626c5725bc9443996a89c972f1beabc P 46d75259e6ba463dbe1b55951fe4418b: Bootstrap starting.
I20260709 13:03:02.038271  9382 leader_election.cc:304] T a6c829cc19284a85b78bc0bf9f6851d4 P 19741092fa9d4130a369e0630268c9a7 [CANDIDATE]: Term 1 pre-election: Election decided. Result: candidate won. Election summary: received 3 responses out of 3 voters: 2 yes votes; 1 no votes. yes voters: 19741092fa9d4130a369e0630268c9a7, 46d75259e6ba463dbe1b55951fe4418b; no voters: d621e66ea734483480f6cf98449ec12a
I20260709 13:03:02.031534  9416 tablet_service.cc:1917] Received RequestConsensusVote() RPC: tablet_id: "9869b50f7f6740b6bb4d9454a18f6822" candidate_uuid: "d621e66ea734483480f6cf98449ec12a" candidate_term: 1 candidate_status { last_received { term: 0 index: 0 } } ignore_live_leader: false dest_uuid: "19741092fa9d4130a369e0630268c9a7" is_pre_election: true
I20260709 13:03:02.040489  9416 raft_consensus.cc:2468] T 9869b50f7f6740b6bb4d9454a18f6822 P 19741092fa9d4130a369e0630268c9a7 [term 0 FOLLOWER]: Leader pre-election vote request: Granting yes vote for candidate d621e66ea734483480f6cf98449ec12a in term 0.
I20260709 13:03:02.042181  9857 raft_consensus.cc:2804] T a6c829cc19284a85b78bc0bf9f6851d4 P 19741092fa9d4130a369e0630268c9a7 [term 0 FOLLOWER]: Leader pre-election won for term 1
I20260709 13:03:02.042732  9857 raft_consensus.cc:493] T a6c829cc19284a85b78bc0bf9f6851d4 P 19741092fa9d4130a369e0630268c9a7 [term 0 FOLLOWER]: Starting leader election (no leader contacted us within the election timeout)
I20260709 13:03:02.043166  9857 raft_consensus.cc:3060] T a6c829cc19284a85b78bc0bf9f6851d4 P 19741092fa9d4130a369e0630268c9a7 [term 0 FOLLOWER]: Advancing to term 1
I20260709 13:03:02.044883  9763 raft_consensus.cc:515] T 9869b50f7f6740b6bb4d9454a18f6822 P d621e66ea734483480f6cf98449ec12a [term 1 FOLLOWER]: Starting leader election with config: opid_index: -1 OBSOLETE_local: false peers { permanent_uuid: "d621e66ea734483480f6cf98449ec12a" member_type: VOTER last_known_addr { host: "127.8.14.129" port: 41715 } } peers { permanent_uuid: "19741092fa9d4130a369e0630268c9a7" member_type: VOTER last_known_addr { host: "127.8.14.130" port: 38113 } } peers { permanent_uuid: "46d75259e6ba463dbe1b55951fe4418b" member_type: VOTER last_known_addr { host: "127.8.14.131" port: 39409 } }
I20260709 13:03:02.046109  9533 tablet_bootstrap.cc:654] T bfe14713ae3b4ab889b83c5a9baf1ad8 P 19741092fa9d4130a369e0630268c9a7: Neither blocks nor log segments found. Creating new log.
I20260709 13:03:02.048036  9763 leader_election.cc:290] T 9869b50f7f6740b6bb4d9454a18f6822 P d621e66ea734483480f6cf98449ec12a [CANDIDATE]: Term 1 election: Requested vote from peers 19741092fa9d4130a369e0630268c9a7 (127.8.14.130:38113), 46d75259e6ba463dbe1b55951fe4418b (127.8.14.131:39409)
I20260709 13:03:02.048260  9418 tablet_service.cc:1917] Received RequestConsensusVote() RPC: tablet_id: "9869b50f7f6740b6bb4d9454a18f6822" candidate_uuid: "d621e66ea734483480f6cf98449ec12a" candidate_term: 1 candidate_status { last_received { term: 0 index: 0 } } ignore_live_leader: false dest_uuid: "19741092fa9d4130a369e0630268c9a7"
I20260709 13:03:02.048852  9418 raft_consensus.cc:3060] T 9869b50f7f6740b6bb4d9454a18f6822 P 19741092fa9d4130a369e0630268c9a7 [term 0 FOLLOWER]: Advancing to term 1
I20260709 13:03:02.049979  9535 tablet_bootstrap.cc:492] T 54da13d150f74d85a214031d9f9a1b8e P d621e66ea734483480f6cf98449ec12a: No bootstrap required, opened a new log
I20260709 13:03:02.050458  9535 ts_tablet_manager.cc:1403] T 54da13d150f74d85a214031d9f9a1b8e P d621e66ea734483480f6cf98449ec12a: Time spent bootstrapping tablet: real 0.072s	user 0.005s	sys 0.014s
I20260709 13:03:02.052724  9490 tablet_service.cc:1917] Received RequestConsensusVote() RPC: tablet_id: "9869b50f7f6740b6bb4d9454a18f6822" candidate_uuid: "d621e66ea734483480f6cf98449ec12a" candidate_term: 1 candidate_status { last_received { term: 0 index: 0 } } ignore_live_leader: false dest_uuid: "46d75259e6ba463dbe1b55951fe4418b"
