I20260709 13:02:57.567688 15752 consensus_queue.cc:260] T 742d34ffc4844c01b36e267b1fdf7cd7 P 741a42bce4d9456189737393e3ea9551 [NON_LEADER]: Queue going to NON_LEADER mode. State: All replicated index: 0, Majority replicated index: 0, Committed index: 0, Last appended: 0.0, Last appended by leader: 0, Current term: 0, Majority size: -1, State: 0, Mode: NON_LEADER, active raft config: opid_index: -1 OBSOLETE_local: false peers { permanent_uuid: "ca267c74e6f84ee1b1837c50e89eff32" member_type: VOTER last_known_addr { host: "127.14.22.1" port: 35923 } } peers { permanent_uuid: "741a42bce4d9456189737393e3ea9551" member_type: VOTER last_known_addr { host: "127.14.22.2" port: 36405 } } peers { permanent_uuid: "afc4a9fd1dee47529f6e690e078eedd2" member_type: VOTER last_known_addr { host: "127.14.22.3" port: 44191 } }
I20260709 13:02:57.568820 15755 tablet_bootstrap.cc:654] T 605c517ed9254f9a8b29cb6dc931a096 P ca267c74e6f84ee1b1837c50e89eff32: Neither blocks nor log segments found. Creating new log.
I20260709 13:02:57.569149 15804 leader_election.cc:290] T a1f60cc7ba2d4e22b3b96215099d3841 P afc4a9fd1dee47529f6e690e078eedd2 [CANDIDATE]: Term 1 pre-election: Requested pre-vote from peers ca267c74e6f84ee1b1837c50e89eff32 (127.14.22.1:35923), 741a42bce4d9456189737393e3ea9551 (127.14.22.2:36405)
I20260709 13:02:57.569658 15752 ts_tablet_manager.cc:1434] T 742d34ffc4844c01b36e267b1fdf7cd7 P 741a42bce4d9456189737393e3ea9551: Time spent starting tablet: real 0.006s	user 0.004s	sys 0.000s
I20260709 13:02:57.572666 15752 tablet_bootstrap.cc:492] T 605c517ed9254f9a8b29cb6dc931a096 P 741a42bce4d9456189737393e3ea9551: Bootstrap starting.
I20260709 13:02:57.572921 15753 tablet_bootstrap.cc:492] T 4f6cd757667041ef922c02e7fcce9a51 P afc4a9fd1dee47529f6e690e078eedd2: No bootstrap required, opened a new log
I20260709 13:02:57.573436 15753 ts_tablet_manager.cc:1403] T 4f6cd757667041ef922c02e7fcce9a51 P afc4a9fd1dee47529f6e690e078eedd2: Time spent bootstrapping tablet: real 0.030s	user 0.004s	sys 0.005s
I20260709 13:02:57.575749 15753 raft_consensus.cc:359] T 4f6cd757667041ef922c02e7fcce9a51 P afc4a9fd1dee47529f6e690e078eedd2 [term 0 FOLLOWER]: Replica starting. Triggering 0 pending ops. Active config: opid_index: -1 OBSOLETE_local: false peers { permanent_uuid: "ca267c74e6f84ee1b1837c50e89eff32" member_type: VOTER last_known_addr { host: "127.14.22.1" port: 35923 } } peers { permanent_uuid: "741a42bce4d9456189737393e3ea9551" member_type: VOTER last_known_addr { host: "127.14.22.2" port: 36405 } } peers { permanent_uuid: "afc4a9fd1dee47529f6e690e078eedd2" member_type: VOTER last_known_addr { host: "127.14.22.3" port: 44191 } }
I20260709 13:02:57.576359 15753 raft_consensus.cc:385] T 4f6cd757667041ef922c02e7fcce9a51 P afc4a9fd1dee47529f6e690e078eedd2 [term 0 FOLLOWER]: Consensus starting up: Expiring failure detector timer to make a prompt election more likely
I20260709 13:02:57.576606 15753 raft_consensus.cc:740] T 4f6cd757667041ef922c02e7fcce9a51 P afc4a9fd1dee47529f6e690e078eedd2 [term 0 FOLLOWER]: Becoming Follower/Learner. State: Replica: afc4a9fd1dee47529f6e690e078eedd2, State: Initialized, Role: FOLLOWER
I20260709 13:02:57.577278 15753 consensus_queue.cc:260] T 4f6cd757667041ef922c02e7fcce9a51 P afc4a9fd1dee47529f6e690e078eedd2 [NON_LEADER]: Queue going to NON_LEADER mode. State: All replicated index: 0, Majority replicated index: 0, Committed index: 0, Last appended: 0.0, Last appended by leader: 0, Current term: 0, Majority size: -1, State: 0, Mode: NON_LEADER, active raft config: opid_index: -1 OBSOLETE_local: false peers { permanent_uuid: "ca267c74e6f84ee1b1837c50e89eff32" member_type: VOTER last_known_addr { host: "127.14.22.1" port: 35923 } } peers { permanent_uuid: "741a42bce4d9456189737393e3ea9551" member_type: VOTER last_known_addr { host: "127.14.22.2" port: 36405 } } peers { permanent_uuid: "afc4a9fd1dee47529f6e690e078eedd2" member_type: VOTER last_known_addr { host: "127.14.22.3" port: 44191 } }
I20260709 13:02:57.578673 15753 ts_tablet_manager.cc:1434] T 4f6cd757667041ef922c02e7fcce9a51 P afc4a9fd1dee47529f6e690e078eedd2: Time spent starting tablet: real 0.005s	user 0.005s	sys 0.001s
I20260709 13:02:57.587006 15755 tablet_bootstrap.cc:492] T 605c517ed9254f9a8b29cb6dc931a096 P ca267c74e6f84ee1b1837c50e89eff32: No bootstrap required, opened a new log
I20260709 13:02:57.587448 15755 ts_tablet_manager.cc:1403] T 605c517ed9254f9a8b29cb6dc931a096 P ca267c74e6f84ee1b1837c50e89eff32: Time spent bootstrapping tablet: real 0.024s	user 0.011s	sys 0.000s
I20260709 13:02:57.591428 15560 tablet_service.cc:1917] Received RequestConsensusVote() RPC: tablet_id: "a1f60cc7ba2d4e22b3b96215099d3841" candidate_uuid: "afc4a9fd1dee47529f6e690e078eedd2" candidate_term: 1 candidate_status { last_received { term: 0 index: 0 } } ignore_live_leader: false dest_uuid: "ca267c74e6f84ee1b1837c50e89eff32" is_pre_election: true
I20260709 13:02:57.592191 15560 raft_consensus.cc:2468] T a1f60cc7ba2d4e22b3b96215099d3841 P ca267c74e6f84ee1b1837c50e89eff32 [term 0 FOLLOWER]: Leader pre-election vote request: Granting yes vote for candidate afc4a9fd1dee47529f6e690e078eedd2 in term 0.
I20260709 13:02:57.592600 15753 tablet_bootstrap.cc:492] T ad81ced1e28449a58877a2ff83431a82 P afc4a9fd1dee47529f6e690e078eedd2: Bootstrap starting.
I20260709 13:02:57.599283 15799 raft_consensus.cc:493] T 990ccf53d1e44d4181720e68f19abffb P ca267c74e6f84ee1b1837c50e89eff32 [term 0 FOLLOWER]: Starting pre-election (no leader contacted us within the election timeout)
I20260709 13:02:57.599789 15799 raft_consensus.cc:515] T 990ccf53d1e44d4181720e68f19abffb P ca267c74e6f84ee1b1837c50e89eff32 [term 0 FOLLOWER]: Starting pre-election with config: opid_index: -1 OBSOLETE_local: false peers { permanent_uuid: "ca267c74e6f84ee1b1837c50e89eff32" member_type: VOTER last_known_addr { host: "127.14.22.1" port: 35923 } } peers { permanent_uuid: "741a42bce4d9456189737393e3ea9551" member_type: VOTER last_known_addr { host: "127.14.22.2" port: 36405 } } peers { permanent_uuid: "afc4a9fd1dee47529f6e690e078eedd2" member_type: VOTER last_known_addr { host: "127.14.22.3" port: 44191 } }
I20260709 13:02:57.601303 15752 tablet_bootstrap.cc:654] T 605c517ed9254f9a8b29cb6dc931a096 P 741a42bce4d9456189737393e3ea9551: Neither blocks nor log segments found. Creating new log.
I20260709 13:02:57.601776 15799 leader_election.cc:290] T 990ccf53d1e44d4181720e68f19abffb P ca267c74e6f84ee1b1837c50e89eff32 [CANDIDATE]: Term 1 pre-election: Requested pre-vote from peers 741a42bce4d9456189737393e3ea9551 (127.14.22.2:36405), afc4a9fd1dee47529f6e690e078eedd2 (127.14.22.3:44191)
I20260709 13:02:57.602972 15634 tablet_service.cc:1917] Received RequestConsensusVote() RPC: tablet_id: "a1f60cc7ba2d4e22b3b96215099d3841" candidate_uuid: "afc4a9fd1dee47529f6e690e078eedd2" candidate_term: 1 candidate_status { last_received { term: 0 index: 0 } } ignore_live_leader: false dest_uuid: "741a42bce4d9456189737393e3ea9551" is_pre_election: true
I20260709 13:02:57.610484 15799 consensus_queue.cc:1048] T d2873154bbed4a439bc6c06610963bc7 P ca267c74e6f84ee1b1837c50e89eff32 [LEADER]: Connected to new peer: Peer: permanent_uuid: "afc4a9fd1dee47529f6e690e078eedd2" member_type: VOTER last_known_addr { host: "127.14.22.3" port: 44191 }, Status: LMP_MISMATCH, Last received: 0.0, Next index: 1, Last known committed idx: 0, Time since last communication: 0.000s
I20260709 13:02:57.610991 15711 tablet_service.cc:1917] Received RequestConsensusVote() RPC: tablet_id: "990ccf53d1e44d4181720e68f19abffb" candidate_uuid: "ca267c74e6f84ee1b1837c50e89eff32" candidate_term: 1 candidate_status { last_received { term: 0 index: 0 } } ignore_live_leader: false dest_uuid: "afc4a9fd1dee47529f6e690e078eedd2" is_pre_election: true
I20260709 13:02:57.611613 15711 raft_consensus.cc:2468] T 990ccf53d1e44d4181720e68f19abffb P afc4a9fd1dee47529f6e690e078eedd2 [term 0 FOLLOWER]: Leader pre-election vote request: Granting yes vote for candidate ca267c74e6f84ee1b1837c50e89eff32 in term 0.
I20260709 13:02:57.611322 15883 raft_consensus.cc:493] T 4f6cd757667041ef922c02e7fcce9a51 P 741a42bce4d9456189737393e3ea9551 [term 0 FOLLOWER]: Starting pre-election (no leader contacted us within the election timeout)
I20260709 13:02:57.612396 15883 raft_consensus.cc:515] T 4f6cd757667041ef922c02e7fcce9a51 P 741a42bce4d9456189737393e3ea9551 [term 0 FOLLOWER]: Starting pre-election with config: opid_index: -1 OBSOLETE_local: false peers { permanent_uuid: "ca267c74e6f84ee1b1837c50e89eff32" member_type: VOTER last_known_addr { host: "127.14.22.1" port: 35923 } } peers { permanent_uuid: "741a42bce4d9456189737393e3ea9551" member_type: VOTER last_known_addr { host: "127.14.22.2" port: 36405 } } peers { permanent_uuid: "afc4a9fd1dee47529f6e690e078eedd2" member_type: VOTER last_known_addr { host: "127.14.22.3" port: 44191 } }
I20260709 13:02:57.612833 15634 tablet_service.cc:1917] Received RequestConsensusVote() RPC: tablet_id: "990ccf53d1e44d4181720e68f19abffb" candidate_uuid: "ca267c74e6f84ee1b1837c50e89eff32" candidate_term: 1 candidate_status { last_received { term: 0 index: 0 } } ignore_live_leader: false dest_uuid: "741a42bce4d9456189737393e3ea9551" is_pre_election: true
I20260709 13:02:57.617475 15634 raft_consensus.cc:2468] T 990ccf53d1e44d4181720e68f19abffb P 741a42bce4d9456189737393e3ea9551 [term 0 FOLLOWER]: Leader pre-election vote request: Granting yes vote for candidate ca267c74e6f84ee1b1837c50e89eff32 in term 0.
W20260709 13:02:57.616472 15675 leader_election.cc:343] T a1f60cc7ba2d4e22b3b96215099d3841 P afc4a9fd1dee47529f6e690e078eedd2 [CANDIDATE]: Term 1 pre-election: Tablet error from VoteRequest() call to peer 741a42bce4d9456189737393e3ea9551 (127.14.22.2:36405): Illegal state: must be running to vote when last-logged opid is not known
I20260709 13:02:57.618692 15883 leader_election.cc:290] T 4f6cd757667041ef922c02e7fcce9a51 P 741a42bce4d9456189737393e3ea9551 [CANDIDATE]: Term 1 pre-election: Requested pre-vote from peers ca267c74e6f84ee1b1837c50e89eff32 (127.14.22.1:35923), afc4a9fd1dee47529f6e690e078eedd2 (127.14.22.3:44191)
I20260709 13:02:57.619310 15526 leader_election.cc:304] T 990ccf53d1e44d4181720e68f19abffb P ca267c74e6f84ee1b1837c50e89eff32 [CANDIDATE]: Term 1 pre-election: Election decided. Result: candidate won. Election summary: received 2 responses out of 3 voters: 2 yes votes; 0 no votes. yes voters: 741a42bce4d9456189737393e3ea9551, ca267c74e6f84ee1b1837c50e89eff32; no voters: 
I20260709 13:02:57.619966 15711 tablet_service.cc:1917] Received RequestConsensusVote() RPC: tablet_id: "4f6cd757667041ef922c02e7fcce9a51" candidate_uuid: "741a42bce4d9456189737393e3ea9551" candidate_term: 1 candidate_status { last_received { term: 0 index: 0 } } ignore_live_leader: false dest_uuid: "afc4a9fd1dee47529f6e690e078eedd2" is_pre_election: true
I20260709 13:02:57.620370 15561 tablet_service.cc:1917] Received RequestConsensusVote() RPC: tablet_id: "4f6cd757667041ef922c02e7fcce9a51" candidate_uuid: "741a42bce4d9456189737393e3ea9551" candidate_term: 1 candidate_status { last_received { term: 0 index: 0 } } ignore_live_leader: false dest_uuid: "ca267c74e6f84ee1b1837c50e89eff32" is_pre_election: true
I20260709 13:02:57.620579 15711 raft_consensus.cc:2468] T 4f6cd757667041ef922c02e7fcce9a51 P afc4a9fd1dee47529f6e690e078eedd2 [term 0 FOLLOWER]: Leader pre-election vote request: Granting yes vote for candidate 741a42bce4d9456189737393e3ea9551 in term 0.
I20260709 13:02:57.620942 15561 raft_consensus.cc:2468] T 4f6cd757667041ef922c02e7fcce9a51 P ca267c74e6f84ee1b1837c50e89eff32 [term 0 FOLLOWER]: Leader pre-election vote request: Granting yes vote for candidate 741a42bce4d9456189737393e3ea9551 in term 0.
I20260709 13:02:57.621853 15799 raft_consensus.cc:2804] T 990ccf53d1e44d4181720e68f19abffb P ca267c74e6f84ee1b1837c50e89eff32 [term 0 FOLLOWER]: Leader pre-election won for term 1
I20260709 13:02:57.622210 15603 leader_election.cc:304] T 4f6cd757667041ef922c02e7fcce9a51 P 741a42bce4d9456189737393e3ea9551 [CANDIDATE]: Term 1 pre-election: Election decided. Result: candidate won. Election summary: received 2 responses out of 3 voters: 2 yes votes; 0 no votes. yes voters: 741a42bce4d9456189737393e3ea9551, afc4a9fd1dee47529f6e690e078eedd2; no voters: 
I20260709 13:02:57.622211 15799 raft_consensus.cc:493] T 990ccf53d1e44d4181720e68f19abffb P ca267c74e6f84ee1b1837c50e89eff32 [term 0 FOLLOWER]: Starting leader election (no leader contacted us within the election timeout)
I20260709 13:02:57.623276 15799 raft_consensus.cc:3060] T 990ccf53d1e44d4181720e68f19abffb P ca267c74e6f84ee1b1837c50e89eff32 [term 0 FOLLOWER]: Advancing to term 1
I20260709 13:02:57.614327 15458 catalog_manager.cc:5697] T 2fb464f349394bb3b2f7471ab66f5d18 P 741a42bce4d9456189737393e3ea9551 reported cstate change: term changed from 0 to 1, leader changed from <none> to 741a42bce4d9456189737393e3ea9551 (127.14.22.2). New cstate: current_term: 1 leader_uuid: "741a42bce4d9456189737393e3ea9551" committed_config { opid_index: -1 OBSOLETE_local: false peers { permanent_uuid: "ca267c74e6f84ee1b1837c50e89eff32" member_type: VOTER last_known_addr { host: "127.14.22.1" port: 35923 } health_report { overall_health: UNKNOWN } } peers { permanent_uuid: "741a42bce4d9456189737393e3ea9551" member_type: VOTER last_known_addr { host: "127.14.22.2" port: 36405 } health_report { overall_health: HEALTHY } } peers { permanent_uuid: "afc4a9fd1dee47529f6e690e078eedd2" member_type: VOTER last_known_addr { host: "127.14.22.3" port: 44191 } health_report { overall_health: UNKNOWN } } }
I20260709 13:02:57.589905 15755 raft_consensus.cc:359] T 605c517ed9254f9a8b29cb6dc931a096 P ca267c74e6f84ee1b1837c50e89eff32 [term 0 FOLLOWER]: Replica starting. Triggering 0 pending ops. Active config: opid_index: -1 OBSOLETE_local: false peers { permanent_uuid: "ca267c74e6f84ee1b1837c50e89eff32" member_type: VOTER last_known_addr { host: "127.14.22.1" port: 35923 } } peers { permanent_uuid: "741a42bce4d9456189737393e3ea9551" member_type: VOTER last_known_addr { host: "127.14.22.2" port: 36405 } } peers { permanent_uuid: "afc4a9fd1dee47529f6e690e078eedd2" member_type: VOTER last_known_addr { host: "127.14.22.3" port: 44191 } }
I20260709 13:02:57.624114 15755 raft_consensus.cc:385] T 605c517ed9254f9a8b29cb6dc931a096 P ca267c74e6f84ee1b1837c50e89eff32 [term 0 FOLLOWER]: Consensus starting up: Expiring failure detector timer to make a prompt election more likely
I20260709 13:02:57.624361 15755 raft_consensus.cc:740] T 605c517ed9254f9a8b29cb6dc931a096 P ca267c74e6f84ee1b1837c50e89eff32 [term 0 FOLLOWER]: Becoming Follower/Learner. State: Replica: ca267c74e6f84ee1b1837c50e89eff32, State: Initialized, Role: FOLLOWER
I20260709 13:02:57.626509 15883 raft_consensus.cc:2804] T 4f6cd757667041ef922c02e7fcce9a51 P 741a42bce4d9456189737393e3ea9551 [term 0 FOLLOWER]: Leader pre-election won for term 1
I20260709 13:02:57.626873 15883 raft_consensus.cc:493] T 4f6cd757667041ef922c02e7fcce9a51 P 741a42bce4d9456189737393e3ea9551 [term 0 FOLLOWER]: Starting leader election (no leader contacted us within the election timeout)
I20260709 13:02:57.626757 15758 consensus_queue.cc:1048] T c93be9fbdf7444df810707d011212287 P afc4a9fd1dee47529f6e690e078eedd2 [LEADER]: Connected to new peer: Peer: permanent_uuid: "741a42bce4d9456189737393e3ea9551" member_type: VOTER last_known_addr { host: "127.14.22.2" port: 36405 }, Status: LMP_MISMATCH, Last received: 0.0, Next index: 1, Last known committed idx: 0, Time since last communication: 0.000s
I20260709 13:02:57.627233 15883 raft_consensus.cc:3060] T 4f6cd757667041ef922c02e7fcce9a51 P 741a42bce4d9456189737393e3ea9551 [term 0 FOLLOWER]: Advancing to term 1
I20260709 13:02:57.647087 15675 leader_election.cc:304] T a1f60cc7ba2d4e22b3b96215099d3841 P afc4a9fd1dee47529f6e690e078eedd2 [CANDIDATE]: Term 1 pre-election: Election decided. Result: candidate won. Election summary: received 3 responses out of 3 voters: 2 yes votes; 1 no votes. yes voters: afc4a9fd1dee47529f6e690e078eedd2, ca267c74e6f84ee1b1837c50e89eff32; no voters: 741a42bce4d9456189737393e3ea9551
I20260709 13:02:57.651518 15758 raft_consensus.cc:2804] T a1f60cc7ba2d4e22b3b96215099d3841 P afc4a9fd1dee47529f6e690e078eedd2 [term 0 FOLLOWER]: Leader pre-election won for term 1
I20260709 13:02:57.651921 15758 raft_consensus.cc:493] T a1f60cc7ba2d4e22b3b96215099d3841 P afc4a9fd1dee47529f6e690e078eedd2 [term 0 FOLLOWER]: Starting leader election (no leader contacted us within the election timeout)
I20260709 13:02:57.652256 15758 raft_consensus.cc:3060] T a1f60cc7ba2d4e22b3b96215099d3841 P afc4a9fd1dee47529f6e690e078eedd2 [term 0 FOLLOWER]: Advancing to term 1
I20260709 13:02:57.655427 15883 raft_consensus.cc:515] T 4f6cd757667041ef922c02e7fcce9a51 P 741a42bce4d9456189737393e3ea9551 [term 1 FOLLOWER]: Starting leader election with config: opid_index: -1 OBSOLETE_local: false peers { permanent_uuid: "ca267c74e6f84ee1b1837c50e89eff32" member_type: VOTER last_known_addr { host: "127.14.22.1" port: 35923 } } peers { permanent_uuid: "741a42bce4d9456189737393e3ea9551" member_type: VOTER last_known_addr { host: "127.14.22.2" port: 36405 } } peers { permanent_uuid: "afc4a9fd1dee47529f6e690e078eedd2" member_type: VOTER last_known_addr { host: "127.14.22.3" port: 44191 } }
I20260709 13:02:57.657387 15883 leader_election.cc:290] T 4f6cd757667041ef922c02e7fcce9a51 P 741a42bce4d9456189737393e3ea9551 [CANDIDATE]: Term 1 election: Requested vote from peers ca267c74e6f84ee1b1837c50e89eff32 (127.14.22.1:35923), afc4a9fd1dee47529f6e690e078eedd2 (127.14.22.3:44191)
W20260709 13:02:57.662914 15509 auto_rebalancer.cc:288] Could not retrieve cluster info: Service unavailable: Tablet not running
I20260709 13:02:57.663208 15804 consensus_queue.cc:1048] T c93be9fbdf7444df810707d011212287 P afc4a9fd1dee47529f6e690e078eedd2 [LEADER]: Connected to new peer: Peer: permanent_uuid: "ca267c74e6f84ee1b1837c50e89eff32" member_type: VOTER last_known_addr { host: "127.14.22.1" port: 35923 }, Status: LMP_MISMATCH, Last received: 0.0, Next index: 1, Last known committed idx: 0, Time since last communication: 0.000s
I20260709 13:02:57.659528 15758 raft_consensus.cc:515] T a1f60cc7ba2d4e22b3b96215099d3841 P afc4a9fd1dee47529f6e690e078eedd2 [term 1 FOLLOWER]: Starting leader election with config: opid_index: -1 OBSOLETE_local: false peers { permanent_uuid: "ca267c74e6f84ee1b1837c50e89eff32" member_type: VOTER last_known_addr { host: "127.14.22.1" port: 35923 } } peers { permanent_uuid: "741a42bce4d9456189737393e3ea9551" member_type: VOTER last_known_addr { host: "127.14.22.2" port: 36405 } } peers { permanent_uuid: "afc4a9fd1dee47529f6e690e078eedd2" member_type: VOTER last_known_addr { host: "127.14.22.3" port: 44191 } }
I20260709 13:02:57.665596 15753 tablet_bootstrap.cc:654] T ad81ced1e28449a58877a2ff83431a82 P afc4a9fd1dee47529f6e690e078eedd2: Neither blocks nor log segments found. Creating new log.
I20260709 13:02:57.674718 15560 tablet_service.cc:1917] Received RequestConsensusVote() RPC: tablet_id: "4f6cd757667041ef922c02e7fcce9a51" candidate_uuid: "741a42bce4d9456189737393e3ea9551" candidate_term: 1 candidate_status { last_received { term: 0 index: 0 } } ignore_live_leader: false dest_uuid: "ca267c74e6f84ee1b1837c50e89eff32"
I20260709 13:02:57.675432 15560 raft_consensus.cc:3060] T 4f6cd757667041ef922c02e7fcce9a51 P ca267c74e6f84ee1b1837c50e89eff32 [term 0 FOLLOWER]: Advancing to term 1
I20260709 13:02:57.680539 15758 leader_election.cc:290] T a1f60cc7ba2d4e22b3b96215099d3841 P afc4a9fd1dee47529f6e690e078eedd2 [CANDIDATE]: Term 1 election: Requested vote from peers ca267c74e6f84ee1b1837c50e89eff32 (127.14.22.1:35923), 741a42bce4d9456189737393e3ea9551 (127.14.22.2:36405)
I20260709 13:02:57.681618 15708 tablet_service.cc:1917] Received RequestConsensusVote() RPC: tablet_id: "4f6cd757667041ef922c02e7fcce9a51" candidate_uuid: "741a42bce4d9456189737393e3ea9551" candidate_term: 1 candidate_status { last_received { term: 0 index: 0 } } ignore_live_leader: false dest_uuid: "afc4a9fd1dee47529f6e690e078eedd2"
I20260709 13:02:57.682526 15708 raft_consensus.cc:3060] T 4f6cd757667041ef922c02e7fcce9a51 P afc4a9fd1dee47529f6e690e078eedd2 [term 0 FOLLOWER]: Advancing to term 1
I20260709 13:02:57.683358 15563 tablet_service.cc:1917] Received RequestConsensusVote() RPC: tablet_id: "a1f60cc7ba2d4e22b3b96215099d3841" candidate_uuid: "afc4a9fd1dee47529f6e690e078eedd2" candidate_term: 1 candidate_status { last_received { term: 0 index: 0 } } ignore_live_leader: false dest_uuid: "ca267c74e6f84ee1b1837c50e89eff32"
I20260709 13:02:57.683929 15563 raft_consensus.cc:3060] T a1f60cc7ba2d4e22b3b96215099d3841 P ca267c74e6f84ee1b1837c50e89eff32 [term 0 FOLLOWER]: Advancing to term 1
I20260709 13:02:57.686022 15560 raft_consensus.cc:2468] T 4f6cd757667041ef922c02e7fcce9a51 P ca267c74e6f84ee1b1837c50e89eff32 [term 1 FOLLOWER]: Leader election vote request: Granting yes vote for candidate 741a42bce4d9456189737393e3ea9551 in term 1.
I20260709 13:02:57.689198 15708 raft_consensus.cc:2468] T 4f6cd757667041ef922c02e7fcce9a51 P afc4a9fd1dee47529f6e690e078eedd2 [term 1 FOLLOWER]: Leader election vote request: Granting yes vote for candidate 741a42bce4d9456189737393e3ea9551 in term 1.
I20260709 13:02:57.690656 15563 raft_consensus.cc:2468] T a1f60cc7ba2d4e22b3b96215099d3841 P ca267c74e6f84ee1b1837c50e89eff32 [term 1 FOLLOWER]: Leader election vote request: Granting yes vote for candidate afc4a9fd1dee47529f6e690e078eedd2 in term 1.
I20260709 13:02:57.667898 15755 consensus_queue.cc:260] T 605c517ed9254f9a8b29cb6dc931a096 P ca267c74e6f84ee1b1837c50e89eff32 [NON_LEADER]: Queue going to NON_LEADER mode. State: All replicated index: 0, Majority replicated index: 0, Committed index: 0, Last appended: 0.0, Last appended by leader: 0, Current term: 0, Majority size: -1, State: 0, Mode: NON_LEADER, active raft config: opid_index: -1 OBSOLETE_local: false peers { permanent_uuid: "ca267c74e6f84ee1b1837c50e89eff32" member_type: VOTER last_known_addr { host: "127.14.22.1" port: 35923 } } peers { permanent_uuid: "741a42bce4d9456189737393e3ea9551" member_type: VOTER last_known_addr { host: "127.14.22.2" port: 36405 } } peers { permanent_uuid: "afc4a9fd1dee47529f6e690e078eedd2" member_type: VOTER last_known_addr { host: "127.14.22.3" port: 44191 } }
I20260709 13:02:57.690901 15601 leader_election.cc:304] T 4f6cd757667041ef922c02e7fcce9a51 P 741a42bce4d9456189737393e3ea9551 [CANDIDATE]: Term 1 election: Election decided. Result: candidate won. Election summary: received 2 responses out of 3 voters: 2 yes votes; 0 no votes. yes voters: 741a42bce4d9456189737393e3ea9551, ca267c74e6f84ee1b1837c50e89eff32; no voters: 
I20260709 13:02:57.692279 15757 raft_consensus.cc:2804] T 4f6cd757667041ef922c02e7fcce9a51 P 741a42bce4d9456189737393e3ea9551 [term 1 FOLLOWER]: Leader election won for term 1
I20260709 13:02:57.692719 15757 raft_consensus.cc:697] T 4f6cd757667041ef922c02e7fcce9a51 P 741a42bce4d9456189737393e3ea9551 [term 1 LEADER]: Becoming Leader. State: Replica: 741a42bce4d9456189737393e3ea9551, State: Running, Role: LEADER
I20260709 13:02:57.693706 15752 tablet_bootstrap.cc:492] T 605c517ed9254f9a8b29cb6dc931a096 P 741a42bce4d9456189737393e3ea9551: No bootstrap required, opened a new log
I20260709 13:02:57.693475 15757 consensus_queue.cc:237] T 4f6cd757667041ef922c02e7fcce9a51 P 741a42bce4d9456189737393e3ea9551 [LEADER]: Queue going to LEADER mode. State: All replicated index: 0, Majority replicated index: 0, Committed index: 0, Last appended: 0.0, Last appended by leader: 0, Current term: 1, Majority size: 2, State: 0, Mode: LEADER, active raft config: opid_index: -1 OBSOLETE_local: false peers { permanent_uuid: "ca267c74e6f84ee1b1837c50e89eff32" member_type: VOTER last_known_addr { host: "127.14.22.1" port: 35923 } } peers { permanent_uuid: "741a42bce4d9456189737393e3ea9551" member_type: VOTER last_known_addr { host: "127.14.22.2" port: 36405 } } peers { permanent_uuid: "afc4a9fd1dee47529f6e690e078eedd2" member_type: VOTER last_known_addr { host: "127.14.22.3" port: 44191 } }
I20260709 13:02:57.694135 15752 ts_tablet_manager.cc:1403] T 605c517ed9254f9a8b29cb6dc931a096 P 741a42bce4d9456189737393e3ea9551: Time spent bootstrapping tablet: real 0.122s	user 0.010s	sys 0.010s
I20260709 13:02:57.695008 15755 ts_tablet_manager.cc:1434] T 605c517ed9254f9a8b29cb6dc931a096 P ca267c74e6f84ee1b1837c50e89eff32: Time spent starting tablet: real 0.107s	user 0.007s	sys 0.000s
I20260709 13:02:57.695885 15755 tablet_bootstrap.cc:492] T ad81ced1e28449a58877a2ff83431a82 P ca267c74e6f84ee1b1837c50e89eff32: Bootstrap starting.
I20260709 13:02:57.698649 15799 raft_consensus.cc:515] T 990ccf53d1e44d4181720e68f19abffb P ca267c74e6f84ee1b1837c50e89eff32 [term 1 FOLLOWER]: Starting leader election with config: opid_index: -1 OBSOLETE_local: false peers { permanent_uuid: "ca267c74e6f84ee1b1837c50e89eff32" member_type: VOTER last_known_addr { host: "127.14.22.1" port: 35923 } } peers { permanent_uuid: "741a42bce4d9456189737393e3ea9551" member_type: VOTER last_known_addr { host: "127.14.22.2" port: 36405 } } peers { permanent_uuid: "afc4a9fd1dee47529f6e690e078eedd2" member_type: VOTER last_known_addr { host: "127.14.22.3" port: 44191 } }
I20260709 13:02:57.699143 15636 tablet_service.cc:1917] Received RequestConsensusVote() RPC: tablet_id: "a1f60cc7ba2d4e22b3b96215099d3841" candidate_uuid: "afc4a9fd1dee47529f6e690e078eedd2" candidate_term: 1 candidate_status { last_received { term: 0 index: 0 } } ignore_live_leader: false dest_uuid: "741a42bce4d9456189737393e3ea9551"
I20260709 13:02:57.696714 15752 raft_consensus.cc:359] T 605c517ed9254f9a8b29cb6dc931a096 P 741a42bce4d9456189737393e3ea9551 [term 0 FOLLOWER]: Replica starting. Triggering 0 pending ops. Active config: opid_index: -1 OBSOLETE_local: false peers { permanent_uuid: "ca267c74e6f84ee1b1837c50e89eff32" member_type: VOTER last_known_addr { host: "127.14.22.1" port: 35923 } } peers { permanent_uuid: "741a42bce4d9456189737393e3ea9551" member_type: VOTER last_known_addr { host: "127.14.22.2" port: 36405 } } peers { permanent_uuid: "afc4a9fd1dee47529f6e690e078eedd2" member_type: VOTER last_known_addr { host: "127.14.22.3" port: 44191 } }
I20260709 13:02:57.703473 15752 raft_consensus.cc:385] T 605c517ed9254f9a8b29cb6dc931a096 P 741a42bce4d9456189737393e3ea9551 [term 0 FOLLOWER]: Consensus starting up: Expiring failure detector timer to make a prompt election more likely
I20260709 13:02:57.703758 15752 raft_consensus.cc:740] T 605c517ed9254f9a8b29cb6dc931a096 P 741a42bce4d9456189737393e3ea9551 [term 0 FOLLOWER]: Becoming Follower/Learner. State: Replica: 741a42bce4d9456189737393e3ea9551, State: Initialized, Role: FOLLOWER
I20260709 13:02:57.704986 15752 consensus_queue.cc:260] T 605c517ed9254f9a8b29cb6dc931a096 P 741a42bce4d9456189737393e3ea9551 [NON_LEADER]: Queue going to NON_LEADER mode. State: All replicated index: 0, Majority replicated index: 0, Committed index: 0, Last appended: 0.0, Last appended by leader: 0, Current term: 0, Majority size: -1, State: 0, Mode: NON_LEADER, active raft config: opid_index: -1 OBSOLETE_local: false peers { permanent_uuid: "ca267c74e6f84ee1b1837c50e89eff32" member_type: VOTER last_known_addr { host: "127.14.22.1" port: 35923 } } peers { permanent_uuid: "741a42bce4d9456189737393e3ea9551" member_type: VOTER last_known_addr { host: "127.14.22.2" port: 36405 } } peers { permanent_uuid: "afc4a9fd1dee47529f6e690e078eedd2" member_type: VOTER last_known_addr { host: "127.14.22.3" port: 44191 } }
I20260709 13:02:57.707548 15799 leader_election.cc:290] T 990ccf53d1e44d4181720e68f19abffb P ca267c74e6f84ee1b1837c50e89eff32 [CANDIDATE]: Term 1 election: Requested vote from peers 741a42bce4d9456189737393e3ea9551 (127.14.22.2:36405), afc4a9fd1dee47529f6e690e078eedd2 (127.14.22.3:44191)
I20260709 13:02:57.711678 15752 ts_tablet_manager.cc:1434] T 605c517ed9254f9a8b29cb6dc931a096 P 741a42bce4d9456189737393e3ea9551: Time spent starting tablet: real 0.017s	user 0.006s	sys 0.001s
I20260709 13:02:57.712914 15753 tablet_bootstrap.cc:492] T ad81ced1e28449a58877a2ff83431a82 P afc4a9fd1dee47529f6e690e078eedd2: No bootstrap required, opened a new log
I20260709 13:02:57.713404 15753 ts_tablet_manager.cc:1403] T ad81ced1e28449a58877a2ff83431a82 P afc4a9fd1dee47529f6e690e078eedd2: Time spent bootstrapping tablet: real 0.121s	user 0.006s	sys 0.007s
I20260709 13:02:57.714418 15752 tablet_bootstrap.cc:492] T a1f60cc7ba2d4e22b3b96215099d3841 P 741a42bce4d9456189737393e3ea9551: Bootstrap starting.
I20260709 13:02:57.711350 15675 leader_election.cc:304] T a1f60cc7ba2d4e22b3b96215099d3841 P afc4a9fd1dee47529f6e690e078eedd2 [CANDIDATE]: Term 1 election: Election decided. Result: candidate won. Election summary: received 2 responses out of 3 voters: 2 yes votes; 0 no votes. yes voters: afc4a9fd1dee47529f6e690e078eedd2, ca267c74e6f84ee1b1837c50e89eff32; no voters: 
I20260709 13:02:57.719055 15636 tablet_service.cc:1917] Received RequestConsensusVote() RPC: tablet_id: "990ccf53d1e44d4181720e68f19abffb" candidate_uuid: "ca267c74e6f84ee1b1837c50e89eff32" candidate_term: 1 candidate_status { last_received { term: 0 index: 0 } } ignore_live_leader: false dest_uuid: "741a42bce4d9456189737393e3ea9551"
I20260709 13:02:57.723722 15755 tablet_bootstrap.cc:654] T ad81ced1e28449a58877a2ff83431a82 P ca267c74e6f84ee1b1837c50e89eff32: Neither blocks nor log segments found. Creating new log.
I20260709 13:02:57.724498 15753 raft_consensus.cc:359] T ad81ced1e28449a58877a2ff83431a82 P afc4a9fd1dee47529f6e690e078eedd2 [term 0 FOLLOWER]: Replica starting. Triggering 0 pending ops. Active config: opid_index: -1 OBSOLETE_local: false peers { permanent_uuid: "ca267c74e6f84ee1b1837c50e89eff32" member_type: VOTER last_known_addr { host: "127.14.22.1" port: 35923 } } peers { permanent_uuid: "741a42bce4d9456189737393e3ea9551" member_type: VOTER last_known_addr { host: "127.14.22.2" port: 36405 } } peers { permanent_uuid: "afc4a9fd1dee47529f6e690e078eedd2" member_type: VOTER last_known_addr { host: "127.14.22.3" port: 44191 } }
I20260709 13:02:57.724951 15753 raft_consensus.cc:385] T ad81ced1e28449a58877a2ff83431a82 P afc4a9fd1dee47529f6e690e078eedd2 [term 0 FOLLOWER]: Consensus starting up: Expiring failure detector timer to make a prompt election more likely
I20260709 13:02:57.725112 15753 raft_consensus.cc:740] T ad81ced1e28449a58877a2ff83431a82 P afc4a9fd1dee47529f6e690e078eedd2 [term 0 FOLLOWER]: Becoming Follower/Learner. State: Replica: afc4a9fd1dee47529f6e690e078eedd2, State: Initialized, Role: FOLLOWER
I20260709 13:02:57.725498 15753 consensus_queue.cc:260] T ad81ced1e28449a58877a2ff83431a82 P afc4a9fd1dee47529f6e690e078eedd2 [NON_LEADER]: Queue going to NON_LEADER mode. State: All replicated index: 0, Majority replicated index: 0, Committed index: 0, Last appended: 0.0, Last appended by leader: 0, Current term: 0, Majority size: -1, State: 0, Mode: NON_LEADER, active raft config: opid_index: -1 OBSOLETE_local: false peers { permanent_uuid: "ca267c74e6f84ee1b1837c50e89eff32" member_type: VOTER last_known_addr { host: "127.14.22.1" port: 35923 } } peers { permanent_uuid: "741a42bce4d9456189737393e3ea9551" member_type: VOTER last_known_addr { host: "127.14.22.2" port: 36405 } } peers { permanent_uuid: "afc4a9fd1dee47529f6e690e078eedd2" member_type: VOTER last_known_addr { host: "127.14.22.3" port: 44191 } }
I20260709 13:02:57.726100 15636 raft_consensus.cc:3060] T 990ccf53d1e44d4181720e68f19abffb P 741a42bce4d9456189737393e3ea9551 [term 0 FOLLOWER]: Advancing to term 1
I20260709 13:02:57.726440 15758 raft_consensus.cc:2804] T a1f60cc7ba2d4e22b3b96215099d3841 P afc4a9fd1dee47529f6e690e078eedd2 [term 1 FOLLOWER]: Leader election won for term 1
I20260709 13:02:57.727051 15758 raft_consensus.cc:697] T a1f60cc7ba2d4e22b3b96215099d3841 P afc4a9fd1dee47529f6e690e078eedd2 [term 1 LEADER]: Becoming Leader. State: Replica: afc4a9fd1dee47529f6e690e078eedd2, State: Running, Role: LEADER
I20260709 13:02:57.728114 15752 tablet_bootstrap.cc:654] T a1f60cc7ba2d4e22b3b96215099d3841 P 741a42bce4d9456189737393e3ea9551: Neither blocks nor log segments found. Creating new log.
I20260709 13:02:57.727818 15758 consensus_queue.cc:237] T a1f60cc7ba2d4e22b3b96215099d3841 P afc4a9fd1dee47529f6e690e078eedd2 [LEADER]: Queue going to LEADER mode. State: All replicated index: 0, Majority replicated index: 0, Committed index: 0, Last appended: 0.0, Last appended by leader: 0, Current term: 1, Majority size: 2, State: 0, Mode: LEADER, active raft config: opid_index: -1 OBSOLETE_local: false peers { permanent_uuid: "ca267c74e6f84ee1b1837c50e89eff32" member_type: VOTER last_known_addr { host: "127.14.22.1" port: 35923 } } peers { permanent_uuid: "741a42bce4d9456189737393e3ea9551" member_type: VOTER last_known_addr { host: "127.14.22.2" port: 36405 } } peers { permanent_uuid: "afc4a9fd1dee47529f6e690e078eedd2" member_type: VOTER last_known_addr { host: "127.14.22.3" port: 44191 } }
I20260709 13:02:57.729848 15458 catalog_manager.cc:5697] T 4f6cd757667041ef922c02e7fcce9a51 P 741a42bce4d9456189737393e3ea9551 reported cstate change: term changed from 0 to 1, leader changed from <none> to 741a42bce4d9456189737393e3ea9551 (127.14.22.2). New cstate: current_term: 1 leader_uuid: "741a42bce4d9456189737393e3ea9551" committed_config { opid_index: -1 OBSOLETE_local: false peers { permanent_uuid: "ca267c74e6f84ee1b1837c50e89eff32" member_type: VOTER last_known_addr { host: "127.14.22.1" port: 35923 } health_report { overall_health: UNKNOWN } } peers { permanent_uuid: "741a42bce4d9456189737393e3ea9551" member_type: VOTER last_known_addr { host: "127.14.22.2" port: 36405 } health_report { overall_health: HEALTHY } } peers { permanent_uuid: "afc4a9fd1dee47529f6e690e078eedd2" member_type: VOTER last_known_addr { host: "127.14.22.3" port: 44191 } health_report { overall_health: UNKNOWN } } }
I20260709 13:02:57.732903 15753 ts_tablet_manager.cc:1434] T ad81ced1e28449a58877a2ff83431a82 P afc4a9fd1dee47529f6e690e078eedd2: Time spent starting tablet: real 0.019s	user 0.002s	sys 0.002s
I20260709 13:02:57.733772 15753 tablet_bootstrap.cc:492] T 2e2cfda20e5d4999873234877a2aaf0c P afc4a9fd1dee47529f6e690e078eedd2: Bootstrap starting.
I20260709 13:02:57.734356 15636 raft_consensus.cc:2468] T 990ccf53d1e44d4181720e68f19abffb P 741a42bce4d9456189737393e3ea9551 [term 1 FOLLOWER]: Leader election vote request: Granting yes vote for candidate ca267c74e6f84ee1b1837c50e89eff32 in term 1.
I20260709 13:02:57.736529 15526 leader_election.cc:304] T 990ccf53d1e44d4181720e68f19abffb P ca267c74e6f84ee1b1837c50e89eff32 [CANDIDATE]: Term 1 election: Election decided. Result: candidate won. Election summary: received 2 responses out of 3 voters: 2 yes votes; 0 no votes. yes voters: 741a42bce4d9456189737393e3ea9551, ca267c74e6f84ee1b1837c50e89eff32; no voters: 
W20260709 13:02:57.729786 15675 leader_election.cc:343] T a1f60cc7ba2d4e22b3b96215099d3841 P afc4a9fd1dee47529f6e690e078eedd2 [CANDIDATE]: Term 1 election: Tablet error from VoteRequest() call to peer 741a42bce4d9456189737393e3ea9551 (127.14.22.2:36405): Illegal state: must be running to vote when last-logged opid is not known
I20260709 13:02:57.737396 15799 raft_consensus.cc:2804] T 990ccf53d1e44d4181720e68f19abffb P ca267c74e6f84ee1b1837c50e89eff32 [term 1 FOLLOWER]: Leader election won for term 1
I20260709 13:02:57.738427 15799 raft_consensus.cc:697] T 990ccf53d1e44d4181720e68f19abffb P ca267c74e6f84ee1b1837c50e89eff32 [term 1 LEADER]: Becoming Leader. State: Replica: ca267c74e6f84ee1b1837c50e89eff32, State: Running, Role: LEADER
I20260709 13:02:57.739255 15799 consensus_queue.cc:237] T 990ccf53d1e44d4181720e68f19abffb P ca267c74e6f84ee1b1837c50e89eff32 [LEADER]: Queue going to LEADER mode. State: All replicated index: 0, Majority replicated index: 0, Committed index: 0, Last appended: 0.0, Last appended by leader: 0, Current term: 1, Majority size: 2, State: 0, Mode: LEADER, active raft config: opid_index: -1 OBSOLETE_local: false peers { permanent_uuid: "ca267c74e6f84ee1b1837c50e89eff32" member_type: VOTER last_known_addr { host: "127.14.22.1" port: 35923 } } peers { permanent_uuid: "741a42bce4d9456189737393e3ea9551" member_type: VOTER last_known_addr { host: "127.14.22.2" port: 36405 } } peers { permanent_uuid: "afc4a9fd1dee47529f6e690e078eedd2" member_type: VOTER last_known_addr { host: "127.14.22.3" port: 44191 } }
I20260709 13:02:57.748063 15711 tablet_service.cc:1917] Received RequestConsensusVote() RPC: tablet_id: "990ccf53d1e44d4181720e68f19abffb" candidate_uuid: "ca267c74e6f84ee1b1837c50e89eff32" candidate_term: 1 candidate_status { last_received { term: 0 index: 0 } } ignore_live_leader: false dest_uuid: "afc4a9fd1dee47529f6e690e078eedd2"
I20260709 13:02:57.749928 15711 raft_consensus.cc:3060] T 990ccf53d1e44d4181720e68f19abffb P afc4a9fd1dee47529f6e690e078eedd2 [term 0 FOLLOWER]: Advancing to term 1
I20260709 13:02:57.770917 15752 tablet_bootstrap.cc:492] T a1f60cc7ba2d4e22b3b96215099d3841 P 741a42bce4d9456189737393e3ea9551: No bootstrap required, opened a new log
I20260709 13:02:57.771438 15752 ts_tablet_manager.cc:1403] T a1f60cc7ba2d4e22b3b96215099d3841 P 741a42bce4d9456189737393e3ea9551: Time spent bootstrapping tablet: real 0.057s	user 0.010s	sys 0.005s
I20260709 13:02:57.778501 15753 tablet_bootstrap.cc:654] T 2e2cfda20e5d4999873234877a2aaf0c P afc4a9fd1dee47529f6e690e078eedd2: Neither blocks nor log segments found. Creating new log.
I20260709 13:02:57.779362 15752 raft_consensus.cc:359] T a1f60cc7ba2d4e22b3b96215099d3841 P 741a42bce4d9456189737393e3ea9551 [term 0 FOLLOWER]: Replica starting. Triggering 0 pending ops. Active config: opid_index: -1 OBSOLETE_local: false peers { permanent_uuid: "ca267c74e6f84ee1b1837c50e89eff32" member_type: VOTER last_known_addr { host: "127.14.22.1" port: 35923 } } peers { permanent_uuid: "741a42bce4d9456189737393e3ea9551" member_type: VOTER last_known_addr { host: "127.14.22.2" port: 36405 } } peers { permanent_uuid: "afc4a9fd1dee47529f6e690e078eedd2" member_type: VOTER last_known_addr { host: "127.14.22.3" port: 44191 } }
I20260709 13:02:57.780259 15752 raft_consensus.cc:385] T a1f60cc7ba2d4e22b3b96215099d3841 P 741a42bce4d9456189737393e3ea9551 [term 0 FOLLOWER]: Consensus starting up: Expiring failure detector timer to make a prompt election more likely
I20260709 13:02:57.780428 15799 consensus_queue.cc:1048] T 0a360ff379b54cc8b7daa8049bcd7207 P ca267c74e6f84ee1b1837c50e89eff32 [LEADER]: Connected to new peer: Peer: permanent_uuid: "741a42bce4d9456189737393e3ea9551" member_type: VOTER last_known_addr { host: "127.14.22.2" port: 36405 }, Status: LMP_MISMATCH, Last received: 0.0, Next index: 1, Last known committed idx: 0, Time since last communication: 0.000s
I20260709 13:02:57.780527 15752 raft_consensus.cc:740] T a1f60cc7ba2d4e22b3b96215099d3841 P 741a42bce4d9456189737393e3ea9551 [term 0 FOLLOWER]: Becoming Follower/Learner. State: Replica: 741a42bce4d9456189737393e3ea9551, State: Initialized, Role: FOLLOWER
I20260709 13:02:57.783591 15752 consensus_queue.cc:260] T a1f60cc7ba2d4e22b3b96215099d3841 P 741a42bce4d9456189737393e3ea9551 [NON_LEADER]: Queue going to NON_LEADER mode. State: All replicated index: 0, Majority replicated index: 0, Committed index: 0, Last appended: 0.0, Last appended by leader: 0, Current term: 0, Majority size: -1, State: 0, Mode: NON_LEADER, active raft config: opid_index: -1 OBSOLETE_local: false peers { permanent_uuid: "ca267c74e6f84ee1b1837c50e89eff32" member_type: VOTER last_known_addr { host: "127.14.22.1" port: 35923 } } peers { permanent_uuid: "741a42bce4d9456189737393e3ea9551" member_type: VOTER last_known_addr { host: "127.14.22.2" port: 36405 } } peers { permanent_uuid: "afc4a9fd1dee47529f6e690e078eedd2" member_type: VOTER last_known_addr { host: "127.14.22.3" port: 44191 } }
I20260709 13:02:57.791045 15459 catalog_manager.cc:5697] T a1f60cc7ba2d4e22b3b96215099d3841 P afc4a9fd1dee47529f6e690e078eedd2 reported cstate change: term changed from 0 to 1, leader changed from <none> to afc4a9fd1dee47529f6e690e078eedd2 (127.14.22.3). New cstate: current_term: 1 leader_uuid: "afc4a9fd1dee47529f6e690e078eedd2" committed_config { opid_index: -1 OBSOLETE_local: false peers { permanent_uuid: "ca267c74e6f84ee1b1837c50e89eff32" member_type: VOTER last_known_addr { host: "127.14.22.1" port: 35923 } health_report { overall_health: UNKNOWN } } peers { permanent_uuid: "741a42bce4d9456189737393e3ea9551" member_type: VOTER last_known_addr { host: "127.14.22.2" port: 36405 } health_report { overall_health: UNKNOWN } } peers { permanent_uuid: "afc4a9fd1dee47529f6e690e078eedd2" member_type: VOTER last_known_addr { host: "127.14.22.3" port: 44191 } health_report { overall_health: HEALTHY } } }
I20260709 13:02:57.792255 15752 ts_tablet_manager.cc:1434] T a1f60cc7ba2d4e22b3b96215099d3841 P 741a42bce4d9456189737393e3ea9551: Time spent starting tablet: real 0.021s	user 0.005s	sys 0.001s
I20260709 13:02:57.791968 15829 consensus_queue.cc:1048] T 0a360ff379b54cc8b7daa8049bcd7207 P ca267c74e6f84ee1b1837c50e89eff32 [LEADER]: Connected to new peer: Peer: permanent_uuid: "afc4a9fd1dee47529f6e690e078eedd2" member_type: VOTER last_known_addr { host: "127.14.22.3" port: 44191 }, Status: LMP_MISMATCH, Last received: 0.0, Next index: 1, Last known committed idx: 0, Time since last communication: 0.000s
I20260709 13:02:57.794888 15752 tablet_bootstrap.cc:492] T 77de2e28b15143399100d3a811389fb1 P 741a42bce4d9456189737393e3ea9551: Bootstrap starting.
I20260709 13:02:57.794651 15461 catalog_manager.cc:5697] T 990ccf53d1e44d4181720e68f19abffb P ca267c74e6f84ee1b1837c50e89eff32 reported cstate change: term changed from 0 to 1, leader changed from <none> to ca267c74e6f84ee1b1837c50e89eff32 (127.14.22.1). New cstate: current_term: 1 leader_uuid: "ca267c74e6f84ee1b1837c50e89eff32" committed_config { opid_index: -1 OBSOLETE_local: false peers { permanent_uuid: "ca267c74e6f84ee1b1837c50e89eff32" member_type: VOTER last_known_addr { host: "127.14.22.1" port: 35923 } health_report { overall_health: HEALTHY } } peers { permanent_uuid: "741a42bce4d9456189737393e3ea9551" member_type: VOTER last_known_addr { host: "127.14.22.2" port: 36405 } health_report { overall_health: UNKNOWN } } peers { permanent_uuid: "afc4a9fd1dee47529f6e690e078eedd2" member_type: VOTER last_known_addr { host: "127.14.22.3" port: 44191 } health_report { overall_health: UNKNOWN } } }
I20260709 13:02:57.800251 15755 tablet_bootstrap.cc:492] T ad81ced1e28449a58877a2ff83431a82 P ca267c74e6f84ee1b1837c50e89eff32: No bootstrap required, opened a new log
I20260709 13:02:57.800758 15755 ts_tablet_manager.cc:1403] T ad81ced1e28449a58877a2ff83431a82 P ca267c74e6f84ee1b1837c50e89eff32: Time spent bootstrapping tablet: real 0.105s	user 0.025s	sys 0.006s
I20260709 13:02:57.798341 15711 raft_consensus.cc:2468] T 990ccf53d1e44d4181720e68f19abffb P afc4a9fd1dee47529f6e690e078eedd2 [term 1 FOLLOWER]: Leader election vote request: Granting yes vote for candidate ca267c74e6f84ee1b1837c50e89eff32 in term 1.
I20260709 13:02:57.804621 15868 consensus_queue.cc:1048] T ea10cb67d14449608d8aa5f1dd5cc8ad P afc4a9fd1dee47529f6e690e078eedd2 [LEADER]: Connected to new peer: Peer: permanent_uuid: "741a42bce4d9456189737393e3ea9551" member_type: VOTER last_known_addr { host: "127.14.22.2" port: 36405 }, Status: LMP_MISMATCH, Last received: 0.0, Next index: 1, Last known committed idx: 0, Time since last communication: 0.000s
I20260709 13:02:57.819087 15757 consensus_queue.cc:1048] T 84ea8677625d45f5b84f83ce4862653b P 741a42bce4d9456189737393e3ea9551 [LEADER]: Connected to new peer: Peer: permanent_uuid: "ca267c74e6f84ee1b1837c50e89eff32" member_type: VOTER last_known_addr { host: "127.14.22.1" port: 35923 }, Status: LMP_MISMATCH, Last received: 0.0, Next index: 1, Last known committed idx: 0, Time since last communication: 0.000s
I20260709 13:02:57.823293 15787 consensus_queue.cc:1048] T c91fc00ce3ce4db69614538743f412b3 P 741a42bce4d9456189737393e3ea9551 [LEADER]: Connected to new peer: Peer: permanent_uuid: "ca267c74e6f84ee1b1837c50e89eff32" member_type: VOTER last_known_addr { host: "127.14.22.1" port: 35923 }, Status: LMP_MISMATCH, Last received: 0.0, Next index: 1, Last known committed idx: 0, Time since last communication: 0.000s
I20260709 13:02:57.838312 15755 raft_consensus.cc:359] T ad81ced1e28449a58877a2ff83431a82 P ca267c74e6f84ee1b1837c50e89eff32 [term 0 FOLLOWER]: Replica starting. Triggering 0 pending ops. Active config: opid_index: -1 OBSOLETE_local: false peers { permanent_uuid: "ca267c74e6f84ee1b1837c50e89eff32" member_type: VOTER last_known_addr { host: "127.14.22.1" port: 35923 } } peers { permanent_uuid: "741a42bce4d9456189737393e3ea9551" member_type: VOTER last_known_addr { host: "127.14.22.2" port: 36405 } } peers { permanent_uuid: "afc4a9fd1dee47529f6e690e078eedd2" member_type: VOTER last_known_addr { host: "127.14.22.3" port: 44191 } }
I20260709 13:02:57.839066 15755 raft_consensus.cc:385] T ad81ced1e28449a58877a2ff83431a82 P ca267c74e6f84ee1b1837c50e89eff32 [term 0 FOLLOWER]: Consensus starting up: Expiring failure detector timer to make a prompt election more likely
I20260709 13:02:57.839332 15755 raft_consensus.cc:740] T ad81ced1e28449a58877a2ff83431a82 P ca267c74e6f84ee1b1837c50e89eff32 [term 0 FOLLOWER]: Becoming Follower/Learner. State: Replica: ca267c74e6f84ee1b1837c50e89eff32, State: Initialized, Role: FOLLOWER
I20260709 13:02:57.839973 15755 consensus_queue.cc:260] T ad81ced1e28449a58877a2ff83431a82 P ca267c74e6f84ee1b1837c50e89eff32 [NON_LEADER]: Queue going to NON_LEADER mode. State: All replicated index: 0, Majority replicated index: 0, Committed index: 0, Last appended: 0.0, Last appended by leader: 0, Current term: 0, Majority size: -1, State: 0, Mode: NON_LEADER, active raft config: opid_index: -1 OBSOLETE_local: false peers { permanent_uuid: "ca267c74e6f84ee1b1837c50e89eff32" member_type: VOTER last_known_addr { host: "127.14.22.1" port: 35923 } } peers { permanent_uuid: "741a42bce4d9456189737393e3ea9551" member_type: VOTER last_known_addr { host: "127.14.22.2" port: 36405 } } peers { permanent_uuid: "afc4a9fd1dee47529f6e690e078eedd2" member_type: VOTER last_known_addr { host: "127.14.22.3" port: 44191 } }
I20260709 13:02:57.842200 15755 ts_tablet_manager.cc:1434] T ad81ced1e28449a58877a2ff83431a82 P ca267c74e6f84ee1b1837c50e89eff32: Time spent starting tablet: real 0.041s	user 0.005s	sys 0.006s
I20260709 13:02:57.847556 15755 tablet_bootstrap.cc:492] T 77de2e28b15143399100d3a811389fb1 P ca267c74e6f84ee1b1837c50e89eff32: Bootstrap starting.
I20260709 13:02:57.851676 15752 tablet_bootstrap.cc:654] T 77de2e28b15143399100d3a811389fb1 P 741a42bce4d9456189737393e3ea9551: Neither blocks nor log segments found. Creating new log.
I20260709 13:02:57.865059 15753 tablet_bootstrap.cc:492] T 2e2cfda20e5d4999873234877a2aaf0c P afc4a9fd1dee47529f6e690e078eedd2: No bootstrap required, opened a new log
I20260709 13:02:57.865466 15753 ts_tablet_manager.cc:1403] T 2e2cfda20e5d4999873234877a2aaf0c P afc4a9fd1dee47529f6e690e078eedd2: Time spent bootstrapping tablet: real 0.132s	user 0.010s	sys 0.011s
I20260709 13:02:57.866391 15560 raft_consensus.cc:3060] T 9512149a2b544169baab1c6de7c53982 P ca267c74e6f84ee1b1837c50e89eff32 [term 0 FOLLOWER]: Advancing to term 1
I20260709 13:02:57.874688 15804 consensus_queue.cc:1048] T fb0244ffe41a4cadbf8910e8434753f7 P afc4a9fd1dee47529f6e690e078eedd2 [LEADER]: Connected to new peer: Peer: permanent_uuid: "741a42bce4d9456189737393e3ea9551" member_type: VOTER last_known_addr { host: "127.14.22.2" port: 36405 }, Status: LMP_MISMATCH, Last received: 0.0, Next index: 1, Last known committed idx: 0, Time since last communication: 0.000s
I20260709 13:02:57.879519 15753 raft_consensus.cc:359] T 2e2cfda20e5d4999873234877a2aaf0c P afc4a9fd1dee47529f6e690e078eedd2 [term 0 FOLLOWER]: Replica starting. Triggering 0 pending ops. Active config: opid_index: -1 OBSOLETE_local: false peers { permanent_uuid: "ca267c74e6f84ee1b1837c50e89eff32" member_type: VOTER last_known_addr { host: "127.14.22.1" port: 35923 } } peers { permanent_uuid: "741a42bce4d9456189737393e3ea9551" member_type: VOTER last_known_addr { host: "127.14.22.2" port: 36405 } } peers { permanent_uuid: "afc4a9fd1dee47529f6e690e078eedd2" member_type: VOTER last_known_addr { host: "127.14.22.3" port: 44191 } }
I20260709 13:02:57.880200 15753 raft_consensus.cc:385] T 2e2cfda20e5d4999873234877a2aaf0c P afc4a9fd1dee47529f6e690e078eedd2 [term 0 FOLLOWER]: Consensus starting up: Expiring failure detector timer to make a prompt election more likely
I20260709 13:02:57.880462 15753 raft_consensus.cc:740] T 2e2cfda20e5d4999873234877a2aaf0c P afc4a9fd1dee47529f6e690e078eedd2 [term 0 FOLLOWER]: Becoming Follower/Learner. State: Replica: afc4a9fd1dee47529f6e690e078eedd2, State: Initialized, Role: FOLLOWER
I20260709 13:02:57.883411 15753 consensus_queue.cc:260] T 2e2cfda20e5d4999873234877a2aaf0c P afc4a9fd1dee47529f6e690e078eedd2 [NON_LEADER]: Queue going to NON_LEADER mode. State: All replicated index: 0, Majority replicated index: 0, Committed index: 0, Last appended: 0.0, Last appended by leader: 0, Current term: 0, Majority size: -1, State: 0, Mode: NON_LEADER, active raft config: opid_index: -1 OBSOLETE_local: false peers { permanent_uuid: "ca267c74e6f84ee1b1837c50e89eff32" member_type: VOTER last_known_addr { host: "127.14.22.1" port: 35923 } } peers { permanent_uuid: "741a42bce4d9456189737393e3ea9551" member_type: VOTER last_known_addr { host: "127.14.22.2" port: 36405 } } peers { permanent_uuid: "afc4a9fd1dee47529f6e690e078eedd2" member_type: VOTER last_known_addr { host: "127.14.22.3" port: 44191 } }
I20260709 13:02:57.887233 15757 consensus_queue.cc:1048] T 84ea8677625d45f5b84f83ce4862653b P 741a42bce4d9456189737393e3ea9551 [LEADER]: Connected to new peer: Peer: permanent_uuid: "afc4a9fd1dee47529f6e690e078eedd2" member_type: VOTER last_known_addr { host: "127.14.22.3" port: 44191 }, Status: LMP_MISMATCH, Last received: 0.0, Next index: 1, Last known committed idx: 0, Time since last communication: 0.000s
