I20260709 13:02:32.277483 14753 consensus_queue.cc:260] T d27381af4d2043a897c19f3efabf98c7 P 7d7fa2e14c4f440997587aa359195aad [NON_LEADER]: Queue going to NON_LEADER mode. State: All replicated index: 0, Majority replicated index: 0, Committed index: 0, Last appended: 0.0, Last appended by leader: 0, Current term: 0, Majority size: -1, State: 0, Mode: NON_LEADER, active raft config: opid_index: -1 OBSOLETE_local: false peers { permanent_uuid: "7d7fa2e14c4f440997587aa359195aad" member_type: VOTER last_known_addr { host: "127.14.22.1" port: 38225 } } peers { permanent_uuid: "0da584449cdb48a6ac4f15871881dde1" member_type: VOTER last_known_addr { host: "127.14.22.2" port: 45855 } } peers { permanent_uuid: "b5f3fb8c9e334d7ca47496ee9b97fe83" member_type: VOTER last_known_addr { host: "127.14.22.3" port: 40199 } }
I20260709 13:02:32.281738 14751 ts_tablet_manager.cc:1434] T 1249afbda68c4e08b73b916a54aa0394 P 0da584449cdb48a6ac4f15871881dde1: Time spent starting tablet: real 0.032s	user 0.008s	sys 0.013s
I20260709 13:02:32.282718 14751 tablet_bootstrap.cc:492] T 4c3b0e55cdde4c6d85eb40dfd65620a2 P 0da584449cdb48a6ac4f15871881dde1: Bootstrap starting.
I20260709 13:02:32.285256 14752 ts_tablet_manager.cc:1434] T d27381af4d2043a897c19f3efabf98c7 P b5f3fb8c9e334d7ca47496ee9b97fe83: Time spent starting tablet: real 0.015s	user 0.006s	sys 0.006s
I20260709 13:02:32.285972 14733 heartbeater.cc:499] Master 127.14.22.62:44481 was elected leader, sending a full tablet report...
I20260709 13:02:32.289075 14751 tablet_bootstrap.cc:654] T 4c3b0e55cdde4c6d85eb40dfd65620a2 P 0da584449cdb48a6ac4f15871881dde1: Neither blocks nor log segments found. Creating new log.
I20260709 13:02:32.292428 14752 tablet_bootstrap.cc:492] T 1249afbda68c4e08b73b916a54aa0394 P b5f3fb8c9e334d7ca47496ee9b97fe83: Bootstrap starting.
I20260709 13:02:32.299495 14752 tablet_bootstrap.cc:654] T 1249afbda68c4e08b73b916a54aa0394 P b5f3fb8c9e334d7ca47496ee9b97fe83: Neither blocks nor log segments found. Creating new log.
I20260709 13:02:32.315135 14753 ts_tablet_manager.cc:1434] T d27381af4d2043a897c19f3efabf98c7 P 7d7fa2e14c4f440997587aa359195aad: Time spent starting tablet: real 0.044s	user 0.004s	sys 0.009s
I20260709 13:02:32.315846 14584 heartbeater.cc:499] Master 127.14.22.62:44481 was elected leader, sending a full tablet report...
I20260709 13:02:32.316076 14753 tablet_bootstrap.cc:492] T d21920178fed4f63a59627118a3ca421 P 7d7fa2e14c4f440997587aa359195aad: Bootstrap starting.
I20260709 13:02:32.319880 14752 tablet_bootstrap.cc:492] T 1249afbda68c4e08b73b916a54aa0394 P b5f3fb8c9e334d7ca47496ee9b97fe83: No bootstrap required, opened a new log
I20260709 13:02:32.320353 14752 ts_tablet_manager.cc:1403] T 1249afbda68c4e08b73b916a54aa0394 P b5f3fb8c9e334d7ca47496ee9b97fe83: Time spent bootstrapping tablet: real 0.028s	user 0.012s	sys 0.005s
I20260709 13:02:32.322669 14753 tablet_bootstrap.cc:654] T d21920178fed4f63a59627118a3ca421 P 7d7fa2e14c4f440997587aa359195aad: Neither blocks nor log segments found. Creating new log.
I20260709 13:02:32.323118 14752 raft_consensus.cc:359] T 1249afbda68c4e08b73b916a54aa0394 P b5f3fb8c9e334d7ca47496ee9b97fe83 [term 0 FOLLOWER]: Replica starting. Triggering 0 pending ops. Active config: opid_index: -1 OBSOLETE_local: false peers { permanent_uuid: "b5f3fb8c9e334d7ca47496ee9b97fe83" member_type: VOTER last_known_addr { host: "127.14.22.3" port: 40199 } } peers { permanent_uuid: "0da584449cdb48a6ac4f15871881dde1" member_type: VOTER last_known_addr { host: "127.14.22.2" port: 45855 } } peers { permanent_uuid: "7d7fa2e14c4f440997587aa359195aad" member_type: VOTER last_known_addr { host: "127.14.22.1" port: 38225 } }
I20260709 13:02:32.323836 14752 raft_consensus.cc:385] T 1249afbda68c4e08b73b916a54aa0394 P b5f3fb8c9e334d7ca47496ee9b97fe83 [term 0 FOLLOWER]: Consensus starting up: Expiring failure detector timer to make a prompt election more likely
I20260709 13:02:32.324131 14752 raft_consensus.cc:740] T 1249afbda68c4e08b73b916a54aa0394 P b5f3fb8c9e334d7ca47496ee9b97fe83 [term 0 FOLLOWER]: Becoming Follower/Learner. State: Replica: b5f3fb8c9e334d7ca47496ee9b97fe83, State: Initialized, Role: FOLLOWER
I20260709 13:02:32.324828 14752 consensus_queue.cc:260] T 1249afbda68c4e08b73b916a54aa0394 P b5f3fb8c9e334d7ca47496ee9b97fe83 [NON_LEADER]: Queue going to NON_LEADER mode. State: All replicated index: 0, Majority replicated index: 0, Committed index: 0, Last appended: 0.0, Last appended by leader: 0, Current term: 0, Majority size: -1, State: 0, Mode: NON_LEADER, active raft config: opid_index: -1 OBSOLETE_local: false peers { permanent_uuid: "b5f3fb8c9e334d7ca47496ee9b97fe83" member_type: VOTER last_known_addr { host: "127.14.22.3" port: 40199 } } peers { permanent_uuid: "0da584449cdb48a6ac4f15871881dde1" member_type: VOTER last_known_addr { host: "127.14.22.2" port: 45855 } } peers { permanent_uuid: "7d7fa2e14c4f440997587aa359195aad" member_type: VOTER last_known_addr { host: "127.14.22.1" port: 38225 } }
I20260709 13:02:32.327625 14752 ts_tablet_manager.cc:1434] T 1249afbda68c4e08b73b916a54aa0394 P b5f3fb8c9e334d7ca47496ee9b97fe83: Time spent starting tablet: real 0.007s	user 0.005s	sys 0.002s
I20260709 13:02:32.328567 14752 tablet_bootstrap.cc:492] T d21920178fed4f63a59627118a3ca421 P b5f3fb8c9e334d7ca47496ee9b97fe83: Bootstrap starting.
I20260709 13:02:32.330888 14751 tablet_bootstrap.cc:492] T 4c3b0e55cdde4c6d85eb40dfd65620a2 P 0da584449cdb48a6ac4f15871881dde1: No bootstrap required, opened a new log
I20260709 13:02:32.331403 14751 ts_tablet_manager.cc:1403] T 4c3b0e55cdde4c6d85eb40dfd65620a2 P 0da584449cdb48a6ac4f15871881dde1: Time spent bootstrapping tablet: real 0.049s	user 0.009s	sys 0.017s
I20260709 13:02:32.334425 14751 raft_consensus.cc:359] T 4c3b0e55cdde4c6d85eb40dfd65620a2 P 0da584449cdb48a6ac4f15871881dde1 [term 0 FOLLOWER]: Replica starting. Triggering 0 pending ops. Active config: opid_index: -1 OBSOLETE_local: false peers { permanent_uuid: "7d7fa2e14c4f440997587aa359195aad" member_type: VOTER last_known_addr { host: "127.14.22.1" port: 38225 } } peers { permanent_uuid: "0da584449cdb48a6ac4f15871881dde1" member_type: VOTER last_known_addr { host: "127.14.22.2" port: 45855 } } peers { permanent_uuid: "b5f3fb8c9e334d7ca47496ee9b97fe83" member_type: VOTER last_known_addr { host: "127.14.22.3" port: 40199 } }
I20260709 13:02:32.341005 14751 raft_consensus.cc:385] T 4c3b0e55cdde4c6d85eb40dfd65620a2 P 0da584449cdb48a6ac4f15871881dde1 [term 0 FOLLOWER]: Consensus starting up: Expiring failure detector timer to make a prompt election more likely
I20260709 13:02:32.341416 14751 raft_consensus.cc:740] T 4c3b0e55cdde4c6d85eb40dfd65620a2 P 0da584449cdb48a6ac4f15871881dde1 [term 0 FOLLOWER]: Becoming Follower/Learner. State: Replica: 0da584449cdb48a6ac4f15871881dde1, State: Initialized, Role: FOLLOWER
I20260709 13:02:32.342325 14751 consensus_queue.cc:260] T 4c3b0e55cdde4c6d85eb40dfd65620a2 P 0da584449cdb48a6ac4f15871881dde1 [NON_LEADER]: Queue going to NON_LEADER mode. State: All replicated index: 0, Majority replicated index: 0, Committed index: 0, Last appended: 0.0, Last appended by leader: 0, Current term: 0, Majority size: -1, State: 0, Mode: NON_LEADER, active raft config: opid_index: -1 OBSOLETE_local: false peers { permanent_uuid: "7d7fa2e14c4f440997587aa359195aad" member_type: VOTER last_known_addr { host: "127.14.22.1" port: 38225 } } peers { permanent_uuid: "0da584449cdb48a6ac4f15871881dde1" member_type: VOTER last_known_addr { host: "127.14.22.2" port: 45855 } } peers { permanent_uuid: "b5f3fb8c9e334d7ca47496ee9b97fe83" member_type: VOTER last_known_addr { host: "127.14.22.3" port: 40199 } }
I20260709 13:02:32.346510 14751 ts_tablet_manager.cc:1434] T 4c3b0e55cdde4c6d85eb40dfd65620a2 P 0da584449cdb48a6ac4f15871881dde1: Time spent starting tablet: real 0.015s	user 0.007s	sys 0.000s
I20260709 13:02:32.347465 14751 tablet_bootstrap.cc:492] T 3d0655b3cc034ce481068a1b764a6fcf P 0da584449cdb48a6ac4f15871881dde1: Bootstrap starting.
I20260709 13:02:32.347770 14753 tablet_bootstrap.cc:492] T d21920178fed4f63a59627118a3ca421 P 7d7fa2e14c4f440997587aa359195aad: No bootstrap required, opened a new log
I20260709 13:02:32.348390 14753 ts_tablet_manager.cc:1403] T d21920178fed4f63a59627118a3ca421 P 7d7fa2e14c4f440997587aa359195aad: Time spent bootstrapping tablet: real 0.033s	user 0.014s	sys 0.010s
I20260709 13:02:32.351246 14753 raft_consensus.cc:359] T d21920178fed4f63a59627118a3ca421 P 7d7fa2e14c4f440997587aa359195aad [term 0 FOLLOWER]: Replica starting. Triggering 0 pending ops. Active config: opid_index: -1 OBSOLETE_local: false peers { permanent_uuid: "7d7fa2e14c4f440997587aa359195aad" member_type: VOTER last_known_addr { host: "127.14.22.1" port: 38225 } } peers { permanent_uuid: "0da584449cdb48a6ac4f15871881dde1" member_type: VOTER last_known_addr { host: "127.14.22.2" port: 45855 } } peers { permanent_uuid: "b5f3fb8c9e334d7ca47496ee9b97fe83" member_type: VOTER last_known_addr { host: "127.14.22.3" port: 40199 } }
I20260709 13:02:32.351948 14753 raft_consensus.cc:385] T d21920178fed4f63a59627118a3ca421 P 7d7fa2e14c4f440997587aa359195aad [term 0 FOLLOWER]: Consensus starting up: Expiring failure detector timer to make a prompt election more likely
I20260709 13:02:32.352236 14753 raft_consensus.cc:740] T d21920178fed4f63a59627118a3ca421 P 7d7fa2e14c4f440997587aa359195aad [term 0 FOLLOWER]: Becoming Follower/Learner. State: Replica: 7d7fa2e14c4f440997587aa359195aad, State: Initialized, Role: FOLLOWER
I20260709 13:02:32.352896 14753 consensus_queue.cc:260] T d21920178fed4f63a59627118a3ca421 P 7d7fa2e14c4f440997587aa359195aad [NON_LEADER]: Queue going to NON_LEADER mode. State: All replicated index: 0, Majority replicated index: 0, Committed index: 0, Last appended: 0.0, Last appended by leader: 0, Current term: 0, Majority size: -1, State: 0, Mode: NON_LEADER, active raft config: opid_index: -1 OBSOLETE_local: false peers { permanent_uuid: "7d7fa2e14c4f440997587aa359195aad" member_type: VOTER last_known_addr { host: "127.14.22.1" port: 38225 } } peers { permanent_uuid: "0da584449cdb48a6ac4f15871881dde1" member_type: VOTER last_known_addr { host: "127.14.22.2" port: 45855 } } peers { permanent_uuid: "b5f3fb8c9e334d7ca47496ee9b97fe83" member_type: VOTER last_known_addr { host: "127.14.22.3" port: 40199 } }
I20260709 13:02:32.347815 14752 tablet_bootstrap.cc:654] T d21920178fed4f63a59627118a3ca421 P b5f3fb8c9e334d7ca47496ee9b97fe83: Neither blocks nor log segments found. Creating new log.
I20260709 13:02:32.354889 14751 tablet_bootstrap.cc:654] T 3d0655b3cc034ce481068a1b764a6fcf P 0da584449cdb48a6ac4f15871881dde1: Neither blocks nor log segments found. Creating new log.
I20260709 13:02:32.358177 14753 ts_tablet_manager.cc:1434] T d21920178fed4f63a59627118a3ca421 P 7d7fa2e14c4f440997587aa359195aad: Time spent starting tablet: real 0.009s	user 0.006s	sys 0.001s
I20260709 13:02:32.360018 14753 tablet_bootstrap.cc:492] T 4c3b0e55cdde4c6d85eb40dfd65620a2 P 7d7fa2e14c4f440997587aa359195aad: Bootstrap starting.
W20260709 13:02:32.362660 14660 tablet.cc:2406] T 1249afbda68c4e08b73b916a54aa0394 P 0da584449cdb48a6ac4f15871881dde1: Can't schedule compaction. Clean time has not been advanced past its initial value.
I20260709 13:02:32.371630 14753 tablet_bootstrap.cc:654] T 4c3b0e55cdde4c6d85eb40dfd65620a2 P 7d7fa2e14c4f440997587aa359195aad: Neither blocks nor log segments found. Creating new log.
I20260709 13:02:32.374687 14751 tablet_bootstrap.cc:492] T 3d0655b3cc034ce481068a1b764a6fcf P 0da584449cdb48a6ac4f15871881dde1: No bootstrap required, opened a new log
I20260709 13:02:32.375187 14751 ts_tablet_manager.cc:1403] T 3d0655b3cc034ce481068a1b764a6fcf P 0da584449cdb48a6ac4f15871881dde1: Time spent bootstrapping tablet: real 0.028s	user 0.008s	sys 0.018s
I20260709 13:02:32.375737 14752 tablet_bootstrap.cc:492] T d21920178fed4f63a59627118a3ca421 P b5f3fb8c9e334d7ca47496ee9b97fe83: No bootstrap required, opened a new log
I20260709 13:02:32.376236 14752 ts_tablet_manager.cc:1403] T d21920178fed4f63a59627118a3ca421 P b5f3fb8c9e334d7ca47496ee9b97fe83: Time spent bootstrapping tablet: real 0.048s	user 0.009s	sys 0.007s
I20260709 13:02:32.378278 14751 raft_consensus.cc:359] T 3d0655b3cc034ce481068a1b764a6fcf P 0da584449cdb48a6ac4f15871881dde1 [term 0 FOLLOWER]: Replica starting. Triggering 0 pending ops. Active config: opid_index: -1 OBSOLETE_local: false peers { permanent_uuid: "7d7fa2e14c4f440997587aa359195aad" member_type: VOTER last_known_addr { host: "127.14.22.1" port: 38225 } } peers { permanent_uuid: "0da584449cdb48a6ac4f15871881dde1" member_type: VOTER last_known_addr { host: "127.14.22.2" port: 45855 } } peers { permanent_uuid: "b5f3fb8c9e334d7ca47496ee9b97fe83" member_type: VOTER last_known_addr { host: "127.14.22.3" port: 40199 } }
I20260709 13:02:32.379089 14751 raft_consensus.cc:385] T 3d0655b3cc034ce481068a1b764a6fcf P 0da584449cdb48a6ac4f15871881dde1 [term 0 FOLLOWER]: Consensus starting up: Expiring failure detector timer to make a prompt election more likely
I20260709 13:02:32.379433 14751 raft_consensus.cc:740] T 3d0655b3cc034ce481068a1b764a6fcf P 0da584449cdb48a6ac4f15871881dde1 [term 0 FOLLOWER]: Becoming Follower/Learner. State: Replica: 0da584449cdb48a6ac4f15871881dde1, State: Initialized, Role: FOLLOWER
I20260709 13:02:32.379158 14752 raft_consensus.cc:359] T d21920178fed4f63a59627118a3ca421 P b5f3fb8c9e334d7ca47496ee9b97fe83 [term 0 FOLLOWER]: Replica starting. Triggering 0 pending ops. Active config: opid_index: -1 OBSOLETE_local: false peers { permanent_uuid: "7d7fa2e14c4f440997587aa359195aad" member_type: VOTER last_known_addr { host: "127.14.22.1" port: 38225 } } peers { permanent_uuid: "0da584449cdb48a6ac4f15871881dde1" member_type: VOTER last_known_addr { host: "127.14.22.2" port: 45855 } } peers { permanent_uuid: "b5f3fb8c9e334d7ca47496ee9b97fe83" member_type: VOTER last_known_addr { host: "127.14.22.3" port: 40199 } }
I20260709 13:02:32.380056 14752 raft_consensus.cc:385] T d21920178fed4f63a59627118a3ca421 P b5f3fb8c9e334d7ca47496ee9b97fe83 [term 0 FOLLOWER]: Consensus starting up: Expiring failure detector timer to make a prompt election more likely
I20260709 13:02:32.380395 14751 consensus_queue.cc:260] T 3d0655b3cc034ce481068a1b764a6fcf P 0da584449cdb48a6ac4f15871881dde1 [NON_LEADER]: Queue going to NON_LEADER mode. State: All replicated index: 0, Majority replicated index: 0, Committed index: 0, Last appended: 0.0, Last appended by leader: 0, Current term: 0, Majority size: -1, State: 0, Mode: NON_LEADER, active raft config: opid_index: -1 OBSOLETE_local: false peers { permanent_uuid: "7d7fa2e14c4f440997587aa359195aad" member_type: VOTER last_known_addr { host: "127.14.22.1" port: 38225 } } peers { permanent_uuid: "0da584449cdb48a6ac4f15871881dde1" member_type: VOTER last_known_addr { host: "127.14.22.2" port: 45855 } } peers { permanent_uuid: "b5f3fb8c9e334d7ca47496ee9b97fe83" member_type: VOTER last_known_addr { host: "127.14.22.3" port: 40199 } }
I20260709 13:02:32.382226 14751 ts_tablet_manager.cc:1434] T 3d0655b3cc034ce481068a1b764a6fcf P 0da584449cdb48a6ac4f15871881dde1: Time spent starting tablet: real 0.007s	user 0.003s	sys 0.003s
I20260709 13:02:32.382982 14751 tablet_bootstrap.cc:492] T edcd331262a0407aba8b638dcf104139 P 0da584449cdb48a6ac4f15871881dde1: Bootstrap starting.
I20260709 13:02:32.380415 14752 raft_consensus.cc:740] T d21920178fed4f63a59627118a3ca421 P b5f3fb8c9e334d7ca47496ee9b97fe83 [term 0 FOLLOWER]: Becoming Follower/Learner. State: Replica: b5f3fb8c9e334d7ca47496ee9b97fe83, State: Initialized, Role: FOLLOWER
I20260709 13:02:32.384037 14752 consensus_queue.cc:260] T d21920178fed4f63a59627118a3ca421 P b5f3fb8c9e334d7ca47496ee9b97fe83 [NON_LEADER]: Queue going to NON_LEADER mode. State: All replicated index: 0, Majority replicated index: 0, Committed index: 0, Last appended: 0.0, Last appended by leader: 0, Current term: 0, Majority size: -1, State: 0, Mode: NON_LEADER, active raft config: opid_index: -1 OBSOLETE_local: false peers { permanent_uuid: "7d7fa2e14c4f440997587aa359195aad" member_type: VOTER last_known_addr { host: "127.14.22.1" port: 38225 } } peers { permanent_uuid: "0da584449cdb48a6ac4f15871881dde1" member_type: VOTER last_known_addr { host: "127.14.22.2" port: 45855 } } peers { permanent_uuid: "b5f3fb8c9e334d7ca47496ee9b97fe83" member_type: VOTER last_known_addr { host: "127.14.22.3" port: 40199 } }
I20260709 13:02:32.388428 14758 raft_consensus.cc:493] T 1249afbda68c4e08b73b916a54aa0394 P b5f3fb8c9e334d7ca47496ee9b97fe83 [term 0 FOLLOWER]: Starting pre-election (no leader contacted us within the election timeout)
I20260709 13:02:32.388899 14758 raft_consensus.cc:515] T 1249afbda68c4e08b73b916a54aa0394 P b5f3fb8c9e334d7ca47496ee9b97fe83 [term 0 FOLLOWER]: Starting pre-election with config: opid_index: -1 OBSOLETE_local: false peers { permanent_uuid: "b5f3fb8c9e334d7ca47496ee9b97fe83" member_type: VOTER last_known_addr { host: "127.14.22.3" port: 40199 } } peers { permanent_uuid: "0da584449cdb48a6ac4f15871881dde1" member_type: VOTER last_known_addr { host: "127.14.22.2" port: 45855 } } peers { permanent_uuid: "7d7fa2e14c4f440997587aa359195aad" member_type: VOTER last_known_addr { host: "127.14.22.1" port: 38225 } }
I20260709 13:02:32.389482 14751 tablet_bootstrap.cc:654] T edcd331262a0407aba8b638dcf104139 P 0da584449cdb48a6ac4f15871881dde1: Neither blocks nor log segments found. Creating new log.
I20260709 13:02:32.391780 14758 leader_election.cc:290] T 1249afbda68c4e08b73b916a54aa0394 P b5f3fb8c9e334d7ca47496ee9b97fe83 [CANDIDATE]: Term 1 pre-election: Requested pre-vote from peers 0da584449cdb48a6ac4f15871881dde1 (127.14.22.2:45855), 7d7fa2e14c4f440997587aa359195aad (127.14.22.1:38225)
I20260709 13:02:32.392807 14752 ts_tablet_manager.cc:1434] T d21920178fed4f63a59627118a3ca421 P b5f3fb8c9e334d7ca47496ee9b97fe83: Time spent starting tablet: real 0.016s	user 0.006s	sys 0.000s
I20260709 13:02:32.393512 14756 raft_consensus.cc:493] T 1249afbda68c4e08b73b916a54aa0394 P 0da584449cdb48a6ac4f15871881dde1 [term 0 FOLLOWER]: Starting pre-election (no leader contacted us within the election timeout)
I20260709 13:02:32.393729 14752 tablet_bootstrap.cc:492] T d23b8f0532b04ffbbf15cbf9bc67922f P b5f3fb8c9e334d7ca47496ee9b97fe83: Bootstrap starting.
I20260709 13:02:32.393983 14756 raft_consensus.cc:515] T 1249afbda68c4e08b73b916a54aa0394 P 0da584449cdb48a6ac4f15871881dde1 [term 0 FOLLOWER]: Starting pre-election with config: opid_index: -1 OBSOLETE_local: false peers { permanent_uuid: "b5f3fb8c9e334d7ca47496ee9b97fe83" member_type: VOTER last_known_addr { host: "127.14.22.3" port: 40199 } } peers { permanent_uuid: "0da584449cdb48a6ac4f15871881dde1" member_type: VOTER last_known_addr { host: "127.14.22.2" port: 45855 } } peers { permanent_uuid: "7d7fa2e14c4f440997587aa359195aad" member_type: VOTER last_known_addr { host: "127.14.22.1" port: 38225 } }
I20260709 13:02:32.397404 14756 leader_election.cc:290] T 1249afbda68c4e08b73b916a54aa0394 P 0da584449cdb48a6ac4f15871881dde1 [CANDIDATE]: Term 1 pre-election: Requested pre-vote from peers b5f3fb8c9e334d7ca47496ee9b97fe83 (127.14.22.3:40199), 7d7fa2e14c4f440997587aa359195aad (127.14.22.1:38225)
I20260709 13:02:32.400430 14752 tablet_bootstrap.cc:654] T d23b8f0532b04ffbbf15cbf9bc67922f P b5f3fb8c9e334d7ca47496ee9b97fe83: Neither blocks nor log segments found. Creating new log.
I20260709 13:02:32.409935 14753 tablet_bootstrap.cc:492] T 4c3b0e55cdde4c6d85eb40dfd65620a2 P 7d7fa2e14c4f440997587aa359195aad: No bootstrap required, opened a new log
I20260709 13:02:32.410538 14753 ts_tablet_manager.cc:1403] T 4c3b0e55cdde4c6d85eb40dfd65620a2 P 7d7fa2e14c4f440997587aa359195aad: Time spent bootstrapping tablet: real 0.051s	user 0.007s	sys 0.011s
I20260709 13:02:32.413470 14753 raft_consensus.cc:359] T 4c3b0e55cdde4c6d85eb40dfd65620a2 P 7d7fa2e14c4f440997587aa359195aad [term 0 FOLLOWER]: Replica starting. Triggering 0 pending ops. Active config: opid_index: -1 OBSOLETE_local: false peers { permanent_uuid: "7d7fa2e14c4f440997587aa359195aad" member_type: VOTER last_known_addr { host: "127.14.22.1" port: 38225 } } peers { permanent_uuid: "0da584449cdb48a6ac4f15871881dde1" member_type: VOTER last_known_addr { host: "127.14.22.2" port: 45855 } } peers { permanent_uuid: "b5f3fb8c9e334d7ca47496ee9b97fe83" member_type: VOTER last_known_addr { host: "127.14.22.3" port: 40199 } }
I20260709 13:02:32.414299 14753 raft_consensus.cc:385] T 4c3b0e55cdde4c6d85eb40dfd65620a2 P 7d7fa2e14c4f440997587aa359195aad [term 0 FOLLOWER]: Consensus starting up: Expiring failure detector timer to make a prompt election more likely
I20260709 13:02:32.414650 14753 raft_consensus.cc:740] T 4c3b0e55cdde4c6d85eb40dfd65620a2 P 7d7fa2e14c4f440997587aa359195aad [term 0 FOLLOWER]: Becoming Follower/Learner. State: Replica: 7d7fa2e14c4f440997587aa359195aad, State: Initialized, Role: FOLLOWER
I20260709 13:02:32.415374 14753 consensus_queue.cc:260] T 4c3b0e55cdde4c6d85eb40dfd65620a2 P 7d7fa2e14c4f440997587aa359195aad [NON_LEADER]: Queue going to NON_LEADER mode. State: All replicated index: 0, Majority replicated index: 0, Committed index: 0, Last appended: 0.0, Last appended by leader: 0, Current term: 0, Majority size: -1, State: 0, Mode: NON_LEADER, active raft config: opid_index: -1 OBSOLETE_local: false peers { permanent_uuid: "7d7fa2e14c4f440997587aa359195aad" member_type: VOTER last_known_addr { host: "127.14.22.1" port: 38225 } } peers { permanent_uuid: "0da584449cdb48a6ac4f15871881dde1" member_type: VOTER last_known_addr { host: "127.14.22.2" port: 45855 } } peers { permanent_uuid: "b5f3fb8c9e334d7ca47496ee9b97fe83" member_type: VOTER last_known_addr { host: "127.14.22.3" port: 40199 } }
I20260709 13:02:32.417807 14753 ts_tablet_manager.cc:1434] T 4c3b0e55cdde4c6d85eb40dfd65620a2 P 7d7fa2e14c4f440997587aa359195aad: Time spent starting tablet: real 0.007s	user 0.004s	sys 0.001s
I20260709 13:02:32.418857 14753 tablet_bootstrap.cc:492] T 468f7a2390f7472c8f251f365a308950 P 7d7fa2e14c4f440997587aa359195aad: Bootstrap starting.
I20260709 13:02:32.424866 14751 tablet_bootstrap.cc:492] T edcd331262a0407aba8b638dcf104139 P 0da584449cdb48a6ac4f15871881dde1: No bootstrap required, opened a new log
I20260709 13:02:32.425323 14751 ts_tablet_manager.cc:1403] T edcd331262a0407aba8b638dcf104139 P 0da584449cdb48a6ac4f15871881dde1: Time spent bootstrapping tablet: real 0.042s	user 0.008s	sys 0.003s
I20260709 13:02:32.425670 14753 tablet_bootstrap.cc:654] T 468f7a2390f7472c8f251f365a308950 P 7d7fa2e14c4f440997587aa359195aad: Neither blocks nor log segments found. Creating new log.
I20260709 13:02:32.428083 14751 raft_consensus.cc:359] T edcd331262a0407aba8b638dcf104139 P 0da584449cdb48a6ac4f15871881dde1 [term 0 FOLLOWER]: Replica starting. Triggering 0 pending ops. Active config: opid_index: -1 OBSOLETE_local: false peers { permanent_uuid: "7d7fa2e14c4f440997587aa359195aad" member_type: VOTER last_known_addr { host: "127.14.22.1" port: 38225 } } peers { permanent_uuid: "0da584449cdb48a6ac4f15871881dde1" member_type: VOTER last_known_addr { host: "127.14.22.2" port: 45855 } } peers { permanent_uuid: "b5f3fb8c9e334d7ca47496ee9b97fe83" member_type: VOTER last_known_addr { host: "127.14.22.3" port: 40199 } }
I20260709 13:02:32.428817 14751 raft_consensus.cc:385] T edcd331262a0407aba8b638dcf104139 P 0da584449cdb48a6ac4f15871881dde1 [term 0 FOLLOWER]: Consensus starting up: Expiring failure detector timer to make a prompt election more likely
I20260709 13:02:32.429105 14751 raft_consensus.cc:740] T edcd331262a0407aba8b638dcf104139 P 0da584449cdb48a6ac4f15871881dde1 [term 0 FOLLOWER]: Becoming Follower/Learner. State: Replica: 0da584449cdb48a6ac4f15871881dde1, State: Initialized, Role: FOLLOWER
I20260709 13:02:32.437748 14751 consensus_queue.cc:260] T edcd331262a0407aba8b638dcf104139 P 0da584449cdb48a6ac4f15871881dde1 [NON_LEADER]: Queue going to NON_LEADER mode. State: All replicated index: 0, Majority replicated index: 0, Committed index: 0, Last appended: 0.0, Last appended by leader: 0, Current term: 0, Majority size: -1, State: 0, Mode: NON_LEADER, active raft config: opid_index: -1 OBSOLETE_local: false peers { permanent_uuid: "7d7fa2e14c4f440997587aa359195aad" member_type: VOTER last_known_addr { host: "127.14.22.1" port: 38225 } } peers { permanent_uuid: "0da584449cdb48a6ac4f15871881dde1" member_type: VOTER last_known_addr { host: "127.14.22.2" port: 45855 } } peers { permanent_uuid: "b5f3fb8c9e334d7ca47496ee9b97fe83" member_type: VOTER last_known_addr { host: "127.14.22.3" port: 40199 } }
I20260709 13:02:32.444682 14751 ts_tablet_manager.cc:1434] T edcd331262a0407aba8b638dcf104139 P 0da584449cdb48a6ac4f15871881dde1: Time spent starting tablet: real 0.019s	user 0.002s	sys 0.006s
I20260709 13:02:32.445559 14751 tablet_bootstrap.cc:492] T f8ac1153574e484d986edfb354f4ce13 P 0da584449cdb48a6ac4f15871881dde1: Bootstrap starting.
I20260709 13:02:32.446431 14752 tablet_bootstrap.cc:492] T d23b8f0532b04ffbbf15cbf9bc67922f P b5f3fb8c9e334d7ca47496ee9b97fe83: No bootstrap required, opened a new log
I20260709 13:02:32.446940 14752 ts_tablet_manager.cc:1403] T d23b8f0532b04ffbbf15cbf9bc67922f P b5f3fb8c9e334d7ca47496ee9b97fe83: Time spent bootstrapping tablet: real 0.053s	user 0.014s	sys 0.016s
I20260709 13:02:32.452647 14708 tablet_service.cc:1917] Received RequestConsensusVote() RPC: tablet_id: "1249afbda68c4e08b73b916a54aa0394" candidate_uuid: "0da584449cdb48a6ac4f15871881dde1" candidate_term: 1 candidate_status { last_received { term: 0 index: 0 } } ignore_live_leader: false dest_uuid: "b5f3fb8c9e334d7ca47496ee9b97fe83" is_pre_election: true
I20260709 13:02:32.453550 14708 raft_consensus.cc:2468] T 1249afbda68c4e08b73b916a54aa0394 P b5f3fb8c9e334d7ca47496ee9b97fe83 [term 0 FOLLOWER]: Leader pre-election vote request: Granting yes vote for candidate 0da584449cdb48a6ac4f15871881dde1 in term 0.
I20260709 13:02:32.455188 14598 leader_election.cc:304] T 1249afbda68c4e08b73b916a54aa0394 P 0da584449cdb48a6ac4f15871881dde1 [CANDIDATE]: Term 1 pre-election: Election decided. Result: candidate won. Election summary: received 2 responses out of 3 voters: 2 yes votes; 0 no votes. yes voters: 0da584449cdb48a6ac4f15871881dde1, b5f3fb8c9e334d7ca47496ee9b97fe83; no voters: 
I20260709 13:02:32.456090 14756 raft_consensus.cc:2804] T 1249afbda68c4e08b73b916a54aa0394 P 0da584449cdb48a6ac4f15871881dde1 [term 0 FOLLOWER]: Leader pre-election won for term 1
I20260709 13:02:32.456467 14756 raft_consensus.cc:493] T 1249afbda68c4e08b73b916a54aa0394 P 0da584449cdb48a6ac4f15871881dde1 [term 0 FOLLOWER]: Starting leader election (no leader contacted us within the election timeout)
I20260709 13:02:32.456823 14756 raft_consensus.cc:3060] T 1249afbda68c4e08b73b916a54aa0394 P 0da584449cdb48a6ac4f15871881dde1 [term 0 FOLLOWER]: Advancing to term 1
I20260709 13:02:32.457257 14752 raft_consensus.cc:359] T d23b8f0532b04ffbbf15cbf9bc67922f P b5f3fb8c9e334d7ca47496ee9b97fe83 [term 0 FOLLOWER]: Replica starting. Triggering 0 pending ops. Active config: opid_index: -1 OBSOLETE_local: false peers { permanent_uuid: "7d7fa2e14c4f440997587aa359195aad" member_type: VOTER last_known_addr { host: "127.14.22.1" port: 38225 } } peers { permanent_uuid: "0da584449cdb48a6ac4f15871881dde1" member_type: VOTER last_known_addr { host: "127.14.22.2" port: 45855 } } peers { permanent_uuid: "b5f3fb8c9e334d7ca47496ee9b97fe83" member_type: VOTER last_known_addr { host: "127.14.22.3" port: 40199 } }
I20260709 13:02:32.458038 14752 raft_consensus.cc:385] T d23b8f0532b04ffbbf15cbf9bc67922f P b5f3fb8c9e334d7ca47496ee9b97fe83 [term 0 FOLLOWER]: Consensus starting up: Expiring failure detector timer to make a prompt election more likely
I20260709 13:02:32.458422 14752 raft_consensus.cc:740] T d23b8f0532b04ffbbf15cbf9bc67922f P b5f3fb8c9e334d7ca47496ee9b97fe83 [term 0 FOLLOWER]: Becoming Follower/Learner. State: Replica: b5f3fb8c9e334d7ca47496ee9b97fe83, State: Initialized, Role: FOLLOWER
I20260709 13:02:32.459259 14752 consensus_queue.cc:260] T d23b8f0532b04ffbbf15cbf9bc67922f P b5f3fb8c9e334d7ca47496ee9b97fe83 [NON_LEADER]: Queue going to NON_LEADER mode. State: All replicated index: 0, Majority replicated index: 0, Committed index: 0, Last appended: 0.0, Last appended by leader: 0, Current term: 0, Majority size: -1, State: 0, Mode: NON_LEADER, active raft config: opid_index: -1 OBSOLETE_local: false peers { permanent_uuid: "7d7fa2e14c4f440997587aa359195aad" member_type: VOTER last_known_addr { host: "127.14.22.1" port: 38225 } } peers { permanent_uuid: "0da584449cdb48a6ac4f15871881dde1" member_type: VOTER last_known_addr { host: "127.14.22.2" port: 45855 } } peers { permanent_uuid: "b5f3fb8c9e334d7ca47496ee9b97fe83" member_type: VOTER last_known_addr { host: "127.14.22.3" port: 40199 } }
I20260709 13:02:32.462373 14759 raft_consensus.cc:493] T 4c3b0e55cdde4c6d85eb40dfd65620a2 P 7d7fa2e14c4f440997587aa359195aad [term 0 FOLLOWER]: Starting pre-election (no leader contacted us within the election timeout)
I20260709 13:02:32.462824 14759 raft_consensus.cc:515] T 4c3b0e55cdde4c6d85eb40dfd65620a2 P 7d7fa2e14c4f440997587aa359195aad [term 0 FOLLOWER]: Starting pre-election with config: opid_index: -1 OBSOLETE_local: false peers { permanent_uuid: "7d7fa2e14c4f440997587aa359195aad" member_type: VOTER last_known_addr { host: "127.14.22.1" port: 38225 } } peers { permanent_uuid: "0da584449cdb48a6ac4f15871881dde1" member_type: VOTER last_known_addr { host: "127.14.22.2" port: 45855 } } peers { permanent_uuid: "b5f3fb8c9e334d7ca47496ee9b97fe83" member_type: VOTER last_known_addr { host: "127.14.22.3" port: 40199 } }
I20260709 13:02:32.464557 14756 raft_consensus.cc:515] T 1249afbda68c4e08b73b916a54aa0394 P 0da584449cdb48a6ac4f15871881dde1 [term 1 FOLLOWER]: Starting leader election with config: opid_index: -1 OBSOLETE_local: false peers { permanent_uuid: "b5f3fb8c9e334d7ca47496ee9b97fe83" member_type: VOTER last_known_addr { host: "127.14.22.3" port: 40199 } } peers { permanent_uuid: "0da584449cdb48a6ac4f15871881dde1" member_type: VOTER last_known_addr { host: "127.14.22.2" port: 45855 } } peers { permanent_uuid: "7d7fa2e14c4f440997587aa359195aad" member_type: VOTER last_known_addr { host: "127.14.22.1" port: 38225 } }
I20260709 13:02:32.466893 14759 leader_election.cc:290] T 4c3b0e55cdde4c6d85eb40dfd65620a2 P 7d7fa2e14c4f440997587aa359195aad [CANDIDATE]: Term 1 pre-election: Requested pre-vote from peers 0da584449cdb48a6ac4f15871881dde1 (127.14.22.2:45855), b5f3fb8c9e334d7ca47496ee9b97fe83 (127.14.22.3:40199)
I20260709 13:02:32.474884 14708 tablet_service.cc:1917] Received RequestConsensusVote() RPC: tablet_id: "1249afbda68c4e08b73b916a54aa0394" candidate_uuid: "0da584449cdb48a6ac4f15871881dde1" candidate_term: 1 candidate_status { last_received { term: 0 index: 0 } } ignore_live_leader: false dest_uuid: "b5f3fb8c9e334d7ca47496ee9b97fe83"
I20260709 13:02:32.475523 14708 raft_consensus.cc:3060] T 1249afbda68c4e08b73b916a54aa0394 P b5f3fb8c9e334d7ca47496ee9b97fe83 [term 0 FOLLOWER]: Advancing to term 1
I20260709 13:02:32.461916 14752 ts_tablet_manager.cc:1434] T d23b8f0532b04ffbbf15cbf9bc67922f P b5f3fb8c9e334d7ca47496ee9b97fe83: Time spent starting tablet: real 0.014s	user 0.002s	sys 0.004s
I20260709 13:02:32.479439 14752 tablet_bootstrap.cc:492] T 3d0655b3cc034ce481068a1b764a6fcf P b5f3fb8c9e334d7ca47496ee9b97fe83: Bootstrap starting.
I20260709 13:02:32.486104 14751 tablet_bootstrap.cc:654] T f8ac1153574e484d986edfb354f4ce13 P 0da584449cdb48a6ac4f15871881dde1: Neither blocks nor log segments found. Creating new log.
I20260709 13:02:32.506501 14753 tablet_bootstrap.cc:492] T 468f7a2390f7472c8f251f365a308950 P 7d7fa2e14c4f440997587aa359195aad: No bootstrap required, opened a new log
I20260709 13:02:32.507109 14753 ts_tablet_manager.cc:1403] T 468f7a2390f7472c8f251f365a308950 P 7d7fa2e14c4f440997587aa359195aad: Time spent bootstrapping tablet: real 0.088s	user 0.012s	sys 0.011s
I20260709 13:02:32.494951 14756 leader_election.cc:290] T 1249afbda68c4e08b73b916a54aa0394 P 0da584449cdb48a6ac4f15871881dde1 [CANDIDATE]: Term 1 election: Requested vote from peers b5f3fb8c9e334d7ca47496ee9b97fe83 (127.14.22.3:40199), 7d7fa2e14c4f440997587aa359195aad (127.14.22.1:38225)
I20260709 13:02:32.496791 14708 raft_consensus.cc:2468] T 1249afbda68c4e08b73b916a54aa0394 P b5f3fb8c9e334d7ca47496ee9b97fe83 [term 1 FOLLOWER]: Leader election vote request: Granting yes vote for candidate 0da584449cdb48a6ac4f15871881dde1 in term 1.
I20260709 13:02:32.514420 14752 tablet_bootstrap.cc:654] T 3d0655b3cc034ce481068a1b764a6fcf P b5f3fb8c9e334d7ca47496ee9b97fe83: Neither blocks nor log segments found. Creating new log.
I20260709 13:02:32.510416 14756 raft_consensus.cc:493] T edcd331262a0407aba8b638dcf104139 P 0da584449cdb48a6ac4f15871881dde1 [term 0 FOLLOWER]: Starting pre-election (no leader contacted us within the election timeout)
I20260709 13:02:32.517249 14598 leader_election.cc:304] T 1249afbda68c4e08b73b916a54aa0394 P 0da584449cdb48a6ac4f15871881dde1 [CANDIDATE]: Term 1 election: Election decided. Result: candidate won. Election summary: received 2 responses out of 3 voters: 2 yes votes; 0 no votes. yes voters: 0da584449cdb48a6ac4f15871881dde1, b5f3fb8c9e334d7ca47496ee9b97fe83; no voters: 
I20260709 13:02:32.516690 14756 raft_consensus.cc:515] T edcd331262a0407aba8b638dcf104139 P 0da584449cdb48a6ac4f15871881dde1 [term 0 FOLLOWER]: Starting pre-election with config: opid_index: -1 OBSOLETE_local: false peers { permanent_uuid: "7d7fa2e14c4f440997587aa359195aad" member_type: VOTER last_known_addr { host: "127.14.22.1" port: 38225 } } peers { permanent_uuid: "0da584449cdb48a6ac4f15871881dde1" member_type: VOTER last_known_addr { host: "127.14.22.2" port: 45855 } } peers { permanent_uuid: "b5f3fb8c9e334d7ca47496ee9b97fe83" member_type: VOTER last_known_addr { host: "127.14.22.3" port: 40199 } }
I20260709 13:02:32.519091 14777 raft_consensus.cc:2804] T 1249afbda68c4e08b73b916a54aa0394 P 0da584449cdb48a6ac4f15871881dde1 [term 1 FOLLOWER]: Leader election won for term 1
I20260709 13:02:32.520094 14559 tablet_service.cc:1917] Received RequestConsensusVote() RPC: tablet_id: "1249afbda68c4e08b73b916a54aa0394" candidate_uuid: "0da584449cdb48a6ac4f15871881dde1" candidate_term: 1 candidate_status { last_received { term: 0 index: 0 } } ignore_live_leader: false dest_uuid: "7d7fa2e14c4f440997587aa359195aad" is_pre_election: true
I20260709 13:02:32.522523 14756 leader_election.cc:290] T edcd331262a0407aba8b638dcf104139 P 0da584449cdb48a6ac4f15871881dde1 [CANDIDATE]: Term 1 pre-election: Requested pre-vote from peers 7d7fa2e14c4f440997587aa359195aad (127.14.22.1:38225), b5f3fb8c9e334d7ca47496ee9b97fe83 (127.14.22.3:40199)
I20260709 13:02:32.528874 14634 tablet_service.cc:1917] Received RequestConsensusVote() RPC: tablet_id: "1249afbda68c4e08b73b916a54aa0394" candidate_uuid: "b5f3fb8c9e334d7ca47496ee9b97fe83" candidate_term: 1 candidate_status { last_received { term: 0 index: 0 } } ignore_live_leader: false dest_uuid: "0da584449cdb48a6ac4f15871881dde1" is_pre_election: true
I20260709 13:02:32.529062 14708 tablet_service.cc:1917] Received RequestConsensusVote() RPC: tablet_id: "edcd331262a0407aba8b638dcf104139" candidate_uuid: "0da584449cdb48a6ac4f15871881dde1" candidate_term: 1 candidate_status { last_received { term: 0 index: 0 } } ignore_live_leader: false dest_uuid: "b5f3fb8c9e334d7ca47496ee9b97fe83" is_pre_election: true
I20260709 13:02:32.529361 14753 raft_consensus.cc:359] T 468f7a2390f7472c8f251f365a308950 P 7d7fa2e14c4f440997587aa359195aad [term 0 FOLLOWER]: Replica starting. Triggering 0 pending ops. Active config: opid_index: -1 OBSOLETE_local: false peers { permanent_uuid: "7d7fa2e14c4f440997587aa359195aad" member_type: VOTER last_known_addr { host: "127.14.22.1" port: 38225 } } peers { permanent_uuid: "0da584449cdb48a6ac4f15871881dde1" member_type: VOTER last_known_addr { host: "127.14.22.2" port: 45855 } } peers { permanent_uuid: "b5f3fb8c9e334d7ca47496ee9b97fe83" member_type: VOTER last_known_addr { host: "127.14.22.3" port: 40199 } }
I20260709 13:02:32.530068 14753 raft_consensus.cc:385] T 468f7a2390f7472c8f251f365a308950 P 7d7fa2e14c4f440997587aa359195aad [term 0 FOLLOWER]: Consensus starting up: Expiring failure detector timer to make a prompt election more likely
I20260709 13:02:32.530396 14753 raft_consensus.cc:740] T 468f7a2390f7472c8f251f365a308950 P 7d7fa2e14c4f440997587aa359195aad [term 0 FOLLOWER]: Becoming Follower/Learner. State: Replica: 7d7fa2e14c4f440997587aa359195aad, State: Initialized, Role: FOLLOWER
W20260709 13:02:32.530653 14598 leader_election.cc:343] T edcd331262a0407aba8b638dcf104139 P 0da584449cdb48a6ac4f15871881dde1 [CANDIDATE]: Term 1 pre-election: Tablet error from VoteRequest() call to peer b5f3fb8c9e334d7ca47496ee9b97fe83 (127.14.22.3:40199): Illegal state: must be running to vote when last-logged opid is not known
I20260709 13:02:32.526656 14558 tablet_service.cc:1917] Received RequestConsensusVote() RPC: tablet_id: "1249afbda68c4e08b73b916a54aa0394" candidate_uuid: "b5f3fb8c9e334d7ca47496ee9b97fe83" candidate_term: 1 candidate_status { last_received { term: 0 index: 0 } } ignore_live_leader: false dest_uuid: "7d7fa2e14c4f440997587aa359195aad" is_pre_election: true
W20260709 13:02:32.538126 14674 leader_election.cc:343] T 1249afbda68c4e08b73b916a54aa0394 P b5f3fb8c9e334d7ca47496ee9b97fe83 [CANDIDATE]: Term 1 pre-election: Tablet error from VoteRequest() call to peer 7d7fa2e14c4f440997587aa359195aad (127.14.22.1:38225): Illegal state: must be running to vote when last-logged opid is not known
I20260709 13:02:32.531154 14753 consensus_queue.cc:260] T 468f7a2390f7472c8f251f365a308950 P 7d7fa2e14c4f440997587aa359195aad [NON_LEADER]: Queue going to NON_LEADER mode. State: All replicated index: 0, Majority replicated index: 0, Committed index: 0, Last appended: 0.0, Last appended by leader: 0, Current term: 0, Majority size: -1, State: 0, Mode: NON_LEADER, active raft config: opid_index: -1 OBSOLETE_local: false peers { permanent_uuid: "7d7fa2e14c4f440997587aa359195aad" member_type: VOTER last_known_addr { host: "127.14.22.1" port: 38225 } } peers { permanent_uuid: "0da584449cdb48a6ac4f15871881dde1" member_type: VOTER last_known_addr { host: "127.14.22.2" port: 45855 } } peers { permanent_uuid: "b5f3fb8c9e334d7ca47496ee9b97fe83" member_type: VOTER last_known_addr { host: "127.14.22.3" port: 40199 } }
I20260709 13:02:32.536056 14756 raft_consensus.cc:493] T 4c3b0e55cdde4c6d85eb40dfd65620a2 P 0da584449cdb48a6ac4f15871881dde1 [term 0 FOLLOWER]: Starting pre-election (no leader contacted us within the election timeout)
I20260709 13:02:32.546960 14558 tablet_service.cc:1917] Received RequestConsensusVote() RPC: tablet_id: "1249afbda68c4e08b73b916a54aa0394" candidate_uuid: "0da584449cdb48a6ac4f15871881dde1" candidate_term: 1 candidate_status { last_received { term: 0 index: 0 } } ignore_live_leader: false dest_uuid: "7d7fa2e14c4f440997587aa359195aad"
I20260709 13:02:32.544574 14756 raft_consensus.cc:515] T 4c3b0e55cdde4c6d85eb40dfd65620a2 P 0da584449cdb48a6ac4f15871881dde1 [term 0 FOLLOWER]: Starting pre-election with config: opid_index: -1 OBSOLETE_local: false peers { permanent_uuid: "7d7fa2e14c4f440997587aa359195aad" member_type: VOTER last_known_addr { host: "127.14.22.1" port: 38225 } } peers { permanent_uuid: "0da584449cdb48a6ac4f15871881dde1" member_type: VOTER last_known_addr { host: "127.14.22.2" port: 45855 } } peers { permanent_uuid: "b5f3fb8c9e334d7ca47496ee9b97fe83" member_type: VOTER last_known_addr { host: "127.14.22.3" port: 40199 } }
I20260709 13:02:32.553435 14708 tablet_service.cc:1917] Received RequestConsensusVote() RPC: tablet_id: "4c3b0e55cdde4c6d85eb40dfd65620a2" candidate_uuid: "7d7fa2e14c4f440997587aa359195aad" candidate_term: 1 candidate_status { last_received { term: 0 index: 0 } } ignore_live_leader: false dest_uuid: "b5f3fb8c9e334d7ca47496ee9b97fe83" is_pre_election: true
I20260709 13:02:32.555207 14777 raft_consensus.cc:697] T 1249afbda68c4e08b73b916a54aa0394 P 0da584449cdb48a6ac4f15871881dde1 [term 1 LEADER]: Becoming Leader. State: Replica: 0da584449cdb48a6ac4f15871881dde1, State: Running, Role: LEADER
W20260709 13:02:32.555369 14523 leader_election.cc:343] T 4c3b0e55cdde4c6d85eb40dfd65620a2 P 7d7fa2e14c4f440997587aa359195aad [CANDIDATE]: Term 1 pre-election: Tablet error from VoteRequest() call to peer b5f3fb8c9e334d7ca47496ee9b97fe83 (127.14.22.3:40199): Illegal state: must be running to vote when last-logged opid is not known
I20260709 13:02:32.556157 14558 tablet_service.cc:1917] Received RequestConsensusVote() RPC: tablet_id: "edcd331262a0407aba8b638dcf104139" candidate_uuid: "0da584449cdb48a6ac4f15871881dde1" candidate_term: 1 candidate_status { last_received { term: 0 index: 0 } } ignore_live_leader: false dest_uuid: "7d7fa2e14c4f440997587aa359195aad" is_pre_election: true
I20260709 13:02:32.556335 14753 ts_tablet_manager.cc:1434] T 468f7a2390f7472c8f251f365a308950 P 7d7fa2e14c4f440997587aa359195aad: Time spent starting tablet: real 0.048s	user 0.006s	sys 0.002s
W20260709 13:02:32.560961 14600 leader_election.cc:343] T 1249afbda68c4e08b73b916a54aa0394 P 0da584449cdb48a6ac4f15871881dde1 [CANDIDATE]: Term 1 pre-election: Tablet error from VoteRequest() call to peer 7d7fa2e14c4f440997587aa359195aad (127.14.22.1:38225): Illegal state: must be running to vote when last-logged opid is not known
W20260709 13:02:32.563505 14600 leader_election.cc:343] T 1249afbda68c4e08b73b916a54aa0394 P 0da584449cdb48a6ac4f15871881dde1 [CANDIDATE]: Term 1 election: Tablet error from VoteRequest() call to peer 7d7fa2e14c4f440997587aa359195aad (127.14.22.1:38225): Illegal state: must be running to vote when last-logged opid is not known
I20260709 13:02:32.564713 14756 leader_election.cc:290] T 4c3b0e55cdde4c6d85eb40dfd65620a2 P 0da584449cdb48a6ac4f15871881dde1 [CANDIDATE]: Term 1 pre-election: Requested pre-vote from peers 7d7fa2e14c4f440997587aa359195aad (127.14.22.1:38225), b5f3fb8c9e334d7ca47496ee9b97fe83 (127.14.22.3:40199)
I20260709 13:02:32.565853 14708 tablet_service.cc:1917] Received RequestConsensusVote() RPC: tablet_id: "4c3b0e55cdde4c6d85eb40dfd65620a2" candidate_uuid: "0da584449cdb48a6ac4f15871881dde1" candidate_term: 1 candidate_status { last_received { term: 0 index: 0 } } ignore_live_leader: false dest_uuid: "b5f3fb8c9e334d7ca47496ee9b97fe83" is_pre_election: true
I20260709 13:02:32.567282 14753 tablet_bootstrap.cc:492] T f8ac1153574e484d986edfb354f4ce13 P 7d7fa2e14c4f440997587aa359195aad: Bootstrap starting.
W20260709 13:02:32.567371 14598 leader_election.cc:343] T 4c3b0e55cdde4c6d85eb40dfd65620a2 P 0da584449cdb48a6ac4f15871881dde1 [CANDIDATE]: Term 1 pre-election: Tablet error from VoteRequest() call to peer b5f3fb8c9e334d7ca47496ee9b97fe83 (127.14.22.3:40199): Illegal state: must be running to vote when last-logged opid is not known
W20260709 13:02:32.564433 14600 leader_election.cc:343] T edcd331262a0407aba8b638dcf104139 P 0da584449cdb48a6ac4f15871881dde1 [CANDIDATE]: Term 1 pre-election: Tablet error from VoteRequest() call to peer 7d7fa2e14c4f440997587aa359195aad (127.14.22.1:38225): Illegal state: must be running to vote when last-logged opid is not known
I20260709 13:02:32.568092 14600 leader_election.cc:304] T edcd331262a0407aba8b638dcf104139 P 0da584449cdb48a6ac4f15871881dde1 [CANDIDATE]: Term 1 pre-election: Election decided. Result: candidate lost. Election summary: received 3 responses out of 3 voters: 1 yes votes; 2 no votes. yes voters: 0da584449cdb48a6ac4f15871881dde1; no voters: 7d7fa2e14c4f440997587aa359195aad, b5f3fb8c9e334d7ca47496ee9b97fe83
I20260709 13:02:32.565850 14777 consensus_queue.cc:237] T 1249afbda68c4e08b73b916a54aa0394 P 0da584449cdb48a6ac4f15871881dde1 [LEADER]: Queue going to LEADER mode. State: All replicated index: 0, Majority replicated index: 0, Committed index: 0, Last appended: 0.0, Last appended by leader: 0, Current term: 1, Majority size: 2, State: 0, Mode: LEADER, active raft config: opid_index: -1 OBSOLETE_local: false peers { permanent_uuid: "b5f3fb8c9e334d7ca47496ee9b97fe83" member_type: VOTER last_known_addr { host: "127.14.22.3" port: 40199 } } peers { permanent_uuid: "0da584449cdb48a6ac4f15871881dde1" member_type: VOTER last_known_addr { host: "127.14.22.2" port: 45855 } } peers { permanent_uuid: "7d7fa2e14c4f440997587aa359195aad" member_type: VOTER last_known_addr { host: "127.14.22.1" port: 38225 } }
I20260709 13:02:32.570483 14756 raft_consensus.cc:2749] T edcd331262a0407aba8b638dcf104139 P 0da584449cdb48a6ac4f15871881dde1 [term 0 FOLLOWER]: Leader pre-election lost for term 1. Reason: could not achieve majority
I20260709 13:02:32.573414 14558 tablet_service.cc:1917] Received RequestConsensusVote() RPC: tablet_id: "4c3b0e55cdde4c6d85eb40dfd65620a2" candidate_uuid: "0da584449cdb48a6ac4f15871881dde1" candidate_term: 1 candidate_status { last_received { term: 0 index: 0 } } ignore_live_leader: false dest_uuid: "7d7fa2e14c4f440997587aa359195aad" is_pre_election: true
I20260709 13:02:32.574101 14558 raft_consensus.cc:2468] T 4c3b0e55cdde4c6d85eb40dfd65620a2 P 7d7fa2e14c4f440997587aa359195aad [term 0 FOLLOWER]: Leader pre-election vote request: Granting yes vote for candidate 0da584449cdb48a6ac4f15871881dde1 in term 0.
I20260709 13:02:32.575593 14759 raft_consensus.cc:493] T d27381af4d2043a897c19f3efabf98c7 P 7d7fa2e14c4f440997587aa359195aad [term 0 FOLLOWER]: Starting pre-election (no leader contacted us within the election timeout)
I20260709 13:02:32.576326 14759 raft_consensus.cc:515] T d27381af4d2043a897c19f3efabf98c7 P 7d7fa2e14c4f440997587aa359195aad [term 0 FOLLOWER]: Starting pre-election with config: opid_index: -1 OBSOLETE_local: false peers { permanent_uuid: "7d7fa2e14c4f440997587aa359195aad" member_type: VOTER last_known_addr { host: "127.14.22.1" port: 38225 } } peers { permanent_uuid: "0da584449cdb48a6ac4f15871881dde1" member_type: VOTER last_known_addr { host: "127.14.22.2" port: 45855 } } peers { permanent_uuid: "b5f3fb8c9e334d7ca47496ee9b97fe83" member_type: VOTER last_known_addr { host: "127.14.22.3" port: 40199 } }
I20260709 13:02:32.577944 14633 tablet_service.cc:1917] Received RequestConsensusVote() RPC: tablet_id: "4c3b0e55cdde4c6d85eb40dfd65620a2" candidate_uuid: "7d7fa2e14c4f440997587aa359195aad" candidate_term: 1 candidate_status { last_received { term: 0 index: 0 } } ignore_live_leader: false dest_uuid: "0da584449cdb48a6ac4f15871881dde1" is_pre_election: true
I20260709 13:02:32.578678 14600 leader_election.cc:304] T 4c3b0e55cdde4c6d85eb40dfd65620a2 P 0da584449cdb48a6ac4f15871881dde1 [CANDIDATE]: Term 1 pre-election: Election decided. Result: candidate won. Election summary: received 3 responses out of 3 voters: 2 yes votes; 1 no votes. yes voters: 0da584449cdb48a6ac4f15871881dde1, 7d7fa2e14c4f440997587aa359195aad; no voters: b5f3fb8c9e334d7ca47496ee9b97fe83
I20260709 13:02:32.578933 14633 raft_consensus.cc:2468] T 4c3b0e55cdde4c6d85eb40dfd65620a2 P 0da584449cdb48a6ac4f15871881dde1 [term 0 FOLLOWER]: Leader pre-election vote request: Granting yes vote for candidate 7d7fa2e14c4f440997587aa359195aad in term 0.
I20260709 13:02:32.579401 14759 leader_election.cc:290] T d27381af4d2043a897c19f3efabf98c7 P 7d7fa2e14c4f440997587aa359195aad [CANDIDATE]: Term 1 pre-election: Requested pre-vote from peers 0da584449cdb48a6ac4f15871881dde1 (127.14.22.2:45855), b5f3fb8c9e334d7ca47496ee9b97fe83 (127.14.22.3:40199)
I20260709 13:02:32.580679 14752 tablet_bootstrap.cc:492] T 3d0655b3cc034ce481068a1b764a6fcf P b5f3fb8c9e334d7ca47496ee9b97fe83: No bootstrap required, opened a new log
I20260709 13:02:32.580817 14708 tablet_service.cc:1917] Received RequestConsensusVote() RPC: tablet_id: "d27381af4d2043a897c19f3efabf98c7" candidate_uuid: "7d7fa2e14c4f440997587aa359195aad" candidate_term: 1 candidate_status { last_received { term: 0 index: 0 } } ignore_live_leader: false dest_uuid: "b5f3fb8c9e334d7ca47496ee9b97fe83" is_pre_election: true
I20260709 13:02:32.581290 14525 leader_election.cc:304] T 4c3b0e55cdde4c6d85eb40dfd65620a2 P 7d7fa2e14c4f440997587aa359195aad [CANDIDATE]: Term 1 pre-election: Election decided. Result: candidate won. Election summary: received 3 responses out of 3 voters: 2 yes votes; 1 no votes. yes voters: 0da584449cdb48a6ac4f15871881dde1, 7d7fa2e14c4f440997587aa359195aad; no voters: b5f3fb8c9e334d7ca47496ee9b97fe83
I20260709 13:02:32.581655 14752 ts_tablet_manager.cc:1403] T 3d0655b3cc034ce481068a1b764a6fcf P b5f3fb8c9e334d7ca47496ee9b97fe83: Time spent bootstrapping tablet: real 0.102s	user 0.014s	sys 0.003s
I20260709 13:02:32.581681 14708 raft_consensus.cc:2468] T d27381af4d2043a897c19f3efabf98c7 P b5f3fb8c9e334d7ca47496ee9b97fe83 [term 0 FOLLOWER]: Leader pre-election vote request: Granting yes vote for candidate 7d7fa2e14c4f440997587aa359195aad in term 0.
I20260709 13:02:32.582897 14759 raft_consensus.cc:2804] T 4c3b0e55cdde4c6d85eb40dfd65620a2 P 7d7fa2e14c4f440997587aa359195aad [term 0 FOLLOWER]: Leader pre-election won for term 1
I20260709 13:02:32.583616 14759 raft_consensus.cc:493] T 4c3b0e55cdde4c6d85eb40dfd65620a2 P 7d7fa2e14c4f440997587aa359195aad [term 0 FOLLOWER]: Starting leader election (no leader contacted us within the election timeout)
I20260709 13:02:32.583633 14633 tablet_service.cc:1917] Received RequestConsensusVote() RPC: tablet_id: "d27381af4d2043a897c19f3efabf98c7" candidate_uuid: "7d7fa2e14c4f440997587aa359195aad" candidate_term: 1 candidate_status { last_received { term: 0 index: 0 } } ignore_live_leader: false dest_uuid: "0da584449cdb48a6ac4f15871881dde1" is_pre_election: true
I20260709 13:02:32.583592 14523 leader_election.cc:304] T d27381af4d2043a897c19f3efabf98c7 P 7d7fa2e14c4f440997587aa359195aad [CANDIDATE]: Term 1 pre-election: Election decided. Result: candidate won. Election summary: received 2 responses out of 3 voters: 2 yes votes; 0 no votes. yes voters: 7d7fa2e14c4f440997587aa359195aad, b5f3fb8c9e334d7ca47496ee9b97fe83; no voters: 
I20260709 13:02:32.584347 14759 raft_consensus.cc:3060] T 4c3b0e55cdde4c6d85eb40dfd65620a2 P 7d7fa2e14c4f440997587aa359195aad [term 0 FOLLOWER]: Advancing to term 1
