I20260709 13:02:42.128764 14924 consensus_queue.cc:260] T cde8cdcde9e741f0a40b35dcbe5e0e20 P 5e8d5b8fcd5445c89945c89d8f4e98dc [NON_LEADER]: Queue going to NON_LEADER mode. State: All replicated index: 0, Majority replicated index: 0, Committed index: 0, Last appended: 0.0, Last appended by leader: 0, Current term: 0, Majority size: -1, State: 0, Mode: NON_LEADER, active raft config: opid_index: -1 OBSOLETE_local: false peers { permanent_uuid: "5e8d5b8fcd5445c89945c89d8f4e98dc" member_type: VOTER last_known_addr { host: "127.13.198.65" port: 35653 } } peers { permanent_uuid: "37293f39f793414d911a812a06ca6e65" member_type: VOTER last_known_addr { host: "127.13.198.66" port: 44915 } } peers { permanent_uuid: "3103932e8d444a6e897bab5a561840ff" member_type: VOTER last_known_addr { host: "127.13.198.67" port: 45453 } }
I20260709 13:02:42.132058 14924 ts_tablet_manager.cc:1434] T cde8cdcde9e741f0a40b35dcbe5e0e20 P 5e8d5b8fcd5445c89945c89d8f4e98dc: Time spent starting tablet: real 0.009s	user 0.009s	sys 0.000s
I20260709 13:02:42.133193 14924 tablet_bootstrap.cc:492] T f12edec1e425471282b7a18e60baaf77 P 5e8d5b8fcd5445c89945c89d8f4e98dc: Bootstrap starting.
I20260709 13:02:42.136130 14950 raft_consensus.cc:493] T d58253cf9deb4f4bbaeb2359f114fd7e P 5e8d5b8fcd5445c89945c89d8f4e98dc [term 0 FOLLOWER]: Starting pre-election (no leader contacted us within the election timeout)
I20260709 13:02:42.136761 14950 raft_consensus.cc:515] T d58253cf9deb4f4bbaeb2359f114fd7e P 5e8d5b8fcd5445c89945c89d8f4e98dc [term 0 FOLLOWER]: Starting pre-election with config: opid_index: -1 OBSOLETE_local: false peers { permanent_uuid: "5e8d5b8fcd5445c89945c89d8f4e98dc" member_type: VOTER last_known_addr { host: "127.13.198.65" port: 35653 } } peers { permanent_uuid: "37293f39f793414d911a812a06ca6e65" member_type: VOTER last_known_addr { host: "127.13.198.66" port: 44915 } } peers { permanent_uuid: "3103932e8d444a6e897bab5a561840ff" member_type: VOTER last_known_addr { host: "127.13.198.67" port: 45453 } }
I20260709 13:02:42.140420 14950 leader_election.cc:290] T d58253cf9deb4f4bbaeb2359f114fd7e P 5e8d5b8fcd5445c89945c89d8f4e98dc [CANDIDATE]: Term 1 pre-election: Requested pre-vote from peers 37293f39f793414d911a812a06ca6e65 (127.13.198.66:44915), 3103932e8d444a6e897bab5a561840ff (127.13.198.67:45453)
I20260709 13:02:42.142040 14810 tablet_service.cc:1917] Received RequestConsensusVote() RPC: tablet_id: "d58253cf9deb4f4bbaeb2359f114fd7e" candidate_uuid: "5e8d5b8fcd5445c89945c89d8f4e98dc" candidate_term: 1 candidate_status { last_received { term: 0 index: 0 } } ignore_live_leader: false dest_uuid: "37293f39f793414d911a812a06ca6e65" is_pre_election: true
I20260709 13:02:42.142014 14883 tablet_service.cc:1917] Received RequestConsensusVote() RPC: tablet_id: "d58253cf9deb4f4bbaeb2359f114fd7e" candidate_uuid: "5e8d5b8fcd5445c89945c89d8f4e98dc" candidate_term: 1 candidate_status { last_received { term: 0 index: 0 } } ignore_live_leader: false dest_uuid: "3103932e8d444a6e897bab5a561840ff" is_pre_election: true
I20260709 13:02:42.147297 14883 raft_consensus.cc:2468] T d58253cf9deb4f4bbaeb2359f114fd7e P 3103932e8d444a6e897bab5a561840ff [term 0 FOLLOWER]: Leader pre-election vote request: Granting yes vote for candidate 5e8d5b8fcd5445c89945c89d8f4e98dc in term 0.
W20260709 13:02:42.148241 14698 leader_election.cc:343] T d58253cf9deb4f4bbaeb2359f114fd7e P 5e8d5b8fcd5445c89945c89d8f4e98dc [CANDIDATE]: Term 1 pre-election: Tablet error from VoteRequest() call to peer 37293f39f793414d911a812a06ca6e65 (127.13.198.66:44915): Illegal state: must be running to vote when last-logged opid is not known
I20260709 13:02:42.149051 14701 leader_election.cc:304] T d58253cf9deb4f4bbaeb2359f114fd7e P 5e8d5b8fcd5445c89945c89d8f4e98dc [CANDIDATE]: Term 1 pre-election: Election decided. Result: candidate won. Election summary: received 3 responses out of 3 voters: 2 yes votes; 1 no votes. yes voters: 3103932e8d444a6e897bab5a561840ff, 5e8d5b8fcd5445c89945c89d8f4e98dc; no voters: 37293f39f793414d911a812a06ca6e65
I20260709 13:02:42.150146 14950 raft_consensus.cc:2804] T d58253cf9deb4f4bbaeb2359f114fd7e P 5e8d5b8fcd5445c89945c89d8f4e98dc [term 0 FOLLOWER]: Leader pre-election won for term 1
I20260709 13:02:42.150671 14950 raft_consensus.cc:493] T d58253cf9deb4f4bbaeb2359f114fd7e P 5e8d5b8fcd5445c89945c89d8f4e98dc [term 0 FOLLOWER]: Starting leader election (no leader contacted us within the election timeout)
I20260709 13:02:42.151222 14950 raft_consensus.cc:3060] T d58253cf9deb4f4bbaeb2359f114fd7e P 5e8d5b8fcd5445c89945c89d8f4e98dc [term 0 FOLLOWER]: Advancing to term 1
I20260709 13:02:42.143146 14924 tablet_bootstrap.cc:654] T f12edec1e425471282b7a18e60baaf77 P 5e8d5b8fcd5445c89945c89d8f4e98dc: Neither blocks nor log segments found. Creating new log.
I20260709 13:02:42.156423 14933 raft_consensus.cc:493] T c57a628a85fb421bb06bd45b2c17b710 P 3103932e8d444a6e897bab5a561840ff [term 0 FOLLOWER]: Starting pre-election (no leader contacted us within the election timeout)
I20260709 13:02:42.157047 14933 raft_consensus.cc:515] T c57a628a85fb421bb06bd45b2c17b710 P 3103932e8d444a6e897bab5a561840ff [term 0 FOLLOWER]: Starting pre-election with config: opid_index: -1 OBSOLETE_local: false peers { permanent_uuid: "5e8d5b8fcd5445c89945c89d8f4e98dc" member_type: VOTER last_known_addr { host: "127.13.198.65" port: 35653 } } peers { permanent_uuid: "37293f39f793414d911a812a06ca6e65" member_type: VOTER last_known_addr { host: "127.13.198.66" port: 44915 } } peers { permanent_uuid: "3103932e8d444a6e897bab5a561840ff" member_type: VOTER last_known_addr { host: "127.13.198.67" port: 45453 } }
I20260709 13:02:42.157841 14925 tablet_bootstrap.cc:492] T c57a628a85fb421bb06bd45b2c17b710 P 37293f39f793414d911a812a06ca6e65: No bootstrap required, opened a new log
I20260709 13:02:42.158303 14925 ts_tablet_manager.cc:1403] T c57a628a85fb421bb06bd45b2c17b710 P 37293f39f793414d911a812a06ca6e65: Time spent bootstrapping tablet: real 0.109s	user 0.046s	sys 0.056s
I20260709 13:02:42.159657 14933 leader_election.cc:290] T c57a628a85fb421bb06bd45b2c17b710 P 3103932e8d444a6e897bab5a561840ff [CANDIDATE]: Term 1 pre-election: Requested pre-vote from peers 5e8d5b8fcd5445c89945c89d8f4e98dc (127.13.198.65:35653), 37293f39f793414d911a812a06ca6e65 (127.13.198.66:44915)
I20260709 13:02:42.160043 14735 raft_consensus.cc:2468] T 8c224c27ce5f41d2999881bcec219b6c P 5e8d5b8fcd5445c89945c89d8f4e98dc [term 1 FOLLOWER]: Leader election vote request: Granting yes vote for candidate 3103932e8d444a6e897bab5a561840ff in term 1.
I20260709 13:02:42.161270 14925 raft_consensus.cc:359] T c57a628a85fb421bb06bd45b2c17b710 P 37293f39f793414d911a812a06ca6e65 [term 0 FOLLOWER]: Replica starting. Triggering 0 pending ops. Active config: opid_index: -1 OBSOLETE_local: false peers { permanent_uuid: "5e8d5b8fcd5445c89945c89d8f4e98dc" member_type: VOTER last_known_addr { host: "127.13.198.65" port: 35653 } } peers { permanent_uuid: "37293f39f793414d911a812a06ca6e65" member_type: VOTER last_known_addr { host: "127.13.198.66" port: 44915 } } peers { permanent_uuid: "3103932e8d444a6e897bab5a561840ff" member_type: VOTER last_known_addr { host: "127.13.198.67" port: 45453 } }
I20260709 13:02:42.162011 14735 tablet_service.cc:1917] Received RequestConsensusVote() RPC: tablet_id: "c57a628a85fb421bb06bd45b2c17b710" candidate_uuid: "3103932e8d444a6e897bab5a561840ff" candidate_term: 1 candidate_status { last_received { term: 0 index: 0 } } ignore_live_leader: false dest_uuid: "5e8d5b8fcd5445c89945c89d8f4e98dc" is_pre_election: true
I20260709 13:02:42.162242 14849 leader_election.cc:304] T 8c224c27ce5f41d2999881bcec219b6c P 3103932e8d444a6e897bab5a561840ff [CANDIDATE]: Term 1 election: Election decided. Result: candidate won. Election summary: received 3 responses out of 3 voters: 2 yes votes; 1 no votes. yes voters: 3103932e8d444a6e897bab5a561840ff, 5e8d5b8fcd5445c89945c89d8f4e98dc; no voters: 37293f39f793414d911a812a06ca6e65
I20260709 13:02:42.162160 14925 raft_consensus.cc:385] T c57a628a85fb421bb06bd45b2c17b710 P 37293f39f793414d911a812a06ca6e65 [term 0 FOLLOWER]: Consensus starting up: Expiring failure detector timer to make a prompt election more likely
I20260709 13:02:42.163097 14925 raft_consensus.cc:740] T c57a628a85fb421bb06bd45b2c17b710 P 37293f39f793414d911a812a06ca6e65 [term 0 FOLLOWER]: Becoming Follower/Learner. State: Replica: 37293f39f793414d911a812a06ca6e65, State: Initialized, Role: FOLLOWER
I20260709 13:02:42.164130 14925 consensus_queue.cc:260] T c57a628a85fb421bb06bd45b2c17b710 P 37293f39f793414d911a812a06ca6e65 [NON_LEADER]: Queue going to NON_LEADER mode. State: All replicated index: 0, Majority replicated index: 0, Committed index: 0, Last appended: 0.0, Last appended by leader: 0, Current term: 0, Majority size: -1, State: 0, Mode: NON_LEADER, active raft config: opid_index: -1 OBSOLETE_local: false peers { permanent_uuid: "5e8d5b8fcd5445c89945c89d8f4e98dc" member_type: VOTER last_known_addr { host: "127.13.198.65" port: 35653 } } peers { permanent_uuid: "37293f39f793414d911a812a06ca6e65" member_type: VOTER last_known_addr { host: "127.13.198.66" port: 44915 } } peers { permanent_uuid: "3103932e8d444a6e897bab5a561840ff" member_type: VOTER last_known_addr { host: "127.13.198.67" port: 45453 } }
I20260709 13:02:42.165915 14956 raft_consensus.cc:2804] T 8c224c27ce5f41d2999881bcec219b6c P 3103932e8d444a6e897bab5a561840ff [term 1 FOLLOWER]: Leader election won for term 1
I20260709 13:02:42.166373 14956 raft_consensus.cc:697] T 8c224c27ce5f41d2999881bcec219b6c P 3103932e8d444a6e897bab5a561840ff [term 1 LEADER]: Becoming Leader. State: Replica: 3103932e8d444a6e897bab5a561840ff, State: Running, Role: LEADER
I20260709 13:02:42.166606 14925 ts_tablet_manager.cc:1434] T c57a628a85fb421bb06bd45b2c17b710 P 37293f39f793414d911a812a06ca6e65: Time spent starting tablet: real 0.008s	user 0.001s	sys 0.005s
I20260709 13:02:42.166929 14929 ts_tablet_manager.cc:1434] T c57a628a85fb421bb06bd45b2c17b710 P 3103932e8d444a6e897bab5a561840ff: Time spent starting tablet: real 0.078s	user 0.035s	sys 0.029s
I20260709 13:02:42.167549 14925 tablet_bootstrap.cc:492] T 8c224c27ce5f41d2999881bcec219b6c P 37293f39f793414d911a812a06ca6e65: Bootstrap starting.
I20260709 13:02:42.167188 14956 consensus_queue.cc:237] T 8c224c27ce5f41d2999881bcec219b6c P 3103932e8d444a6e897bab5a561840ff [LEADER]: Queue going to LEADER mode. State: All replicated index: 0, Majority replicated index: 0, Committed index: 0, Last appended: 0.0, Last appended by leader: 0, Current term: 1, Majority size: 2, State: 0, Mode: LEADER, active raft config: opid_index: -1 OBSOLETE_local: false peers { permanent_uuid: "5e8d5b8fcd5445c89945c89d8f4e98dc" member_type: VOTER last_known_addr { host: "127.13.198.65" port: 35653 } } peers { permanent_uuid: "37293f39f793414d911a812a06ca6e65" member_type: VOTER last_known_addr { host: "127.13.198.66" port: 44915 } } peers { permanent_uuid: "3103932e8d444a6e897bab5a561840ff" member_type: VOTER last_known_addr { host: "127.13.198.67" port: 45453 } }
I20260709 13:02:42.167897 14929 tablet_bootstrap.cc:492] T bc83ab26ff1245599c9286fbda1dbdff P 3103932e8d444a6e897bab5a561840ff: Bootstrap starting.
I20260709 13:02:42.170833 14927 raft_consensus.cc:493] T 79714499fcdd453faa65d66eb1ade20d P 5e8d5b8fcd5445c89945c89d8f4e98dc [term 0 FOLLOWER]: Starting pre-election (no leader contacted us within the election timeout)
I20260709 13:02:42.171326 14927 raft_consensus.cc:515] T 79714499fcdd453faa65d66eb1ade20d P 5e8d5b8fcd5445c89945c89d8f4e98dc [term 0 FOLLOWER]: Starting pre-election with config: opid_index: -1 OBSOLETE_local: false peers { permanent_uuid: "5e8d5b8fcd5445c89945c89d8f4e98dc" member_type: VOTER last_known_addr { host: "127.13.198.65" port: 35653 } } peers { permanent_uuid: "37293f39f793414d911a812a06ca6e65" member_type: VOTER last_known_addr { host: "127.13.198.66" port: 44915 } } peers { permanent_uuid: "3103932e8d444a6e897bab5a561840ff" member_type: VOTER last_known_addr { host: "127.13.198.67" port: 45453 } }
W20260709 13:02:42.173147 14849 leader_election.cc:343] T c57a628a85fb421bb06bd45b2c17b710 P 3103932e8d444a6e897bab5a561840ff [CANDIDATE]: Term 1 pre-election: Tablet error from VoteRequest() call to peer 5e8d5b8fcd5445c89945c89d8f4e98dc (127.13.198.65:35653): Illegal state: must be running to vote when last-logged opid is not known
I20260709 13:02:42.173337 14927 leader_election.cc:290] T 79714499fcdd453faa65d66eb1ade20d P 5e8d5b8fcd5445c89945c89d8f4e98dc [CANDIDATE]: Term 1 pre-election: Requested pre-vote from peers 37293f39f793414d911a812a06ca6e65 (127.13.198.66:44915), 3103932e8d444a6e897bab5a561840ff (127.13.198.67:45453)
I20260709 13:02:42.174448 14925 tablet_bootstrap.cc:654] T 8c224c27ce5f41d2999881bcec219b6c P 37293f39f793414d911a812a06ca6e65: Neither blocks nor log segments found. Creating new log.
I20260709 13:02:42.174499 14929 tablet_bootstrap.cc:654] T bc83ab26ff1245599c9286fbda1dbdff P 3103932e8d444a6e897bab5a561840ff: Neither blocks nor log segments found. Creating new log.
I20260709 13:02:42.174799 14883 tablet_service.cc:1917] Received RequestConsensusVote() RPC: tablet_id: "79714499fcdd453faa65d66eb1ade20d" candidate_uuid: "5e8d5b8fcd5445c89945c89d8f4e98dc" candidate_term: 1 candidate_status { last_received { term: 0 index: 0 } } ignore_live_leader: false dest_uuid: "3103932e8d444a6e897bab5a561840ff" is_pre_election: true
I20260709 13:02:42.175043 14809 tablet_service.cc:1917] Received RequestConsensusVote() RPC: tablet_id: "79714499fcdd453faa65d66eb1ade20d" candidate_uuid: "5e8d5b8fcd5445c89945c89d8f4e98dc" candidate_term: 1 candidate_status { last_received { term: 0 index: 0 } } ignore_live_leader: false dest_uuid: "37293f39f793414d911a812a06ca6e65" is_pre_election: true
W20260709 13:02:42.176167 14701 leader_election.cc:343] T 79714499fcdd453faa65d66eb1ade20d P 5e8d5b8fcd5445c89945c89d8f4e98dc [CANDIDATE]: Term 1 pre-election: Tablet error from VoteRequest() call to peer 3103932e8d444a6e897bab5a561840ff (127.13.198.67:45453): Illegal state: must be running to vote when last-logged opid is not known
W20260709 13:02:42.176846 14698 leader_election.cc:343] T 79714499fcdd453faa65d66eb1ade20d P 5e8d5b8fcd5445c89945c89d8f4e98dc [CANDIDATE]: Term 1 pre-election: Tablet error from VoteRequest() call to peer 37293f39f793414d911a812a06ca6e65 (127.13.198.66:44915): Illegal state: must be running to vote when last-logged opid is not known
I20260709 13:02:42.177295 14698 leader_election.cc:304] T 79714499fcdd453faa65d66eb1ade20d P 5e8d5b8fcd5445c89945c89d8f4e98dc [CANDIDATE]: Term 1 pre-election: Election decided. Result: candidate lost. Election summary: received 3 responses out of 3 voters: 1 yes votes; 2 no votes. yes voters: 5e8d5b8fcd5445c89945c89d8f4e98dc; no voters: 3103932e8d444a6e897bab5a561840ff, 37293f39f793414d911a812a06ca6e65
I20260709 13:02:42.178366 14927 raft_consensus.cc:2749] T 79714499fcdd453faa65d66eb1ade20d P 5e8d5b8fcd5445c89945c89d8f4e98dc [term 0 FOLLOWER]: Leader pre-election lost for term 1. Reason: could not achieve majority
I20260709 13:02:42.179678 14810 tablet_service.cc:1917] Received RequestConsensusVote() RPC: tablet_id: "c57a628a85fb421bb06bd45b2c17b710" candidate_uuid: "3103932e8d444a6e897bab5a561840ff" candidate_term: 1 candidate_status { last_received { term: 0 index: 0 } } ignore_live_leader: false dest_uuid: "37293f39f793414d911a812a06ca6e65" is_pre_election: true
I20260709 13:02:42.180980 14810 raft_consensus.cc:2468] T c57a628a85fb421bb06bd45b2c17b710 P 37293f39f793414d911a812a06ca6e65 [term 0 FOLLOWER]: Leader pre-election vote request: Granting yes vote for candidate 3103932e8d444a6e897bab5a561840ff in term 0.
I20260709 13:02:42.183429 14847 leader_election.cc:304] T c57a628a85fb421bb06bd45b2c17b710 P 3103932e8d444a6e897bab5a561840ff [CANDIDATE]: Term 1 pre-election: Election decided. Result: candidate won. Election summary: received 3 responses out of 3 voters: 2 yes votes; 1 no votes. yes voters: 3103932e8d444a6e897bab5a561840ff, 37293f39f793414d911a812a06ca6e65; no voters: 5e8d5b8fcd5445c89945c89d8f4e98dc
I20260709 13:02:42.184623 14933 raft_consensus.cc:2804] T c57a628a85fb421bb06bd45b2c17b710 P 3103932e8d444a6e897bab5a561840ff [term 0 FOLLOWER]: Leader pre-election won for term 1
I20260709 13:02:42.184989 14933 raft_consensus.cc:493] T c57a628a85fb421bb06bd45b2c17b710 P 3103932e8d444a6e897bab5a561840ff [term 0 FOLLOWER]: Starting leader election (no leader contacted us within the election timeout)
I20260709 13:02:42.185303 14933 raft_consensus.cc:3060] T c57a628a85fb421bb06bd45b2c17b710 P 3103932e8d444a6e897bab5a561840ff [term 0 FOLLOWER]: Advancing to term 1
I20260709 13:02:42.185772 14929 tablet_bootstrap.cc:492] T bc83ab26ff1245599c9286fbda1dbdff P 3103932e8d444a6e897bab5a561840ff: No bootstrap required, opened a new log
I20260709 13:02:42.186177 14929 ts_tablet_manager.cc:1403] T bc83ab26ff1245599c9286fbda1dbdff P 3103932e8d444a6e897bab5a561840ff: Time spent bootstrapping tablet: real 0.018s	user 0.016s	sys 0.000s
I20260709 13:02:42.188742 14929 raft_consensus.cc:359] T bc83ab26ff1245599c9286fbda1dbdff P 3103932e8d444a6e897bab5a561840ff [term 0 FOLLOWER]: Replica starting. Triggering 0 pending ops. Active config: opid_index: -1 OBSOLETE_local: false peers { permanent_uuid: "5e8d5b8fcd5445c89945c89d8f4e98dc" member_type: VOTER last_known_addr { host: "127.13.198.65" port: 35653 } } peers { permanent_uuid: "37293f39f793414d911a812a06ca6e65" member_type: VOTER last_known_addr { host: "127.13.198.66" port: 44915 } } peers { permanent_uuid: "3103932e8d444a6e897bab5a561840ff" member_type: VOTER last_known_addr { host: "127.13.198.67" port: 45453 } }
I20260709 13:02:42.189374 14929 raft_consensus.cc:385] T bc83ab26ff1245599c9286fbda1dbdff P 3103932e8d444a6e897bab5a561840ff [term 0 FOLLOWER]: Consensus starting up: Expiring failure detector timer to make a prompt election more likely
I20260709 13:02:42.189635 14929 raft_consensus.cc:740] T bc83ab26ff1245599c9286fbda1dbdff P 3103932e8d444a6e897bab5a561840ff [term 0 FOLLOWER]: Becoming Follower/Learner. State: Replica: 3103932e8d444a6e897bab5a561840ff, State: Initialized, Role: FOLLOWER
I20260709 13:02:42.190418 14929 consensus_queue.cc:260] T bc83ab26ff1245599c9286fbda1dbdff P 3103932e8d444a6e897bab5a561840ff [NON_LEADER]: Queue going to NON_LEADER mode. State: All replicated index: 0, Majority replicated index: 0, Committed index: 0, Last appended: 0.0, Last appended by leader: 0, Current term: 0, Majority size: -1, State: 0, Mode: NON_LEADER, active raft config: opid_index: -1 OBSOLETE_local: false peers { permanent_uuid: "5e8d5b8fcd5445c89945c89d8f4e98dc" member_type: VOTER last_known_addr { host: "127.13.198.65" port: 35653 } } peers { permanent_uuid: "37293f39f793414d911a812a06ca6e65" member_type: VOTER last_known_addr { host: "127.13.198.66" port: 44915 } } peers { permanent_uuid: "3103932e8d444a6e897bab5a561840ff" member_type: VOTER last_known_addr { host: "127.13.198.67" port: 45453 } }
I20260709 13:02:42.192250 14929 ts_tablet_manager.cc:1434] T bc83ab26ff1245599c9286fbda1dbdff P 3103932e8d444a6e897bab5a561840ff: Time spent starting tablet: real 0.006s	user 0.007s	sys 0.000s
I20260709 13:02:42.193121 14929 tablet_bootstrap.cc:492] T f12edec1e425471282b7a18e60baaf77 P 3103932e8d444a6e897bab5a561840ff: Bootstrap starting.
I20260709 13:02:42.193403 14925 tablet_bootstrap.cc:492] T 8c224c27ce5f41d2999881bcec219b6c P 37293f39f793414d911a812a06ca6e65: No bootstrap required, opened a new log
I20260709 13:02:42.193995 14925 ts_tablet_manager.cc:1403] T 8c224c27ce5f41d2999881bcec219b6c P 37293f39f793414d911a812a06ca6e65: Time spent bootstrapping tablet: real 0.027s	user 0.009s	sys 0.009s
I20260709 13:02:42.200047 14929 tablet_bootstrap.cc:654] T f12edec1e425471282b7a18e60baaf77 P 3103932e8d444a6e897bab5a561840ff: Neither blocks nor log segments found. Creating new log.
I20260709 13:02:42.201056 14925 raft_consensus.cc:359] T 8c224c27ce5f41d2999881bcec219b6c P 37293f39f793414d911a812a06ca6e65 [term 0 FOLLOWER]: Replica starting. Triggering 0 pending ops. Active config: opid_index: -1 OBSOLETE_local: false peers { permanent_uuid: "5e8d5b8fcd5445c89945c89d8f4e98dc" member_type: VOTER last_known_addr { host: "127.13.198.65" port: 35653 } } peers { permanent_uuid: "37293f39f793414d911a812a06ca6e65" member_type: VOTER last_known_addr { host: "127.13.198.66" port: 44915 } } peers { permanent_uuid: "3103932e8d444a6e897bab5a561840ff" member_type: VOTER last_known_addr { host: "127.13.198.67" port: 45453 } }
I20260709 13:02:42.202005 14925 raft_consensus.cc:385] T 8c224c27ce5f41d2999881bcec219b6c P 37293f39f793414d911a812a06ca6e65 [term 0 FOLLOWER]: Consensus starting up: Expiring failure detector timer to make a prompt election more likely
I20260709 13:02:42.202363 14925 raft_consensus.cc:740] T 8c224c27ce5f41d2999881bcec219b6c P 37293f39f793414d911a812a06ca6e65 [term 0 FOLLOWER]: Becoming Follower/Learner. State: Replica: 37293f39f793414d911a812a06ca6e65, State: Initialized, Role: FOLLOWER
I20260709 13:02:42.203289 14925 consensus_queue.cc:260] T 8c224c27ce5f41d2999881bcec219b6c P 37293f39f793414d911a812a06ca6e65 [NON_LEADER]: Queue going to NON_LEADER mode. State: All replicated index: 0, Majority replicated index: 0, Committed index: 0, Last appended: 0.0, Last appended by leader: 0, Current term: 0, Majority size: -1, State: 0, Mode: NON_LEADER, active raft config: opid_index: -1 OBSOLETE_local: false peers { permanent_uuid: "5e8d5b8fcd5445c89945c89d8f4e98dc" member_type: VOTER last_known_addr { host: "127.13.198.65" port: 35653 } } peers { permanent_uuid: "37293f39f793414d911a812a06ca6e65" member_type: VOTER last_known_addr { host: "127.13.198.66" port: 44915 } } peers { permanent_uuid: "3103932e8d444a6e897bab5a561840ff" member_type: VOTER last_known_addr { host: "127.13.198.67" port: 45453 } }
I20260709 13:02:42.206348 14925 ts_tablet_manager.cc:1434] T 8c224c27ce5f41d2999881bcec219b6c P 37293f39f793414d911a812a06ca6e65: Time spent starting tablet: real 0.012s	user 0.004s	sys 0.004s
I20260709 13:02:42.207589 14925 tablet_bootstrap.cc:492] T 64ca3812c92a46f78d3a759bf912586b P 37293f39f793414d911a812a06ca6e65: Bootstrap starting.
I20260709 13:02:42.211293 14929 tablet_bootstrap.cc:492] T f12edec1e425471282b7a18e60baaf77 P 3103932e8d444a6e897bab5a561840ff: No bootstrap required, opened a new log
I20260709 13:02:42.211737 14929 ts_tablet_manager.cc:1403] T f12edec1e425471282b7a18e60baaf77 P 3103932e8d444a6e897bab5a561840ff: Time spent bootstrapping tablet: real 0.019s	user 0.008s	sys 0.007s
I20260709 13:02:42.214313 14929 raft_consensus.cc:359] T f12edec1e425471282b7a18e60baaf77 P 3103932e8d444a6e897bab5a561840ff [term 0 FOLLOWER]: Replica starting. Triggering 0 pending ops. Active config: opid_index: -1 OBSOLETE_local: false peers { permanent_uuid: "5e8d5b8fcd5445c89945c89d8f4e98dc" member_type: VOTER last_known_addr { host: "127.13.198.65" port: 35653 } } peers { permanent_uuid: "37293f39f793414d911a812a06ca6e65" member_type: VOTER last_known_addr { host: "127.13.198.66" port: 44915 } } peers { permanent_uuid: "3103932e8d444a6e897bab5a561840ff" member_type: VOTER last_known_addr { host: "127.13.198.67" port: 45453 } }
I20260709 13:02:42.214941 14929 raft_consensus.cc:385] T f12edec1e425471282b7a18e60baaf77 P 3103932e8d444a6e897bab5a561840ff [term 0 FOLLOWER]: Consensus starting up: Expiring failure detector timer to make a prompt election more likely
I20260709 13:02:42.215188 14929 raft_consensus.cc:740] T f12edec1e425471282b7a18e60baaf77 P 3103932e8d444a6e897bab5a561840ff [term 0 FOLLOWER]: Becoming Follower/Learner. State: Replica: 3103932e8d444a6e897bab5a561840ff, State: Initialized, Role: FOLLOWER
I20260709 13:02:42.215879 14925 tablet_bootstrap.cc:654] T 64ca3812c92a46f78d3a759bf912586b P 37293f39f793414d911a812a06ca6e65: Neither blocks nor log segments found. Creating new log.
I20260709 13:02:42.216085 14929 consensus_queue.cc:260] T f12edec1e425471282b7a18e60baaf77 P 3103932e8d444a6e897bab5a561840ff [NON_LEADER]: Queue going to NON_LEADER mode. State: All replicated index: 0, Majority replicated index: 0, Committed index: 0, Last appended: 0.0, Last appended by leader: 0, Current term: 0, Majority size: -1, State: 0, Mode: NON_LEADER, active raft config: opid_index: -1 OBSOLETE_local: false peers { permanent_uuid: "5e8d5b8fcd5445c89945c89d8f4e98dc" member_type: VOTER last_known_addr { host: "127.13.198.65" port: 35653 } } peers { permanent_uuid: "37293f39f793414d911a812a06ca6e65" member_type: VOTER last_known_addr { host: "127.13.198.66" port: 44915 } } peers { permanent_uuid: "3103932e8d444a6e897bab5a561840ff" member_type: VOTER last_known_addr { host: "127.13.198.67" port: 45453 } }
I20260709 13:02:42.218068 14929 ts_tablet_manager.cc:1434] T f12edec1e425471282b7a18e60baaf77 P 3103932e8d444a6e897bab5a561840ff: Time spent starting tablet: real 0.006s	user 0.006s	sys 0.000s
I20260709 13:02:42.218972 14929 tablet_bootstrap.cc:492] T 79714499fcdd453faa65d66eb1ade20d P 3103932e8d444a6e897bab5a561840ff: Bootstrap starting.
I20260709 13:02:42.224515 14950 raft_consensus.cc:515] T d58253cf9deb4f4bbaeb2359f114fd7e P 5e8d5b8fcd5445c89945c89d8f4e98dc [term 1 FOLLOWER]: Starting leader election with config: opid_index: -1 OBSOLETE_local: false peers { permanent_uuid: "5e8d5b8fcd5445c89945c89d8f4e98dc" member_type: VOTER last_known_addr { host: "127.13.198.65" port: 35653 } } peers { permanent_uuid: "37293f39f793414d911a812a06ca6e65" member_type: VOTER last_known_addr { host: "127.13.198.66" port: 44915 } } peers { permanent_uuid: "3103932e8d444a6e897bab5a561840ff" member_type: VOTER last_known_addr { host: "127.13.198.67" port: 45453 } }
I20260709 13:02:42.225469 14933 raft_consensus.cc:515] T c57a628a85fb421bb06bd45b2c17b710 P 3103932e8d444a6e897bab5a561840ff [term 1 FOLLOWER]: Starting leader election with config: opid_index: -1 OBSOLETE_local: false peers { permanent_uuid: "5e8d5b8fcd5445c89945c89d8f4e98dc" member_type: VOTER last_known_addr { host: "127.13.198.65" port: 35653 } } peers { permanent_uuid: "37293f39f793414d911a812a06ca6e65" member_type: VOTER last_known_addr { host: "127.13.198.66" port: 44915 } } peers { permanent_uuid: "3103932e8d444a6e897bab5a561840ff" member_type: VOTER last_known_addr { host: "127.13.198.67" port: 45453 } }
I20260709 13:02:42.227135 14925 tablet_bootstrap.cc:492] T 64ca3812c92a46f78d3a759bf912586b P 37293f39f793414d911a812a06ca6e65: No bootstrap required, opened a new log
I20260709 13:02:42.227365 14924 tablet_bootstrap.cc:492] T f12edec1e425471282b7a18e60baaf77 P 5e8d5b8fcd5445c89945c89d8f4e98dc: No bootstrap required, opened a new log
I20260709 13:02:42.227427 14810 tablet_service.cc:1917] Received RequestConsensusVote() RPC: tablet_id: "d58253cf9deb4f4bbaeb2359f114fd7e" candidate_uuid: "5e8d5b8fcd5445c89945c89d8f4e98dc" candidate_term: 1 candidate_status { last_received { term: 0 index: 0 } } ignore_live_leader: false dest_uuid: "37293f39f793414d911a812a06ca6e65"
I20260709 13:02:42.227712 14925 ts_tablet_manager.cc:1403] T 64ca3812c92a46f78d3a759bf912586b P 37293f39f793414d911a812a06ca6e65: Time spent bootstrapping tablet: real 0.020s	user 0.015s	sys 0.004s
I20260709 13:02:42.227893 14924 ts_tablet_manager.cc:1403] T f12edec1e425471282b7a18e60baaf77 P 5e8d5b8fcd5445c89945c89d8f4e98dc: Time spent bootstrapping tablet: real 0.095s	user 0.021s	sys 0.035s
W20260709 13:02:42.228643 14698 leader_election.cc:343] T d58253cf9deb4f4bbaeb2359f114fd7e P 5e8d5b8fcd5445c89945c89d8f4e98dc [CANDIDATE]: Term 1 election: Tablet error from VoteRequest() call to peer 37293f39f793414d911a812a06ca6e65 (127.13.198.66:44915): Illegal state: must be running to vote when last-logged opid is not known
I20260709 13:02:42.230322 14883 tablet_service.cc:1917] Received RequestConsensusVote() RPC: tablet_id: "d58253cf9deb4f4bbaeb2359f114fd7e" candidate_uuid: "5e8d5b8fcd5445c89945c89d8f4e98dc" candidate_term: 1 candidate_status { last_received { term: 0 index: 0 } } ignore_live_leader: false dest_uuid: "3103932e8d444a6e897bab5a561840ff"
I20260709 13:02:42.230406 14924 raft_consensus.cc:359] T f12edec1e425471282b7a18e60baaf77 P 5e8d5b8fcd5445c89945c89d8f4e98dc [term 0 FOLLOWER]: Replica starting. Triggering 0 pending ops. Active config: opid_index: -1 OBSOLETE_local: false peers { permanent_uuid: "5e8d5b8fcd5445c89945c89d8f4e98dc" member_type: VOTER last_known_addr { host: "127.13.198.65" port: 35653 } } peers { permanent_uuid: "37293f39f793414d911a812a06ca6e65" member_type: VOTER last_known_addr { host: "127.13.198.66" port: 44915 } } peers { permanent_uuid: "3103932e8d444a6e897bab5a561840ff" member_type: VOTER last_known_addr { host: "127.13.198.67" port: 45453 } }
I20260709 13:02:42.231139 14924 raft_consensus.cc:385] T f12edec1e425471282b7a18e60baaf77 P 5e8d5b8fcd5445c89945c89d8f4e98dc [term 0 FOLLOWER]: Consensus starting up: Expiring failure detector timer to make a prompt election more likely
I20260709 13:02:42.230949 14883 raft_consensus.cc:3060] T d58253cf9deb4f4bbaeb2359f114fd7e P 3103932e8d444a6e897bab5a561840ff [term 0 FOLLOWER]: Advancing to term 1
I20260709 13:02:42.231422 14924 raft_consensus.cc:740] T f12edec1e425471282b7a18e60baaf77 P 5e8d5b8fcd5445c89945c89d8f4e98dc [term 0 FOLLOWER]: Becoming Follower/Learner. State: Replica: 5e8d5b8fcd5445c89945c89d8f4e98dc, State: Initialized, Role: FOLLOWER
I20260709 13:02:42.232089 14924 consensus_queue.cc:260] T f12edec1e425471282b7a18e60baaf77 P 5e8d5b8fcd5445c89945c89d8f4e98dc [NON_LEADER]: Queue going to NON_LEADER mode. State: All replicated index: 0, Majority replicated index: 0, Committed index: 0, Last appended: 0.0, Last appended by leader: 0, Current term: 0, Majority size: -1, State: 0, Mode: NON_LEADER, active raft config: opid_index: -1 OBSOLETE_local: false peers { permanent_uuid: "5e8d5b8fcd5445c89945c89d8f4e98dc" member_type: VOTER last_known_addr { host: "127.13.198.65" port: 35653 } } peers { permanent_uuid: "37293f39f793414d911a812a06ca6e65" member_type: VOTER last_known_addr { host: "127.13.198.66" port: 44915 } } peers { permanent_uuid: "3103932e8d444a6e897bab5a561840ff" member_type: VOTER last_known_addr { host: "127.13.198.67" port: 45453 } }
I20260709 13:02:42.232611 14735 tablet_service.cc:1917] Received RequestConsensusVote() RPC: tablet_id: "c57a628a85fb421bb06bd45b2c17b710" candidate_uuid: "3103932e8d444a6e897bab5a561840ff" candidate_term: 1 candidate_status { last_received { term: 0 index: 0 } } ignore_live_leader: false dest_uuid: "5e8d5b8fcd5445c89945c89d8f4e98dc"
I20260709 13:02:42.233510 14929 tablet_bootstrap.cc:654] T 79714499fcdd453faa65d66eb1ade20d P 3103932e8d444a6e897bab5a561840ff: Neither blocks nor log segments found. Creating new log.
W20260709 13:02:42.233880 14849 leader_election.cc:343] T c57a628a85fb421bb06bd45b2c17b710 P 3103932e8d444a6e897bab5a561840ff [CANDIDATE]: Term 1 election: Tablet error from VoteRequest() call to peer 5e8d5b8fcd5445c89945c89d8f4e98dc (127.13.198.65:35653): Illegal state: must be running to vote when last-logged opid is not known
I20260709 13:02:42.237107 14924 ts_tablet_manager.cc:1434] T f12edec1e425471282b7a18e60baaf77 P 5e8d5b8fcd5445c89945c89d8f4e98dc: Time spent starting tablet: real 0.009s	user 0.005s	sys 0.000s
I20260709 13:02:42.237378 14933 leader_election.cc:290] T c57a628a85fb421bb06bd45b2c17b710 P 3103932e8d444a6e897bab5a561840ff [CANDIDATE]: Term 1 election: Requested vote from peers 5e8d5b8fcd5445c89945c89d8f4e98dc (127.13.198.65:35653), 37293f39f793414d911a812a06ca6e65 (127.13.198.66:44915)
I20260709 13:02:42.237579 14810 tablet_service.cc:1917] Received RequestConsensusVote() RPC: tablet_id: "c57a628a85fb421bb06bd45b2c17b710" candidate_uuid: "3103932e8d444a6e897bab5a561840ff" candidate_term: 1 candidate_status { last_received { term: 0 index: 0 } } ignore_live_leader: false dest_uuid: "37293f39f793414d911a812a06ca6e65"
I20260709 13:02:42.238131 14810 raft_consensus.cc:3060] T c57a628a85fb421bb06bd45b2c17b710 P 37293f39f793414d911a812a06ca6e65 [term 0 FOLLOWER]: Advancing to term 1
I20260709 13:02:42.238289 14924 tablet_bootstrap.cc:492] T c57a628a85fb421bb06bd45b2c17b710 P 5e8d5b8fcd5445c89945c89d8f4e98dc: Bootstrap starting.
I20260709 13:02:42.245254 14883 raft_consensus.cc:2468] T d58253cf9deb4f4bbaeb2359f114fd7e P 3103932e8d444a6e897bab5a561840ff [term 1 FOLLOWER]: Leader election vote request: Granting yes vote for candidate 5e8d5b8fcd5445c89945c89d8f4e98dc in term 1.
I20260709 13:02:42.246388 14701 leader_election.cc:304] T d58253cf9deb4f4bbaeb2359f114fd7e P 5e8d5b8fcd5445c89945c89d8f4e98dc [CANDIDATE]: Term 1 election: Election decided. Result: candidate won. Election summary: received 3 responses out of 3 voters: 2 yes votes; 1 no votes. yes voters: 3103932e8d444a6e897bab5a561840ff, 5e8d5b8fcd5445c89945c89d8f4e98dc; no voters: 37293f39f793414d911a812a06ca6e65
I20260709 13:02:42.246752 14938 raft_consensus.cc:493] T 8c224c27ce5f41d2999881bcec219b6c P 37293f39f793414d911a812a06ca6e65 [term 0 FOLLOWER]: Starting pre-election (no leader contacted us within the election timeout)
I20260709 13:02:42.247259 14927 raft_consensus.cc:2804] T d58253cf9deb4f4bbaeb2359f114fd7e P 5e8d5b8fcd5445c89945c89d8f4e98dc [term 1 FOLLOWER]: Leader election won for term 1
I20260709 13:02:42.247215 14938 raft_consensus.cc:515] T 8c224c27ce5f41d2999881bcec219b6c P 37293f39f793414d911a812a06ca6e65 [term 0 FOLLOWER]: Starting pre-election with config: opid_index: -1 OBSOLETE_local: false peers { permanent_uuid: "5e8d5b8fcd5445c89945c89d8f4e98dc" member_type: VOTER last_known_addr { host: "127.13.198.65" port: 35653 } } peers { permanent_uuid: "37293f39f793414d911a812a06ca6e65" member_type: VOTER last_known_addr { host: "127.13.198.66" port: 44915 } } peers { permanent_uuid: "3103932e8d444a6e897bab5a561840ff" member_type: VOTER last_known_addr { host: "127.13.198.67" port: 45453 } }
I20260709 13:02:42.249567 14938 leader_election.cc:290] T 8c224c27ce5f41d2999881bcec219b6c P 37293f39f793414d911a812a06ca6e65 [CANDIDATE]: Term 1 pre-election: Requested pre-vote from peers 5e8d5b8fcd5445c89945c89d8f4e98dc (127.13.198.65:35653), 3103932e8d444a6e897bab5a561840ff (127.13.198.67:45453)
I20260709 13:02:42.249615 14925 raft_consensus.cc:359] T 64ca3812c92a46f78d3a759bf912586b P 37293f39f793414d911a812a06ca6e65 [term 0 FOLLOWER]: Replica starting. Triggering 0 pending ops. Active config: opid_index: -1 OBSOLETE_local: false peers { permanent_uuid: "5e8d5b8fcd5445c89945c89d8f4e98dc" member_type: VOTER last_known_addr { host: "127.13.198.65" port: 35653 } } peers { permanent_uuid: "37293f39f793414d911a812a06ca6e65" member_type: VOTER last_known_addr { host: "127.13.198.66" port: 44915 } } peers { permanent_uuid: "3103932e8d444a6e897bab5a561840ff" member_type: VOTER last_known_addr { host: "127.13.198.67" port: 45453 } }
I20260709 13:02:42.250837 14925 raft_consensus.cc:385] T 64ca3812c92a46f78d3a759bf912586b P 37293f39f793414d911a812a06ca6e65 [term 0 FOLLOWER]: Consensus starting up: Expiring failure detector timer to make a prompt election more likely
I20260709 13:02:42.251297 14925 raft_consensus.cc:740] T 64ca3812c92a46f78d3a759bf912586b P 37293f39f793414d911a812a06ca6e65 [term 0 FOLLOWER]: Becoming Follower/Learner. State: Replica: 37293f39f793414d911a812a06ca6e65, State: Initialized, Role: FOLLOWER
I20260709 13:02:42.252458 14925 consensus_queue.cc:260] T 64ca3812c92a46f78d3a759bf912586b P 37293f39f793414d911a812a06ca6e65 [NON_LEADER]: Queue going to NON_LEADER mode. State: All replicated index: 0, Majority replicated index: 0, Committed index: 0, Last appended: 0.0, Last appended by leader: 0, Current term: 0, Majority size: -1, State: 0, Mode: NON_LEADER, active raft config: opid_index: -1 OBSOLETE_local: false peers { permanent_uuid: "5e8d5b8fcd5445c89945c89d8f4e98dc" member_type: VOTER last_known_addr { host: "127.13.198.65" port: 35653 } } peers { permanent_uuid: "37293f39f793414d911a812a06ca6e65" member_type: VOTER last_known_addr { host: "127.13.198.66" port: 44915 } } peers { permanent_uuid: "3103932e8d444a6e897bab5a561840ff" member_type: VOTER last_known_addr { host: "127.13.198.67" port: 45453 } }
I20260709 13:02:42.256239 14933 raft_consensus.cc:493] T 64ca3812c92a46f78d3a759bf912586b P 3103932e8d444a6e897bab5a561840ff [term 0 FOLLOWER]: Starting pre-election (no leader contacted us within the election timeout)
I20260709 13:02:42.256678 14925 ts_tablet_manager.cc:1434] T 64ca3812c92a46f78d3a759bf912586b P 37293f39f793414d911a812a06ca6e65: Time spent starting tablet: real 0.018s	user 0.003s	sys 0.006s
I20260709 13:02:42.253441 14884 tablet_service.cc:1917] Received RequestConsensusVote() RPC: tablet_id: "8c224c27ce5f41d2999881bcec219b6c" candidate_uuid: "37293f39f793414d911a812a06ca6e65" candidate_term: 1 candidate_status { last_received { term: 0 index: 0 } } ignore_live_leader: false dest_uuid: "3103932e8d444a6e897bab5a561840ff" is_pre_election: true
I20260709 13:02:42.256711 14933 raft_consensus.cc:515] T 64ca3812c92a46f78d3a759bf912586b P 3103932e8d444a6e897bab5a561840ff [term 0 FOLLOWER]: Starting pre-election with config: opid_index: -1 OBSOLETE_local: false peers { permanent_uuid: "5e8d5b8fcd5445c89945c89d8f4e98dc" member_type: VOTER last_known_addr { host: "127.13.198.65" port: 35653 } } peers { permanent_uuid: "37293f39f793414d911a812a06ca6e65" member_type: VOTER last_known_addr { host: "127.13.198.66" port: 44915 } } peers { permanent_uuid: "3103932e8d444a6e897bab5a561840ff" member_type: VOTER last_known_addr { host: "127.13.198.67" port: 45453 } }
I20260709 13:02:42.254549 14924 tablet_bootstrap.cc:654] T c57a628a85fb421bb06bd45b2c17b710 P 5e8d5b8fcd5445c89945c89d8f4e98dc: Neither blocks nor log segments found. Creating new log.
I20260709 13:02:42.258910 14933 leader_election.cc:290] T 64ca3812c92a46f78d3a759bf912586b P 3103932e8d444a6e897bab5a561840ff [CANDIDATE]: Term 1 pre-election: Requested pre-vote from peers 5e8d5b8fcd5445c89945c89d8f4e98dc (127.13.198.65:35653), 37293f39f793414d911a812a06ca6e65 (127.13.198.66:44915)
I20260709 13:02:42.260406 14735 tablet_service.cc:1917] Received RequestConsensusVote() RPC: tablet_id: "64ca3812c92a46f78d3a759bf912586b" candidate_uuid: "3103932e8d444a6e897bab5a561840ff" candidate_term: 1 candidate_status { last_received { term: 0 index: 0 } } ignore_live_leader: false dest_uuid: "5e8d5b8fcd5445c89945c89d8f4e98dc" is_pre_election: true
I20260709 13:02:42.261013 14735 raft_consensus.cc:2468] T 64ca3812c92a46f78d3a759bf912586b P 5e8d5b8fcd5445c89945c89d8f4e98dc [term 0 FOLLOWER]: Leader pre-election vote request: Granting yes vote for candidate 3103932e8d444a6e897bab5a561840ff in term 0.
I20260709 13:02:42.262146 14810 raft_consensus.cc:2468] T c57a628a85fb421bb06bd45b2c17b710 P 37293f39f793414d911a812a06ca6e65 [term 1 FOLLOWER]: Leader election vote request: Granting yes vote for candidate 3103932e8d444a6e897bab5a561840ff in term 1.
I20260709 13:02:42.262966 14809 tablet_service.cc:1917] Received RequestConsensusVote() RPC: tablet_id: "64ca3812c92a46f78d3a759bf912586b" candidate_uuid: "3103932e8d444a6e897bab5a561840ff" candidate_term: 1 candidate_status { last_received { term: 0 index: 0 } } ignore_live_leader: false dest_uuid: "37293f39f793414d911a812a06ca6e65" is_pre_election: true
I20260709 13:02:42.262254 14631 catalog_manager.cc:5697] T 8c224c27ce5f41d2999881bcec219b6c P 3103932e8d444a6e897bab5a561840ff reported cstate change: term changed from 0 to 1, leader changed from <none> to 3103932e8d444a6e897bab5a561840ff (127.13.198.67). New cstate: current_term: 1 leader_uuid: "3103932e8d444a6e897bab5a561840ff" committed_config { opid_index: -1 OBSOLETE_local: false peers { permanent_uuid: "5e8d5b8fcd5445c89945c89d8f4e98dc" member_type: VOTER last_known_addr { host: "127.13.198.65" port: 35653 } health_report { overall_health: UNKNOWN } } peers { permanent_uuid: "37293f39f793414d911a812a06ca6e65" member_type: VOTER last_known_addr { host: "127.13.198.66" port: 44915 } health_report { overall_health: UNKNOWN } } peers { permanent_uuid: "3103932e8d444a6e897bab5a561840ff" member_type: VOTER last_known_addr { host: "127.13.198.67" port: 45453 } health_report { overall_health: HEALTHY } } }
I20260709 13:02:42.263293 14847 leader_election.cc:304] T c57a628a85fb421bb06bd45b2c17b710 P 3103932e8d444a6e897bab5a561840ff [CANDIDATE]: Term 1 election: Election decided. Result: candidate won. Election summary: received 3 responses out of 3 voters: 2 yes votes; 1 no votes. yes voters: 3103932e8d444a6e897bab5a561840ff, 37293f39f793414d911a812a06ca6e65; no voters: 5e8d5b8fcd5445c89945c89d8f4e98dc
I20260709 13:02:42.263573 14809 raft_consensus.cc:2468] T 64ca3812c92a46f78d3a759bf912586b P 37293f39f793414d911a812a06ca6e65 [term 0 FOLLOWER]: Leader pre-election vote request: Granting yes vote for candidate 3103932e8d444a6e897bab5a561840ff in term 0.
I20260709 13:02:42.264845 14849 leader_election.cc:304] T 64ca3812c92a46f78d3a759bf912586b P 3103932e8d444a6e897bab5a561840ff [CANDIDATE]: Term 1 pre-election: Election decided. Result: candidate won. Election summary: received 2 responses out of 3 voters: 2 yes votes; 0 no votes. yes voters: 3103932e8d444a6e897bab5a561840ff, 5e8d5b8fcd5445c89945c89d8f4e98dc; no voters: 
I20260709 13:02:42.265666 14956 raft_consensus.cc:2804] T 64ca3812c92a46f78d3a759bf912586b P 3103932e8d444a6e897bab5a561840ff [term 0 FOLLOWER]: Leader pre-election won for term 1
I20260709 13:02:42.266026 14956 raft_consensus.cc:493] T 64ca3812c92a46f78d3a759bf912586b P 3103932e8d444a6e897bab5a561840ff [term 0 FOLLOWER]: Starting leader election (no leader contacted us within the election timeout)
I20260709 13:02:42.264972 14933 raft_consensus.cc:2804] T c57a628a85fb421bb06bd45b2c17b710 P 3103932e8d444a6e897bab5a561840ff [term 1 FOLLOWER]: Leader election won for term 1
I20260709 13:02:42.266367 14956 raft_consensus.cc:3060] T 64ca3812c92a46f78d3a759bf912586b P 3103932e8d444a6e897bab5a561840ff [term 0 FOLLOWER]: Advancing to term 1
I20260709 13:02:42.229423 14950 leader_election.cc:290] T d58253cf9deb4f4bbaeb2359f114fd7e P 5e8d5b8fcd5445c89945c89d8f4e98dc [CANDIDATE]: Term 1 election: Requested vote from peers 37293f39f793414d911a812a06ca6e65 (127.13.198.66:44915), 3103932e8d444a6e897bab5a561840ff (127.13.198.67:45453)
I20260709 13:02:42.275658 14956 raft_consensus.cc:515] T 64ca3812c92a46f78d3a759bf912586b P 3103932e8d444a6e897bab5a561840ff [term 1 FOLLOWER]: Starting leader election with config: opid_index: -1 OBSOLETE_local: false peers { permanent_uuid: "5e8d5b8fcd5445c89945c89d8f4e98dc" member_type: VOTER last_known_addr { host: "127.13.198.65" port: 35653 } } peers { permanent_uuid: "37293f39f793414d911a812a06ca6e65" member_type: VOTER last_known_addr { host: "127.13.198.66" port: 44915 } } peers { permanent_uuid: "3103932e8d444a6e897bab5a561840ff" member_type: VOTER last_known_addr { host: "127.13.198.67" port: 45453 } }
I20260709 13:02:42.276391 14950 raft_consensus.cc:493] T f12edec1e425471282b7a18e60baaf77 P 5e8d5b8fcd5445c89945c89d8f4e98dc [term 0 FOLLOWER]: Starting pre-election (no leader contacted us within the election timeout)
I20260709 13:02:42.277030 14950 raft_consensus.cc:515] T f12edec1e425471282b7a18e60baaf77 P 5e8d5b8fcd5445c89945c89d8f4e98dc [term 0 FOLLOWER]: Starting pre-election with config: opid_index: -1 OBSOLETE_local: false peers { permanent_uuid: "5e8d5b8fcd5445c89945c89d8f4e98dc" member_type: VOTER last_known_addr { host: "127.13.198.65" port: 35653 } } peers { permanent_uuid: "37293f39f793414d911a812a06ca6e65" member_type: VOTER last_known_addr { host: "127.13.198.66" port: 44915 } } peers { permanent_uuid: "3103932e8d444a6e897bab5a561840ff" member_type: VOTER last_known_addr { host: "127.13.198.67" port: 45453 } }
I20260709 13:02:42.278381 14735 tablet_service.cc:1917] Received RequestConsensusVote() RPC: tablet_id: "64ca3812c92a46f78d3a759bf912586b" candidate_uuid: "3103932e8d444a6e897bab5a561840ff" candidate_term: 1 candidate_status { last_received { term: 0 index: 0 } } ignore_live_leader: false dest_uuid: "5e8d5b8fcd5445c89945c89d8f4e98dc"
I20260709 13:02:42.279026 14735 raft_consensus.cc:3060] T 64ca3812c92a46f78d3a759bf912586b P 5e8d5b8fcd5445c89945c89d8f4e98dc [term 0 FOLLOWER]: Advancing to term 1
I20260709 13:02:42.285306 14735 raft_consensus.cc:2468] T 64ca3812c92a46f78d3a759bf912586b P 5e8d5b8fcd5445c89945c89d8f4e98dc [term 1 FOLLOWER]: Leader election vote request: Granting yes vote for candidate 3103932e8d444a6e897bab5a561840ff in term 1.
I20260709 13:02:42.286404 14849 leader_election.cc:304] T 64ca3812c92a46f78d3a759bf912586b P 3103932e8d444a6e897bab5a561840ff [CANDIDATE]: Term 1 election: Election decided. Result: candidate won. Election summary: received 2 responses out of 3 voters: 2 yes votes; 0 no votes. yes voters: 3103932e8d444a6e897bab5a561840ff, 5e8d5b8fcd5445c89945c89d8f4e98dc; no voters: 
I20260709 13:02:42.287781 14925 tablet_bootstrap.cc:492] T d58253cf9deb4f4bbaeb2359f114fd7e P 37293f39f793414d911a812a06ca6e65: Bootstrap starting.
I20260709 13:02:42.288968 14734 tablet_service.cc:1917] Received RequestConsensusVote() RPC: tablet_id: "8c224c27ce5f41d2999881bcec219b6c" candidate_uuid: "37293f39f793414d911a812a06ca6e65" candidate_term: 1 candidate_status { last_received { term: 0 index: 0 } } ignore_live_leader: false dest_uuid: "5e8d5b8fcd5445c89945c89d8f4e98dc" is_pre_election: true
I20260709 13:02:42.290519 14734 raft_consensus.cc:2393] T 8c224c27ce5f41d2999881bcec219b6c P 5e8d5b8fcd5445c89945c89d8f4e98dc [term 1 FOLLOWER]: Leader pre-election vote request: Denying vote to candidate 37293f39f793414d911a812a06ca6e65 in current term 1: Already voted for candidate 3103932e8d444a6e897bab5a561840ff in this term.
I20260709 13:02:42.291363 14933 raft_consensus.cc:697] T c57a628a85fb421bb06bd45b2c17b710 P 3103932e8d444a6e897bab5a561840ff [term 1 LEADER]: Becoming Leader. State: Replica: 3103932e8d444a6e897bab5a561840ff, State: Running, Role: LEADER
I20260709 13:02:42.293064 14810 tablet_service.cc:1917] Received RequestConsensusVote() RPC: tablet_id: "64ca3812c92a46f78d3a759bf912586b" candidate_uuid: "3103932e8d444a6e897bab5a561840ff" candidate_term: 1 candidate_status { last_received { term: 0 index: 0 } } ignore_live_leader: false dest_uuid: "37293f39f793414d911a812a06ca6e65"
I20260709 13:02:42.291538 14968 raft_consensus.cc:2804] T 64ca3812c92a46f78d3a759bf912586b P 3103932e8d444a6e897bab5a561840ff [term 1 FOLLOWER]: Leader election won for term 1
I20260709 13:02:42.293658 14810 raft_consensus.cc:3060] T 64ca3812c92a46f78d3a759bf912586b P 37293f39f793414d911a812a06ca6e65 [term 0 FOLLOWER]: Advancing to term 1
I20260709 13:02:42.293756 14968 raft_consensus.cc:697] T 64ca3812c92a46f78d3a759bf912586b P 3103932e8d444a6e897bab5a561840ff [term 1 LEADER]: Becoming Leader. State: Replica: 3103932e8d444a6e897bab5a561840ff, State: Running, Role: LEADER
I20260709 13:02:42.294809 14775 leader_election.cc:304] T 8c224c27ce5f41d2999881bcec219b6c P 37293f39f793414d911a812a06ca6e65 [CANDIDATE]: Term 1 pre-election: Election decided. Result: candidate lost. Election summary: received 3 responses out of 3 voters: 1 yes votes; 2 no votes. yes voters: 37293f39f793414d911a812a06ca6e65; no voters: 3103932e8d444a6e897bab5a561840ff, 5e8d5b8fcd5445c89945c89d8f4e98dc
I20260709 13:02:42.296818 14938 raft_consensus.cc:3060] T 8c224c27ce5f41d2999881bcec219b6c P 37293f39f793414d911a812a06ca6e65 [term 0 FOLLOWER]: Advancing to term 1
I20260709 13:02:42.299850 14956 leader_election.cc:290] T 64ca3812c92a46f78d3a759bf912586b P 3103932e8d444a6e897bab5a561840ff [CANDIDATE]: Term 1 election: Requested vote from peers 5e8d5b8fcd5445c89945c89d8f4e98dc (127.13.198.65:35653), 37293f39f793414d911a812a06ca6e65 (127.13.198.66:44915)
I20260709 13:02:42.300122 14925 tablet_bootstrap.cc:654] T d58253cf9deb4f4bbaeb2359f114fd7e P 37293f39f793414d911a812a06ca6e65: Neither blocks nor log segments found. Creating new log.
I20260709 13:02:42.306488 14938 raft_consensus.cc:2749] T 8c224c27ce5f41d2999881bcec219b6c P 37293f39f793414d911a812a06ca6e65 [term 1 FOLLOWER]: Leader pre-election lost for term 1. Reason: could not achieve majority
I20260709 13:02:42.306939 14927 raft_consensus.cc:697] T d58253cf9deb4f4bbaeb2359f114fd7e P 5e8d5b8fcd5445c89945c89d8f4e98dc [term 1 LEADER]: Becoming Leader. State: Replica: 5e8d5b8fcd5445c89945c89d8f4e98dc, State: Running, Role: LEADER
I20260709 13:02:42.307433 14924 tablet_bootstrap.cc:492] T c57a628a85fb421bb06bd45b2c17b710 P 5e8d5b8fcd5445c89945c89d8f4e98dc: No bootstrap required, opened a new log
I20260709 13:02:42.307852 14924 ts_tablet_manager.cc:1403] T c57a628a85fb421bb06bd45b2c17b710 P 5e8d5b8fcd5445c89945c89d8f4e98dc: Time spent bootstrapping tablet: real 0.070s	user 0.013s	sys 0.038s
I20260709 13:02:42.307857 14810 raft_consensus.cc:2468] T 64ca3812c92a46f78d3a759bf912586b P 37293f39f793414d911a812a06ca6e65 [term 1 FOLLOWER]: Leader election vote request: Granting yes vote for candidate 3103932e8d444a6e897bab5a561840ff in term 1.
I20260709 13:02:42.307775 14927 consensus_queue.cc:237] T d58253cf9deb4f4bbaeb2359f114fd7e P 5e8d5b8fcd5445c89945c89d8f4e98dc [LEADER]: Queue going to LEADER mode. State: All replicated index: 0, Majority replicated index: 0, Committed index: 0, Last appended: 0.0, Last appended by leader: 0, Current term: 1, Majority size: 2, State: 0, Mode: LEADER, active raft config: opid_index: -1 OBSOLETE_local: false peers { permanent_uuid: "5e8d5b8fcd5445c89945c89d8f4e98dc" member_type: VOTER last_known_addr { host: "127.13.198.65" port: 35653 } } peers { permanent_uuid: "37293f39f793414d911a812a06ca6e65" member_type: VOTER last_known_addr { host: "127.13.198.66" port: 44915 } } peers { permanent_uuid: "3103932e8d444a6e897bab5a561840ff" member_type: VOTER last_known_addr { host: "127.13.198.67" port: 45453 } }
I20260709 13:02:42.308832 14925 tablet_bootstrap.cc:492] T d58253cf9deb4f4bbaeb2359f114fd7e P 37293f39f793414d911a812a06ca6e65: No bootstrap required, opened a new log
I20260709 13:02:42.309324 14925 ts_tablet_manager.cc:1403] T d58253cf9deb4f4bbaeb2359f114fd7e P 37293f39f793414d911a812a06ca6e65: Time spent bootstrapping tablet: real 0.022s	user 0.010s	sys 0.003s
