I20260709 13:02:44.755214 14532 consensus_queue.cc:260] T b62b16e2fac64871988b8500e27fe1ed P 5f2edc89fa5f45f09b649f2064f3a8d8 [NON_LEADER]: Queue going to NON_LEADER mode. State: All replicated index: 0, Majority replicated index: 1, Committed index: 1, Last appended: 1.1, Last appended by leader: 1, Current term: 1, Majority size: -1, State: 0, Mode: NON_LEADER, active raft config: opid_index: -1 OBSOLETE_local: false peers { permanent_uuid: "5f2edc89fa5f45f09b649f2064f3a8d8" member_type: VOTER last_known_addr { host: "127.13.146.193" port: 45871 } } peers { permanent_uuid: "05b7dab794ca42e79d0fabcad32b2048" member_type: VOTER last_known_addr { host: "127.13.146.194" port: 35499 } } peers { permanent_uuid: "63f0579e8e664e26a0045b2d95444ee3" member_type: VOTER last_known_addr { host: "127.13.146.195" port: 37809 } }
I20260709 13:02:44.756150 14532 raft_consensus.cc:3060] T b62b16e2fac64871988b8500e27fe1ed P 5f2edc89fa5f45f09b649f2064f3a8d8 [term 1 FOLLOWER]: Advancing to term 2
I20260709 13:02:44.758947 14607 raft_consensus.cc:2468] T b62b16e2fac64871988b8500e27fe1ed P 05b7dab794ca42e79d0fabcad32b2048 [term 2 FOLLOWER]: Leader election vote request: Granting yes vote for candidate 63f0579e8e664e26a0045b2d95444ee3 in term 2.
I20260709 13:02:44.760025 14646 leader_election.cc:304] T b62b16e2fac64871988b8500e27fe1ed P 63f0579e8e664e26a0045b2d95444ee3 [CANDIDATE]: Term 2 election: Election decided. Result: candidate won. Election summary: received 2 responses out of 3 voters: 2 yes votes; 0 no votes. yes voters: 05b7dab794ca42e79d0fabcad32b2048, 63f0579e8e664e26a0045b2d95444ee3; no voters: 
I20260709 13:02:44.760842 14823 raft_consensus.cc:2804] T b62b16e2fac64871988b8500e27fe1ed P 63f0579e8e664e26a0045b2d95444ee3 [term 2 FOLLOWER]: Leader election won for term 2
I20260709 13:02:44.761617 14532 raft_consensus.cc:2468] T b62b16e2fac64871988b8500e27fe1ed P 5f2edc89fa5f45f09b649f2064f3a8d8 [term 2 FOLLOWER]: Leader election vote request: Granting yes vote for candidate 63f0579e8e664e26a0045b2d95444ee3 in term 2.
I20260709 13:02:44.761893 14823 raft_consensus.cc:697] T b62b16e2fac64871988b8500e27fe1ed P 63f0579e8e664e26a0045b2d95444ee3 [term 2 LEADER]: Becoming Leader. State: Replica: 63f0579e8e664e26a0045b2d95444ee3, State: Running, Role: LEADER
I20260709 13:02:44.762816 14823 consensus_queue.cc:237] T b62b16e2fac64871988b8500e27fe1ed P 63f0579e8e664e26a0045b2d95444ee3 [LEADER]: Queue going to LEADER mode. State: All replicated index: 0, Majority replicated index: 1, Committed index: 1, Last appended: 1.1, Last appended by leader: 1, Current term: 2, Majority size: 2, State: 0, Mode: LEADER, active raft config: opid_index: -1 OBSOLETE_local: false peers { permanent_uuid: "5f2edc89fa5f45f09b649f2064f3a8d8" member_type: VOTER last_known_addr { host: "127.13.146.193" port: 45871 } } peers { permanent_uuid: "05b7dab794ca42e79d0fabcad32b2048" member_type: VOTER last_known_addr { host: "127.13.146.194" port: 35499 } } peers { permanent_uuid: "63f0579e8e664e26a0045b2d95444ee3" member_type: VOTER last_known_addr { host: "127.13.146.195" port: 37809 } }
I20260709 13:02:44.769735 14430 catalog_manager.cc:5697] T b62b16e2fac64871988b8500e27fe1ed P 63f0579e8e664e26a0045b2d95444ee3 reported cstate change: term changed from 1 to 2, leader changed from 5f2edc89fa5f45f09b649f2064f3a8d8 (127.13.146.193) to 63f0579e8e664e26a0045b2d95444ee3 (127.13.146.195). New cstate: current_term: 2 leader_uuid: "63f0579e8e664e26a0045b2d95444ee3" committed_config { opid_index: -1 OBSOLETE_local: false peers { permanent_uuid: "5f2edc89fa5f45f09b649f2064f3a8d8" member_type: VOTER last_known_addr { host: "127.13.146.193" port: 45871 } health_report { overall_health: UNKNOWN } } peers { permanent_uuid: "05b7dab794ca42e79d0fabcad32b2048" member_type: VOTER last_known_addr { host: "127.13.146.194" port: 35499 } health_report { overall_health: UNKNOWN } } peers { permanent_uuid: "63f0579e8e664e26a0045b2d95444ee3" member_type: VOTER last_known_addr { host: "127.13.146.195" port: 37809 } health_report { overall_health: HEALTHY } } }
I20260709 13:02:45.160844 14607 raft_consensus.cc:1275] T b62b16e2fac64871988b8500e27fe1ed P 05b7dab794ca42e79d0fabcad32b2048 [term 2 FOLLOWER]: Refusing update from remote peer 63f0579e8e664e26a0045b2d95444ee3: Log matching property violated. Preceding OpId in replica: term: 1 index: 1. Preceding OpId from leader: term: 2 index: 2. (index mismatch)
I20260709 13:02:45.162055 14823 consensus_queue.cc:1048] T b62b16e2fac64871988b8500e27fe1ed P 63f0579e8e664e26a0045b2d95444ee3 [LEADER]: Connected to new peer: Peer: permanent_uuid: "05b7dab794ca42e79d0fabcad32b2048" member_type: VOTER last_known_addr { host: "127.13.146.194" port: 35499 }, Status: LMP_MISMATCH, Last received: 0.0, Next index: 2, Last known committed idx: 1, Time since last communication: 0.000s
I20260709 13:02:45.171723 14532 raft_consensus.cc:1275] T b62b16e2fac64871988b8500e27fe1ed P 5f2edc89fa5f45f09b649f2064f3a8d8 [term 2 FOLLOWER]: Refusing update from remote peer 63f0579e8e664e26a0045b2d95444ee3: Log matching property violated. Preceding OpId in replica: term: 1 index: 1. Preceding OpId from leader: term: 2 index: 2. (index mismatch)
I20260709 13:02:45.173818 14827 consensus_queue.cc:1048] T b62b16e2fac64871988b8500e27fe1ed P 63f0579e8e664e26a0045b2d95444ee3 [LEADER]: Connected to new peer: Peer: permanent_uuid: "5f2edc89fa5f45f09b649f2064f3a8d8" member_type: VOTER last_known_addr { host: "127.13.146.193" port: 45871 }, Status: LMP_MISMATCH, Last received: 0.0, Next index: 2, Last known committed idx: 1, Time since last communication: 0.001s
I20260709 13:02:45.202519 14826 raft_consensus.cc:993] T 49e82691927e4a1291073354ed44dce5 P 5f2edc89fa5f45f09b649f2064f3a8d8: : Instructing follower 63f0579e8e664e26a0045b2d95444ee3 to start an election
I20260709 13:02:45.202929 14760 raft_consensus.cc:1081] T 49e82691927e4a1291073354ed44dce5 P 5f2edc89fa5f45f09b649f2064f3a8d8 [term 2 LEADER]: Signalling peer 63f0579e8e664e26a0045b2d95444ee3 to start an election
I20260709 13:02:45.204305 14680 tablet_service.cc:2044] Received Run Leader Election RPC: tablet_id: "49e82691927e4a1291073354ed44dce5"
dest_uuid: "63f0579e8e664e26a0045b2d95444ee3"
 from {username='slave'} at 127.0.0.1:39476
I20260709 13:02:45.204833 14680 raft_consensus.cc:493] T 49e82691927e4a1291073354ed44dce5 P 63f0579e8e664e26a0045b2d95444ee3 [term 2 FOLLOWER]: Starting forced leader election (received explicit request)
I20260709 13:02:45.205132 14680 raft_consensus.cc:3060] T 49e82691927e4a1291073354ed44dce5 P 63f0579e8e664e26a0045b2d95444ee3 [term 2 FOLLOWER]: Advancing to term 3
I20260709 13:02:45.209661 14680 raft_consensus.cc:515] T 49e82691927e4a1291073354ed44dce5 P 63f0579e8e664e26a0045b2d95444ee3 [term 3 FOLLOWER]: Starting forced leader election with config: opid_index: -1 OBSOLETE_local: false peers { permanent_uuid: "5f2edc89fa5f45f09b649f2064f3a8d8" member_type: VOTER last_known_addr { host: "127.13.146.193" port: 45871 } } peers { permanent_uuid: "05b7dab794ca42e79d0fabcad32b2048" member_type: VOTER last_known_addr { host: "127.13.146.194" port: 35499 } } peers { permanent_uuid: "63f0579e8e664e26a0045b2d95444ee3" member_type: VOTER last_known_addr { host: "127.13.146.195" port: 37809 } }
I20260709 13:02:45.211799 14680 leader_election.cc:290] T 49e82691927e4a1291073354ed44dce5 P 63f0579e8e664e26a0045b2d95444ee3 [CANDIDATE]: Term 3 election: Requested vote from peers 5f2edc89fa5f45f09b649f2064f3a8d8 (127.13.146.193:45871), 05b7dab794ca42e79d0fabcad32b2048 (127.13.146.194:35499)
I20260709 13:02:45.212250 14531 tablet_service.cc:1917] Received RequestConsensusVote() RPC: tablet_id: "49e82691927e4a1291073354ed44dce5" candidate_uuid: "63f0579e8e664e26a0045b2d95444ee3" candidate_term: 3 candidate_status { last_received { term: 2 index: 2 } } ignore_live_leader: true dest_uuid: "5f2edc89fa5f45f09b649f2064f3a8d8"
I20260709 13:02:45.212337 14607 tablet_service.cc:1917] Received RequestConsensusVote() RPC: tablet_id: "49e82691927e4a1291073354ed44dce5" candidate_uuid: "63f0579e8e664e26a0045b2d95444ee3" candidate_term: 3 candidate_status { last_received { term: 2 index: 2 } } ignore_live_leader: true dest_uuid: "05b7dab794ca42e79d0fabcad32b2048"
I20260709 13:02:45.212904 14531 raft_consensus.cc:3055] T 49e82691927e4a1291073354ed44dce5 P 5f2edc89fa5f45f09b649f2064f3a8d8 [term 2 LEADER]: Stepping down as leader of term 2
I20260709 13:02:45.213372 14531 raft_consensus.cc:740] T 49e82691927e4a1291073354ed44dce5 P 5f2edc89fa5f45f09b649f2064f3a8d8 [term 2 LEADER]: Becoming Follower/Learner. State: Replica: 5f2edc89fa5f45f09b649f2064f3a8d8, State: Running, Role: LEADER
I20260709 13:02:45.212937 14607 raft_consensus.cc:3060] T 49e82691927e4a1291073354ed44dce5 P 05b7dab794ca42e79d0fabcad32b2048 [term 2 FOLLOWER]: Advancing to term 3
I20260709 13:02:45.214107 14531 consensus_queue.cc:260] T 49e82691927e4a1291073354ed44dce5 P 5f2edc89fa5f45f09b649f2064f3a8d8 [NON_LEADER]: Queue going to NON_LEADER mode. State: All replicated index: 0, Majority replicated index: 2, Committed index: 2, Last appended: 2.2, Last appended by leader: 2, Current term: 2, Majority size: -1, State: 0, Mode: NON_LEADER, active raft config: opid_index: -1 OBSOLETE_local: false peers { permanent_uuid: "5f2edc89fa5f45f09b649f2064f3a8d8" member_type: VOTER last_known_addr { host: "127.13.146.193" port: 45871 } } peers { permanent_uuid: "05b7dab794ca42e79d0fabcad32b2048" member_type: VOTER last_known_addr { host: "127.13.146.194" port: 35499 } } peers { permanent_uuid: "63f0579e8e664e26a0045b2d95444ee3" member_type: VOTER last_known_addr { host: "127.13.146.195" port: 37809 } }
I20260709 13:02:45.214939 14531 raft_consensus.cc:3060] T 49e82691927e4a1291073354ed44dce5 P 5f2edc89fa5f45f09b649f2064f3a8d8 [term 2 FOLLOWER]: Advancing to term 3
I20260709 13:02:45.217543 14607 raft_consensus.cc:2468] T 49e82691927e4a1291073354ed44dce5 P 05b7dab794ca42e79d0fabcad32b2048 [term 3 FOLLOWER]: Leader election vote request: Granting yes vote for candidate 63f0579e8e664e26a0045b2d95444ee3 in term 3.
I20260709 13:02:45.219055 14646 leader_election.cc:304] T 49e82691927e4a1291073354ed44dce5 P 63f0579e8e664e26a0045b2d95444ee3 [CANDIDATE]: Term 3 election: Election decided. Result: candidate won. Election summary: received 2 responses out of 3 voters: 2 yes votes; 0 no votes. yes voters: 05b7dab794ca42e79d0fabcad32b2048, 63f0579e8e664e26a0045b2d95444ee3; no voters: 
I20260709 13:02:45.220193 14835 raft_consensus.cc:2804] T 49e82691927e4a1291073354ed44dce5 P 63f0579e8e664e26a0045b2d95444ee3 [term 3 FOLLOWER]: Leader election won for term 3
I20260709 13:02:45.220758 14835 raft_consensus.cc:697] T 49e82691927e4a1291073354ed44dce5 P 63f0579e8e664e26a0045b2d95444ee3 [term 3 LEADER]: Becoming Leader. State: Replica: 63f0579e8e664e26a0045b2d95444ee3, State: Running, Role: LEADER
I20260709 13:02:45.220911 14531 raft_consensus.cc:2468] T 49e82691927e4a1291073354ed44dce5 P 5f2edc89fa5f45f09b649f2064f3a8d8 [term 3 FOLLOWER]: Leader election vote request: Granting yes vote for candidate 63f0579e8e664e26a0045b2d95444ee3 in term 3.
I20260709 13:02:45.221550 14835 consensus_queue.cc:237] T 49e82691927e4a1291073354ed44dce5 P 63f0579e8e664e26a0045b2d95444ee3 [LEADER]: Queue going to LEADER mode. State: All replicated index: 0, Majority replicated index: 2, Committed index: 2, Last appended: 2.2, Last appended by leader: 2, Current term: 3, Majority size: 2, State: 0, Mode: LEADER, active raft config: opid_index: -1 OBSOLETE_local: false peers { permanent_uuid: "5f2edc89fa5f45f09b649f2064f3a8d8" member_type: VOTER last_known_addr { host: "127.13.146.193" port: 45871 } } peers { permanent_uuid: "05b7dab794ca42e79d0fabcad32b2048" member_type: VOTER last_known_addr { host: "127.13.146.194" port: 35499 } } peers { permanent_uuid: "63f0579e8e664e26a0045b2d95444ee3" member_type: VOTER last_known_addr { host: "127.13.146.195" port: 37809 } }
I20260709 13:02:45.228585 14430 catalog_manager.cc:5697] T 49e82691927e4a1291073354ed44dce5 P 63f0579e8e664e26a0045b2d95444ee3 reported cstate change: term changed from 2 to 3, leader changed from 5f2edc89fa5f45f09b649f2064f3a8d8 (127.13.146.193) to 63f0579e8e664e26a0045b2d95444ee3 (127.13.146.195). New cstate: current_term: 3 leader_uuid: "63f0579e8e664e26a0045b2d95444ee3" committed_config { opid_index: -1 OBSOLETE_local: false peers { permanent_uuid: "5f2edc89fa5f45f09b649f2064f3a8d8" member_type: VOTER last_known_addr { host: "127.13.146.193" port: 45871 } health_report { overall_health: UNKNOWN } } peers { permanent_uuid: "05b7dab794ca42e79d0fabcad32b2048" member_type: VOTER last_known_addr { host: "127.13.146.194" port: 35499 } health_report { overall_health: UNKNOWN } } peers { permanent_uuid: "63f0579e8e664e26a0045b2d95444ee3" member_type: VOTER last_known_addr { host: "127.13.146.195" port: 37809 } health_report { overall_health: HEALTHY } } }
I20260709 13:02:45.696128 14531 raft_consensus.cc:1275] T 49e82691927e4a1291073354ed44dce5 P 5f2edc89fa5f45f09b649f2064f3a8d8 [term 3 FOLLOWER]: Refusing update from remote peer 63f0579e8e664e26a0045b2d95444ee3: Log matching property violated. Preceding OpId in replica: term: 2 index: 2. Preceding OpId from leader: term: 3 index: 3. (index mismatch)
I20260709 13:02:45.697526 14835 consensus_queue.cc:1048] T 49e82691927e4a1291073354ed44dce5 P 63f0579e8e664e26a0045b2d95444ee3 [LEADER]: Connected to new peer: Peer: permanent_uuid: "5f2edc89fa5f45f09b649f2064f3a8d8" member_type: VOTER last_known_addr { host: "127.13.146.193" port: 45871 }, Status: LMP_MISMATCH, Last received: 0.0, Next index: 3, Last known committed idx: 2, Time since last communication: 0.000s
I20260709 13:02:45.707540 14607 raft_consensus.cc:1275] T 49e82691927e4a1291073354ed44dce5 P 05b7dab794ca42e79d0fabcad32b2048 [term 3 FOLLOWER]: Refusing update from remote peer 63f0579e8e664e26a0045b2d95444ee3: Log matching property violated. Preceding OpId in replica: term: 2 index: 2. Preceding OpId from leader: term: 3 index: 3. (index mismatch)
I20260709 13:02:45.708997 14835 consensus_queue.cc:1048] T 49e82691927e4a1291073354ed44dce5 P 63f0579e8e664e26a0045b2d95444ee3 [LEADER]: Connected to new peer: Peer: permanent_uuid: "05b7dab794ca42e79d0fabcad32b2048" member_type: VOTER last_known_addr { host: "127.13.146.194" port: 35499 }, Status: LMP_MISMATCH, Last received: 0.0, Next index: 3, Last known committed idx: 2, Time since last communication: 0.000s
I20260709 13:02:45.723942 13899 auto_leader_rebalancer.cc:141] leader rebalance for table test-workload
I20260709 13:02:45.755712 14680 tablet_service.cc:2072] Received LeaderStepDown RPC: tablet_id: "49e82691927e4a1291073354ed44dce5"
dest_uuid: "63f0579e8e664e26a0045b2d95444ee3"
mode: GRACEFUL
new_leader_uuid: "5f2edc89fa5f45f09b649f2064f3a8d8"
 from {username='slave'} at 127.0.0.1:39504
I20260709 13:02:45.756351 14680 raft_consensus.cc:606] T 49e82691927e4a1291073354ed44dce5 P 63f0579e8e664e26a0045b2d95444ee3 [term 3 LEADER]: Received request to transfer leadership to TS 5f2edc89fa5f45f09b649f2064f3a8d8
I20260709 13:02:45.761561 14680 tablet_service.cc:2072] Received LeaderStepDown RPC: tablet_id: "b62b16e2fac64871988b8500e27fe1ed"
dest_uuid: "63f0579e8e664e26a0045b2d95444ee3"
mode: GRACEFUL
new_leader_uuid: "5f2edc89fa5f45f09b649f2064f3a8d8"
 from {username='slave'} at 127.0.0.1:39504
I20260709 13:02:45.762108 14680 raft_consensus.cc:606] T b62b16e2fac64871988b8500e27fe1ed P 63f0579e8e664e26a0045b2d95444ee3 [term 2 LEADER]: Received request to transfer leadership to TS 5f2edc89fa5f45f09b649f2064f3a8d8
I20260709 13:02:45.767426 14607 tablet_service.cc:2072] Received LeaderStepDown RPC: tablet_id: "0624d591b072455aae991895a44f4567"
dest_uuid: "05b7dab794ca42e79d0fabcad32b2048"
mode: GRACEFUL
new_leader_uuid: "5f2edc89fa5f45f09b649f2064f3a8d8"
 from {username='slave'} at 127.0.0.1:35944
I20260709 13:02:45.767957 14607 raft_consensus.cc:606] T 0624d591b072455aae991895a44f4567 P 05b7dab794ca42e79d0fabcad32b2048 [term 2 LEADER]: Received request to transfer leadership to TS 5f2edc89fa5f45f09b649f2064f3a8d8
I20260709 13:02:45.772858 14607 tablet_service.cc:2072] Received LeaderStepDown RPC: tablet_id: "1f4b5c653c4c476eb493fc838a38fc71"
dest_uuid: "05b7dab794ca42e79d0fabcad32b2048"
mode: GRACEFUL
new_leader_uuid: "5f2edc89fa5f45f09b649f2064f3a8d8"
 from {username='slave'} at 127.0.0.1:35944
I20260709 13:02:45.773376 14607 raft_consensus.cc:606] T 1f4b5c653c4c476eb493fc838a38fc71 P 05b7dab794ca42e79d0fabcad32b2048 [term 1 LEADER]: Received request to transfer leadership to TS 5f2edc89fa5f45f09b649f2064f3a8d8
I20260709 13:02:45.778846 14607 tablet_service.cc:2072] Received LeaderStepDown RPC: tablet_id: "aaa0450db0844773bc9f422dc9e84ee7"
dest_uuid: "05b7dab794ca42e79d0fabcad32b2048"
mode: GRACEFUL
new_leader_uuid: "5f2edc89fa5f45f09b649f2064f3a8d8"
 from {username='slave'} at 127.0.0.1:35944
I20260709 13:02:45.779289 14607 raft_consensus.cc:606] T aaa0450db0844773bc9f422dc9e84ee7 P 05b7dab794ca42e79d0fabcad32b2048 [term 2 LEADER]: Received request to transfer leadership to TS 5f2edc89fa5f45f09b649f2064f3a8d8
I20260709 13:02:45.792033 14823 raft_consensus.cc:993] T b62b16e2fac64871988b8500e27fe1ed P 63f0579e8e664e26a0045b2d95444ee3: : Instructing follower 5f2edc89fa5f45f09b649f2064f3a8d8 to start an election
I20260709 13:02:45.792537 14847 raft_consensus.cc:1081] T b62b16e2fac64871988b8500e27fe1ed P 63f0579e8e664e26a0045b2d95444ee3 [term 2 LEADER]: Signalling peer 5f2edc89fa5f45f09b649f2064f3a8d8 to start an election
I20260709 13:02:45.794029 14531 tablet_service.cc:2044] Received Run Leader Election RPC: tablet_id: "b62b16e2fac64871988b8500e27fe1ed"
dest_uuid: "5f2edc89fa5f45f09b649f2064f3a8d8"
 from {username='slave'} at 127.0.0.1:42950
I20260709 13:02:45.794508 14531 raft_consensus.cc:493] T b62b16e2fac64871988b8500e27fe1ed P 5f2edc89fa5f45f09b649f2064f3a8d8 [term 2 FOLLOWER]: Starting forced leader election (received explicit request)
I20260709 13:02:45.794818 14531 raft_consensus.cc:3060] T b62b16e2fac64871988b8500e27fe1ed P 5f2edc89fa5f45f09b649f2064f3a8d8 [term 2 FOLLOWER]: Advancing to term 3
I20260709 13:02:45.799902 14531 raft_consensus.cc:515] T b62b16e2fac64871988b8500e27fe1ed P 5f2edc89fa5f45f09b649f2064f3a8d8 [term 3 FOLLOWER]: Starting forced leader election with config: opid_index: -1 OBSOLETE_local: false peers { permanent_uuid: "5f2edc89fa5f45f09b649f2064f3a8d8" member_type: VOTER last_known_addr { host: "127.13.146.193" port: 45871 } } peers { permanent_uuid: "05b7dab794ca42e79d0fabcad32b2048" member_type: VOTER last_known_addr { host: "127.13.146.194" port: 35499 } } peers { permanent_uuid: "63f0579e8e664e26a0045b2d95444ee3" member_type: VOTER last_known_addr { host: "127.13.146.195" port: 37809 } }
I20260709 13:02:45.801751 14531 leader_election.cc:290] T b62b16e2fac64871988b8500e27fe1ed P 5f2edc89fa5f45f09b649f2064f3a8d8 [CANDIDATE]: Term 3 election: Requested vote from peers 05b7dab794ca42e79d0fabcad32b2048 (127.13.146.194:35499), 63f0579e8e664e26a0045b2d95444ee3 (127.13.146.195:37809)
I20260709 13:02:45.802361 14607 tablet_service.cc:1917] Received RequestConsensusVote() RPC: tablet_id: "b62b16e2fac64871988b8500e27fe1ed" candidate_uuid: "5f2edc89fa5f45f09b649f2064f3a8d8" candidate_term: 3 candidate_status { last_received { term: 2 index: 2 } } ignore_live_leader: true dest_uuid: "05b7dab794ca42e79d0fabcad32b2048"
I20260709 13:02:45.802726 14680 tablet_service.cc:1917] Received RequestConsensusVote() RPC: tablet_id: "b62b16e2fac64871988b8500e27fe1ed" candidate_uuid: "5f2edc89fa5f45f09b649f2064f3a8d8" candidate_term: 3 candidate_status { last_received { term: 2 index: 2 } } ignore_live_leader: true dest_uuid: "63f0579e8e664e26a0045b2d95444ee3"
I20260709 13:02:45.802906 14607 raft_consensus.cc:3060] T b62b16e2fac64871988b8500e27fe1ed P 05b7dab794ca42e79d0fabcad32b2048 [term 2 FOLLOWER]: Advancing to term 3
I20260709 13:02:45.803361 14680 raft_consensus.cc:3055] T b62b16e2fac64871988b8500e27fe1ed P 63f0579e8e664e26a0045b2d95444ee3 [term 2 LEADER]: Stepping down as leader of term 2
I20260709 13:02:45.803656 14680 raft_consensus.cc:740] T b62b16e2fac64871988b8500e27fe1ed P 63f0579e8e664e26a0045b2d95444ee3 [term 2 LEADER]: Becoming Follower/Learner. State: Replica: 63f0579e8e664e26a0045b2d95444ee3, State: Running, Role: LEADER
I20260709 13:02:45.804240 14680 consensus_queue.cc:260] T b62b16e2fac64871988b8500e27fe1ed P 63f0579e8e664e26a0045b2d95444ee3 [NON_LEADER]: Queue going to NON_LEADER mode. State: All replicated index: 0, Majority replicated index: 2, Committed index: 2, Last appended: 2.2, Last appended by leader: 2, Current term: 2, Majority size: -1, State: 0, Mode: NON_LEADER, active raft config: opid_index: -1 OBSOLETE_local: false peers { permanent_uuid: "5f2edc89fa5f45f09b649f2064f3a8d8" member_type: VOTER last_known_addr { host: "127.13.146.193" port: 45871 } } peers { permanent_uuid: "05b7dab794ca42e79d0fabcad32b2048" member_type: VOTER last_known_addr { host: "127.13.146.194" port: 35499 } } peers { permanent_uuid: "63f0579e8e664e26a0045b2d95444ee3" member_type: VOTER last_known_addr { host: "127.13.146.195" port: 37809 } }
I20260709 13:02:45.805168 14680 raft_consensus.cc:3060] T b62b16e2fac64871988b8500e27fe1ed P 63f0579e8e664e26a0045b2d95444ee3 [term 2 FOLLOWER]: Advancing to term 3
I20260709 13:02:45.807497 14607 raft_consensus.cc:2468] T b62b16e2fac64871988b8500e27fe1ed P 05b7dab794ca42e79d0fabcad32b2048 [term 3 FOLLOWER]: Leader election vote request: Granting yes vote for candidate 5f2edc89fa5f45f09b649f2064f3a8d8 in term 3.
I20260709 13:02:45.808769 14497 leader_election.cc:304] T b62b16e2fac64871988b8500e27fe1ed P 5f2edc89fa5f45f09b649f2064f3a8d8 [CANDIDATE]: Term 3 election: Election decided. Result: candidate won. Election summary: received 2 responses out of 3 voters: 2 yes votes; 0 no votes. yes voters: 05b7dab794ca42e79d0fabcad32b2048, 5f2edc89fa5f45f09b649f2064f3a8d8; no voters: 
I20260709 13:02:45.809580 14760 raft_consensus.cc:2804] T b62b16e2fac64871988b8500e27fe1ed P 5f2edc89fa5f45f09b649f2064f3a8d8 [term 3 FOLLOWER]: Leader election won for term 3
I20260709 13:02:45.810216 14680 raft_consensus.cc:2468] T b62b16e2fac64871988b8500e27fe1ed P 63f0579e8e664e26a0045b2d95444ee3 [term 3 FOLLOWER]: Leader election vote request: Granting yes vote for candidate 5f2edc89fa5f45f09b649f2064f3a8d8 in term 3.
I20260709 13:02:45.812176 14760 raft_consensus.cc:697] T b62b16e2fac64871988b8500e27fe1ed P 5f2edc89fa5f45f09b649f2064f3a8d8 [term 3 LEADER]: Becoming Leader. State: Replica: 5f2edc89fa5f45f09b649f2064f3a8d8, State: Running, Role: LEADER
I20260709 13:02:45.812963 14760 consensus_queue.cc:237] T b62b16e2fac64871988b8500e27fe1ed P 5f2edc89fa5f45f09b649f2064f3a8d8 [LEADER]: Queue going to LEADER mode. State: All replicated index: 0, Majority replicated index: 2, Committed index: 2, Last appended: 2.2, Last appended by leader: 2, Current term: 3, Majority size: 2, State: 0, Mode: LEADER, active raft config: opid_index: -1 OBSOLETE_local: false peers { permanent_uuid: "5f2edc89fa5f45f09b649f2064f3a8d8" member_type: VOTER last_known_addr { host: "127.13.146.193" port: 45871 } } peers { permanent_uuid: "05b7dab794ca42e79d0fabcad32b2048" member_type: VOTER last_known_addr { host: "127.13.146.194" port: 35499 } } peers { permanent_uuid: "63f0579e8e664e26a0045b2d95444ee3" member_type: VOTER last_known_addr { host: "127.13.146.195" port: 37809 } }
I20260709 13:02:45.819002 14429 catalog_manager.cc:5697] T b62b16e2fac64871988b8500e27fe1ed P 5f2edc89fa5f45f09b649f2064f3a8d8 reported cstate change: term changed from 2 to 3, leader changed from 63f0579e8e664e26a0045b2d95444ee3 (127.13.146.195) to 5f2edc89fa5f45f09b649f2064f3a8d8 (127.13.146.193). New cstate: current_term: 3 leader_uuid: "5f2edc89fa5f45f09b649f2064f3a8d8" committed_config { opid_index: -1 OBSOLETE_local: false peers { permanent_uuid: "5f2edc89fa5f45f09b649f2064f3a8d8" member_type: VOTER last_known_addr { host: "127.13.146.193" port: 45871 } health_report { overall_health: HEALTHY } } peers { permanent_uuid: "05b7dab794ca42e79d0fabcad32b2048" member_type: VOTER last_known_addr { host: "127.13.146.194" port: 35499 } health_report { overall_health: UNKNOWN } } peers { permanent_uuid: "63f0579e8e664e26a0045b2d95444ee3" member_type: VOTER last_known_addr { host: "127.13.146.195" port: 37809 } health_report { overall_health: UNKNOWN } } }
I20260709 13:02:45.824208 14754 raft_consensus.cc:993] T 0624d591b072455aae991895a44f4567 P 05b7dab794ca42e79d0fabcad32b2048: : Instructing follower 5f2edc89fa5f45f09b649f2064f3a8d8 to start an election
I20260709 13:02:45.825878 14850 raft_consensus.cc:1081] T 0624d591b072455aae991895a44f4567 P 05b7dab794ca42e79d0fabcad32b2048 [term 2 LEADER]: Signalling peer 5f2edc89fa5f45f09b649f2064f3a8d8 to start an election
I20260709 13:02:45.827754 14531 tablet_service.cc:2044] Received Run Leader Election RPC: tablet_id: "0624d591b072455aae991895a44f4567"
dest_uuid: "5f2edc89fa5f45f09b649f2064f3a8d8"
 from {username='slave'} at 127.0.0.1:42934
I20260709 13:02:45.828627 14531 raft_consensus.cc:493] T 0624d591b072455aae991895a44f4567 P 5f2edc89fa5f45f09b649f2064f3a8d8 [term 2 FOLLOWER]: Starting forced leader election (received explicit request)
I20260709 13:02:45.829156 14531 raft_consensus.cc:3060] T 0624d591b072455aae991895a44f4567 P 5f2edc89fa5f45f09b649f2064f3a8d8 [term 2 FOLLOWER]: Advancing to term 3
I20260709 13:02:45.834923 14531 raft_consensus.cc:515] T 0624d591b072455aae991895a44f4567 P 5f2edc89fa5f45f09b649f2064f3a8d8 [term 3 FOLLOWER]: Starting forced leader election with config: opid_index: -1 OBSOLETE_local: false peers { permanent_uuid: "5f2edc89fa5f45f09b649f2064f3a8d8" member_type: VOTER last_known_addr { host: "127.13.146.193" port: 45871 } } peers { permanent_uuid: "05b7dab794ca42e79d0fabcad32b2048" member_type: VOTER last_known_addr { host: "127.13.146.194" port: 35499 } } peers { permanent_uuid: "63f0579e8e664e26a0045b2d95444ee3" member_type: VOTER last_known_addr { host: "127.13.146.195" port: 37809 } }
I20260709 13:02:45.836508 14531 leader_election.cc:290] T 0624d591b072455aae991895a44f4567 P 5f2edc89fa5f45f09b649f2064f3a8d8 [CANDIDATE]: Term 3 election: Requested vote from peers 05b7dab794ca42e79d0fabcad32b2048 (127.13.146.194:35499), 63f0579e8e664e26a0045b2d95444ee3 (127.13.146.195:37809)
I20260709 13:02:45.837698 14607 tablet_service.cc:1917] Received RequestConsensusVote() RPC: tablet_id: "0624d591b072455aae991895a44f4567" candidate_uuid: "5f2edc89fa5f45f09b649f2064f3a8d8" candidate_term: 3 candidate_status { last_received { term: 2 index: 2 } } ignore_live_leader: true dest_uuid: "05b7dab794ca42e79d0fabcad32b2048"
I20260709 13:02:45.837699 14679 tablet_service.cc:1917] Received RequestConsensusVote() RPC: tablet_id: "0624d591b072455aae991895a44f4567" candidate_uuid: "5f2edc89fa5f45f09b649f2064f3a8d8" candidate_term: 3 candidate_status { last_received { term: 2 index: 2 } } ignore_live_leader: true dest_uuid: "63f0579e8e664e26a0045b2d95444ee3"
I20260709 13:02:45.838276 14607 raft_consensus.cc:3055] T 0624d591b072455aae991895a44f4567 P 05b7dab794ca42e79d0fabcad32b2048 [term 2 LEADER]: Stepping down as leader of term 2
I20260709 13:02:45.838326 14679 raft_consensus.cc:3060] T 0624d591b072455aae991895a44f4567 P 63f0579e8e664e26a0045b2d95444ee3 [term 2 FOLLOWER]: Advancing to term 3
I20260709 13:02:45.838548 14607 raft_consensus.cc:740] T 0624d591b072455aae991895a44f4567 P 05b7dab794ca42e79d0fabcad32b2048 [term 2 LEADER]: Becoming Follower/Learner. State: Replica: 05b7dab794ca42e79d0fabcad32b2048, State: Running, Role: LEADER
I20260709 13:02:45.839231 14607 consensus_queue.cc:260] T 0624d591b072455aae991895a44f4567 P 05b7dab794ca42e79d0fabcad32b2048 [NON_LEADER]: Queue going to NON_LEADER mode. State: All replicated index: 0, Majority replicated index: 2, Committed index: 2, Last appended: 2.2, Last appended by leader: 2, Current term: 2, Majority size: -1, State: 0, Mode: NON_LEADER, active raft config: opid_index: -1 OBSOLETE_local: false peers { permanent_uuid: "5f2edc89fa5f45f09b649f2064f3a8d8" member_type: VOTER last_known_addr { host: "127.13.146.193" port: 45871 } } peers { permanent_uuid: "05b7dab794ca42e79d0fabcad32b2048" member_type: VOTER last_known_addr { host: "127.13.146.194" port: 35499 } } peers { permanent_uuid: "63f0579e8e664e26a0045b2d95444ee3" member_type: VOTER last_known_addr { host: "127.13.146.195" port: 37809 } }
I20260709 13:02:45.840061 14607 raft_consensus.cc:3060] T 0624d591b072455aae991895a44f4567 P 05b7dab794ca42e79d0fabcad32b2048 [term 2 FOLLOWER]: Advancing to term 3
I20260709 13:02:45.843300 14679 raft_consensus.cc:2468] T 0624d591b072455aae991895a44f4567 P 63f0579e8e664e26a0045b2d95444ee3 [term 3 FOLLOWER]: Leader election vote request: Granting yes vote for candidate 5f2edc89fa5f45f09b649f2064f3a8d8 in term 3.
I20260709 13:02:45.844022 14607 raft_consensus.cc:2468] T 0624d591b072455aae991895a44f4567 P 05b7dab794ca42e79d0fabcad32b2048 [term 3 FOLLOWER]: Leader election vote request: Granting yes vote for candidate 5f2edc89fa5f45f09b649f2064f3a8d8 in term 3.
I20260709 13:02:45.844393 14497 leader_election.cc:304] T 0624d591b072455aae991895a44f4567 P 5f2edc89fa5f45f09b649f2064f3a8d8 [CANDIDATE]: Term 3 election: Election decided. Result: candidate won. Election summary: received 2 responses out of 3 voters: 2 yes votes; 0 no votes. yes voters: 5f2edc89fa5f45f09b649f2064f3a8d8, 63f0579e8e664e26a0045b2d95444ee3; no voters: 
I20260709 13:02:45.845150 14760 raft_consensus.cc:2804] T 0624d591b072455aae991895a44f4567 P 5f2edc89fa5f45f09b649f2064f3a8d8 [term 3 FOLLOWER]: Leader election won for term 3
I20260709 13:02:45.845571 14760 raft_consensus.cc:697] T 0624d591b072455aae991895a44f4567 P 5f2edc89fa5f45f09b649f2064f3a8d8 [term 3 LEADER]: Becoming Leader. State: Replica: 5f2edc89fa5f45f09b649f2064f3a8d8, State: Running, Role: LEADER
I20260709 13:02:45.846179 14760 consensus_queue.cc:237] T 0624d591b072455aae991895a44f4567 P 5f2edc89fa5f45f09b649f2064f3a8d8 [LEADER]: Queue going to LEADER mode. State: All replicated index: 0, Majority replicated index: 2, Committed index: 2, Last appended: 2.2, Last appended by leader: 2, Current term: 3, Majority size: 2, State: 0, Mode: LEADER, active raft config: opid_index: -1 OBSOLETE_local: false peers { permanent_uuid: "5f2edc89fa5f45f09b649f2064f3a8d8" member_type: VOTER last_known_addr { host: "127.13.146.193" port: 45871 } } peers { permanent_uuid: "05b7dab794ca42e79d0fabcad32b2048" member_type: VOTER last_known_addr { host: "127.13.146.194" port: 35499 } } peers { permanent_uuid: "63f0579e8e664e26a0045b2d95444ee3" member_type: VOTER last_known_addr { host: "127.13.146.195" port: 37809 } }
I20260709 13:02:45.853081 14429 catalog_manager.cc:5697] T 0624d591b072455aae991895a44f4567 P 5f2edc89fa5f45f09b649f2064f3a8d8 reported cstate change: term changed from 2 to 3, leader changed from 05b7dab794ca42e79d0fabcad32b2048 (127.13.146.194) to 5f2edc89fa5f45f09b649f2064f3a8d8 (127.13.146.193). New cstate: current_term: 3 leader_uuid: "5f2edc89fa5f45f09b649f2064f3a8d8" committed_config { opid_index: -1 OBSOLETE_local: false peers { permanent_uuid: "5f2edc89fa5f45f09b649f2064f3a8d8" member_type: VOTER last_known_addr { host: "127.13.146.193" port: 45871 } health_report { overall_health: HEALTHY } } peers { permanent_uuid: "05b7dab794ca42e79d0fabcad32b2048" member_type: VOTER last_known_addr { host: "127.13.146.194" port: 35499 } health_report { overall_health: UNKNOWN } } peers { permanent_uuid: "63f0579e8e664e26a0045b2d95444ee3" member_type: VOTER last_known_addr { host: "127.13.146.195" port: 37809 } health_report { overall_health: UNKNOWN } } }
I20260709 13:02:45.923161 14850 raft_consensus.cc:993] T aaa0450db0844773bc9f422dc9e84ee7 P 05b7dab794ca42e79d0fabcad32b2048: : Instructing follower 5f2edc89fa5f45f09b649f2064f3a8d8 to start an election
I20260709 13:02:45.923601 14850 raft_consensus.cc:1081] T aaa0450db0844773bc9f422dc9e84ee7 P 05b7dab794ca42e79d0fabcad32b2048 [term 2 LEADER]: Signalling peer 5f2edc89fa5f45f09b649f2064f3a8d8 to start an election
I20260709 13:02:45.925087 14531 tablet_service.cc:2044] Received Run Leader Election RPC: tablet_id: "aaa0450db0844773bc9f422dc9e84ee7"
dest_uuid: "5f2edc89fa5f45f09b649f2064f3a8d8"
 from {username='slave'} at 127.0.0.1:42934
I20260709 13:02:45.925518 14531 raft_consensus.cc:493] T aaa0450db0844773bc9f422dc9e84ee7 P 5f2edc89fa5f45f09b649f2064f3a8d8 [term 2 FOLLOWER]: Starting forced leader election (received explicit request)
I20260709 13:02:45.925750 14531 raft_consensus.cc:3060] T aaa0450db0844773bc9f422dc9e84ee7 P 5f2edc89fa5f45f09b649f2064f3a8d8 [term 2 FOLLOWER]: Advancing to term 3
I20260709 13:02:45.929639 14531 raft_consensus.cc:515] T aaa0450db0844773bc9f422dc9e84ee7 P 5f2edc89fa5f45f09b649f2064f3a8d8 [term 3 FOLLOWER]: Starting forced leader election with config: opid_index: -1 OBSOLETE_local: false peers { permanent_uuid: "5f2edc89fa5f45f09b649f2064f3a8d8" member_type: VOTER last_known_addr { host: "127.13.146.193" port: 45871 } } peers { permanent_uuid: "05b7dab794ca42e79d0fabcad32b2048" member_type: VOTER last_known_addr { host: "127.13.146.194" port: 35499 } } peers { permanent_uuid: "63f0579e8e664e26a0045b2d95444ee3" member_type: VOTER last_known_addr { host: "127.13.146.195" port: 37809 } }
I20260709 13:02:45.931118 14531 leader_election.cc:290] T aaa0450db0844773bc9f422dc9e84ee7 P 5f2edc89fa5f45f09b649f2064f3a8d8 [CANDIDATE]: Term 3 election: Requested vote from peers 05b7dab794ca42e79d0fabcad32b2048 (127.13.146.194:35499), 63f0579e8e664e26a0045b2d95444ee3 (127.13.146.195:37809)
I20260709 13:02:45.932272 14607 tablet_service.cc:1917] Received RequestConsensusVote() RPC: tablet_id: "aaa0450db0844773bc9f422dc9e84ee7" candidate_uuid: "5f2edc89fa5f45f09b649f2064f3a8d8" candidate_term: 3 candidate_status { last_received { term: 2 index: 2 } } ignore_live_leader: true dest_uuid: "05b7dab794ca42e79d0fabcad32b2048"
I20260709 13:02:45.932428 14679 tablet_service.cc:1917] Received RequestConsensusVote() RPC: tablet_id: "aaa0450db0844773bc9f422dc9e84ee7" candidate_uuid: "5f2edc89fa5f45f09b649f2064f3a8d8" candidate_term: 3 candidate_status { last_received { term: 2 index: 2 } } ignore_live_leader: true dest_uuid: "63f0579e8e664e26a0045b2d95444ee3"
I20260709 13:02:45.932771 14607 raft_consensus.cc:3055] T aaa0450db0844773bc9f422dc9e84ee7 P 05b7dab794ca42e79d0fabcad32b2048 [term 2 LEADER]: Stepping down as leader of term 2
I20260709 13:02:45.933051 14679 raft_consensus.cc:3060] T aaa0450db0844773bc9f422dc9e84ee7 P 63f0579e8e664e26a0045b2d95444ee3 [term 2 FOLLOWER]: Advancing to term 3
I20260709 13:02:45.933118 14607 raft_consensus.cc:740] T aaa0450db0844773bc9f422dc9e84ee7 P 05b7dab794ca42e79d0fabcad32b2048 [term 2 LEADER]: Becoming Follower/Learner. State: Replica: 05b7dab794ca42e79d0fabcad32b2048, State: Running, Role: LEADER
I20260709 13:02:45.934041 14607 consensus_queue.cc:260] T aaa0450db0844773bc9f422dc9e84ee7 P 05b7dab794ca42e79d0fabcad32b2048 [NON_LEADER]: Queue going to NON_LEADER mode. State: All replicated index: 0, Majority replicated index: 2, Committed index: 2, Last appended: 2.2, Last appended by leader: 2, Current term: 2, Majority size: -1, State: 0, Mode: NON_LEADER, active raft config: opid_index: -1 OBSOLETE_local: false peers { permanent_uuid: "5f2edc89fa5f45f09b649f2064f3a8d8" member_type: VOTER last_known_addr { host: "127.13.146.193" port: 45871 } } peers { permanent_uuid: "05b7dab794ca42e79d0fabcad32b2048" member_type: VOTER last_known_addr { host: "127.13.146.194" port: 35499 } } peers { permanent_uuid: "63f0579e8e664e26a0045b2d95444ee3" member_type: VOTER last_known_addr { host: "127.13.146.195" port: 37809 } }
I20260709 13:02:45.935074 14607 raft_consensus.cc:3060] T aaa0450db0844773bc9f422dc9e84ee7 P 05b7dab794ca42e79d0fabcad32b2048 [term 2 FOLLOWER]: Advancing to term 3
I20260709 13:02:45.938391 14679 raft_consensus.cc:2468] T aaa0450db0844773bc9f422dc9e84ee7 P 63f0579e8e664e26a0045b2d95444ee3 [term 3 FOLLOWER]: Leader election vote request: Granting yes vote for candidate 5f2edc89fa5f45f09b649f2064f3a8d8 in term 3.
I20260709 13:02:45.939319 14607 raft_consensus.cc:2468] T aaa0450db0844773bc9f422dc9e84ee7 P 05b7dab794ca42e79d0fabcad32b2048 [term 3 FOLLOWER]: Leader election vote request: Granting yes vote for candidate 5f2edc89fa5f45f09b649f2064f3a8d8 in term 3.
I20260709 13:02:45.939405 14497 leader_election.cc:304] T aaa0450db0844773bc9f422dc9e84ee7 P 5f2edc89fa5f45f09b649f2064f3a8d8 [CANDIDATE]: Term 3 election: Election decided. Result: candidate won. Election summary: received 2 responses out of 3 voters: 2 yes votes; 0 no votes. yes voters: 5f2edc89fa5f45f09b649f2064f3a8d8, 63f0579e8e664e26a0045b2d95444ee3; no voters: 
I20260709 13:02:45.940199 14760 raft_consensus.cc:2804] T aaa0450db0844773bc9f422dc9e84ee7 P 5f2edc89fa5f45f09b649f2064f3a8d8 [term 3 FOLLOWER]: Leader election won for term 3
I20260709 13:02:45.940694 14760 raft_consensus.cc:697] T aaa0450db0844773bc9f422dc9e84ee7 P 5f2edc89fa5f45f09b649f2064f3a8d8 [term 3 LEADER]: Becoming Leader. State: Replica: 5f2edc89fa5f45f09b649f2064f3a8d8, State: Running, Role: LEADER
I20260709 13:02:45.941325 14760 consensus_queue.cc:237] T aaa0450db0844773bc9f422dc9e84ee7 P 5f2edc89fa5f45f09b649f2064f3a8d8 [LEADER]: Queue going to LEADER mode. State: All replicated index: 0, Majority replicated index: 2, Committed index: 2, Last appended: 2.2, Last appended by leader: 2, Current term: 3, Majority size: 2, State: 0, Mode: LEADER, active raft config: opid_index: -1 OBSOLETE_local: false peers { permanent_uuid: "5f2edc89fa5f45f09b649f2064f3a8d8" member_type: VOTER last_known_addr { host: "127.13.146.193" port: 45871 } } peers { permanent_uuid: "05b7dab794ca42e79d0fabcad32b2048" member_type: VOTER last_known_addr { host: "127.13.146.194" port: 35499 } } peers { permanent_uuid: "63f0579e8e664e26a0045b2d95444ee3" member_type: VOTER last_known_addr { host: "127.13.146.195" port: 37809 } }
I20260709 13:02:45.948735 14429 catalog_manager.cc:5697] T aaa0450db0844773bc9f422dc9e84ee7 P 5f2edc89fa5f45f09b649f2064f3a8d8 reported cstate change: term changed from 2 to 3, leader changed from 05b7dab794ca42e79d0fabcad32b2048 (127.13.146.194) to 5f2edc89fa5f45f09b649f2064f3a8d8 (127.13.146.193). New cstate: current_term: 3 leader_uuid: "5f2edc89fa5f45f09b649f2064f3a8d8" committed_config { opid_index: -1 OBSOLETE_local: false peers { permanent_uuid: "5f2edc89fa5f45f09b649f2064f3a8d8" member_type: VOTER last_known_addr { host: "127.13.146.193" port: 45871 } health_report { overall_health: HEALTHY } } peers { permanent_uuid: "05b7dab794ca42e79d0fabcad32b2048" member_type: VOTER last_known_addr { host: "127.13.146.194" port: 35499 } health_report { overall_health: UNKNOWN } } peers { permanent_uuid: "63f0579e8e664e26a0045b2d95444ee3" member_type: VOTER last_known_addr { host: "127.13.146.195" port: 37809 } health_report { overall_health: UNKNOWN } } }
I20260709 13:02:46.154172 14754 raft_consensus.cc:993] T 1f4b5c653c4c476eb493fc838a38fc71 P 05b7dab794ca42e79d0fabcad32b2048: : Instructing follower 5f2edc89fa5f45f09b649f2064f3a8d8 to start an election
I20260709 13:02:46.154577 14850 raft_consensus.cc:1081] T 1f4b5c653c4c476eb493fc838a38fc71 P 05b7dab794ca42e79d0fabcad32b2048 [term 1 LEADER]: Signalling peer 5f2edc89fa5f45f09b649f2064f3a8d8 to start an election
I20260709 13:02:46.156075 14531 tablet_service.cc:2044] Received Run Leader Election RPC: tablet_id: "1f4b5c653c4c476eb493fc838a38fc71"
dest_uuid: "5f2edc89fa5f45f09b649f2064f3a8d8"
 from {username='slave'} at 127.0.0.1:42934
I20260709 13:02:46.156586 14531 raft_consensus.cc:493] T 1f4b5c653c4c476eb493fc838a38fc71 P 5f2edc89fa5f45f09b649f2064f3a8d8 [term 1 FOLLOWER]: Starting forced leader election (received explicit request)
I20260709 13:02:46.156966 14531 raft_consensus.cc:3060] T 1f4b5c653c4c476eb493fc838a38fc71 P 5f2edc89fa5f45f09b649f2064f3a8d8 [term 1 FOLLOWER]: Advancing to term 2
I20260709 13:02:46.160845 14531 raft_consensus.cc:515] T 1f4b5c653c4c476eb493fc838a38fc71 P 5f2edc89fa5f45f09b649f2064f3a8d8 [term 2 FOLLOWER]: Starting forced leader election with config: opid_index: -1 OBSOLETE_local: false peers { permanent_uuid: "5f2edc89fa5f45f09b649f2064f3a8d8" member_type: VOTER last_known_addr { host: "127.13.146.193" port: 45871 } } peers { permanent_uuid: "05b7dab794ca42e79d0fabcad32b2048" member_type: VOTER last_known_addr { host: "127.13.146.194" port: 35499 } } peers { permanent_uuid: "63f0579e8e664e26a0045b2d95444ee3" member_type: VOTER last_known_addr { host: "127.13.146.195" port: 37809 } }
I20260709 13:02:46.162519 14531 leader_election.cc:290] T 1f4b5c653c4c476eb493fc838a38fc71 P 5f2edc89fa5f45f09b649f2064f3a8d8 [CANDIDATE]: Term 2 election: Requested vote from peers 05b7dab794ca42e79d0fabcad32b2048 (127.13.146.194:35499), 63f0579e8e664e26a0045b2d95444ee3 (127.13.146.195:37809)
I20260709 13:02:46.163707 14679 tablet_service.cc:1917] Received RequestConsensusVote() RPC: tablet_id: "1f4b5c653c4c476eb493fc838a38fc71" candidate_uuid: "5f2edc89fa5f45f09b649f2064f3a8d8" candidate_term: 2 candidate_status { last_received { term: 1 index: 1 } } ignore_live_leader: true dest_uuid: "63f0579e8e664e26a0045b2d95444ee3"
I20260709 13:02:46.163771 14607 tablet_service.cc:1917] Received RequestConsensusVote() RPC: tablet_id: "1f4b5c653c4c476eb493fc838a38fc71" candidate_uuid: "5f2edc89fa5f45f09b649f2064f3a8d8" candidate_term: 2 candidate_status { last_received { term: 1 index: 1 } } ignore_live_leader: true dest_uuid: "05b7dab794ca42e79d0fabcad32b2048"
I20260709 13:02:46.164305 14679 raft_consensus.cc:3060] T 1f4b5c653c4c476eb493fc838a38fc71 P 63f0579e8e664e26a0045b2d95444ee3 [term 1 FOLLOWER]: Advancing to term 2
I20260709 13:02:46.164439 14607 raft_consensus.cc:3055] T 1f4b5c653c4c476eb493fc838a38fc71 P 05b7dab794ca42e79d0fabcad32b2048 [term 1 LEADER]: Stepping down as leader of term 1
I20260709 13:02:46.164868 14607 raft_consensus.cc:740] T 1f4b5c653c4c476eb493fc838a38fc71 P 05b7dab794ca42e79d0fabcad32b2048 [term 1 LEADER]: Becoming Follower/Learner. State: Replica: 05b7dab794ca42e79d0fabcad32b2048, State: Running, Role: LEADER
I20260709 13:02:46.165508 14607 consensus_queue.cc:260] T 1f4b5c653c4c476eb493fc838a38fc71 P 05b7dab794ca42e79d0fabcad32b2048 [NON_LEADER]: Queue going to NON_LEADER mode. State: All replicated index: 0, Majority replicated index: 1, Committed index: 1, Last appended: 1.1, Last appended by leader: 1, Current term: 1, Majority size: -1, State: 0, Mode: NON_LEADER, active raft config: opid_index: -1 OBSOLETE_local: false peers { permanent_uuid: "5f2edc89fa5f45f09b649f2064f3a8d8" member_type: VOTER last_known_addr { host: "127.13.146.193" port: 45871 } } peers { permanent_uuid: "05b7dab794ca42e79d0fabcad32b2048" member_type: VOTER last_known_addr { host: "127.13.146.194" port: 35499 } } peers { permanent_uuid: "63f0579e8e664e26a0045b2d95444ee3" member_type: VOTER last_known_addr { host: "127.13.146.195" port: 37809 } }
I20260709 13:02:46.166471 14607 raft_consensus.cc:3060] T 1f4b5c653c4c476eb493fc838a38fc71 P 05b7dab794ca42e79d0fabcad32b2048 [term 1 FOLLOWER]: Advancing to term 2
I20260709 13:02:46.169539 14679 raft_consensus.cc:2468] T 1f4b5c653c4c476eb493fc838a38fc71 P 63f0579e8e664e26a0045b2d95444ee3 [term 2 FOLLOWER]: Leader election vote request: Granting yes vote for candidate 5f2edc89fa5f45f09b649f2064f3a8d8 in term 2.
I20260709 13:02:46.170583 14607 raft_consensus.cc:2468] T 1f4b5c653c4c476eb493fc838a38fc71 P 05b7dab794ca42e79d0fabcad32b2048 [term 2 FOLLOWER]: Leader election vote request: Granting yes vote for candidate 5f2edc89fa5f45f09b649f2064f3a8d8 in term 2.
I20260709 13:02:46.170604 14497 leader_election.cc:304] T 1f4b5c653c4c476eb493fc838a38fc71 P 5f2edc89fa5f45f09b649f2064f3a8d8 [CANDIDATE]: Term 2 election: Election decided. Result: candidate won. Election summary: received 2 responses out of 3 voters: 2 yes votes; 0 no votes. yes voters: 5f2edc89fa5f45f09b649f2064f3a8d8, 63f0579e8e664e26a0045b2d95444ee3; no voters: 
I20260709 13:02:46.171501 14760 raft_consensus.cc:2804] T 1f4b5c653c4c476eb493fc838a38fc71 P 5f2edc89fa5f45f09b649f2064f3a8d8 [term 2 FOLLOWER]: Leader election won for term 2
I20260709 13:02:46.172009 14760 raft_consensus.cc:697] T 1f4b5c653c4c476eb493fc838a38fc71 P 5f2edc89fa5f45f09b649f2064f3a8d8 [term 2 LEADER]: Becoming Leader. State: Replica: 5f2edc89fa5f45f09b649f2064f3a8d8, State: Running, Role: LEADER
I20260709 13:02:46.172991 14760 consensus_queue.cc:237] T 1f4b5c653c4c476eb493fc838a38fc71 P 5f2edc89fa5f45f09b649f2064f3a8d8 [LEADER]: Queue going to LEADER mode. State: All replicated index: 0, Majority replicated index: 1, Committed index: 1, Last appended: 1.1, Last appended by leader: 1, Current term: 2, Majority size: 2, State: 0, Mode: LEADER, active raft config: opid_index: -1 OBSOLETE_local: false peers { permanent_uuid: "5f2edc89fa5f45f09b649f2064f3a8d8" member_type: VOTER last_known_addr { host: "127.13.146.193" port: 45871 } } peers { permanent_uuid: "05b7dab794ca42e79d0fabcad32b2048" member_type: VOTER last_known_addr { host: "127.13.146.194" port: 35499 } } peers { permanent_uuid: "63f0579e8e664e26a0045b2d95444ee3" member_type: VOTER last_known_addr { host: "127.13.146.195" port: 37809 } }
I20260709 13:02:46.179428 14429 catalog_manager.cc:5697] T 1f4b5c653c4c476eb493fc838a38fc71 P 5f2edc89fa5f45f09b649f2064f3a8d8 reported cstate change: term changed from 1 to 2, leader changed from 05b7dab794ca42e79d0fabcad32b2048 (127.13.146.194) to 5f2edc89fa5f45f09b649f2064f3a8d8 (127.13.146.193). New cstate: current_term: 2 leader_uuid: "5f2edc89fa5f45f09b649f2064f3a8d8" committed_config { opid_index: -1 OBSOLETE_local: false peers { permanent_uuid: "5f2edc89fa5f45f09b649f2064f3a8d8" member_type: VOTER last_known_addr { host: "127.13.146.193" port: 45871 } health_report { overall_health: HEALTHY } } peers { permanent_uuid: "05b7dab794ca42e79d0fabcad32b2048" member_type: VOTER last_known_addr { host: "127.13.146.194" port: 35499 } health_report { overall_health: UNKNOWN } } peers { permanent_uuid: "63f0579e8e664e26a0045b2d95444ee3" member_type: VOTER last_known_addr { host: "127.13.146.195" port: 37809 } health_report { overall_health: UNKNOWN } } }
I20260709 13:02:46.228724 14607 raft_consensus.cc:1275] T 0624d591b072455aae991895a44f4567 P 05b7dab794ca42e79d0fabcad32b2048 [term 3 FOLLOWER]: Refusing update from remote peer 5f2edc89fa5f45f09b649f2064f3a8d8: Log matching property violated. Preceding OpId in replica: term: 2 index: 2. Preceding OpId from leader: term: 3 index: 3. (index mismatch)
I20260709 13:02:46.230387 14760 consensus_queue.cc:1048] T 0624d591b072455aae991895a44f4567 P 5f2edc89fa5f45f09b649f2064f3a8d8 [LEADER]: Connected to new peer: Peer: permanent_uuid: "05b7dab794ca42e79d0fabcad32b2048" member_type: VOTER last_known_addr { host: "127.13.146.194" port: 35499 }, Status: LMP_MISMATCH, Last received: 0.0, Next index: 3, Last known committed idx: 2, Time since last communication: 0.000s
I20260709 13:02:46.231046 14679 raft_consensus.cc:1275] T 0624d591b072455aae991895a44f4567 P 63f0579e8e664e26a0045b2d95444ee3 [term 3 FOLLOWER]: Refusing update from remote peer 5f2edc89fa5f45f09b649f2064f3a8d8: Log matching property violated. Preceding OpId in replica: term: 2 index: 2. Preceding OpId from leader: term: 3 index: 3. (index mismatch)
I20260709 13:02:46.232479 14760 consensus_queue.cc:1048] T 0624d591b072455aae991895a44f4567 P 5f2edc89fa5f45f09b649f2064f3a8d8 [LEADER]: Connected to new peer: Peer: permanent_uuid: "63f0579e8e664e26a0045b2d95444ee3" member_type: VOTER last_known_addr { host: "127.13.146.195" port: 37809 }, Status: LMP_MISMATCH, Last received: 0.0, Next index: 3, Last known committed idx: 2, Time since last communication: 0.000s
I20260709 13:02:46.323729 14607 raft_consensus.cc:1275] T b62b16e2fac64871988b8500e27fe1ed P 05b7dab794ca42e79d0fabcad32b2048 [term 3 FOLLOWER]: Refusing update from remote peer 5f2edc89fa5f45f09b649f2064f3a8d8: Log matching property violated. Preceding OpId in replica: term: 2 index: 2. Preceding OpId from leader: term: 3 index: 3. (index mismatch)
I20260709 13:02:46.324304 14823 raft_consensus.cc:993] T 49e82691927e4a1291073354ed44dce5 P 63f0579e8e664e26a0045b2d95444ee3: : Instructing follower 5f2edc89fa5f45f09b649f2064f3a8d8 to start an election
I20260709 13:02:46.324817 14835 raft_consensus.cc:1081] T 49e82691927e4a1291073354ed44dce5 P 63f0579e8e664e26a0045b2d95444ee3 [term 3 LEADER]: Signalling peer 5f2edc89fa5f45f09b649f2064f3a8d8 to start an election
I20260709 13:02:46.325171 14760 consensus_queue.cc:1048] T b62b16e2fac64871988b8500e27fe1ed P 5f2edc89fa5f45f09b649f2064f3a8d8 [LEADER]: Connected to new peer: Peer: permanent_uuid: "05b7dab794ca42e79d0fabcad32b2048" member_type: VOTER last_known_addr { host: "127.13.146.194" port: 35499 }, Status: LMP_MISMATCH, Last received: 0.0, Next index: 3, Last known committed idx: 2, Time since last communication: 0.000s
I20260709 13:02:46.326458 14531 tablet_service.cc:2044] Received Run Leader Election RPC: tablet_id: "49e82691927e4a1291073354ed44dce5"
dest_uuid: "5f2edc89fa5f45f09b649f2064f3a8d8"
 from {username='slave'} at 127.0.0.1:42950
I20260709 13:02:46.327100 14531 raft_consensus.cc:493] T 49e82691927e4a1291073354ed44dce5 P 5f2edc89fa5f45f09b649f2064f3a8d8 [term 3 FOLLOWER]: Starting forced leader election (received explicit request)
I20260709 13:02:46.327399 14531 raft_consensus.cc:3060] T 49e82691927e4a1291073354ed44dce5 P 5f2edc89fa5f45f09b649f2064f3a8d8 [term 3 FOLLOWER]: Advancing to term 4
