W20260709 13:02:43.920125  8744 leader_election.cc:343] T 97adaa0f28b243c5b0a2a4b082c2a013 P e24af475f598414fbcf9223c84221892 [CANDIDATE]: Term 1 pre-election: Tablet error from VoteRequest() call to peer cadac1318fd44581a266809e7ebbccb2 (127.7.119.195:40091): Illegal state: must be running to vote when last-logged opid is not known
I20260709 13:02:43.920674  8968 consensus_queue.cc:260] T d63ac28ff1634d7eab4b6dc48de4ba64 P c7876705b47f489584252b140851c060 [NON_LEADER]: Queue going to NON_LEADER mode. State: All replicated index: 0, Majority replicated index: 0, Committed index: 0, Last appended: 0.0, Last appended by leader: 0, Current term: 0, Majority size: -1, State: 0, Mode: NON_LEADER, active raft config: opid_index: -1 OBSOLETE_local: false peers { permanent_uuid: "e24af475f598414fbcf9223c84221892" member_type: VOTER last_known_addr { host: "127.7.119.193" port: 43653 } } peers { permanent_uuid: "c7876705b47f489584252b140851c060" member_type: VOTER last_known_addr { host: "127.7.119.194" port: 44041 } } peers { permanent_uuid: "cadac1318fd44581a266809e7ebbccb2" member_type: VOTER last_known_addr { host: "127.7.119.195" port: 40091 } }
I20260709 13:02:43.922888  8968 ts_tablet_manager.cc:1434] T d63ac28ff1634d7eab4b6dc48de4ba64 P c7876705b47f489584252b140851c060: Time spent starting tablet: real 0.009s	user 0.005s	sys 0.000s
I20260709 13:02:43.926666  8968 tablet_bootstrap.cc:492] T 55b040cd1d3546caa399b0d15387410c P c7876705b47f489584252b140851c060: Bootstrap starting.
I20260709 13:02:43.926519  8980 raft_consensus.cc:697] T 03599ca2575a4ce5b7309d9bb0edc4df P e24af475f598414fbcf9223c84221892 [term 1 LEADER]: Becoming Leader. State: Replica: e24af475f598414fbcf9223c84221892, State: Running, Role: LEADER
I20260709 13:02:43.927851  8980 consensus_queue.cc:237] T 03599ca2575a4ce5b7309d9bb0edc4df P e24af475f598414fbcf9223c84221892 [LEADER]: Queue going to LEADER mode. State: All replicated index: 0, Majority replicated index: 0, Committed index: 0, Last appended: 0.0, Last appended by leader: 0, Current term: 1, Majority size: 2, State: 0, Mode: LEADER, active raft config: opid_index: -1 OBSOLETE_local: false peers { permanent_uuid: "e24af475f598414fbcf9223c84221892" member_type: VOTER last_known_addr { host: "127.7.119.193" port: 43653 } } peers { permanent_uuid: "c7876705b47f489584252b140851c060" member_type: VOTER last_known_addr { host: "127.7.119.194" port: 44041 } } peers { permanent_uuid: "cadac1318fd44581a266809e7ebbccb2" member_type: VOTER last_known_addr { host: "127.7.119.195" port: 40091 } }
I20260709 13:02:43.934181  8973 tablet_bootstrap.cc:492] T d63ac28ff1634d7eab4b6dc48de4ba64 P cadac1318fd44581a266809e7ebbccb2: No bootstrap required, opened a new log
I20260709 13:02:43.934674  8973 ts_tablet_manager.cc:1403] T d63ac28ff1634d7eab4b6dc48de4ba64 P cadac1318fd44581a266809e7ebbccb2: Time spent bootstrapping tablet: real 0.025s	user 0.008s	sys 0.004s
I20260709 13:02:43.935139  8968 tablet_bootstrap.cc:654] T 55b040cd1d3546caa399b0d15387410c P c7876705b47f489584252b140851c060: Neither blocks nor log segments found. Creating new log.
I20260709 13:02:43.937112  8999 raft_consensus.cc:515] T 97adaa0f28b243c5b0a2a4b082c2a013 P e24af475f598414fbcf9223c84221892 [term 1 FOLLOWER]: Starting leader election with config: opid_index: -1 OBSOLETE_local: false peers { permanent_uuid: "c7876705b47f489584252b140851c060" member_type: VOTER last_known_addr { host: "127.7.119.194" port: 44041 } } peers { permanent_uuid: "e24af475f598414fbcf9223c84221892" member_type: VOTER last_known_addr { host: "127.7.119.193" port: 43653 } } peers { permanent_uuid: "cadac1318fd44581a266809e7ebbccb2" member_type: VOTER last_known_addr { host: "127.7.119.195" port: 40091 } }
I20260709 13:02:43.937831  8972 tablet_bootstrap.cc:492] T 305b06a539c74c7691ea0cceeaa73c1c P e24af475f598414fbcf9223c84221892: No bootstrap required, opened a new log
I20260709 13:02:43.941000  8972 ts_tablet_manager.cc:1403] T 305b06a539c74c7691ea0cceeaa73c1c P e24af475f598414fbcf9223c84221892: Time spent bootstrapping tablet: real 0.039s	user 0.017s	sys 0.005s
I20260709 13:02:43.941947  8999 leader_election.cc:290] T 97adaa0f28b243c5b0a2a4b082c2a013 P e24af475f598414fbcf9223c84221892 [CANDIDATE]: Term 1 election: Requested vote from peers c7876705b47f489584252b140851c060 (127.7.119.194:44041), cadac1318fd44581a266809e7ebbccb2 (127.7.119.195:40091)
I20260709 13:02:43.942675  8855 tablet_service.cc:1917] Received RequestConsensusVote() RPC: tablet_id: "97adaa0f28b243c5b0a2a4b082c2a013" candidate_uuid: "e24af475f598414fbcf9223c84221892" candidate_term: 1 candidate_status { last_received { term: 0 index: 0 } } ignore_live_leader: false dest_uuid: "c7876705b47f489584252b140851c060"
I20260709 13:02:43.942921  8930 tablet_service.cc:1917] Received RequestConsensusVote() RPC: tablet_id: "97adaa0f28b243c5b0a2a4b082c2a013" candidate_uuid: "e24af475f598414fbcf9223c84221892" candidate_term: 1 candidate_status { last_received { term: 0 index: 0 } } ignore_live_leader: false dest_uuid: "cadac1318fd44581a266809e7ebbccb2"
I20260709 13:02:43.943246  8855 raft_consensus.cc:3060] T 97adaa0f28b243c5b0a2a4b082c2a013 P c7876705b47f489584252b140851c060 [term 0 FOLLOWER]: Advancing to term 1
I20260709 13:02:43.943392  8973 raft_consensus.cc:359] T d63ac28ff1634d7eab4b6dc48de4ba64 P cadac1318fd44581a266809e7ebbccb2 [term 0 FOLLOWER]: Replica starting. Triggering 0 pending ops. Active config: opid_index: -1 OBSOLETE_local: false peers { permanent_uuid: "e24af475f598414fbcf9223c84221892" member_type: VOTER last_known_addr { host: "127.7.119.193" port: 43653 } } peers { permanent_uuid: "c7876705b47f489584252b140851c060" member_type: VOTER last_known_addr { host: "127.7.119.194" port: 44041 } } peers { permanent_uuid: "cadac1318fd44581a266809e7ebbccb2" member_type: VOTER last_known_addr { host: "127.7.119.195" port: 40091 } }
I20260709 13:02:43.944012  8973 raft_consensus.cc:385] T d63ac28ff1634d7eab4b6dc48de4ba64 P cadac1318fd44581a266809e7ebbccb2 [term 0 FOLLOWER]: Consensus starting up: Expiring failure detector timer to make a prompt election more likely
W20260709 13:02:43.944113  8744 leader_election.cc:343] T 97adaa0f28b243c5b0a2a4b082c2a013 P e24af475f598414fbcf9223c84221892 [CANDIDATE]: Term 1 election: Tablet error from VoteRequest() call to peer cadac1318fd44581a266809e7ebbccb2 (127.7.119.195:40091): Illegal state: must be running to vote when last-logged opid is not known
I20260709 13:02:43.944268  8973 raft_consensus.cc:740] T d63ac28ff1634d7eab4b6dc48de4ba64 P cadac1318fd44581a266809e7ebbccb2 [term 0 FOLLOWER]: Becoming Follower/Learner. State: Replica: cadac1318fd44581a266809e7ebbccb2, State: Initialized, Role: FOLLOWER
I20260709 13:02:43.945721  8973 consensus_queue.cc:260] T d63ac28ff1634d7eab4b6dc48de4ba64 P cadac1318fd44581a266809e7ebbccb2 [NON_LEADER]: Queue going to NON_LEADER mode. State: All replicated index: 0, Majority replicated index: 0, Committed index: 0, Last appended: 0.0, Last appended by leader: 0, Current term: 0, Majority size: -1, State: 0, Mode: NON_LEADER, active raft config: opid_index: -1 OBSOLETE_local: false peers { permanent_uuid: "e24af475f598414fbcf9223c84221892" member_type: VOTER last_known_addr { host: "127.7.119.193" port: 43653 } } peers { permanent_uuid: "c7876705b47f489584252b140851c060" member_type: VOTER last_known_addr { host: "127.7.119.194" port: 44041 } } peers { permanent_uuid: "cadac1318fd44581a266809e7ebbccb2" member_type: VOTER last_known_addr { host: "127.7.119.195" port: 40091 } }
I20260709 13:02:43.947937  8972 raft_consensus.cc:359] T 305b06a539c74c7691ea0cceeaa73c1c P e24af475f598414fbcf9223c84221892 [term 0 FOLLOWER]: Replica starting. Triggering 0 pending ops. Active config: opid_index: -1 OBSOLETE_local: false peers { permanent_uuid: "e24af475f598414fbcf9223c84221892" member_type: VOTER last_known_addr { host: "127.7.119.193" port: 43653 } } peers { permanent_uuid: "c7876705b47f489584252b140851c060" member_type: VOTER last_known_addr { host: "127.7.119.194" port: 44041 } } peers { permanent_uuid: "cadac1318fd44581a266809e7ebbccb2" member_type: VOTER last_known_addr { host: "127.7.119.195" port: 40091 } }
I20260709 13:02:43.948653  8972 raft_consensus.cc:385] T 305b06a539c74c7691ea0cceeaa73c1c P e24af475f598414fbcf9223c84221892 [term 0 FOLLOWER]: Consensus starting up: Expiring failure detector timer to make a prompt election more likely
I20260709 13:02:43.948971  8972 raft_consensus.cc:740] T 305b06a539c74c7691ea0cceeaa73c1c P e24af475f598414fbcf9223c84221892 [term 0 FOLLOWER]: Becoming Follower/Learner. State: Replica: e24af475f598414fbcf9223c84221892, State: Initialized, Role: FOLLOWER
I20260709 13:02:43.949311  8973 ts_tablet_manager.cc:1434] T d63ac28ff1634d7eab4b6dc48de4ba64 P cadac1318fd44581a266809e7ebbccb2: Time spent starting tablet: real 0.014s	user 0.003s	sys 0.007s
I20260709 13:02:43.950420  8973 tablet_bootstrap.cc:492] T ea4535a9fb344473a955a5472a4afe71 P cadac1318fd44581a266809e7ebbccb2: Bootstrap starting.
I20260709 13:02:43.951027  8855 raft_consensus.cc:2468] T 97adaa0f28b243c5b0a2a4b082c2a013 P c7876705b47f489584252b140851c060 [term 1 FOLLOWER]: Leader election vote request: Granting yes vote for candidate e24af475f598414fbcf9223c84221892 in term 1.
I20260709 13:02:43.952229  8747 leader_election.cc:304] T 97adaa0f28b243c5b0a2a4b082c2a013 P e24af475f598414fbcf9223c84221892 [CANDIDATE]: Term 1 election: Election decided. Result: candidate won. Election summary: received 3 responses out of 3 voters: 2 yes votes; 1 no votes. yes voters: c7876705b47f489584252b140851c060, e24af475f598414fbcf9223c84221892; no voters: cadac1318fd44581a266809e7ebbccb2
I20260709 13:02:43.953218  9004 raft_consensus.cc:2804] T 97adaa0f28b243c5b0a2a4b082c2a013 P e24af475f598414fbcf9223c84221892 [term 1 FOLLOWER]: Leader election won for term 1
I20260709 13:02:43.953747  9004 raft_consensus.cc:697] T 97adaa0f28b243c5b0a2a4b082c2a013 P e24af475f598414fbcf9223c84221892 [term 1 LEADER]: Becoming Leader. State: Replica: e24af475f598414fbcf9223c84221892, State: Running, Role: LEADER
I20260709 13:02:43.953596  8972 consensus_queue.cc:260] T 305b06a539c74c7691ea0cceeaa73c1c P e24af475f598414fbcf9223c84221892 [NON_LEADER]: Queue going to NON_LEADER mode. State: All replicated index: 0, Majority replicated index: 0, Committed index: 0, Last appended: 0.0, Last appended by leader: 0, Current term: 0, Majority size: -1, State: 0, Mode: NON_LEADER, active raft config: opid_index: -1 OBSOLETE_local: false peers { permanent_uuid: "e24af475f598414fbcf9223c84221892" member_type: VOTER last_known_addr { host: "127.7.119.193" port: 43653 } } peers { permanent_uuid: "c7876705b47f489584252b140851c060" member_type: VOTER last_known_addr { host: "127.7.119.194" port: 44041 } } peers { permanent_uuid: "cadac1318fd44581a266809e7ebbccb2" member_type: VOTER last_known_addr { host: "127.7.119.195" port: 40091 } }
I20260709 13:02:43.954824  9004 consensus_queue.cc:237] T 97adaa0f28b243c5b0a2a4b082c2a013 P e24af475f598414fbcf9223c84221892 [LEADER]: Queue going to LEADER mode. State: All replicated index: 0, Majority replicated index: 0, Committed index: 0, Last appended: 0.0, Last appended by leader: 0, Current term: 1, Majority size: 2, State: 0, Mode: LEADER, active raft config: opid_index: -1 OBSOLETE_local: false peers { permanent_uuid: "c7876705b47f489584252b140851c060" member_type: VOTER last_known_addr { host: "127.7.119.194" port: 44041 } } peers { permanent_uuid: "e24af475f598414fbcf9223c84221892" member_type: VOTER last_known_addr { host: "127.7.119.193" port: 43653 } } peers { permanent_uuid: "cadac1318fd44581a266809e7ebbccb2" member_type: VOTER last_known_addr { host: "127.7.119.195" port: 40091 } }
I20260709 13:02:43.955829  8972 ts_tablet_manager.cc:1434] T 305b06a539c74c7691ea0cceeaa73c1c P e24af475f598414fbcf9223c84221892: Time spent starting tablet: real 0.015s	user 0.005s	sys 0.000s
I20260709 13:02:43.956830  8972 tablet_bootstrap.cc:492] T 5784ba96e0754b3daa060f83dcf2d94b P e24af475f598414fbcf9223c84221892: Bootstrap starting.
I20260709 13:02:43.956208  8678 catalog_manager.cc:5697] T 03599ca2575a4ce5b7309d9bb0edc4df P e24af475f598414fbcf9223c84221892 reported cstate change: term changed from 0 to 1, leader changed from <none> to e24af475f598414fbcf9223c84221892 (127.7.119.193). New cstate: current_term: 1 leader_uuid: "e24af475f598414fbcf9223c84221892" committed_config { opid_index: -1 OBSOLETE_local: false peers { permanent_uuid: "e24af475f598414fbcf9223c84221892" member_type: VOTER last_known_addr { host: "127.7.119.193" port: 43653 } health_report { overall_health: HEALTHY } } peers { permanent_uuid: "c7876705b47f489584252b140851c060" member_type: VOTER last_known_addr { host: "127.7.119.194" port: 44041 } health_report { overall_health: UNKNOWN } } peers { permanent_uuid: "cadac1318fd44581a266809e7ebbccb2" member_type: VOTER last_known_addr { host: "127.7.119.195" port: 40091 } health_report { overall_health: UNKNOWN } } }
I20260709 13:02:43.962854  8968 tablet_bootstrap.cc:492] T 55b040cd1d3546caa399b0d15387410c P c7876705b47f489584252b140851c060: No bootstrap required, opened a new log
I20260709 13:02:43.963343  8968 ts_tablet_manager.cc:1403] T 55b040cd1d3546caa399b0d15387410c P c7876705b47f489584252b140851c060: Time spent bootstrapping tablet: real 0.037s	user 0.010s	sys 0.002s
I20260709 13:02:43.963721  8973 tablet_bootstrap.cc:654] T ea4535a9fb344473a955a5472a4afe71 P cadac1318fd44581a266809e7ebbccb2: Neither blocks nor log segments found. Creating new log.
I20260709 13:02:43.963737  8972 tablet_bootstrap.cc:654] T 5784ba96e0754b3daa060f83dcf2d94b P e24af475f598414fbcf9223c84221892: Neither blocks nor log segments found. Creating new log.
I20260709 13:02:43.966357  8968 raft_consensus.cc:359] T 55b040cd1d3546caa399b0d15387410c P c7876705b47f489584252b140851c060 [term 0 FOLLOWER]: Replica starting. Triggering 0 pending ops. Active config: opid_index: -1 OBSOLETE_local: false peers { permanent_uuid: "e24af475f598414fbcf9223c84221892" member_type: VOTER last_known_addr { host: "127.7.119.193" port: 43653 } } peers { permanent_uuid: "c7876705b47f489584252b140851c060" member_type: VOTER last_known_addr { host: "127.7.119.194" port: 44041 } } peers { permanent_uuid: "cadac1318fd44581a266809e7ebbccb2" member_type: VOTER last_known_addr { host: "127.7.119.195" port: 40091 } }
I20260709 13:02:43.967095  8968 raft_consensus.cc:385] T 55b040cd1d3546caa399b0d15387410c P c7876705b47f489584252b140851c060 [term 0 FOLLOWER]: Consensus starting up: Expiring failure detector timer to make a prompt election more likely
I20260709 13:02:43.967491  8968 raft_consensus.cc:740] T 55b040cd1d3546caa399b0d15387410c P c7876705b47f489584252b140851c060 [term 0 FOLLOWER]: Becoming Follower/Learner. State: Replica: c7876705b47f489584252b140851c060, State: Initialized, Role: FOLLOWER
I20260709 13:02:43.968371  8968 consensus_queue.cc:260] T 55b040cd1d3546caa399b0d15387410c P c7876705b47f489584252b140851c060 [NON_LEADER]: Queue going to NON_LEADER mode. State: All replicated index: 0, Majority replicated index: 0, Committed index: 0, Last appended: 0.0, Last appended by leader: 0, Current term: 0, Majority size: -1, State: 0, Mode: NON_LEADER, active raft config: opid_index: -1 OBSOLETE_local: false peers { permanent_uuid: "e24af475f598414fbcf9223c84221892" member_type: VOTER last_known_addr { host: "127.7.119.193" port: 43653 } } peers { permanent_uuid: "c7876705b47f489584252b140851c060" member_type: VOTER last_known_addr { host: "127.7.119.194" port: 44041 } } peers { permanent_uuid: "cadac1318fd44581a266809e7ebbccb2" member_type: VOTER last_known_addr { host: "127.7.119.195" port: 40091 } }
I20260709 13:02:43.971336  8968 ts_tablet_manager.cc:1434] T 55b040cd1d3546caa399b0d15387410c P c7876705b47f489584252b140851c060: Time spent starting tablet: real 0.008s	user 0.006s	sys 0.000s
I20260709 13:02:43.972425  8968 tablet_bootstrap.cc:492] T 305b06a539c74c7691ea0cceeaa73c1c P c7876705b47f489584252b140851c060: Bootstrap starting.
I20260709 13:02:43.977227  8973 tablet_bootstrap.cc:492] T ea4535a9fb344473a955a5472a4afe71 P cadac1318fd44581a266809e7ebbccb2: No bootstrap required, opened a new log
I20260709 13:02:43.977691  8973 ts_tablet_manager.cc:1403] T ea4535a9fb344473a955a5472a4afe71 P cadac1318fd44581a266809e7ebbccb2: Time spent bootstrapping tablet: real 0.028s	user 0.008s	sys 0.004s
I20260709 13:02:43.978847  8972 tablet_bootstrap.cc:492] T 5784ba96e0754b3daa060f83dcf2d94b P e24af475f598414fbcf9223c84221892: No bootstrap required, opened a new log
I20260709 13:02:43.979331  8972 ts_tablet_manager.cc:1403] T 5784ba96e0754b3daa060f83dcf2d94b P e24af475f598414fbcf9223c84221892: Time spent bootstrapping tablet: real 0.023s	user 0.010s	sys 0.006s
I20260709 13:02:43.979822  8968 tablet_bootstrap.cc:654] T 305b06a539c74c7691ea0cceeaa73c1c P c7876705b47f489584252b140851c060: Neither blocks nor log segments found. Creating new log.
I20260709 13:02:43.980746  8973 raft_consensus.cc:359] T ea4535a9fb344473a955a5472a4afe71 P cadac1318fd44581a266809e7ebbccb2 [term 0 FOLLOWER]: Replica starting. Triggering 0 pending ops. Active config: opid_index: -1 OBSOLETE_local: false peers { permanent_uuid: "e24af475f598414fbcf9223c84221892" member_type: VOTER last_known_addr { host: "127.7.119.193" port: 43653 } } peers { permanent_uuid: "c7876705b47f489584252b140851c060" member_type: VOTER last_known_addr { host: "127.7.119.194" port: 44041 } } peers { permanent_uuid: "cadac1318fd44581a266809e7ebbccb2" member_type: VOTER last_known_addr { host: "127.7.119.195" port: 40091 } }
I20260709 13:02:43.981606  8973 raft_consensus.cc:385] T ea4535a9fb344473a955a5472a4afe71 P cadac1318fd44581a266809e7ebbccb2 [term 0 FOLLOWER]: Consensus starting up: Expiring failure detector timer to make a prompt election more likely
I20260709 13:02:43.981901  8973 raft_consensus.cc:740] T ea4535a9fb344473a955a5472a4afe71 P cadac1318fd44581a266809e7ebbccb2 [term 0 FOLLOWER]: Becoming Follower/Learner. State: Replica: cadac1318fd44581a266809e7ebbccb2, State: Initialized, Role: FOLLOWER
I20260709 13:02:43.982331  8972 raft_consensus.cc:359] T 5784ba96e0754b3daa060f83dcf2d94b P e24af475f598414fbcf9223c84221892 [term 0 FOLLOWER]: Replica starting. Triggering 0 pending ops. Active config: opid_index: -1 OBSOLETE_local: false peers { permanent_uuid: "e24af475f598414fbcf9223c84221892" member_type: VOTER last_known_addr { host: "127.7.119.193" port: 43653 } } peers { permanent_uuid: "c7876705b47f489584252b140851c060" member_type: VOTER last_known_addr { host: "127.7.119.194" port: 44041 } } peers { permanent_uuid: "cadac1318fd44581a266809e7ebbccb2" member_type: VOTER last_known_addr { host: "127.7.119.195" port: 40091 } }
I20260709 13:02:43.983220  8972 raft_consensus.cc:385] T 5784ba96e0754b3daa060f83dcf2d94b P e24af475f598414fbcf9223c84221892 [term 0 FOLLOWER]: Consensus starting up: Expiring failure detector timer to make a prompt election more likely
I20260709 13:02:43.983040  8973 consensus_queue.cc:260] T ea4535a9fb344473a955a5472a4afe71 P cadac1318fd44581a266809e7ebbccb2 [NON_LEADER]: Queue going to NON_LEADER mode. State: All replicated index: 0, Majority replicated index: 0, Committed index: 0, Last appended: 0.0, Last appended by leader: 0, Current term: 0, Majority size: -1, State: 0, Mode: NON_LEADER, active raft config: opid_index: -1 OBSOLETE_local: false peers { permanent_uuid: "e24af475f598414fbcf9223c84221892" member_type: VOTER last_known_addr { host: "127.7.119.193" port: 43653 } } peers { permanent_uuid: "c7876705b47f489584252b140851c060" member_type: VOTER last_known_addr { host: "127.7.119.194" port: 44041 } } peers { permanent_uuid: "cadac1318fd44581a266809e7ebbccb2" member_type: VOTER last_known_addr { host: "127.7.119.195" port: 40091 } }
I20260709 13:02:43.983534  8972 raft_consensus.cc:740] T 5784ba96e0754b3daa060f83dcf2d94b P e24af475f598414fbcf9223c84221892 [term 0 FOLLOWER]: Becoming Follower/Learner. State: Replica: e24af475f598414fbcf9223c84221892, State: Initialized, Role: FOLLOWER
I20260709 13:02:43.984490  8972 consensus_queue.cc:260] T 5784ba96e0754b3daa060f83dcf2d94b P e24af475f598414fbcf9223c84221892 [NON_LEADER]: Queue going to NON_LEADER mode. State: All replicated index: 0, Majority replicated index: 0, Committed index: 0, Last appended: 0.0, Last appended by leader: 0, Current term: 0, Majority size: -1, State: 0, Mode: NON_LEADER, active raft config: opid_index: -1 OBSOLETE_local: false peers { permanent_uuid: "e24af475f598414fbcf9223c84221892" member_type: VOTER last_known_addr { host: "127.7.119.193" port: 43653 } } peers { permanent_uuid: "c7876705b47f489584252b140851c060" member_type: VOTER last_known_addr { host: "127.7.119.194" port: 44041 } } peers { permanent_uuid: "cadac1318fd44581a266809e7ebbccb2" member_type: VOTER last_known_addr { host: "127.7.119.195" port: 40091 } }
I20260709 13:02:43.985627  8973 ts_tablet_manager.cc:1434] T ea4535a9fb344473a955a5472a4afe71 P cadac1318fd44581a266809e7ebbccb2: Time spent starting tablet: real 0.008s	user 0.007s	sys 0.000s
I20260709 13:02:43.986565  8973 tablet_bootstrap.cc:492] T 55b040cd1d3546caa399b0d15387410c P cadac1318fd44581a266809e7ebbccb2: Bootstrap starting.
I20260709 13:02:43.986903  8972 ts_tablet_manager.cc:1434] T 5784ba96e0754b3daa060f83dcf2d94b P e24af475f598414fbcf9223c84221892: Time spent starting tablet: real 0.007s	user 0.008s	sys 0.000s
I20260709 13:02:43.987836  8972 tablet_bootstrap.cc:492] T 4d7897a5982e48009b24b5be2451699b P e24af475f598414fbcf9223c84221892: Bootstrap starting.
I20260709 13:02:43.992674  8973 tablet_bootstrap.cc:654] T 55b040cd1d3546caa399b0d15387410c P cadac1318fd44581a266809e7ebbccb2: Neither blocks nor log segments found. Creating new log.
I20260709 13:02:43.994912  8972 tablet_bootstrap.cc:654] T 4d7897a5982e48009b24b5be2451699b P e24af475f598414fbcf9223c84221892: Neither blocks nor log segments found. Creating new log.
I20260709 13:02:44.000183  8968 tablet_bootstrap.cc:492] T 305b06a539c74c7691ea0cceeaa73c1c P c7876705b47f489584252b140851c060: No bootstrap required, opened a new log
I20260709 13:02:44.000854  8968 ts_tablet_manager.cc:1403] T 305b06a539c74c7691ea0cceeaa73c1c P c7876705b47f489584252b140851c060: Time spent bootstrapping tablet: real 0.029s	user 0.008s	sys 0.010s
I20260709 13:02:44.003711  8973 tablet_bootstrap.cc:492] T 55b040cd1d3546caa399b0d15387410c P cadac1318fd44581a266809e7ebbccb2: No bootstrap required, opened a new log
I20260709 13:02:44.003521  8968 raft_consensus.cc:359] T 305b06a539c74c7691ea0cceeaa73c1c P c7876705b47f489584252b140851c060 [term 0 FOLLOWER]: Replica starting. Triggering 0 pending ops. Active config: opid_index: -1 OBSOLETE_local: false peers { permanent_uuid: "e24af475f598414fbcf9223c84221892" member_type: VOTER last_known_addr { host: "127.7.119.193" port: 43653 } } peers { permanent_uuid: "c7876705b47f489584252b140851c060" member_type: VOTER last_known_addr { host: "127.7.119.194" port: 44041 } } peers { permanent_uuid: "cadac1318fd44581a266809e7ebbccb2" member_type: VOTER last_known_addr { host: "127.7.119.195" port: 40091 } }
I20260709 13:02:44.004151  8973 ts_tablet_manager.cc:1403] T 55b040cd1d3546caa399b0d15387410c P cadac1318fd44581a266809e7ebbccb2: Time spent bootstrapping tablet: real 0.018s	user 0.009s	sys 0.006s
I20260709 13:02:44.004467  8678 catalog_manager.cc:5697] T 97adaa0f28b243c5b0a2a4b082c2a013 P e24af475f598414fbcf9223c84221892 reported cstate change: term changed from 0 to 1, leader changed from <none> to e24af475f598414fbcf9223c84221892 (127.7.119.193). New cstate: current_term: 1 leader_uuid: "e24af475f598414fbcf9223c84221892" committed_config { opid_index: -1 OBSOLETE_local: false peers { permanent_uuid: "c7876705b47f489584252b140851c060" member_type: VOTER last_known_addr { host: "127.7.119.194" port: 44041 } health_report { overall_health: UNKNOWN } } peers { permanent_uuid: "e24af475f598414fbcf9223c84221892" member_type: VOTER last_known_addr { host: "127.7.119.193" port: 43653 } health_report { overall_health: HEALTHY } } peers { permanent_uuid: "cadac1318fd44581a266809e7ebbccb2" member_type: VOTER last_known_addr { host: "127.7.119.195" port: 40091 } health_report { overall_health: UNKNOWN } } }
I20260709 13:02:44.006466  8973 raft_consensus.cc:359] T 55b040cd1d3546caa399b0d15387410c P cadac1318fd44581a266809e7ebbccb2 [term 0 FOLLOWER]: Replica starting. Triggering 0 pending ops. Active config: opid_index: -1 OBSOLETE_local: false peers { permanent_uuid: "e24af475f598414fbcf9223c84221892" member_type: VOTER last_known_addr { host: "127.7.119.193" port: 43653 } } peers { permanent_uuid: "c7876705b47f489584252b140851c060" member_type: VOTER last_known_addr { host: "127.7.119.194" port: 44041 } } peers { permanent_uuid: "cadac1318fd44581a266809e7ebbccb2" member_type: VOTER last_known_addr { host: "127.7.119.195" port: 40091 } }
I20260709 13:02:44.006973  8973 raft_consensus.cc:385] T 55b040cd1d3546caa399b0d15387410c P cadac1318fd44581a266809e7ebbccb2 [term 0 FOLLOWER]: Consensus starting up: Expiring failure detector timer to make a prompt election more likely
I20260709 13:02:44.007198  8973 raft_consensus.cc:740] T 55b040cd1d3546caa399b0d15387410c P cadac1318fd44581a266809e7ebbccb2 [term 0 FOLLOWER]: Becoming Follower/Learner. State: Replica: cadac1318fd44581a266809e7ebbccb2, State: Initialized, Role: FOLLOWER
I20260709 13:02:44.004474  8968 raft_consensus.cc:385] T 305b06a539c74c7691ea0cceeaa73c1c P c7876705b47f489584252b140851c060 [term 0 FOLLOWER]: Consensus starting up: Expiring failure detector timer to make a prompt election more likely
I20260709 13:02:44.007901  8968 raft_consensus.cc:740] T 305b06a539c74c7691ea0cceeaa73c1c P c7876705b47f489584252b140851c060 [term 0 FOLLOWER]: Becoming Follower/Learner. State: Replica: c7876705b47f489584252b140851c060, State: Initialized, Role: FOLLOWER
I20260709 13:02:44.008039  8973 consensus_queue.cc:260] T 55b040cd1d3546caa399b0d15387410c P cadac1318fd44581a266809e7ebbccb2 [NON_LEADER]: Queue going to NON_LEADER mode. State: All replicated index: 0, Majority replicated index: 0, Committed index: 0, Last appended: 0.0, Last appended by leader: 0, Current term: 0, Majority size: -1, State: 0, Mode: NON_LEADER, active raft config: opid_index: -1 OBSOLETE_local: false peers { permanent_uuid: "e24af475f598414fbcf9223c84221892" member_type: VOTER last_known_addr { host: "127.7.119.193" port: 43653 } } peers { permanent_uuid: "c7876705b47f489584252b140851c060" member_type: VOTER last_known_addr { host: "127.7.119.194" port: 44041 } } peers { permanent_uuid: "cadac1318fd44581a266809e7ebbccb2" member_type: VOTER last_known_addr { host: "127.7.119.195" port: 40091 } }
I20260709 13:02:44.010279  8973 ts_tablet_manager.cc:1434] T 55b040cd1d3546caa399b0d15387410c P cadac1318fd44581a266809e7ebbccb2: Time spent starting tablet: real 0.006s	user 0.002s	sys 0.003s
I20260709 13:02:44.011101  8973 tablet_bootstrap.cc:492] T 274c8c9eb7a2404ab0de5ab5a005c53c P cadac1318fd44581a266809e7ebbccb2: Bootstrap starting.
I20260709 13:02:44.013652  8972 tablet_bootstrap.cc:492] T 4d7897a5982e48009b24b5be2451699b P e24af475f598414fbcf9223c84221892: No bootstrap required, opened a new log
I20260709 13:02:44.014153  8972 ts_tablet_manager.cc:1403] T 4d7897a5982e48009b24b5be2451699b P e24af475f598414fbcf9223c84221892: Time spent bootstrapping tablet: real 0.027s	user 0.011s	sys 0.007s
I20260709 13:02:44.016731  8973 tablet_bootstrap.cc:654] T 274c8c9eb7a2404ab0de5ab5a005c53c P cadac1318fd44581a266809e7ebbccb2: Neither blocks nor log segments found. Creating new log.
I20260709 13:02:44.017355  8972 raft_consensus.cc:359] T 4d7897a5982e48009b24b5be2451699b P e24af475f598414fbcf9223c84221892 [term 0 FOLLOWER]: Replica starting. Triggering 0 pending ops. Active config: opid_index: -1 OBSOLETE_local: false peers { permanent_uuid: "e24af475f598414fbcf9223c84221892" member_type: VOTER last_known_addr { host: "127.7.119.193" port: 43653 } } peers { permanent_uuid: "c7876705b47f489584252b140851c060" member_type: VOTER last_known_addr { host: "127.7.119.194" port: 44041 } } peers { permanent_uuid: "cadac1318fd44581a266809e7ebbccb2" member_type: VOTER last_known_addr { host: "127.7.119.195" port: 40091 } }
I20260709 13:02:44.018069  8972 raft_consensus.cc:385] T 4d7897a5982e48009b24b5be2451699b P e24af475f598414fbcf9223c84221892 [term 0 FOLLOWER]: Consensus starting up: Expiring failure detector timer to make a prompt election more likely
I20260709 13:02:44.018362  8972 raft_consensus.cc:740] T 4d7897a5982e48009b24b5be2451699b P e24af475f598414fbcf9223c84221892 [term 0 FOLLOWER]: Becoming Follower/Learner. State: Replica: e24af475f598414fbcf9223c84221892, State: Initialized, Role: FOLLOWER
I20260709 13:02:44.017289  8968 consensus_queue.cc:260] T 305b06a539c74c7691ea0cceeaa73c1c P c7876705b47f489584252b140851c060 [NON_LEADER]: Queue going to NON_LEADER mode. State: All replicated index: 0, Majority replicated index: 0, Committed index: 0, Last appended: 0.0, Last appended by leader: 0, Current term: 0, Majority size: -1, State: 0, Mode: NON_LEADER, active raft config: opid_index: -1 OBSOLETE_local: false peers { permanent_uuid: "e24af475f598414fbcf9223c84221892" member_type: VOTER last_known_addr { host: "127.7.119.193" port: 43653 } } peers { permanent_uuid: "c7876705b47f489584252b140851c060" member_type: VOTER last_known_addr { host: "127.7.119.194" port: 44041 } } peers { permanent_uuid: "cadac1318fd44581a266809e7ebbccb2" member_type: VOTER last_known_addr { host: "127.7.119.195" port: 40091 } }
I20260709 13:02:44.021704  8972 consensus_queue.cc:260] T 4d7897a5982e48009b24b5be2451699b P e24af475f598414fbcf9223c84221892 [NON_LEADER]: Queue going to NON_LEADER mode. State: All replicated index: 0, Majority replicated index: 0, Committed index: 0, Last appended: 0.0, Last appended by leader: 0, Current term: 0, Majority size: -1, State: 0, Mode: NON_LEADER, active raft config: opid_index: -1 OBSOLETE_local: false peers { permanent_uuid: "e24af475f598414fbcf9223c84221892" member_type: VOTER last_known_addr { host: "127.7.119.193" port: 43653 } } peers { permanent_uuid: "c7876705b47f489584252b140851c060" member_type: VOTER last_known_addr { host: "127.7.119.194" port: 44041 } } peers { permanent_uuid: "cadac1318fd44581a266809e7ebbccb2" member_type: VOTER last_known_addr { host: "127.7.119.195" port: 40091 } }
I20260709 13:02:44.023659  8968 ts_tablet_manager.cc:1434] T 305b06a539c74c7691ea0cceeaa73c1c P c7876705b47f489584252b140851c060: Time spent starting tablet: real 0.022s	user 0.005s	sys 0.001s
I20260709 13:02:44.024156  8972 ts_tablet_manager.cc:1434] T 4d7897a5982e48009b24b5be2451699b P e24af475f598414fbcf9223c84221892: Time spent starting tablet: real 0.010s	user 0.007s	sys 0.000s
I20260709 13:02:44.024995  8968 tablet_bootstrap.cc:492] T 03599ca2575a4ce5b7309d9bb0edc4df P c7876705b47f489584252b140851c060: Bootstrap starting.
I20260709 13:02:44.024997  8972 tablet_bootstrap.cc:492] T 1f5247093b76446a8eb90de7f9749b54 P e24af475f598414fbcf9223c84221892: Bootstrap starting.
I20260709 13:02:44.028126  8973 tablet_bootstrap.cc:492] T 274c8c9eb7a2404ab0de5ab5a005c53c P cadac1318fd44581a266809e7ebbccb2: No bootstrap required, opened a new log
I20260709 13:02:44.028539  8973 ts_tablet_manager.cc:1403] T 274c8c9eb7a2404ab0de5ab5a005c53c P cadac1318fd44581a266809e7ebbccb2: Time spent bootstrapping tablet: real 0.018s	user 0.007s	sys 0.008s
I20260709 13:02:44.030464  8973 raft_consensus.cc:359] T 274c8c9eb7a2404ab0de5ab5a005c53c P cadac1318fd44581a266809e7ebbccb2 [term 0 FOLLOWER]: Replica starting. Triggering 0 pending ops. Active config: opid_index: -1 OBSOLETE_local: false peers { permanent_uuid: "e24af475f598414fbcf9223c84221892" member_type: VOTER last_known_addr { host: "127.7.119.193" port: 43653 } } peers { permanent_uuid: "c7876705b47f489584252b140851c060" member_type: VOTER last_known_addr { host: "127.7.119.194" port: 44041 } } peers { permanent_uuid: "cadac1318fd44581a266809e7ebbccb2" member_type: VOTER last_known_addr { host: "127.7.119.195" port: 40091 } }
I20260709 13:02:44.030913  8973 raft_consensus.cc:385] T 274c8c9eb7a2404ab0de5ab5a005c53c P cadac1318fd44581a266809e7ebbccb2 [term 0 FOLLOWER]: Consensus starting up: Expiring failure detector timer to make a prompt election more likely
I20260709 13:02:44.031067  8973 raft_consensus.cc:740] T 274c8c9eb7a2404ab0de5ab5a005c53c P cadac1318fd44581a266809e7ebbccb2 [term 0 FOLLOWER]: Becoming Follower/Learner. State: Replica: cadac1318fd44581a266809e7ebbccb2, State: Initialized, Role: FOLLOWER
I20260709 13:02:44.031615  8972 tablet_bootstrap.cc:654] T 1f5247093b76446a8eb90de7f9749b54 P e24af475f598414fbcf9223c84221892: Neither blocks nor log segments found. Creating new log.
I20260709 13:02:44.031587  8973 consensus_queue.cc:260] T 274c8c9eb7a2404ab0de5ab5a005c53c P cadac1318fd44581a266809e7ebbccb2 [NON_LEADER]: Queue going to NON_LEADER mode. State: All replicated index: 0, Majority replicated index: 0, Committed index: 0, Last appended: 0.0, Last appended by leader: 0, Current term: 0, Majority size: -1, State: 0, Mode: NON_LEADER, active raft config: opid_index: -1 OBSOLETE_local: false peers { permanent_uuid: "e24af475f598414fbcf9223c84221892" member_type: VOTER last_known_addr { host: "127.7.119.193" port: 43653 } } peers { permanent_uuid: "c7876705b47f489584252b140851c060" member_type: VOTER last_known_addr { host: "127.7.119.194" port: 44041 } } peers { permanent_uuid: "cadac1318fd44581a266809e7ebbccb2" member_type: VOTER last_known_addr { host: "127.7.119.195" port: 40091 } }
I20260709 13:02:44.038364  8972 tablet_bootstrap.cc:492] T 1f5247093b76446a8eb90de7f9749b54 P e24af475f598414fbcf9223c84221892: No bootstrap required, opened a new log
I20260709 13:02:44.038465  8973 ts_tablet_manager.cc:1434] T 274c8c9eb7a2404ab0de5ab5a005c53c P cadac1318fd44581a266809e7ebbccb2: Time spent starting tablet: real 0.010s	user 0.005s	sys 0.001s
I20260709 13:02:44.038795  8972 ts_tablet_manager.cc:1403] T 1f5247093b76446a8eb90de7f9749b54 P e24af475f598414fbcf9223c84221892: Time spent bootstrapping tablet: real 0.014s	user 0.009s	sys 0.003s
I20260709 13:02:44.039467  8973 tablet_bootstrap.cc:492] T 97adaa0f28b243c5b0a2a4b082c2a013 P cadac1318fd44581a266809e7ebbccb2: Bootstrap starting.
I20260709 13:02:44.040683  8972 raft_consensus.cc:359] T 1f5247093b76446a8eb90de7f9749b54 P e24af475f598414fbcf9223c84221892 [term 0 FOLLOWER]: Replica starting. Triggering 0 pending ops. Active config: opid_index: -1 OBSOLETE_local: false peers { permanent_uuid: "e24af475f598414fbcf9223c84221892" member_type: VOTER last_known_addr { host: "127.7.119.193" port: 43653 } } peers { permanent_uuid: "c7876705b47f489584252b140851c060" member_type: VOTER last_known_addr { host: "127.7.119.194" port: 44041 } } peers { permanent_uuid: "cadac1318fd44581a266809e7ebbccb2" member_type: VOTER last_known_addr { host: "127.7.119.195" port: 40091 } }
I20260709 13:02:44.041232  8972 raft_consensus.cc:385] T 1f5247093b76446a8eb90de7f9749b54 P e24af475f598414fbcf9223c84221892 [term 0 FOLLOWER]: Consensus starting up: Expiring failure detector timer to make a prompt election more likely
I20260709 13:02:44.041450  8972 raft_consensus.cc:740] T 1f5247093b76446a8eb90de7f9749b54 P e24af475f598414fbcf9223c84221892 [term 0 FOLLOWER]: Becoming Follower/Learner. State: Replica: e24af475f598414fbcf9223c84221892, State: Initialized, Role: FOLLOWER
I20260709 13:02:44.042035  8972 consensus_queue.cc:260] T 1f5247093b76446a8eb90de7f9749b54 P e24af475f598414fbcf9223c84221892 [NON_LEADER]: Queue going to NON_LEADER mode. State: All replicated index: 0, Majority replicated index: 0, Committed index: 0, Last appended: 0.0, Last appended by leader: 0, Current term: 0, Majority size: -1, State: 0, Mode: NON_LEADER, active raft config: opid_index: -1 OBSOLETE_local: false peers { permanent_uuid: "e24af475f598414fbcf9223c84221892" member_type: VOTER last_known_addr { host: "127.7.119.193" port: 43653 } } peers { permanent_uuid: "c7876705b47f489584252b140851c060" member_type: VOTER last_known_addr { host: "127.7.119.194" port: 44041 } } peers { permanent_uuid: "cadac1318fd44581a266809e7ebbccb2" member_type: VOTER last_known_addr { host: "127.7.119.195" port: 40091 } }
I20260709 13:02:44.042984  8968 tablet_bootstrap.cc:654] T 03599ca2575a4ce5b7309d9bb0edc4df P c7876705b47f489584252b140851c060: Neither blocks nor log segments found. Creating new log.
I20260709 13:02:44.043510  8972 ts_tablet_manager.cc:1434] T 1f5247093b76446a8eb90de7f9749b54 P e24af475f598414fbcf9223c84221892: Time spent starting tablet: real 0.004s	user 0.003s	sys 0.000s
I20260709 13:02:44.044185  8972 tablet_bootstrap.cc:492] T 24791bf15fc0432f94e99a2e8823238c P e24af475f598414fbcf9223c84221892: Bootstrap starting.
I20260709 13:02:44.047827  8972 tablet_bootstrap.cc:654] T 24791bf15fc0432f94e99a2e8823238c P e24af475f598414fbcf9223c84221892: Neither blocks nor log segments found. Creating new log.
I20260709 13:02:44.048418  8973 tablet_bootstrap.cc:654] T 97adaa0f28b243c5b0a2a4b082c2a013 P cadac1318fd44581a266809e7ebbccb2: Neither blocks nor log segments found. Creating new log.
I20260709 13:02:44.056221  8972 tablet_bootstrap.cc:492] T 24791bf15fc0432f94e99a2e8823238c P e24af475f598414fbcf9223c84221892: No bootstrap required, opened a new log
I20260709 13:02:44.056831  8972 ts_tablet_manager.cc:1403] T 24791bf15fc0432f94e99a2e8823238c P e24af475f598414fbcf9223c84221892: Time spent bootstrapping tablet: real 0.013s	user 0.005s	sys 0.006s
I20260709 13:02:44.060266  8972 raft_consensus.cc:359] T 24791bf15fc0432f94e99a2e8823238c P e24af475f598414fbcf9223c84221892 [term 0 FOLLOWER]: Replica starting. Triggering 0 pending ops. Active config: opid_index: -1 OBSOLETE_local: false peers { permanent_uuid: "e24af475f598414fbcf9223c84221892" member_type: VOTER last_known_addr { host: "127.7.119.193" port: 43653 } } peers { permanent_uuid: "c7876705b47f489584252b140851c060" member_type: VOTER last_known_addr { host: "127.7.119.194" port: 44041 } } peers { permanent_uuid: "cadac1318fd44581a266809e7ebbccb2" member_type: VOTER last_known_addr { host: "127.7.119.195" port: 40091 } }
I20260709 13:02:44.061766  8972 raft_consensus.cc:385] T 24791bf15fc0432f94e99a2e8823238c P e24af475f598414fbcf9223c84221892 [term 0 FOLLOWER]: Consensus starting up: Expiring failure detector timer to make a prompt election more likely
I20260709 13:02:44.062083  8972 raft_consensus.cc:740] T 24791bf15fc0432f94e99a2e8823238c P e24af475f598414fbcf9223c84221892 [term 0 FOLLOWER]: Becoming Follower/Learner. State: Replica: e24af475f598414fbcf9223c84221892, State: Initialized, Role: FOLLOWER
I20260709 13:02:44.063409  8968 tablet_bootstrap.cc:492] T 03599ca2575a4ce5b7309d9bb0edc4df P c7876705b47f489584252b140851c060: No bootstrap required, opened a new log
I20260709 13:02:44.063875  8968 ts_tablet_manager.cc:1403] T 03599ca2575a4ce5b7309d9bb0edc4df P c7876705b47f489584252b140851c060: Time spent bootstrapping tablet: real 0.039s	user 0.014s	sys 0.007s
I20260709 13:02:44.065928  8973 tablet_bootstrap.cc:492] T 97adaa0f28b243c5b0a2a4b082c2a013 P cadac1318fd44581a266809e7ebbccb2: No bootstrap required, opened a new log
I20260709 13:02:44.066421  8973 ts_tablet_manager.cc:1403] T 97adaa0f28b243c5b0a2a4b082c2a013 P cadac1318fd44581a266809e7ebbccb2: Time spent bootstrapping tablet: real 0.027s	user 0.013s	sys 0.002s
I20260709 13:02:44.066538  8968 raft_consensus.cc:359] T 03599ca2575a4ce5b7309d9bb0edc4df P c7876705b47f489584252b140851c060 [term 0 FOLLOWER]: Replica starting. Triggering 0 pending ops. Active config: opid_index: -1 OBSOLETE_local: false peers { permanent_uuid: "e24af475f598414fbcf9223c84221892" member_type: VOTER last_known_addr { host: "127.7.119.193" port: 43653 } } peers { permanent_uuid: "c7876705b47f489584252b140851c060" member_type: VOTER last_known_addr { host: "127.7.119.194" port: 44041 } } peers { permanent_uuid: "cadac1318fd44581a266809e7ebbccb2" member_type: VOTER last_known_addr { host: "127.7.119.195" port: 40091 } }
I20260709 13:02:44.067224  8968 raft_consensus.cc:385] T 03599ca2575a4ce5b7309d9bb0edc4df P c7876705b47f489584252b140851c060 [term 0 FOLLOWER]: Consensus starting up: Expiring failure detector timer to make a prompt election more likely
I20260709 13:02:44.067487  8968 raft_consensus.cc:740] T 03599ca2575a4ce5b7309d9bb0edc4df P c7876705b47f489584252b140851c060 [term 0 FOLLOWER]: Becoming Follower/Learner. State: Replica: c7876705b47f489584252b140851c060, State: Initialized, Role: FOLLOWER
I20260709 13:02:44.068099  8968 consensus_queue.cc:260] T 03599ca2575a4ce5b7309d9bb0edc4df P c7876705b47f489584252b140851c060 [NON_LEADER]: Queue going to NON_LEADER mode. State: All replicated index: 0, Majority replicated index: 0, Committed index: 0, Last appended: 0.0, Last appended by leader: 0, Current term: 0, Majority size: -1, State: 0, Mode: NON_LEADER, active raft config: opid_index: -1 OBSOLETE_local: false peers { permanent_uuid: "e24af475f598414fbcf9223c84221892" member_type: VOTER last_known_addr { host: "127.7.119.193" port: 43653 } } peers { permanent_uuid: "c7876705b47f489584252b140851c060" member_type: VOTER last_known_addr { host: "127.7.119.194" port: 44041 } } peers { permanent_uuid: "cadac1318fd44581a266809e7ebbccb2" member_type: VOTER last_known_addr { host: "127.7.119.195" port: 40091 } }
I20260709 13:02:44.069496  8973 raft_consensus.cc:359] T 97adaa0f28b243c5b0a2a4b082c2a013 P cadac1318fd44581a266809e7ebbccb2 [term 0 FOLLOWER]: Replica starting. Triggering 0 pending ops. Active config: opid_index: -1 OBSOLETE_local: false peers { permanent_uuid: "c7876705b47f489584252b140851c060" member_type: VOTER last_known_addr { host: "127.7.119.194" port: 44041 } } peers { permanent_uuid: "e24af475f598414fbcf9223c84221892" member_type: VOTER last_known_addr { host: "127.7.119.193" port: 43653 } } peers { permanent_uuid: "cadac1318fd44581a266809e7ebbccb2" member_type: VOTER last_known_addr { host: "127.7.119.195" port: 40091 } }
I20260709 13:02:44.070027  8968 ts_tablet_manager.cc:1434] T 03599ca2575a4ce5b7309d9bb0edc4df P c7876705b47f489584252b140851c060: Time spent starting tablet: real 0.006s	user 0.005s	sys 0.000s
I20260709 13:02:44.070189  8973 raft_consensus.cc:385] T 97adaa0f28b243c5b0a2a4b082c2a013 P cadac1318fd44581a266809e7ebbccb2 [term 0 FOLLOWER]: Consensus starting up: Expiring failure detector timer to make a prompt election more likely
I20260709 13:02:44.070555  8973 raft_consensus.cc:740] T 97adaa0f28b243c5b0a2a4b082c2a013 P cadac1318fd44581a266809e7ebbccb2 [term 0 FOLLOWER]: Becoming Follower/Learner. State: Replica: cadac1318fd44581a266809e7ebbccb2, State: Initialized, Role: FOLLOWER
I20260709 13:02:44.063414  8972 consensus_queue.cc:260] T 24791bf15fc0432f94e99a2e8823238c P e24af475f598414fbcf9223c84221892 [NON_LEADER]: Queue going to NON_LEADER mode. State: All replicated index: 0, Majority replicated index: 0, Committed index: 0, Last appended: 0.0, Last appended by leader: 0, Current term: 0, Majority size: -1, State: 0, Mode: NON_LEADER, active raft config: opid_index: -1 OBSOLETE_local: false peers { permanent_uuid: "e24af475f598414fbcf9223c84221892" member_type: VOTER last_known_addr { host: "127.7.119.193" port: 43653 } } peers { permanent_uuid: "c7876705b47f489584252b140851c060" member_type: VOTER last_known_addr { host: "127.7.119.194" port: 44041 } } peers { permanent_uuid: "cadac1318fd44581a266809e7ebbccb2" member_type: VOTER last_known_addr { host: "127.7.119.195" port: 40091 } }
I20260709 13:02:44.071527  8973 consensus_queue.cc:260] T 97adaa0f28b243c5b0a2a4b082c2a013 P cadac1318fd44581a266809e7ebbccb2 [NON_LEADER]: Queue going to NON_LEADER mode. State: All replicated index: 0, Majority replicated index: 0, Committed index: 0, Last appended: 0.0, Last appended by leader: 0, Current term: 0, Majority size: -1, State: 0, Mode: NON_LEADER, active raft config: opid_index: -1 OBSOLETE_local: false peers { permanent_uuid: "c7876705b47f489584252b140851c060" member_type: VOTER last_known_addr { host: "127.7.119.194" port: 44041 } } peers { permanent_uuid: "e24af475f598414fbcf9223c84221892" member_type: VOTER last_known_addr { host: "127.7.119.193" port: 43653 } } peers { permanent_uuid: "cadac1318fd44581a266809e7ebbccb2" member_type: VOTER last_known_addr { host: "127.7.119.195" port: 40091 } }
I20260709 13:02:44.072387  8972 ts_tablet_manager.cc:1434] T 24791bf15fc0432f94e99a2e8823238c P e24af475f598414fbcf9223c84221892: Time spent starting tablet: real 0.015s	user 0.005s	sys 0.000s
I20260709 13:02:44.073290  8972 tablet_bootstrap.cc:492] T dab3d777c1c54dd4ac173d12fcd4e293 P e24af475f598414fbcf9223c84221892: Bootstrap starting.
I20260709 13:02:44.073549  8973 ts_tablet_manager.cc:1434] T 97adaa0f28b243c5b0a2a4b082c2a013 P cadac1318fd44581a266809e7ebbccb2: Time spent starting tablet: real 0.007s	user 0.006s	sys 0.000s
I20260709 13:02:44.073664  8968 tablet_bootstrap.cc:492] T 9c263b1fc1074c0592d4d7eea085bf3f P c7876705b47f489584252b140851c060: Bootstrap starting.
I20260709 13:02:44.074476  8973 tablet_bootstrap.cc:492] T 1f5247093b76446a8eb90de7f9749b54 P cadac1318fd44581a266809e7ebbccb2: Bootstrap starting.
I20260709 13:02:44.075342  8971 raft_consensus.cc:493] T 03599ca2575a4ce5b7309d9bb0edc4df P c7876705b47f489584252b140851c060 [term 0 FOLLOWER]: Starting pre-election (no leader contacted us within the election timeout)
I20260709 13:02:44.075796  8971 raft_consensus.cc:515] T 03599ca2575a4ce5b7309d9bb0edc4df P c7876705b47f489584252b140851c060 [term 0 FOLLOWER]: Starting pre-election with config: opid_index: -1 OBSOLETE_local: false peers { permanent_uuid: "e24af475f598414fbcf9223c84221892" member_type: VOTER last_known_addr { host: "127.7.119.193" port: 43653 } } peers { permanent_uuid: "c7876705b47f489584252b140851c060" member_type: VOTER last_known_addr { host: "127.7.119.194" port: 44041 } } peers { permanent_uuid: "cadac1318fd44581a266809e7ebbccb2" member_type: VOTER last_known_addr { host: "127.7.119.195" port: 40091 } }
I20260709 13:02:44.077950  8971 leader_election.cc:290] T 03599ca2575a4ce5b7309d9bb0edc4df P c7876705b47f489584252b140851c060 [CANDIDATE]: Term 1 pre-election: Requested pre-vote from peers e24af475f598414fbcf9223c84221892 (127.7.119.193:43653), cadac1318fd44581a266809e7ebbccb2 (127.7.119.195:40091)
I20260709 13:02:44.079027  8972 tablet_bootstrap.cc:654] T dab3d777c1c54dd4ac173d12fcd4e293 P e24af475f598414fbcf9223c84221892: Neither blocks nor log segments found. Creating new log.
I20260709 13:02:44.079712  8968 tablet_bootstrap.cc:654] T 9c263b1fc1074c0592d4d7eea085bf3f P c7876705b47f489584252b140851c060: Neither blocks nor log segments found. Creating new log.
I20260709 13:02:44.074362  8979 raft_consensus.cc:493] T 55b040cd1d3546caa399b0d15387410c P cadac1318fd44581a266809e7ebbccb2 [term 0 FOLLOWER]: Starting pre-election (no leader contacted us within the election timeout)
I20260709 13:02:44.081007  8979 raft_consensus.cc:515] T 55b040cd1d3546caa399b0d15387410c P cadac1318fd44581a266809e7ebbccb2 [term 0 FOLLOWER]: Starting pre-election with config: opid_index: -1 OBSOLETE_local: false peers { permanent_uuid: "e24af475f598414fbcf9223c84221892" member_type: VOTER last_known_addr { host: "127.7.119.193" port: 43653 } } peers { permanent_uuid: "c7876705b47f489584252b140851c060" member_type: VOTER last_known_addr { host: "127.7.119.194" port: 44041 } } peers { permanent_uuid: "cadac1318fd44581a266809e7ebbccb2" member_type: VOTER last_known_addr { host: "127.7.119.195" port: 40091 } }
I20260709 13:02:44.083280  8979 leader_election.cc:290] T 55b040cd1d3546caa399b0d15387410c P cadac1318fd44581a266809e7ebbccb2 [CANDIDATE]: Term 1 pre-election: Requested pre-vote from peers e24af475f598414fbcf9223c84221892 (127.7.119.193:43653), c7876705b47f489584252b140851c060 (127.7.119.194:44041)
I20260709 13:02:44.085330  8781 tablet_service.cc:1917] Received RequestConsensusVote() RPC: tablet_id: "55b040cd1d3546caa399b0d15387410c" candidate_uuid: "cadac1318fd44581a266809e7ebbccb2" candidate_term: 1 candidate_status { last_received { term: 0 index: 0 } } ignore_live_leader: false dest_uuid: "e24af475f598414fbcf9223c84221892" is_pre_election: true
I20260709 13:02:44.085861  8973 tablet_bootstrap.cc:654] T 1f5247093b76446a8eb90de7f9749b54 P cadac1318fd44581a266809e7ebbccb2: Neither blocks nor log segments found. Creating new log.
I20260709 13:02:44.086195  8781 raft_consensus.cc:2468] T 55b040cd1d3546caa399b0d15387410c P e24af475f598414fbcf9223c84221892 [term 0 FOLLOWER]: Leader pre-election vote request: Granting yes vote for candidate cadac1318fd44581a266809e7ebbccb2 in term 0.
I20260709 13:02:44.087990  8893 leader_election.cc:304] T 55b040cd1d3546caa399b0d15387410c P cadac1318fd44581a266809e7ebbccb2 [CANDIDATE]: Term 1 pre-election: Election decided. Result: candidate won. Election summary: received 2 responses out of 3 voters: 2 yes votes; 0 no votes. yes voters: cadac1318fd44581a266809e7ebbccb2, e24af475f598414fbcf9223c84221892; no voters: 
I20260709 13:02:44.090915  8930 tablet_service.cc:1917] Received RequestConsensusVote() RPC: tablet_id: "03599ca2575a4ce5b7309d9bb0edc4df" candidate_uuid: "c7876705b47f489584252b140851c060" candidate_term: 1 candidate_status { last_received { term: 0 index: 0 } } ignore_live_leader: false dest_uuid: "cadac1318fd44581a266809e7ebbccb2" is_pre_election: true
I20260709 13:02:44.091015  8781 tablet_service.cc:1917] Received RequestConsensusVote() RPC: tablet_id: "03599ca2575a4ce5b7309d9bb0edc4df" candidate_uuid: "c7876705b47f489584252b140851c060" candidate_term: 1 candidate_status { last_received { term: 0 index: 0 } } ignore_live_leader: false dest_uuid: "e24af475f598414fbcf9223c84221892" is_pre_election: true
I20260709 13:02:44.091303  8855 tablet_service.cc:1917] Received RequestConsensusVote() RPC: tablet_id: "55b040cd1d3546caa399b0d15387410c" candidate_uuid: "cadac1318fd44581a266809e7ebbccb2" candidate_term: 1 candidate_status { last_received { term: 0 index: 0 } } ignore_live_leader: false dest_uuid: "c7876705b47f489584252b140851c060" is_pre_election: true
