I20260709 13:02:32.849056  7958 consensus_queue.cc:237] T 3adfb191cfdd47718ff5415e7f2305ef P 401250886a00479c90e2322090c943d8 [LEADER]: Queue going to LEADER mode. State: All replicated index: 0, Majority replicated index: 2, Committed index: 2, Last appended: 2.2, Last appended by leader: 2, Current term: 3, Majority size: 2, State: 0, Mode: LEADER, active raft config: opid_index: -1 OBSOLETE_local: false peers { permanent_uuid: "1ba008ed52f04f3baf317ed1d497327b" member_type: VOTER last_known_addr { host: "127.6.221.129" port: 33121 } } peers { permanent_uuid: "5695f1c7b5ad484d9650f0b6dd2f1270" member_type: VOTER last_known_addr { host: "127.6.221.130" port: 34473 } } peers { permanent_uuid: "401250886a00479c90e2322090c943d8" member_type: VOTER last_known_addr { host: "127.6.221.131" port: 40713 } }
I20260709 13:02:32.854888  7558 catalog_manager.cc:5697] T 3adfb191cfdd47718ff5415e7f2305ef P 401250886a00479c90e2322090c943d8 reported cstate change: term changed from 2 to 3, leader changed from 1ba008ed52f04f3baf317ed1d497327b (127.6.221.129) to 401250886a00479c90e2322090c943d8 (127.6.221.131). New cstate: current_term: 3 leader_uuid: "401250886a00479c90e2322090c943d8" committed_config { opid_index: -1 OBSOLETE_local: false peers { permanent_uuid: "1ba008ed52f04f3baf317ed1d497327b" member_type: VOTER last_known_addr { host: "127.6.221.129" port: 33121 } health_report { overall_health: UNKNOWN } } peers { permanent_uuid: "5695f1c7b5ad484d9650f0b6dd2f1270" member_type: VOTER last_known_addr { host: "127.6.221.130" port: 34473 } health_report { overall_health: UNKNOWN } } peers { permanent_uuid: "401250886a00479c90e2322090c943d8" member_type: VOTER last_known_addr { host: "127.6.221.131" port: 40713 } health_report { overall_health: HEALTHY } } }
I20260709 13:02:32.936820  7961 raft_consensus.cc:993] T b020565102584a68b97c29229a2fad42 P 1ba008ed52f04f3baf317ed1d497327b: : Instructing follower 401250886a00479c90e2322090c943d8 to start an election
I20260709 13:02:32.937398  7894 raft_consensus.cc:1081] T b020565102584a68b97c29229a2fad42 P 1ba008ed52f04f3baf317ed1d497327b [term 2 LEADER]: Signalling peer 401250886a00479c90e2322090c943d8 to start an election
I20260709 13:02:32.938707  7808 tablet_service.cc:2044] Received Run Leader Election RPC: tablet_id: "b020565102584a68b97c29229a2fad42"
dest_uuid: "401250886a00479c90e2322090c943d8"
 from {username='slave'} at 127.0.0.1:48774
I20260709 13:02:32.939225  7808 raft_consensus.cc:493] T b020565102584a68b97c29229a2fad42 P 401250886a00479c90e2322090c943d8 [term 2 FOLLOWER]: Starting forced leader election (received explicit request)
I20260709 13:02:32.939571  7808 raft_consensus.cc:3060] T b020565102584a68b97c29229a2fad42 P 401250886a00479c90e2322090c943d8 [term 2 FOLLOWER]: Advancing to term 3
I20260709 13:02:32.945571  7808 raft_consensus.cc:515] T b020565102584a68b97c29229a2fad42 P 401250886a00479c90e2322090c943d8 [term 3 FOLLOWER]: Starting forced leader election with config: opid_index: -1 OBSOLETE_local: false peers { permanent_uuid: "1ba008ed52f04f3baf317ed1d497327b" member_type: VOTER last_known_addr { host: "127.6.221.129" port: 33121 } } peers { permanent_uuid: "5695f1c7b5ad484d9650f0b6dd2f1270" member_type: VOTER last_known_addr { host: "127.6.221.130" port: 34473 } } peers { permanent_uuid: "401250886a00479c90e2322090c943d8" member_type: VOTER last_known_addr { host: "127.6.221.131" port: 40713 } }
I20260709 13:02:32.947366  7808 leader_election.cc:290] T b020565102584a68b97c29229a2fad42 P 401250886a00479c90e2322090c943d8 [CANDIDATE]: Term 3 election: Requested vote from peers 1ba008ed52f04f3baf317ed1d497327b (127.6.221.129:33121), 5695f1c7b5ad484d9650f0b6dd2f1270 (127.6.221.130:34473)
I20260709 13:02:32.947872  7660 tablet_service.cc:1917] Received RequestConsensusVote() RPC: tablet_id: "b020565102584a68b97c29229a2fad42" candidate_uuid: "401250886a00479c90e2322090c943d8" candidate_term: 3 candidate_status { last_received { term: 2 index: 2 } } ignore_live_leader: true dest_uuid: "1ba008ed52f04f3baf317ed1d497327b"
I20260709 13:02:32.948225  7733 tablet_service.cc:1917] Received RequestConsensusVote() RPC: tablet_id: "b020565102584a68b97c29229a2fad42" candidate_uuid: "401250886a00479c90e2322090c943d8" candidate_term: 3 candidate_status { last_received { term: 2 index: 2 } } ignore_live_leader: true dest_uuid: "5695f1c7b5ad484d9650f0b6dd2f1270"
I20260709 13:02:32.948411  7660 raft_consensus.cc:3055] T b020565102584a68b97c29229a2fad42 P 1ba008ed52f04f3baf317ed1d497327b [term 2 LEADER]: Stepping down as leader of term 2
I20260709 13:02:32.948750  7733 raft_consensus.cc:3060] T b020565102584a68b97c29229a2fad42 P 5695f1c7b5ad484d9650f0b6dd2f1270 [term 2 FOLLOWER]: Advancing to term 3
I20260709 13:02:32.948771  7660 raft_consensus.cc:740] T b020565102584a68b97c29229a2fad42 P 1ba008ed52f04f3baf317ed1d497327b [term 2 LEADER]: Becoming Follower/Learner. State: Replica: 1ba008ed52f04f3baf317ed1d497327b, State: Running, Role: LEADER
I20260709 13:02:32.949803  7660 consensus_queue.cc:260] T b020565102584a68b97c29229a2fad42 P 1ba008ed52f04f3baf317ed1d497327b [NON_LEADER]: Queue going to NON_LEADER mode. State: All replicated index: 0, Majority replicated index: 2, Committed index: 2, Last appended: 2.2, Last appended by leader: 2, Current term: 2, Majority size: -1, State: 0, Mode: NON_LEADER, active raft config: opid_index: -1 OBSOLETE_local: false peers { permanent_uuid: "1ba008ed52f04f3baf317ed1d497327b" member_type: VOTER last_known_addr { host: "127.6.221.129" port: 33121 } } peers { permanent_uuid: "5695f1c7b5ad484d9650f0b6dd2f1270" member_type: VOTER last_known_addr { host: "127.6.221.130" port: 34473 } } peers { permanent_uuid: "401250886a00479c90e2322090c943d8" member_type: VOTER last_known_addr { host: "127.6.221.131" port: 40713 } }
I20260709 13:02:32.950984  7660 raft_consensus.cc:3060] T b020565102584a68b97c29229a2fad42 P 1ba008ed52f04f3baf317ed1d497327b [term 2 FOLLOWER]: Advancing to term 3
I20260709 13:02:32.953620  7733 raft_consensus.cc:2468] T b020565102584a68b97c29229a2fad42 P 5695f1c7b5ad484d9650f0b6dd2f1270 [term 3 FOLLOWER]: Leader election vote request: Granting yes vote for candidate 401250886a00479c90e2322090c943d8 in term 3.
I20260709 13:02:32.954458  7775 leader_election.cc:304] T b020565102584a68b97c29229a2fad42 P 401250886a00479c90e2322090c943d8 [CANDIDATE]: Term 3 election: Election decided. Result: candidate won. Election summary: received 2 responses out of 3 voters: 2 yes votes; 0 no votes. yes voters: 401250886a00479c90e2322090c943d8, 5695f1c7b5ad484d9650f0b6dd2f1270; no voters: 
I20260709 13:02:32.954908  7660 raft_consensus.cc:2468] T b020565102584a68b97c29229a2fad42 P 1ba008ed52f04f3baf317ed1d497327b [term 3 FOLLOWER]: Leader election vote request: Granting yes vote for candidate 401250886a00479c90e2322090c943d8 in term 3.
I20260709 13:02:32.955143  7958 raft_consensus.cc:2804] T b020565102584a68b97c29229a2fad42 P 401250886a00479c90e2322090c943d8 [term 3 FOLLOWER]: Leader election won for term 3
I20260709 13:02:32.955628  7958 raft_consensus.cc:697] T b020565102584a68b97c29229a2fad42 P 401250886a00479c90e2322090c943d8 [term 3 LEADER]: Becoming Leader. State: Replica: 401250886a00479c90e2322090c943d8, State: Running, Role: LEADER
I20260709 13:02:32.956375  7958 consensus_queue.cc:237] T b020565102584a68b97c29229a2fad42 P 401250886a00479c90e2322090c943d8 [LEADER]: Queue going to LEADER mode. State: All replicated index: 0, Majority replicated index: 2, Committed index: 2, Last appended: 2.2, Last appended by leader: 2, Current term: 3, Majority size: 2, State: 0, Mode: LEADER, active raft config: opid_index: -1 OBSOLETE_local: false peers { permanent_uuid: "1ba008ed52f04f3baf317ed1d497327b" member_type: VOTER last_known_addr { host: "127.6.221.129" port: 33121 } } peers { permanent_uuid: "5695f1c7b5ad484d9650f0b6dd2f1270" member_type: VOTER last_known_addr { host: "127.6.221.130" port: 34473 } } peers { permanent_uuid: "401250886a00479c90e2322090c943d8" member_type: VOTER last_known_addr { host: "127.6.221.131" port: 40713 } }
I20260709 13:02:32.961784  7558 catalog_manager.cc:5697] T b020565102584a68b97c29229a2fad42 P 401250886a00479c90e2322090c943d8 reported cstate change: term changed from 2 to 3, leader changed from 1ba008ed52f04f3baf317ed1d497327b (127.6.221.129) to 401250886a00479c90e2322090c943d8 (127.6.221.131). New cstate: current_term: 3 leader_uuid: "401250886a00479c90e2322090c943d8" committed_config { opid_index: -1 OBSOLETE_local: false peers { permanent_uuid: "1ba008ed52f04f3baf317ed1d497327b" member_type: VOTER last_known_addr { host: "127.6.221.129" port: 33121 } health_report { overall_health: UNKNOWN } } peers { permanent_uuid: "5695f1c7b5ad484d9650f0b6dd2f1270" member_type: VOTER last_known_addr { host: "127.6.221.130" port: 34473 } health_report { overall_health: UNKNOWN } } peers { permanent_uuid: "401250886a00479c90e2322090c943d8" member_type: VOTER last_known_addr { host: "127.6.221.131" port: 40713 } health_report { overall_health: HEALTHY } } }
I20260709 13:02:33.276332  7733 raft_consensus.cc:1275] T 3adfb191cfdd47718ff5415e7f2305ef P 5695f1c7b5ad484d9650f0b6dd2f1270 [term 3 FOLLOWER]: Refusing update from remote peer 401250886a00479c90e2322090c943d8: Log matching property violated. Preceding OpId in replica: term: 2 index: 2. Preceding OpId from leader: term: 3 index: 3. (index mismatch)
I20260709 13:02:33.277499  7958 consensus_queue.cc:1048] T 3adfb191cfdd47718ff5415e7f2305ef P 401250886a00479c90e2322090c943d8 [LEADER]: Connected to new peer: Peer: permanent_uuid: "5695f1c7b5ad484d9650f0b6dd2f1270" member_type: VOTER last_known_addr { host: "127.6.221.130" port: 34473 }, Status: LMP_MISMATCH, Last received: 0.0, Next index: 3, Last known committed idx: 2, Time since last communication: 0.000s
I20260709 13:02:33.286265  7660 raft_consensus.cc:1275] T 3adfb191cfdd47718ff5415e7f2305ef P 1ba008ed52f04f3baf317ed1d497327b [term 3 FOLLOWER]: Refusing update from remote peer 401250886a00479c90e2322090c943d8: Log matching property violated. Preceding OpId in replica: term: 2 index: 2. Preceding OpId from leader: term: 3 index: 3. (index mismatch)
I20260709 13:02:33.287569  7962 consensus_queue.cc:1048] T 3adfb191cfdd47718ff5415e7f2305ef P 401250886a00479c90e2322090c943d8 [LEADER]: Connected to new peer: Peer: permanent_uuid: "1ba008ed52f04f3baf317ed1d497327b" member_type: VOTER last_known_addr { host: "127.6.221.129" port: 33121 }, Status: LMP_MISMATCH, Last received: 0.0, Next index: 3, Last known committed idx: 2, Time since last communication: 0.000s
I20260709 13:02:33.339155  7733 raft_consensus.cc:1275] T b020565102584a68b97c29229a2fad42 P 5695f1c7b5ad484d9650f0b6dd2f1270 [term 3 FOLLOWER]: Refusing update from remote peer 401250886a00479c90e2322090c943d8: Log matching property violated. Preceding OpId in replica: term: 2 index: 2. Preceding OpId from leader: term: 3 index: 3. (index mismatch)
I20260709 13:02:33.340276  7962 consensus_queue.cc:1048] T b020565102584a68b97c29229a2fad42 P 401250886a00479c90e2322090c943d8 [LEADER]: Connected to new peer: Peer: permanent_uuid: "5695f1c7b5ad484d9650f0b6dd2f1270" member_type: VOTER last_known_addr { host: "127.6.221.130" port: 34473 }, Status: LMP_MISMATCH, Last received: 0.0, Next index: 3, Last known committed idx: 2, Time since last communication: 0.000s
I20260709 13:02:33.349794  7660 raft_consensus.cc:1275] T b020565102584a68b97c29229a2fad42 P 1ba008ed52f04f3baf317ed1d497327b [term 3 FOLLOWER]: Refusing update from remote peer 401250886a00479c90e2322090c943d8: Log matching property violated. Preceding OpId in replica: term: 2 index: 2. Preceding OpId from leader: term: 3 index: 3. (index mismatch)
I20260709 13:02:33.351764  7976 consensus_queue.cc:1048] T b020565102584a68b97c29229a2fad42 P 401250886a00479c90e2322090c943d8 [LEADER]: Connected to new peer: Peer: permanent_uuid: "1ba008ed52f04f3baf317ed1d497327b" member_type: VOTER last_known_addr { host: "127.6.221.129" port: 33121 }, Status: LMP_MISMATCH, Last received: 0.0, Next index: 3, Last known committed idx: 2, Time since last communication: 0.000s
I20260709 13:02:33.708755  7030 auto_leader_rebalancer.cc:141] leader rebalance for table test-workload
I20260709 13:02:33.717589  7808 tablet_service.cc:2072] Received LeaderStepDown RPC: tablet_id: "3adfb191cfdd47718ff5415e7f2305ef"
dest_uuid: "401250886a00479c90e2322090c943d8"
mode: GRACEFUL
new_leader_uuid: "1ba008ed52f04f3baf317ed1d497327b"
 from {username='slave'} at 127.0.0.1:48786
I20260709 13:02:33.718000  7808 raft_consensus.cc:606] T 3adfb191cfdd47718ff5415e7f2305ef P 401250886a00479c90e2322090c943d8 [term 3 LEADER]: Received request to transfer leadership to TS 1ba008ed52f04f3baf317ed1d497327b
I20260709 13:02:33.722102  7808 tablet_service.cc:2072] Received LeaderStepDown RPC: tablet_id: "b020565102584a68b97c29229a2fad42"
dest_uuid: "401250886a00479c90e2322090c943d8"
mode: GRACEFUL
new_leader_uuid: "1ba008ed52f04f3baf317ed1d497327b"
 from {username='slave'} at 127.0.0.1:48786
I20260709 13:02:33.722502  7808 raft_consensus.cc:606] T b020565102584a68b97c29229a2fad42 P 401250886a00479c90e2322090c943d8 [term 3 LEADER]: Received request to transfer leadership to TS 1ba008ed52f04f3baf317ed1d497327b
I20260709 13:02:33.733405  7736 tablet_service.cc:2072] Received LeaderStepDown RPC: tablet_id: "a3cfce17e28a4222bcaf3a47d01eea3d"
dest_uuid: "5695f1c7b5ad484d9650f0b6dd2f1270"
mode: GRACEFUL
new_leader_uuid: "1ba008ed52f04f3baf317ed1d497327b"
 from {username='slave'} at 127.0.0.1:54346
I20260709 13:02:33.733866  7736 raft_consensus.cc:606] T a3cfce17e28a4222bcaf3a47d01eea3d P 5695f1c7b5ad484d9650f0b6dd2f1270 [term 2 LEADER]: Received request to transfer leadership to TS 1ba008ed52f04f3baf317ed1d497327b
I20260709 13:02:33.737780  7736 tablet_service.cc:2072] Received LeaderStepDown RPC: tablet_id: "a79f9b1851ad4153a33e16d824c7ad03"
dest_uuid: "5695f1c7b5ad484d9650f0b6dd2f1270"
mode: GRACEFUL
new_leader_uuid: "1ba008ed52f04f3baf317ed1d497327b"
 from {username='slave'} at 127.0.0.1:54346
I20260709 13:02:33.738176  7736 raft_consensus.cc:606] T a79f9b1851ad4153a33e16d824c7ad03 P 5695f1c7b5ad484d9650f0b6dd2f1270 [term 1 LEADER]: Received request to transfer leadership to TS 1ba008ed52f04f3baf317ed1d497327b
I20260709 13:02:33.741896  7736 tablet_service.cc:2072] Received LeaderStepDown RPC: tablet_id: "72c2423821ef4ca4aed90becfead6d37"
dest_uuid: "5695f1c7b5ad484d9650f0b6dd2f1270"
mode: GRACEFUL
new_leader_uuid: "1ba008ed52f04f3baf317ed1d497327b"
 from {username='slave'} at 127.0.0.1:54346
I20260709 13:02:33.742317  7736 raft_consensus.cc:606] T 72c2423821ef4ca4aed90becfead6d37 P 5695f1c7b5ad484d9650f0b6dd2f1270 [term 1 LEADER]: Received request to transfer leadership to TS 1ba008ed52f04f3baf317ed1d497327b
I20260709 13:02:33.913596  7976 raft_consensus.cc:993] T 3adfb191cfdd47718ff5415e7f2305ef P 401250886a00479c90e2322090c943d8: : Instructing follower 1ba008ed52f04f3baf317ed1d497327b to start an election
I20260709 13:02:33.914052  7979 raft_consensus.cc:1081] T 3adfb191cfdd47718ff5415e7f2305ef P 401250886a00479c90e2322090c943d8 [term 3 LEADER]: Signalling peer 1ba008ed52f04f3baf317ed1d497327b to start an election
I20260709 13:02:33.915400  7660 tablet_service.cc:2044] Received Run Leader Election RPC: tablet_id: "3adfb191cfdd47718ff5415e7f2305ef"
dest_uuid: "1ba008ed52f04f3baf317ed1d497327b"
 from {username='slave'} at 127.0.0.1:41202
I20260709 13:02:33.915782  7660 raft_consensus.cc:493] T 3adfb191cfdd47718ff5415e7f2305ef P 1ba008ed52f04f3baf317ed1d497327b [term 3 FOLLOWER]: Starting forced leader election (received explicit request)
I20260709 13:02:33.916031  7660 raft_consensus.cc:3060] T 3adfb191cfdd47718ff5415e7f2305ef P 1ba008ed52f04f3baf317ed1d497327b [term 3 FOLLOWER]: Advancing to term 4
I20260709 13:02:33.919754  7660 raft_consensus.cc:515] T 3adfb191cfdd47718ff5415e7f2305ef P 1ba008ed52f04f3baf317ed1d497327b [term 4 FOLLOWER]: Starting forced leader election with config: opid_index: -1 OBSOLETE_local: false peers { permanent_uuid: "1ba008ed52f04f3baf317ed1d497327b" member_type: VOTER last_known_addr { host: "127.6.221.129" port: 33121 } } peers { permanent_uuid: "5695f1c7b5ad484d9650f0b6dd2f1270" member_type: VOTER last_known_addr { host: "127.6.221.130" port: 34473 } } peers { permanent_uuid: "401250886a00479c90e2322090c943d8" member_type: VOTER last_known_addr { host: "127.6.221.131" port: 40713 } }
I20260709 13:02:33.920975  7660 leader_election.cc:290] T 3adfb191cfdd47718ff5415e7f2305ef P 1ba008ed52f04f3baf317ed1d497327b [CANDIDATE]: Term 4 election: Requested vote from peers 5695f1c7b5ad484d9650f0b6dd2f1270 (127.6.221.130:34473), 401250886a00479c90e2322090c943d8 (127.6.221.131:40713)
I20260709 13:02:33.921707  7736 tablet_service.cc:1917] Received RequestConsensusVote() RPC: tablet_id: "3adfb191cfdd47718ff5415e7f2305ef" candidate_uuid: "1ba008ed52f04f3baf317ed1d497327b" candidate_term: 4 candidate_status { last_received { term: 3 index: 3 } } ignore_live_leader: true dest_uuid: "5695f1c7b5ad484d9650f0b6dd2f1270"
I20260709 13:02:33.921865  7808 tablet_service.cc:1917] Received RequestConsensusVote() RPC: tablet_id: "3adfb191cfdd47718ff5415e7f2305ef" candidate_uuid: "1ba008ed52f04f3baf317ed1d497327b" candidate_term: 4 candidate_status { last_received { term: 3 index: 3 } } ignore_live_leader: true dest_uuid: "401250886a00479c90e2322090c943d8"
I20260709 13:02:33.922307  7808 raft_consensus.cc:3055] T 3adfb191cfdd47718ff5415e7f2305ef P 401250886a00479c90e2322090c943d8 [term 3 LEADER]: Stepping down as leader of term 3
I20260709 13:02:33.922302  7736 raft_consensus.cc:3060] T 3adfb191cfdd47718ff5415e7f2305ef P 5695f1c7b5ad484d9650f0b6dd2f1270 [term 3 FOLLOWER]: Advancing to term 4
I20260709 13:02:33.922771  7808 raft_consensus.cc:740] T 3adfb191cfdd47718ff5415e7f2305ef P 401250886a00479c90e2322090c943d8 [term 3 LEADER]: Becoming Follower/Learner. State: Replica: 401250886a00479c90e2322090c943d8, State: Running, Role: LEADER
I20260709 13:02:33.923553  7808 consensus_queue.cc:260] T 3adfb191cfdd47718ff5415e7f2305ef P 401250886a00479c90e2322090c943d8 [NON_LEADER]: Queue going to NON_LEADER mode. State: All replicated index: 0, Majority replicated index: 3, Committed index: 3, Last appended: 3.3, Last appended by leader: 3, Current term: 3, Majority size: -1, State: 0, Mode: NON_LEADER, active raft config: opid_index: -1 OBSOLETE_local: false peers { permanent_uuid: "1ba008ed52f04f3baf317ed1d497327b" member_type: VOTER last_known_addr { host: "127.6.221.129" port: 33121 } } peers { permanent_uuid: "5695f1c7b5ad484d9650f0b6dd2f1270" member_type: VOTER last_known_addr { host: "127.6.221.130" port: 34473 } } peers { permanent_uuid: "401250886a00479c90e2322090c943d8" member_type: VOTER last_known_addr { host: "127.6.221.131" port: 40713 } }
I20260709 13:02:33.924599  7808 raft_consensus.cc:3060] T 3adfb191cfdd47718ff5415e7f2305ef P 401250886a00479c90e2322090c943d8 [term 3 FOLLOWER]: Advancing to term 4
I20260709 13:02:33.928429  7736 raft_consensus.cc:2468] T 3adfb191cfdd47718ff5415e7f2305ef P 5695f1c7b5ad484d9650f0b6dd2f1270 [term 4 FOLLOWER]: Leader election vote request: Granting yes vote for candidate 1ba008ed52f04f3baf317ed1d497327b in term 4.
I20260709 13:02:33.929473  7626 leader_election.cc:304] T 3adfb191cfdd47718ff5415e7f2305ef P 1ba008ed52f04f3baf317ed1d497327b [CANDIDATE]: Term 4 election: Election decided. Result: candidate won. Election summary: received 2 responses out of 3 voters: 2 yes votes; 0 no votes. yes voters: 1ba008ed52f04f3baf317ed1d497327b, 5695f1c7b5ad484d9650f0b6dd2f1270; no voters: 
I20260709 13:02:33.929931  7808 raft_consensus.cc:2468] T 3adfb191cfdd47718ff5415e7f2305ef P 401250886a00479c90e2322090c943d8 [term 4 FOLLOWER]: Leader election vote request: Granting yes vote for candidate 1ba008ed52f04f3baf317ed1d497327b in term 4.
I20260709 13:02:33.930100  7894 raft_consensus.cc:2804] T 3adfb191cfdd47718ff5415e7f2305ef P 1ba008ed52f04f3baf317ed1d497327b [term 4 FOLLOWER]: Leader election won for term 4
I20260709 13:02:33.931152  7894 raft_consensus.cc:697] T 3adfb191cfdd47718ff5415e7f2305ef P 1ba008ed52f04f3baf317ed1d497327b [term 4 LEADER]: Becoming Leader. State: Replica: 1ba008ed52f04f3baf317ed1d497327b, State: Running, Role: LEADER
I20260709 13:02:33.931834  7894 consensus_queue.cc:237] T 3adfb191cfdd47718ff5415e7f2305ef P 1ba008ed52f04f3baf317ed1d497327b [LEADER]: Queue going to LEADER mode. State: All replicated index: 0, Majority replicated index: 3, Committed index: 3, Last appended: 3.3, Last appended by leader: 3, Current term: 4, Majority size: 2, State: 0, Mode: LEADER, active raft config: opid_index: -1 OBSOLETE_local: false peers { permanent_uuid: "1ba008ed52f04f3baf317ed1d497327b" member_type: VOTER last_known_addr { host: "127.6.221.129" port: 33121 } } peers { permanent_uuid: "5695f1c7b5ad484d9650f0b6dd2f1270" member_type: VOTER last_known_addr { host: "127.6.221.130" port: 34473 } } peers { permanent_uuid: "401250886a00479c90e2322090c943d8" member_type: VOTER last_known_addr { host: "127.6.221.131" port: 40713 } }
I20260709 13:02:33.937158  7558 catalog_manager.cc:5697] T 3adfb191cfdd47718ff5415e7f2305ef P 1ba008ed52f04f3baf317ed1d497327b reported cstate change: term changed from 3 to 4, leader changed from 401250886a00479c90e2322090c943d8 (127.6.221.131) to 1ba008ed52f04f3baf317ed1d497327b (127.6.221.129). New cstate: current_term: 4 leader_uuid: "1ba008ed52f04f3baf317ed1d497327b" committed_config { opid_index: -1 OBSOLETE_local: false peers { permanent_uuid: "1ba008ed52f04f3baf317ed1d497327b" member_type: VOTER last_known_addr { host: "127.6.221.129" port: 33121 } health_report { overall_health: HEALTHY } } peers { permanent_uuid: "5695f1c7b5ad484d9650f0b6dd2f1270" member_type: VOTER last_known_addr { host: "127.6.221.130" port: 34473 } health_report { overall_health: UNKNOWN } } peers { permanent_uuid: "401250886a00479c90e2322090c943d8" member_type: VOTER last_known_addr { host: "127.6.221.131" port: 40713 } health_report { overall_health: UNKNOWN } } }
I20260709 13:02:33.955224  7984 raft_consensus.cc:993] T 72c2423821ef4ca4aed90becfead6d37 P 5695f1c7b5ad484d9650f0b6dd2f1270: : Instructing follower 1ba008ed52f04f3baf317ed1d497327b to start an election
I20260709 13:02:33.955628  7968 raft_consensus.cc:1081] T 72c2423821ef4ca4aed90becfead6d37 P 5695f1c7b5ad484d9650f0b6dd2f1270 [term 1 LEADER]: Signalling peer 1ba008ed52f04f3baf317ed1d497327b to start an election
I20260709 13:02:33.956984  7660 tablet_service.cc:2044] Received Run Leader Election RPC: tablet_id: "72c2423821ef4ca4aed90becfead6d37"
dest_uuid: "1ba008ed52f04f3baf317ed1d497327b"
 from {username='slave'} at 127.0.0.1:41190
I20260709 13:02:33.957468  7660 raft_consensus.cc:493] T 72c2423821ef4ca4aed90becfead6d37 P 1ba008ed52f04f3baf317ed1d497327b [term 1 FOLLOWER]: Starting forced leader election (received explicit request)
I20260709 13:02:33.957785  7660 raft_consensus.cc:3060] T 72c2423821ef4ca4aed90becfead6d37 P 1ba008ed52f04f3baf317ed1d497327b [term 1 FOLLOWER]: Advancing to term 2
I20260709 13:02:33.963891  7660 raft_consensus.cc:515] T 72c2423821ef4ca4aed90becfead6d37 P 1ba008ed52f04f3baf317ed1d497327b [term 2 FOLLOWER]: Starting forced leader election with config: opid_index: -1 OBSOLETE_local: false peers { permanent_uuid: "1ba008ed52f04f3baf317ed1d497327b" member_type: VOTER last_known_addr { host: "127.6.221.129" port: 33121 } } peers { permanent_uuid: "5695f1c7b5ad484d9650f0b6dd2f1270" member_type: VOTER last_known_addr { host: "127.6.221.130" port: 34473 } } peers { permanent_uuid: "401250886a00479c90e2322090c943d8" member_type: VOTER last_known_addr { host: "127.6.221.131" port: 40713 } }
I20260709 13:02:33.967569  7978 raft_consensus.cc:993] T b020565102584a68b97c29229a2fad42 P 401250886a00479c90e2322090c943d8: : Instructing follower 1ba008ed52f04f3baf317ed1d497327b to start an election
I20260709 13:02:33.967941  7979 raft_consensus.cc:1081] T b020565102584a68b97c29229a2fad42 P 401250886a00479c90e2322090c943d8 [term 3 LEADER]: Signalling peer 1ba008ed52f04f3baf317ed1d497327b to start an election
I20260709 13:02:33.968426  7736 tablet_service.cc:1917] Received RequestConsensusVote() RPC: tablet_id: "72c2423821ef4ca4aed90becfead6d37" candidate_uuid: "1ba008ed52f04f3baf317ed1d497327b" candidate_term: 2 candidate_status { last_received { term: 1 index: 1 } } ignore_live_leader: true dest_uuid: "5695f1c7b5ad484d9650f0b6dd2f1270"
I20260709 13:02:33.968967  7736 raft_consensus.cc:3055] T 72c2423821ef4ca4aed90becfead6d37 P 5695f1c7b5ad484d9650f0b6dd2f1270 [term 1 LEADER]: Stepping down as leader of term 1
I20260709 13:02:33.969277  7736 raft_consensus.cc:740] T 72c2423821ef4ca4aed90becfead6d37 P 5695f1c7b5ad484d9650f0b6dd2f1270 [term 1 LEADER]: Becoming Follower/Learner. State: Replica: 5695f1c7b5ad484d9650f0b6dd2f1270, State: Running, Role: LEADER
I20260709 13:02:33.969334  7661 tablet_service.cc:2044] Received Run Leader Election RPC: tablet_id: "b020565102584a68b97c29229a2fad42"
dest_uuid: "1ba008ed52f04f3baf317ed1d497327b"
 from {username='slave'} at 127.0.0.1:41202
I20260709 13:02:33.969642  7660 leader_election.cc:290] T 72c2423821ef4ca4aed90becfead6d37 P 1ba008ed52f04f3baf317ed1d497327b [CANDIDATE]: Term 2 election: Requested vote from peers 5695f1c7b5ad484d9650f0b6dd2f1270 (127.6.221.130:34473), 401250886a00479c90e2322090c943d8 (127.6.221.131:40713)
I20260709 13:02:33.969874  7661 raft_consensus.cc:493] T b020565102584a68b97c29229a2fad42 P 1ba008ed52f04f3baf317ed1d497327b [term 3 FOLLOWER]: Starting forced leader election (received explicit request)
I20260709 13:02:33.969817  7808 tablet_service.cc:1917] Received RequestConsensusVote() RPC: tablet_id: "72c2423821ef4ca4aed90becfead6d37" candidate_uuid: "1ba008ed52f04f3baf317ed1d497327b" candidate_term: 2 candidate_status { last_received { term: 1 index: 1 } } ignore_live_leader: true dest_uuid: "401250886a00479c90e2322090c943d8"
I20260709 13:02:33.970345  7661 raft_consensus.cc:3060] T b020565102584a68b97c29229a2fad42 P 1ba008ed52f04f3baf317ed1d497327b [term 3 FOLLOWER]: Advancing to term 4
I20260709 13:02:33.970420  7808 raft_consensus.cc:3060] T 72c2423821ef4ca4aed90becfead6d37 P 401250886a00479c90e2322090c943d8 [term 1 FOLLOWER]: Advancing to term 2
I20260709 13:02:33.970108  7736 consensus_queue.cc:260] T 72c2423821ef4ca4aed90becfead6d37 P 5695f1c7b5ad484d9650f0b6dd2f1270 [NON_LEADER]: Queue going to NON_LEADER mode. State: All replicated index: 0, Majority replicated index: 1, Committed index: 1, Last appended: 1.1, Last appended by leader: 1, Current term: 1, Majority size: -1, State: 0, Mode: NON_LEADER, active raft config: opid_index: -1 OBSOLETE_local: false peers { permanent_uuid: "1ba008ed52f04f3baf317ed1d497327b" member_type: VOTER last_known_addr { host: "127.6.221.129" port: 33121 } } peers { permanent_uuid: "5695f1c7b5ad484d9650f0b6dd2f1270" member_type: VOTER last_known_addr { host: "127.6.221.130" port: 34473 } } peers { permanent_uuid: "401250886a00479c90e2322090c943d8" member_type: VOTER last_known_addr { host: "127.6.221.131" port: 40713 } }
I20260709 13:02:33.971304  7736 raft_consensus.cc:3060] T 72c2423821ef4ca4aed90becfead6d37 P 5695f1c7b5ad484d9650f0b6dd2f1270 [term 1 FOLLOWER]: Advancing to term 2
I20260709 13:02:33.975243  7736 raft_consensus.cc:2468] T 72c2423821ef4ca4aed90becfead6d37 P 5695f1c7b5ad484d9650f0b6dd2f1270 [term 2 FOLLOWER]: Leader election vote request: Granting yes vote for candidate 1ba008ed52f04f3baf317ed1d497327b in term 2.
I20260709 13:02:33.976006  7626 leader_election.cc:304] T 72c2423821ef4ca4aed90becfead6d37 P 1ba008ed52f04f3baf317ed1d497327b [CANDIDATE]: Term 2 election: Election decided. Result: candidate won. Election summary: received 2 responses out of 3 voters: 2 yes votes; 0 no votes. yes voters: 1ba008ed52f04f3baf317ed1d497327b, 5695f1c7b5ad484d9650f0b6dd2f1270; no voters: 
I20260709 13:02:33.976104  7808 raft_consensus.cc:2468] T 72c2423821ef4ca4aed90becfead6d37 P 401250886a00479c90e2322090c943d8 [term 2 FOLLOWER]: Leader election vote request: Granting yes vote for candidate 1ba008ed52f04f3baf317ed1d497327b in term 2.
I20260709 13:02:33.976130  7661 raft_consensus.cc:515] T b020565102584a68b97c29229a2fad42 P 1ba008ed52f04f3baf317ed1d497327b [term 4 FOLLOWER]: Starting forced leader election with config: opid_index: -1 OBSOLETE_local: false peers { permanent_uuid: "1ba008ed52f04f3baf317ed1d497327b" member_type: VOTER last_known_addr { host: "127.6.221.129" port: 33121 } } peers { permanent_uuid: "5695f1c7b5ad484d9650f0b6dd2f1270" member_type: VOTER last_known_addr { host: "127.6.221.130" port: 34473 } } peers { permanent_uuid: "401250886a00479c90e2322090c943d8" member_type: VOTER last_known_addr { host: "127.6.221.131" port: 40713 } }
I20260709 13:02:33.976632  7894 raft_consensus.cc:2804] T 72c2423821ef4ca4aed90becfead6d37 P 1ba008ed52f04f3baf317ed1d497327b [term 2 FOLLOWER]: Leader election won for term 2
I20260709 13:02:33.977087  7894 raft_consensus.cc:697] T 72c2423821ef4ca4aed90becfead6d37 P 1ba008ed52f04f3baf317ed1d497327b [term 2 LEADER]: Becoming Leader. State: Replica: 1ba008ed52f04f3baf317ed1d497327b, State: Running, Role: LEADER
I20260709 13:02:33.977814  7894 consensus_queue.cc:237] T 72c2423821ef4ca4aed90becfead6d37 P 1ba008ed52f04f3baf317ed1d497327b [LEADER]: Queue going to LEADER mode. State: All replicated index: 0, Majority replicated index: 1, Committed index: 1, Last appended: 1.1, Last appended by leader: 1, Current term: 2, Majority size: 2, State: 0, Mode: LEADER, active raft config: opid_index: -1 OBSOLETE_local: false peers { permanent_uuid: "1ba008ed52f04f3baf317ed1d497327b" member_type: VOTER last_known_addr { host: "127.6.221.129" port: 33121 } } peers { permanent_uuid: "5695f1c7b5ad484d9650f0b6dd2f1270" member_type: VOTER last_known_addr { host: "127.6.221.130" port: 34473 } } peers { permanent_uuid: "401250886a00479c90e2322090c943d8" member_type: VOTER last_known_addr { host: "127.6.221.131" port: 40713 } }
I20260709 13:02:33.978320  7661 leader_election.cc:290] T b020565102584a68b97c29229a2fad42 P 1ba008ed52f04f3baf317ed1d497327b [CANDIDATE]: Term 4 election: Requested vote from peers 5695f1c7b5ad484d9650f0b6dd2f1270 (127.6.221.130:34473), 401250886a00479c90e2322090c943d8 (127.6.221.131:40713)
I20260709 13:02:33.978487  7736 tablet_service.cc:1917] Received RequestConsensusVote() RPC: tablet_id: "b020565102584a68b97c29229a2fad42" candidate_uuid: "1ba008ed52f04f3baf317ed1d497327b" candidate_term: 4 candidate_status { last_received { term: 3 index: 3 } } ignore_live_leader: true dest_uuid: "5695f1c7b5ad484d9650f0b6dd2f1270"
I20260709 13:02:33.978938  7736 raft_consensus.cc:3060] T b020565102584a68b97c29229a2fad42 P 5695f1c7b5ad484d9650f0b6dd2f1270 [term 3 FOLLOWER]: Advancing to term 4
I20260709 13:02:33.979192  7808 tablet_service.cc:1917] Received RequestConsensusVote() RPC: tablet_id: "b020565102584a68b97c29229a2fad42" candidate_uuid: "1ba008ed52f04f3baf317ed1d497327b" candidate_term: 4 candidate_status { last_received { term: 3 index: 3 } } ignore_live_leader: true dest_uuid: "401250886a00479c90e2322090c943d8"
I20260709 13:02:33.979625  7808 raft_consensus.cc:3055] T b020565102584a68b97c29229a2fad42 P 401250886a00479c90e2322090c943d8 [term 3 LEADER]: Stepping down as leader of term 3
I20260709 13:02:33.979909  7808 raft_consensus.cc:740] T b020565102584a68b97c29229a2fad42 P 401250886a00479c90e2322090c943d8 [term 3 LEADER]: Becoming Follower/Learner. State: Replica: 401250886a00479c90e2322090c943d8, State: Running, Role: LEADER
I20260709 13:02:33.980484  7808 consensus_queue.cc:260] T b020565102584a68b97c29229a2fad42 P 401250886a00479c90e2322090c943d8 [NON_LEADER]: Queue going to NON_LEADER mode. State: All replicated index: 0, Majority replicated index: 3, Committed index: 3, Last appended: 3.3, Last appended by leader: 3, Current term: 3, Majority size: -1, State: 0, Mode: NON_LEADER, active raft config: opid_index: -1 OBSOLETE_local: false peers { permanent_uuid: "1ba008ed52f04f3baf317ed1d497327b" member_type: VOTER last_known_addr { host: "127.6.221.129" port: 33121 } } peers { permanent_uuid: "5695f1c7b5ad484d9650f0b6dd2f1270" member_type: VOTER last_known_addr { host: "127.6.221.130" port: 34473 } } peers { permanent_uuid: "401250886a00479c90e2322090c943d8" member_type: VOTER last_known_addr { host: "127.6.221.131" port: 40713 } }
I20260709 13:02:33.981626  7808 raft_consensus.cc:3060] T b020565102584a68b97c29229a2fad42 P 401250886a00479c90e2322090c943d8 [term 3 FOLLOWER]: Advancing to term 4
I20260709 13:02:33.984031  7736 raft_consensus.cc:2468] T b020565102584a68b97c29229a2fad42 P 5695f1c7b5ad484d9650f0b6dd2f1270 [term 4 FOLLOWER]: Leader election vote request: Granting yes vote for candidate 1ba008ed52f04f3baf317ed1d497327b in term 4.
I20260709 13:02:33.984874  7626 leader_election.cc:304] T b020565102584a68b97c29229a2fad42 P 1ba008ed52f04f3baf317ed1d497327b [CANDIDATE]: Term 4 election: Election decided. Result: candidate won. Election summary: received 2 responses out of 3 voters: 2 yes votes; 0 no votes. yes voters: 1ba008ed52f04f3baf317ed1d497327b, 5695f1c7b5ad484d9650f0b6dd2f1270; no voters: 
I20260709 13:02:33.985498  7894 raft_consensus.cc:2804] T b020565102584a68b97c29229a2fad42 P 1ba008ed52f04f3baf317ed1d497327b [term 4 FOLLOWER]: Leader election won for term 4
I20260709 13:02:33.985040  7558 catalog_manager.cc:5697] T 72c2423821ef4ca4aed90becfead6d37 P 1ba008ed52f04f3baf317ed1d497327b reported cstate change: term changed from 1 to 2, leader changed from 5695f1c7b5ad484d9650f0b6dd2f1270 (127.6.221.130) to 1ba008ed52f04f3baf317ed1d497327b (127.6.221.129). New cstate: current_term: 2 leader_uuid: "1ba008ed52f04f3baf317ed1d497327b" committed_config { opid_index: -1 OBSOLETE_local: false peers { permanent_uuid: "1ba008ed52f04f3baf317ed1d497327b" member_type: VOTER last_known_addr { host: "127.6.221.129" port: 33121 } health_report { overall_health: HEALTHY } } peers { permanent_uuid: "5695f1c7b5ad484d9650f0b6dd2f1270" member_type: VOTER last_known_addr { host: "127.6.221.130" port: 34473 } health_report { overall_health: UNKNOWN } } peers { permanent_uuid: "401250886a00479c90e2322090c943d8" member_type: VOTER last_known_addr { host: "127.6.221.131" port: 40713 } health_report { overall_health: UNKNOWN } } }
I20260709 13:02:33.985872  7894 raft_consensus.cc:697] T b020565102584a68b97c29229a2fad42 P 1ba008ed52f04f3baf317ed1d497327b [term 4 LEADER]: Becoming Leader. State: Replica: 1ba008ed52f04f3baf317ed1d497327b, State: Running, Role: LEADER
I20260709 13:02:33.986508  7808 raft_consensus.cc:2468] T b020565102584a68b97c29229a2fad42 P 401250886a00479c90e2322090c943d8 [term 4 FOLLOWER]: Leader election vote request: Granting yes vote for candidate 1ba008ed52f04f3baf317ed1d497327b in term 4.
I20260709 13:02:33.986505  7894 consensus_queue.cc:237] T b020565102584a68b97c29229a2fad42 P 1ba008ed52f04f3baf317ed1d497327b [LEADER]: Queue going to LEADER mode. State: All replicated index: 0, Majority replicated index: 3, Committed index: 3, Last appended: 3.3, Last appended by leader: 3, Current term: 4, Majority size: 2, State: 0, Mode: LEADER, active raft config: opid_index: -1 OBSOLETE_local: false peers { permanent_uuid: "1ba008ed52f04f3baf317ed1d497327b" member_type: VOTER last_known_addr { host: "127.6.221.129" port: 33121 } } peers { permanent_uuid: "5695f1c7b5ad484d9650f0b6dd2f1270" member_type: VOTER last_known_addr { host: "127.6.221.130" port: 34473 } } peers { permanent_uuid: "401250886a00479c90e2322090c943d8" member_type: VOTER last_known_addr { host: "127.6.221.131" port: 40713 } }
I20260709 13:02:33.995793  7558 catalog_manager.cc:5697] T b020565102584a68b97c29229a2fad42 P 1ba008ed52f04f3baf317ed1d497327b reported cstate change: term changed from 3 to 4, leader changed from 401250886a00479c90e2322090c943d8 (127.6.221.131) to 1ba008ed52f04f3baf317ed1d497327b (127.6.221.129). New cstate: current_term: 4 leader_uuid: "1ba008ed52f04f3baf317ed1d497327b" committed_config { opid_index: -1 OBSOLETE_local: false peers { permanent_uuid: "1ba008ed52f04f3baf317ed1d497327b" member_type: VOTER last_known_addr { host: "127.6.221.129" port: 33121 } health_report { overall_health: HEALTHY } } peers { permanent_uuid: "5695f1c7b5ad484d9650f0b6dd2f1270" member_type: VOTER last_known_addr { host: "127.6.221.130" port: 34473 } health_report { overall_health: UNKNOWN } } peers { permanent_uuid: "401250886a00479c90e2322090c943d8" member_type: VOTER last_known_addr { host: "127.6.221.131" port: 40713 } health_report { overall_health: UNKNOWN } } }
I20260709 13:02:34.095856  7984 raft_consensus.cc:993] T a3cfce17e28a4222bcaf3a47d01eea3d P 5695f1c7b5ad484d9650f0b6dd2f1270: : Instructing follower 1ba008ed52f04f3baf317ed1d497327b to start an election
I20260709 13:02:34.096279  7968 raft_consensus.cc:1081] T a3cfce17e28a4222bcaf3a47d01eea3d P 5695f1c7b5ad484d9650f0b6dd2f1270 [term 2 LEADER]: Signalling peer 1ba008ed52f04f3baf317ed1d497327b to start an election
I20260709 13:02:34.097398  7661 tablet_service.cc:2044] Received Run Leader Election RPC: tablet_id: "a3cfce17e28a4222bcaf3a47d01eea3d"
dest_uuid: "1ba008ed52f04f3baf317ed1d497327b"
 from {username='slave'} at 127.0.0.1:41190
I20260709 13:02:34.097756  7661 raft_consensus.cc:493] T a3cfce17e28a4222bcaf3a47d01eea3d P 1ba008ed52f04f3baf317ed1d497327b [term 2 FOLLOWER]: Starting forced leader election (received explicit request)
I20260709 13:02:34.097967  7661 raft_consensus.cc:3060] T a3cfce17e28a4222bcaf3a47d01eea3d P 1ba008ed52f04f3baf317ed1d497327b [term 2 FOLLOWER]: Advancing to term 3
I20260709 13:02:34.102608  7661 raft_consensus.cc:515] T a3cfce17e28a4222bcaf3a47d01eea3d P 1ba008ed52f04f3baf317ed1d497327b [term 3 FOLLOWER]: Starting forced leader election with config: opid_index: -1 OBSOLETE_local: false peers { permanent_uuid: "1ba008ed52f04f3baf317ed1d497327b" member_type: VOTER last_known_addr { host: "127.6.221.129" port: 33121 } } peers { permanent_uuid: "5695f1c7b5ad484d9650f0b6dd2f1270" member_type: VOTER last_known_addr { host: "127.6.221.130" port: 34473 } } peers { permanent_uuid: "401250886a00479c90e2322090c943d8" member_type: VOTER last_known_addr { host: "127.6.221.131" port: 40713 } }
I20260709 13:02:34.104449  7661 leader_election.cc:290] T a3cfce17e28a4222bcaf3a47d01eea3d P 1ba008ed52f04f3baf317ed1d497327b [CANDIDATE]: Term 3 election: Requested vote from peers 5695f1c7b5ad484d9650f0b6dd2f1270 (127.6.221.130:34473), 401250886a00479c90e2322090c943d8 (127.6.221.131:40713)
I20260709 13:02:34.105067  7736 tablet_service.cc:1917] Received RequestConsensusVote() RPC: tablet_id: "a3cfce17e28a4222bcaf3a47d01eea3d" candidate_uuid: "1ba008ed52f04f3baf317ed1d497327b" candidate_term: 3 candidate_status { last_received { term: 2 index: 2 } } ignore_live_leader: true dest_uuid: "5695f1c7b5ad484d9650f0b6dd2f1270"
I20260709 13:02:34.105454  7808 tablet_service.cc:1917] Received RequestConsensusVote() RPC: tablet_id: "a3cfce17e28a4222bcaf3a47d01eea3d" candidate_uuid: "1ba008ed52f04f3baf317ed1d497327b" candidate_term: 3 candidate_status { last_received { term: 2 index: 2 } } ignore_live_leader: true dest_uuid: "401250886a00479c90e2322090c943d8"
I20260709 13:02:34.105646  7736 raft_consensus.cc:3055] T a3cfce17e28a4222bcaf3a47d01eea3d P 5695f1c7b5ad484d9650f0b6dd2f1270 [term 2 LEADER]: Stepping down as leader of term 2
I20260709 13:02:34.105981  7808 raft_consensus.cc:3060] T a3cfce17e28a4222bcaf3a47d01eea3d P 401250886a00479c90e2322090c943d8 [term 2 FOLLOWER]: Advancing to term 3
I20260709 13:02:34.105957  7736 raft_consensus.cc:740] T a3cfce17e28a4222bcaf3a47d01eea3d P 5695f1c7b5ad484d9650f0b6dd2f1270 [term 2 LEADER]: Becoming Follower/Learner. State: Replica: 5695f1c7b5ad484d9650f0b6dd2f1270, State: Running, Role: LEADER
I20260709 13:02:34.106760  7736 consensus_queue.cc:260] T a3cfce17e28a4222bcaf3a47d01eea3d P 5695f1c7b5ad484d9650f0b6dd2f1270 [NON_LEADER]: Queue going to NON_LEADER mode. State: All replicated index: 0, Majority replicated index: 2, Committed index: 2, Last appended: 2.2, Last appended by leader: 2, Current term: 2, Majority size: -1, State: 0, Mode: NON_LEADER, active raft config: opid_index: -1 OBSOLETE_local: false peers { permanent_uuid: "1ba008ed52f04f3baf317ed1d497327b" member_type: VOTER last_known_addr { host: "127.6.221.129" port: 33121 } } peers { permanent_uuid: "5695f1c7b5ad484d9650f0b6dd2f1270" member_type: VOTER last_known_addr { host: "127.6.221.130" port: 34473 } } peers { permanent_uuid: "401250886a00479c90e2322090c943d8" member_type: VOTER last_known_addr { host: "127.6.221.131" port: 40713 } }
I20260709 13:02:34.107690  7736 raft_consensus.cc:3060] T a3cfce17e28a4222bcaf3a47d01eea3d P 5695f1c7b5ad484d9650f0b6dd2f1270 [term 2 FOLLOWER]: Advancing to term 3
I20260709 13:02:34.109838  7808 raft_consensus.cc:2468] T a3cfce17e28a4222bcaf3a47d01eea3d P 401250886a00479c90e2322090c943d8 [term 3 FOLLOWER]: Leader election vote request: Granting yes vote for candidate 1ba008ed52f04f3baf317ed1d497327b in term 3.
I20260709 13:02:34.110684  7624 leader_election.cc:304] T a3cfce17e28a4222bcaf3a47d01eea3d P 1ba008ed52f04f3baf317ed1d497327b [CANDIDATE]: Term 3 election: Election decided. Result: candidate won. Election summary: received 2 responses out of 3 voters: 2 yes votes; 0 no votes. yes voters: 1ba008ed52f04f3baf317ed1d497327b, 401250886a00479c90e2322090c943d8; no voters: 
I20260709 13:02:34.111338  7894 raft_consensus.cc:2804] T a3cfce17e28a4222bcaf3a47d01eea3d P 1ba008ed52f04f3baf317ed1d497327b [term 3 FOLLOWER]: Leader election won for term 3
I20260709 13:02:34.111524  7736 raft_consensus.cc:2468] T a3cfce17e28a4222bcaf3a47d01eea3d P 5695f1c7b5ad484d9650f0b6dd2f1270 [term 3 FOLLOWER]: Leader election vote request: Granting yes vote for candidate 1ba008ed52f04f3baf317ed1d497327b in term 3.
I20260709 13:02:34.111814  7894 raft_consensus.cc:697] T a3cfce17e28a4222bcaf3a47d01eea3d P 1ba008ed52f04f3baf317ed1d497327b [term 3 LEADER]: Becoming Leader. State: Replica: 1ba008ed52f04f3baf317ed1d497327b, State: Running, Role: LEADER
I20260709 13:02:34.112541  7894 consensus_queue.cc:237] T a3cfce17e28a4222bcaf3a47d01eea3d P 1ba008ed52f04f3baf317ed1d497327b [LEADER]: Queue going to LEADER mode. State: All replicated index: 0, Majority replicated index: 2, Committed index: 2, Last appended: 2.2, Last appended by leader: 2, Current term: 3, Majority size: 2, State: 0, Mode: LEADER, active raft config: opid_index: -1 OBSOLETE_local: false peers { permanent_uuid: "1ba008ed52f04f3baf317ed1d497327b" member_type: VOTER last_known_addr { host: "127.6.221.129" port: 33121 } } peers { permanent_uuid: "5695f1c7b5ad484d9650f0b6dd2f1270" member_type: VOTER last_known_addr { host: "127.6.221.130" port: 34473 } } peers { permanent_uuid: "401250886a00479c90e2322090c943d8" member_type: VOTER last_known_addr { host: "127.6.221.131" port: 40713 } }
I20260709 13:02:34.118448  7558 catalog_manager.cc:5697] T a3cfce17e28a4222bcaf3a47d01eea3d P 1ba008ed52f04f3baf317ed1d497327b reported cstate change: term changed from 2 to 3, leader changed from 5695f1c7b5ad484d9650f0b6dd2f1270 (127.6.221.130) to 1ba008ed52f04f3baf317ed1d497327b (127.6.221.129). New cstate: current_term: 3 leader_uuid: "1ba008ed52f04f3baf317ed1d497327b" committed_config { opid_index: -1 OBSOLETE_local: false peers { permanent_uuid: "1ba008ed52f04f3baf317ed1d497327b" member_type: VOTER last_known_addr { host: "127.6.221.129" port: 33121 } health_report { overall_health: HEALTHY } } peers { permanent_uuid: "5695f1c7b5ad484d9650f0b6dd2f1270" member_type: VOTER last_known_addr { host: "127.6.221.130" port: 34473 } health_report { overall_health: UNKNOWN } } peers { permanent_uuid: "401250886a00479c90e2322090c943d8" member_type: VOTER last_known_addr { host: "127.6.221.131" port: 40713 } health_report { overall_health: UNKNOWN } } }
I20260709 13:02:34.122756  7984 raft_consensus.cc:993] T a79f9b1851ad4153a33e16d824c7ad03 P 5695f1c7b5ad484d9650f0b6dd2f1270: : Instructing follower 1ba008ed52f04f3baf317ed1d497327b to start an election
I20260709 13:02:34.123163  7968 raft_consensus.cc:1081] T a79f9b1851ad4153a33e16d824c7ad03 P 5695f1c7b5ad484d9650f0b6dd2f1270 [term 1 LEADER]: Signalling peer 1ba008ed52f04f3baf317ed1d497327b to start an election
I20260709 13:02:34.124475  7661 tablet_service.cc:2044] Received Run Leader Election RPC: tablet_id: "a79f9b1851ad4153a33e16d824c7ad03"
dest_uuid: "1ba008ed52f04f3baf317ed1d497327b"
 from {username='slave'} at 127.0.0.1:41190
I20260709 13:02:34.125025  7661 raft_consensus.cc:493] T a79f9b1851ad4153a33e16d824c7ad03 P 1ba008ed52f04f3baf317ed1d497327b [term 1 FOLLOWER]: Starting forced leader election (received explicit request)
I20260709 13:02:34.125368  7661 raft_consensus.cc:3060] T a79f9b1851ad4153a33e16d824c7ad03 P 1ba008ed52f04f3baf317ed1d497327b [term 1 FOLLOWER]: Advancing to term 2
I20260709 13:02:34.129657  7661 raft_consensus.cc:515] T a79f9b1851ad4153a33e16d824c7ad03 P 1ba008ed52f04f3baf317ed1d497327b [term 2 FOLLOWER]: Starting forced leader election with config: opid_index: -1 OBSOLETE_local: false peers { permanent_uuid: "1ba008ed52f04f3baf317ed1d497327b" member_type: VOTER last_known_addr { host: "127.6.221.129" port: 33121 } } peers { permanent_uuid: "5695f1c7b5ad484d9650f0b6dd2f1270" member_type: VOTER last_known_addr { host: "127.6.221.130" port: 34473 } } peers { permanent_uuid: "401250886a00479c90e2322090c943d8" member_type: VOTER last_known_addr { host: "127.6.221.131" port: 40713 } }
I20260709 13:02:34.131088  7661 leader_election.cc:290] T a79f9b1851ad4153a33e16d824c7ad03 P 1ba008ed52f04f3baf317ed1d497327b [CANDIDATE]: Term 2 election: Requested vote from peers 5695f1c7b5ad484d9650f0b6dd2f1270 (127.6.221.130:34473), 401250886a00479c90e2322090c943d8 (127.6.221.131:40713)
I20260709 13:02:34.131808  7736 tablet_service.cc:1917] Received RequestConsensusVote() RPC: tablet_id: "a79f9b1851ad4153a33e16d824c7ad03" candidate_uuid: "1ba008ed52f04f3baf317ed1d497327b" candidate_term: 2 candidate_status { last_received { term: 1 index: 1 } } ignore_live_leader: true dest_uuid: "5695f1c7b5ad484d9650f0b6dd2f1270"
I20260709 13:02:34.131986  7808 tablet_service.cc:1917] Received RequestConsensusVote() RPC: tablet_id: "a79f9b1851ad4153a33e16d824c7ad03" candidate_uuid: "1ba008ed52f04f3baf317ed1d497327b" candidate_term: 2 candidate_status { last_received { term: 1 index: 1 } } ignore_live_leader: true dest_uuid: "401250886a00479c90e2322090c943d8"
I20260709 13:02:34.132319  7736 raft_consensus.cc:3055] T a79f9b1851ad4153a33e16d824c7ad03 P 5695f1c7b5ad484d9650f0b6dd2f1270 [term 1 LEADER]: Stepping down as leader of term 1
I20260709 13:02:34.132421  7808 raft_consensus.cc:3060] T a79f9b1851ad4153a33e16d824c7ad03 P 401250886a00479c90e2322090c943d8 [term 1 FOLLOWER]: Advancing to term 2
I20260709 13:02:34.132655  7736 raft_consensus.cc:740] T a79f9b1851ad4153a33e16d824c7ad03 P 5695f1c7b5ad484d9650f0b6dd2f1270 [term 1 LEADER]: Becoming Follower/Learner. State: Replica: 5695f1c7b5ad484d9650f0b6dd2f1270, State: Running, Role: LEADER
I20260709 13:02:34.133340  7736 consensus_queue.cc:260] T a79f9b1851ad4153a33e16d824c7ad03 P 5695f1c7b5ad484d9650f0b6dd2f1270 [NON_LEADER]: Queue going to NON_LEADER mode. State: All replicated index: 0, Majority replicated index: 1, Committed index: 1, Last appended: 1.1, Last appended by leader: 1, Current term: 1, Majority size: -1, State: 0, Mode: NON_LEADER, active raft config: opid_index: -1 OBSOLETE_local: false peers { permanent_uuid: "1ba008ed52f04f3baf317ed1d497327b" member_type: VOTER last_known_addr { host: "127.6.221.129" port: 33121 } } peers { permanent_uuid: "5695f1c7b5ad484d9650f0b6dd2f1270" member_type: VOTER last_known_addr { host: "127.6.221.130" port: 34473 } } peers { permanent_uuid: "401250886a00479c90e2322090c943d8" member_type: VOTER last_known_addr { host: "127.6.221.131" port: 40713 } }
I20260709 13:02:34.134371  7736 raft_consensus.cc:3060] T a79f9b1851ad4153a33e16d824c7ad03 P 5695f1c7b5ad484d9650f0b6dd2f1270 [term 1 FOLLOWER]: Advancing to term 2
I20260709 13:02:34.137890  7808 raft_consensus.cc:2468] T a79f9b1851ad4153a33e16d824c7ad03 P 401250886a00479c90e2322090c943d8 [term 2 FOLLOWER]: Leader election vote request: Granting yes vote for candidate 1ba008ed52f04f3baf317ed1d497327b in term 2.
I20260709 13:02:34.138801  7624 leader_election.cc:304] T a79f9b1851ad4153a33e16d824c7ad03 P 1ba008ed52f04f3baf317ed1d497327b [CANDIDATE]: Term 2 election: Election decided. Result: candidate won. Election summary: received 2 responses out of 3 voters: 2 yes votes; 0 no votes. yes voters: 1ba008ed52f04f3baf317ed1d497327b, 401250886a00479c90e2322090c943d8; no voters: 
I20260709 13:02:34.139469  7894 raft_consensus.cc:2804] T a79f9b1851ad4153a33e16d824c7ad03 P 1ba008ed52f04f3baf317ed1d497327b [term 2 FOLLOWER]: Leader election won for term 2
I20260709 13:02:34.139689  7736 raft_consensus.cc:2468] T a79f9b1851ad4153a33e16d824c7ad03 P 5695f1c7b5ad484d9650f0b6dd2f1270 [term 2 FOLLOWER]: Leader election vote request: Granting yes vote for candidate 1ba008ed52f04f3baf317ed1d497327b in term 2.
I20260709 13:02:34.139935  7894 raft_consensus.cc:697] T a79f9b1851ad4153a33e16d824c7ad03 P 1ba008ed52f04f3baf317ed1d497327b [term 2 LEADER]: Becoming Leader. State: Replica: 1ba008ed52f04f3baf317ed1d497327b, State: Running, Role: LEADER
I20260709 13:02:34.140795  7894 consensus_queue.cc:237] T a79f9b1851ad4153a33e16d824c7ad03 P 1ba008ed52f04f3baf317ed1d497327b [LEADER]: Queue going to LEADER mode. State: All replicated index: 0, Majority replicated index: 1, Committed index: 1, Last appended: 1.1, Last appended by leader: 1, Current term: 2, Majority size: 2, State: 0, Mode: LEADER, active raft config: opid_index: -1 OBSOLETE_local: false peers { permanent_uuid: "1ba008ed52f04f3baf317ed1d497327b" member_type: VOTER last_known_addr { host: "127.6.221.129" port: 33121 } } peers { permanent_uuid: "5695f1c7b5ad484d9650f0b6dd2f1270" member_type: VOTER last_known_addr { host: "127.6.221.130" port: 34473 } } peers { permanent_uuid: "401250886a00479c90e2322090c943d8" member_type: VOTER last_known_addr { host: "127.6.221.131" port: 40713 } }
