I20260709 13:02:40.711282 10827 raft_consensus.cc:385] T c19da011c42842eba75925cdd68568d4 P 7c00483a1339411da05005c410f470a0 [term 0 FOLLOWER]: Consensus starting up: Expiring failure detector timer to make a prompt election more likely
I20260709 13:02:40.711803 10828 raft_consensus.cc:740] T d9e0fdbd1e7d4fc0a9e330373ff8e0c5 P 99a7b009fd104b7d948808513bc3e845 [term 0 FOLLOWER]: Becoming Follower/Learner. State: Replica: 99a7b009fd104b7d948808513bc3e845, State: Initialized, Role: FOLLOWER
I20260709 13:02:40.711902 10827 raft_consensus.cc:740] T c19da011c42842eba75925cdd68568d4 P 7c00483a1339411da05005c410f470a0 [term 0 FOLLOWER]: Becoming Follower/Learner. State: Replica: 7c00483a1339411da05005c410f470a0, State: Initialized, Role: FOLLOWER
I20260709 13:02:40.712638 10828 consensus_queue.cc:260] T d9e0fdbd1e7d4fc0a9e330373ff8e0c5 P 99a7b009fd104b7d948808513bc3e845 [NON_LEADER]: Queue going to NON_LEADER mode. State: All replicated index: 0, Majority replicated index: 0, Committed index: 0, Last appended: 0.0, Last appended by leader: 0, Current term: 0, Majority size: -1, State: 0, Mode: NON_LEADER, active raft config: opid_index: -1 OBSOLETE_local: false peers { permanent_uuid: "7c00483a1339411da05005c410f470a0" member_type: VOTER last_known_addr { host: "127.9.77.65" port: 36011 } } peers { permanent_uuid: "bbbb5ae25e0e47a7b9b29ba6f9295aa2" member_type: VOTER last_known_addr { host: "127.9.77.66" port: 33105 } } peers { permanent_uuid: "99a7b009fd104b7d948808513bc3e845" member_type: VOTER last_known_addr { host: "127.9.77.67" port: 34207 } }
I20260709 13:02:40.712997 10827 consensus_queue.cc:260] T c19da011c42842eba75925cdd68568d4 P 7c00483a1339411da05005c410f470a0 [NON_LEADER]: Queue going to NON_LEADER mode. State: All replicated index: 0, Majority replicated index: 0, Committed index: 0, Last appended: 0.0, Last appended by leader: 0, Current term: 0, Majority size: -1, State: 0, Mode: NON_LEADER, active raft config: opid_index: -1 OBSOLETE_local: false peers { permanent_uuid: "7c00483a1339411da05005c410f470a0" member_type: VOTER last_known_addr { host: "127.9.77.65" port: 36011 } } peers { permanent_uuid: "bbbb5ae25e0e47a7b9b29ba6f9295aa2" member_type: VOTER last_known_addr { host: "127.9.77.66" port: 33105 } } peers { permanent_uuid: "99a7b009fd104b7d948808513bc3e845" member_type: VOTER last_known_addr { host: "127.9.77.67" port: 34207 } }
I20260709 13:02:40.716917 10827 ts_tablet_manager.cc:1434] T c19da011c42842eba75925cdd68568d4 P 7c00483a1339411da05005c410f470a0: Time spent starting tablet: real 0.009s	user 0.005s	sys 0.005s
I20260709 13:02:40.718325 10827 tablet_bootstrap.cc:492] T 5415384bb5aa468db93e2ce4889ba805 P 7c00483a1339411da05005c410f470a0: Bootstrap starting.
I20260709 13:02:40.720292 10534 catalog_manager.cc:5697] T d9e0fdbd1e7d4fc0a9e330373ff8e0c5 P bbbb5ae25e0e47a7b9b29ba6f9295aa2 reported cstate change: term changed from 0 to 1, leader changed from <none> to bbbb5ae25e0e47a7b9b29ba6f9295aa2 (127.9.77.66). New cstate: current_term: 1 leader_uuid: "bbbb5ae25e0e47a7b9b29ba6f9295aa2" committed_config { opid_index: -1 OBSOLETE_local: false peers { permanent_uuid: "7c00483a1339411da05005c410f470a0" member_type: VOTER last_known_addr { host: "127.9.77.65" port: 36011 } health_report { overall_health: UNKNOWN } } peers { permanent_uuid: "bbbb5ae25e0e47a7b9b29ba6f9295aa2" member_type: VOTER last_known_addr { host: "127.9.77.66" port: 33105 } health_report { overall_health: HEALTHY } } peers { permanent_uuid: "99a7b009fd104b7d948808513bc3e845" member_type: VOTER last_known_addr { host: "127.9.77.67" port: 34207 } health_report { overall_health: UNKNOWN } } }
I20260709 13:02:40.726346 10827 tablet_bootstrap.cc:654] T 5415384bb5aa468db93e2ce4889ba805 P 7c00483a1339411da05005c410f470a0: Neither blocks nor log segments found. Creating new log.
I20260709 13:02:40.735252 10828 ts_tablet_manager.cc:1434] T d9e0fdbd1e7d4fc0a9e330373ff8e0c5 P 99a7b009fd104b7d948808513bc3e845: Time spent starting tablet: real 0.027s	user 0.008s	sys 0.000s
I20260709 13:02:40.736367 10828 tablet_bootstrap.cc:492] T 05398384fec444de828e9c2168ec558f P 99a7b009fd104b7d948808513bc3e845: Bootstrap starting.
I20260709 13:02:40.740760 10885 raft_consensus.cc:493] T cfc0dc2cfa5844a493a5480f95bd9f38 P 7c00483a1339411da05005c410f470a0 [term 0 FOLLOWER]: Starting pre-election (no leader contacted us within the election timeout)
I20260709 13:02:40.741281 10885 raft_consensus.cc:515] T cfc0dc2cfa5844a493a5480f95bd9f38 P 7c00483a1339411da05005c410f470a0 [term 0 FOLLOWER]: Starting pre-election with config: opid_index: -1 OBSOLETE_local: false peers { permanent_uuid: "7c00483a1339411da05005c410f470a0" member_type: VOTER last_known_addr { host: "127.9.77.65" port: 36011 } } peers { permanent_uuid: "bbbb5ae25e0e47a7b9b29ba6f9295aa2" member_type: VOTER last_known_addr { host: "127.9.77.66" port: 33105 } } peers { permanent_uuid: "99a7b009fd104b7d948808513bc3e845" member_type: VOTER last_known_addr { host: "127.9.77.67" port: 34207 } }
I20260709 13:02:40.744732 10785 tablet_service.cc:1917] Received RequestConsensusVote() RPC: tablet_id: "cfc0dc2cfa5844a493a5480f95bd9f38" candidate_uuid: "7c00483a1339411da05005c410f470a0" candidate_term: 1 candidate_status { last_received { term: 0 index: 0 } } ignore_live_leader: false dest_uuid: "99a7b009fd104b7d948808513bc3e845" is_pre_election: true
I20260709 13:02:40.746594 10885 leader_election.cc:290] T cfc0dc2cfa5844a493a5480f95bd9f38 P 7c00483a1339411da05005c410f470a0 [CANDIDATE]: Term 1 pre-election: Requested pre-vote from peers bbbb5ae25e0e47a7b9b29ba6f9295aa2 (127.9.77.66:33105), 99a7b009fd104b7d948808513bc3e845 (127.9.77.67:34207)
I20260709 13:02:40.750011 10828 tablet_bootstrap.cc:654] T 05398384fec444de828e9c2168ec558f P 99a7b009fd104b7d948808513bc3e845: Neither blocks nor log segments found. Creating new log.
I20260709 13:02:40.754091 10709 tablet_service.cc:1917] Received RequestConsensusVote() RPC: tablet_id: "cfc0dc2cfa5844a493a5480f95bd9f38" candidate_uuid: "7c00483a1339411da05005c410f470a0" candidate_term: 1 candidate_status { last_received { term: 0 index: 0 } } ignore_live_leader: false dest_uuid: "bbbb5ae25e0e47a7b9b29ba6f9295aa2" is_pre_election: true
I20260709 13:02:40.755105 10709 raft_consensus.cc:2393] T cfc0dc2cfa5844a493a5480f95bd9f38 P bbbb5ae25e0e47a7b9b29ba6f9295aa2 [term 1 FOLLOWER]: Leader pre-election vote request: Denying vote to candidate 7c00483a1339411da05005c410f470a0 in current term 1: Already voted for candidate 99a7b009fd104b7d948808513bc3e845 in this term.
I20260709 13:02:40.757665 10828 tablet_bootstrap.cc:492] T 05398384fec444de828e9c2168ec558f P 99a7b009fd104b7d948808513bc3e845: No bootstrap required, opened a new log
I20260709 13:02:40.758375 10828 ts_tablet_manager.cc:1403] T 05398384fec444de828e9c2168ec558f P 99a7b009fd104b7d948808513bc3e845: Time spent bootstrapping tablet: real 0.022s	user 0.011s	sys 0.001s
I20260709 13:02:40.759164 10602 leader_election.cc:304] T cfc0dc2cfa5844a493a5480f95bd9f38 P 7c00483a1339411da05005c410f470a0 [CANDIDATE]: Term 1 pre-election: Election decided. Result: candidate lost. Election summary: received 3 responses out of 3 voters: 1 yes votes; 2 no votes. yes voters: 7c00483a1339411da05005c410f470a0; no voters: 99a7b009fd104b7d948808513bc3e845, bbbb5ae25e0e47a7b9b29ba6f9295aa2
I20260709 13:02:40.760296 10924 raft_consensus.cc:3060] T cfc0dc2cfa5844a493a5480f95bd9f38 P 7c00483a1339411da05005c410f470a0 [term 0 FOLLOWER]: Advancing to term 1
I20260709 13:02:40.772127 10826 tablet_bootstrap.cc:492] T e24fe74df68040e7b259d86577876713 P bbbb5ae25e0e47a7b9b29ba6f9295aa2: No bootstrap required, opened a new log
I20260709 13:02:40.772644 10826 ts_tablet_manager.cc:1403] T e24fe74df68040e7b259d86577876713 P bbbb5ae25e0e47a7b9b29ba6f9295aa2: Time spent bootstrapping tablet: real 0.196s	user 0.019s	sys 0.032s
I20260709 13:02:40.777070 10826 raft_consensus.cc:359] T e24fe74df68040e7b259d86577876713 P bbbb5ae25e0e47a7b9b29ba6f9295aa2 [term 0 FOLLOWER]: Replica starting. Triggering 0 pending ops. Active config: opid_index: -1 OBSOLETE_local: false peers { permanent_uuid: "7c00483a1339411da05005c410f470a0" member_type: VOTER last_known_addr { host: "127.9.77.65" port: 36011 } } peers { permanent_uuid: "bbbb5ae25e0e47a7b9b29ba6f9295aa2" member_type: VOTER last_known_addr { host: "127.9.77.66" port: 33105 } } peers { permanent_uuid: "99a7b009fd104b7d948808513bc3e845" member_type: VOTER last_known_addr { host: "127.9.77.67" port: 34207 } }
I20260709 13:02:40.781359 10855 raft_consensus.cc:493] T 035129d2db344d2fa1691d896b8b7eef P bbbb5ae25e0e47a7b9b29ba6f9295aa2 [term 0 FOLLOWER]: Starting pre-election (no leader contacted us within the election timeout)
I20260709 13:02:40.780793 10828 raft_consensus.cc:359] T 05398384fec444de828e9c2168ec558f P 99a7b009fd104b7d948808513bc3e845 [term 0 FOLLOWER]: Replica starting. Triggering 0 pending ops. Active config: opid_index: -1 OBSOLETE_local: false peers { permanent_uuid: "7c00483a1339411da05005c410f470a0" member_type: VOTER last_known_addr { host: "127.9.77.65" port: 36011 } } peers { permanent_uuid: "bbbb5ae25e0e47a7b9b29ba6f9295aa2" member_type: VOTER last_known_addr { host: "127.9.77.66" port: 33105 } } peers { permanent_uuid: "99a7b009fd104b7d948808513bc3e845" member_type: VOTER last_known_addr { host: "127.9.77.67" port: 34207 } }
I20260709 13:02:40.782717 10828 raft_consensus.cc:385] T 05398384fec444de828e9c2168ec558f P 99a7b009fd104b7d948808513bc3e845 [term 0 FOLLOWER]: Consensus starting up: Expiring failure detector timer to make a prompt election more likely
I20260709 13:02:40.781903 10855 raft_consensus.cc:515] T 035129d2db344d2fa1691d896b8b7eef P bbbb5ae25e0e47a7b9b29ba6f9295aa2 [term 0 FOLLOWER]: Starting pre-election with config: opid_index: -1 OBSOLETE_local: false peers { permanent_uuid: "7c00483a1339411da05005c410f470a0" member_type: VOTER last_known_addr { host: "127.9.77.65" port: 36011 } } peers { permanent_uuid: "bbbb5ae25e0e47a7b9b29ba6f9295aa2" member_type: VOTER last_known_addr { host: "127.9.77.66" port: 33105 } } peers { permanent_uuid: "99a7b009fd104b7d948808513bc3e845" member_type: VOTER last_known_addr { host: "127.9.77.67" port: 34207 } }
I20260709 13:02:40.782979 10828 raft_consensus.cc:740] T 05398384fec444de828e9c2168ec558f P 99a7b009fd104b7d948808513bc3e845 [term 0 FOLLOWER]: Becoming Follower/Learner. State: Replica: 99a7b009fd104b7d948808513bc3e845, State: Initialized, Role: FOLLOWER
I20260709 13:02:40.783905 10924 raft_consensus.cc:2749] T cfc0dc2cfa5844a493a5480f95bd9f38 P 7c00483a1339411da05005c410f470a0 [term 1 FOLLOWER]: Leader pre-election lost for term 1. Reason: could not achieve majority
I20260709 13:02:40.778180 10826 raft_consensus.cc:385] T e24fe74df68040e7b259d86577876713 P bbbb5ae25e0e47a7b9b29ba6f9295aa2 [term 0 FOLLOWER]: Consensus starting up: Expiring failure detector timer to make a prompt election more likely
I20260709 13:02:40.784904 10826 raft_consensus.cc:740] T e24fe74df68040e7b259d86577876713 P bbbb5ae25e0e47a7b9b29ba6f9295aa2 [term 0 FOLLOWER]: Becoming Follower/Learner. State: Replica: bbbb5ae25e0e47a7b9b29ba6f9295aa2, State: Initialized, Role: FOLLOWER
I20260709 13:02:40.784722 10828 consensus_queue.cc:260] T 05398384fec444de828e9c2168ec558f P 99a7b009fd104b7d948808513bc3e845 [NON_LEADER]: Queue going to NON_LEADER mode. State: All replicated index: 0, Majority replicated index: 0, Committed index: 0, Last appended: 0.0, Last appended by leader: 0, Current term: 0, Majority size: -1, State: 0, Mode: NON_LEADER, active raft config: opid_index: -1 OBSOLETE_local: false peers { permanent_uuid: "7c00483a1339411da05005c410f470a0" member_type: VOTER last_known_addr { host: "127.9.77.65" port: 36011 } } peers { permanent_uuid: "bbbb5ae25e0e47a7b9b29ba6f9295aa2" member_type: VOTER last_known_addr { host: "127.9.77.66" port: 33105 } } peers { permanent_uuid: "99a7b009fd104b7d948808513bc3e845" member_type: VOTER last_known_addr { host: "127.9.77.67" port: 34207 } }
I20260709 13:02:40.786350 10635 tablet_service.cc:1917] Received RequestConsensusVote() RPC: tablet_id: "035129d2db344d2fa1691d896b8b7eef" candidate_uuid: "bbbb5ae25e0e47a7b9b29ba6f9295aa2" candidate_term: 1 candidate_status { last_received { term: 0 index: 0 } } ignore_live_leader: false dest_uuid: "7c00483a1339411da05005c410f470a0" is_pre_election: true
I20260709 13:02:40.787115 10828 ts_tablet_manager.cc:1434] T 05398384fec444de828e9c2168ec558f P 99a7b009fd104b7d948808513bc3e845: Time spent starting tablet: real 0.028s	user 0.006s	sys 0.000s
W20260709 13:02:40.788057 10676 leader_election.cc:343] T 035129d2db344d2fa1691d896b8b7eef P bbbb5ae25e0e47a7b9b29ba6f9295aa2 [CANDIDATE]: Term 1 pre-election: Tablet error from VoteRequest() call to peer 7c00483a1339411da05005c410f470a0 (127.9.77.65:36011): Illegal state: must be running to vote when last-logged opid is not known
I20260709 13:02:40.789240 10828 tablet_bootstrap.cc:492] T e24fe74df68040e7b259d86577876713 P 99a7b009fd104b7d948808513bc3e845: Bootstrap starting.
I20260709 13:02:40.788846 10826 consensus_queue.cc:260] T e24fe74df68040e7b259d86577876713 P bbbb5ae25e0e47a7b9b29ba6f9295aa2 [NON_LEADER]: Queue going to NON_LEADER mode. State: All replicated index: 0, Majority replicated index: 0, Committed index: 0, Last appended: 0.0, Last appended by leader: 0, Current term: 0, Majority size: -1, State: 0, Mode: NON_LEADER, active raft config: opid_index: -1 OBSOLETE_local: false peers { permanent_uuid: "7c00483a1339411da05005c410f470a0" member_type: VOTER last_known_addr { host: "127.9.77.65" port: 36011 } } peers { permanent_uuid: "bbbb5ae25e0e47a7b9b29ba6f9295aa2" member_type: VOTER last_known_addr { host: "127.9.77.66" port: 33105 } } peers { permanent_uuid: "99a7b009fd104b7d948808513bc3e845" member_type: VOTER last_known_addr { host: "127.9.77.67" port: 34207 } }
I20260709 13:02:40.790942 10785 tablet_service.cc:1917] Received RequestConsensusVote() RPC: tablet_id: "035129d2db344d2fa1691d896b8b7eef" candidate_uuid: "bbbb5ae25e0e47a7b9b29ba6f9295aa2" candidate_term: 1 candidate_status { last_received { term: 0 index: 0 } } ignore_live_leader: false dest_uuid: "99a7b009fd104b7d948808513bc3e845" is_pre_election: true
I20260709 13:02:40.789433 10855 leader_election.cc:290] T 035129d2db344d2fa1691d896b8b7eef P bbbb5ae25e0e47a7b9b29ba6f9295aa2 [CANDIDATE]: Term 1 pre-election: Requested pre-vote from peers 7c00483a1339411da05005c410f470a0 (127.9.77.65:36011), 99a7b009fd104b7d948808513bc3e845 (127.9.77.67:34207)
W20260709 13:02:40.793872 10676 leader_election.cc:343] T 035129d2db344d2fa1691d896b8b7eef P bbbb5ae25e0e47a7b9b29ba6f9295aa2 [CANDIDATE]: Term 1 pre-election: Tablet error from VoteRequest() call to peer 99a7b009fd104b7d948808513bc3e845 (127.9.77.67:34207): Illegal state: must be running to vote when last-logged opid is not known
I20260709 13:02:40.794395 10826 ts_tablet_manager.cc:1434] T e24fe74df68040e7b259d86577876713 P bbbb5ae25e0e47a7b9b29ba6f9295aa2: Time spent starting tablet: real 0.021s	user 0.006s	sys 0.002s
I20260709 13:02:40.794451 10676 leader_election.cc:304] T 035129d2db344d2fa1691d896b8b7eef P bbbb5ae25e0e47a7b9b29ba6f9295aa2 [CANDIDATE]: Term 1 pre-election: Election decided. Result: candidate lost. Election summary: received 3 responses out of 3 voters: 1 yes votes; 2 no votes. yes voters: bbbb5ae25e0e47a7b9b29ba6f9295aa2; no voters: 7c00483a1339411da05005c410f470a0, 99a7b009fd104b7d948808513bc3e845
I20260709 13:02:40.795855 10826 tablet_bootstrap.cc:492] T 1853c3ffd94a4afb9f35aec1ee350d1c P bbbb5ae25e0e47a7b9b29ba6f9295aa2: Bootstrap starting.
I20260709 13:02:40.796178 10855 raft_consensus.cc:2749] T 035129d2db344d2fa1691d896b8b7eef P bbbb5ae25e0e47a7b9b29ba6f9295aa2 [term 0 FOLLOWER]: Leader pre-election lost for term 1. Reason: could not achieve majority
I20260709 13:02:40.799235 10827 tablet_bootstrap.cc:492] T 5415384bb5aa468db93e2ce4889ba805 P 7c00483a1339411da05005c410f470a0: No bootstrap required, opened a new log
I20260709 13:02:40.799723 10827 ts_tablet_manager.cc:1403] T 5415384bb5aa468db93e2ce4889ba805 P 7c00483a1339411da05005c410f470a0: Time spent bootstrapping tablet: real 0.082s	user 0.024s	sys 0.039s
I20260709 13:02:40.802455 10827 raft_consensus.cc:359] T 5415384bb5aa468db93e2ce4889ba805 P 7c00483a1339411da05005c410f470a0 [term 0 FOLLOWER]: Replica starting. Triggering 0 pending ops. Active config: opid_index: -1 OBSOLETE_local: false peers { permanent_uuid: "7c00483a1339411da05005c410f470a0" member_type: VOTER last_known_addr { host: "127.9.77.65" port: 36011 } } peers { permanent_uuid: "bbbb5ae25e0e47a7b9b29ba6f9295aa2" member_type: VOTER last_known_addr { host: "127.9.77.66" port: 33105 } } peers { permanent_uuid: "99a7b009fd104b7d948808513bc3e845" member_type: VOTER last_known_addr { host: "127.9.77.67" port: 34207 } }
I20260709 13:02:40.803122 10827 raft_consensus.cc:385] T 5415384bb5aa468db93e2ce4889ba805 P 7c00483a1339411da05005c410f470a0 [term 0 FOLLOWER]: Consensus starting up: Expiring failure detector timer to make a prompt election more likely
I20260709 13:02:40.803401 10827 raft_consensus.cc:740] T 5415384bb5aa468db93e2ce4889ba805 P 7c00483a1339411da05005c410f470a0 [term 0 FOLLOWER]: Becoming Follower/Learner. State: Replica: 7c00483a1339411da05005c410f470a0, State: Initialized, Role: FOLLOWER
I20260709 13:02:40.804322 10828 tablet_bootstrap.cc:654] T e24fe74df68040e7b259d86577876713 P 99a7b009fd104b7d948808513bc3e845: Neither blocks nor log segments found. Creating new log.
I20260709 13:02:40.804014 10827 consensus_queue.cc:260] T 5415384bb5aa468db93e2ce4889ba805 P 7c00483a1339411da05005c410f470a0 [NON_LEADER]: Queue going to NON_LEADER mode. State: All replicated index: 0, Majority replicated index: 0, Committed index: 0, Last appended: 0.0, Last appended by leader: 0, Current term: 0, Majority size: -1, State: 0, Mode: NON_LEADER, active raft config: opid_index: -1 OBSOLETE_local: false peers { permanent_uuid: "7c00483a1339411da05005c410f470a0" member_type: VOTER last_known_addr { host: "127.9.77.65" port: 36011 } } peers { permanent_uuid: "bbbb5ae25e0e47a7b9b29ba6f9295aa2" member_type: VOTER last_known_addr { host: "127.9.77.66" port: 33105 } } peers { permanent_uuid: "99a7b009fd104b7d948808513bc3e845" member_type: VOTER last_known_addr { host: "127.9.77.67" port: 34207 } }
I20260709 13:02:40.806077 10827 ts_tablet_manager.cc:1434] T 5415384bb5aa468db93e2ce4889ba805 P 7c00483a1339411da05005c410f470a0: Time spent starting tablet: real 0.006s	user 0.006s	sys 0.001s
I20260709 13:02:40.812947 10901 raft_consensus.cc:493] T 05398384fec444de828e9c2168ec558f P 99a7b009fd104b7d948808513bc3e845 [term 0 FOLLOWER]: Starting pre-election (no leader contacted us within the election timeout)
I20260709 13:02:40.813869 10827 tablet_bootstrap.cc:492] T 5966bf4d69ed4db99c596559b66e9902 P 7c00483a1339411da05005c410f470a0: Bootstrap starting.
I20260709 13:02:40.813531 10901 raft_consensus.cc:515] T 05398384fec444de828e9c2168ec558f P 99a7b009fd104b7d948808513bc3e845 [term 0 FOLLOWER]: Starting pre-election with config: opid_index: -1 OBSOLETE_local: false peers { permanent_uuid: "7c00483a1339411da05005c410f470a0" member_type: VOTER last_known_addr { host: "127.9.77.65" port: 36011 } } peers { permanent_uuid: "bbbb5ae25e0e47a7b9b29ba6f9295aa2" member_type: VOTER last_known_addr { host: "127.9.77.66" port: 33105 } } peers { permanent_uuid: "99a7b009fd104b7d948808513bc3e845" member_type: VOTER last_known_addr { host: "127.9.77.67" port: 34207 } }
I20260709 13:02:40.816682 10901 leader_election.cc:290] T 05398384fec444de828e9c2168ec558f P 99a7b009fd104b7d948808513bc3e845 [CANDIDATE]: Term 1 pre-election: Requested pre-vote from peers 7c00483a1339411da05005c410f470a0 (127.9.77.65:36011), bbbb5ae25e0e47a7b9b29ba6f9295aa2 (127.9.77.66:33105)
I20260709 13:02:40.819080 10635 tablet_service.cc:1917] Received RequestConsensusVote() RPC: tablet_id: "05398384fec444de828e9c2168ec558f" candidate_uuid: "99a7b009fd104b7d948808513bc3e845" candidate_term: 1 candidate_status { last_received { term: 0 index: 0 } } ignore_live_leader: false dest_uuid: "7c00483a1339411da05005c410f470a0" is_pre_election: true
I20260709 13:02:40.821303 10709 tablet_service.cc:1917] Received RequestConsensusVote() RPC: tablet_id: "05398384fec444de828e9c2168ec558f" candidate_uuid: "99a7b009fd104b7d948808513bc3e845" candidate_term: 1 candidate_status { last_received { term: 0 index: 0 } } ignore_live_leader: false dest_uuid: "bbbb5ae25e0e47a7b9b29ba6f9295aa2" is_pre_election: true
I20260709 13:02:40.823690 10751 leader_election.cc:304] T 05398384fec444de828e9c2168ec558f P 99a7b009fd104b7d948808513bc3e845 [CANDIDATE]: Term 1 pre-election: Election decided. Result: candidate lost. Election summary: received 3 responses out of 3 voters: 1 yes votes; 2 no votes. yes voters: 99a7b009fd104b7d948808513bc3e845; no voters: 7c00483a1339411da05005c410f470a0, bbbb5ae25e0e47a7b9b29ba6f9295aa2
I20260709 13:02:40.824821 10827 tablet_bootstrap.cc:654] T 5966bf4d69ed4db99c596559b66e9902 P 7c00483a1339411da05005c410f470a0: Neither blocks nor log segments found. Creating new log.
I20260709 13:02:40.824831 10901 raft_consensus.cc:2749] T 05398384fec444de828e9c2168ec558f P 99a7b009fd104b7d948808513bc3e845 [term 0 FOLLOWER]: Leader pre-election lost for term 1. Reason: could not achieve majority
I20260709 13:02:40.826328 10826 tablet_bootstrap.cc:654] T 1853c3ffd94a4afb9f35aec1ee350d1c P bbbb5ae25e0e47a7b9b29ba6f9295aa2: Neither blocks nor log segments found. Creating new log.
I20260709 13:02:40.834070 10828 tablet_bootstrap.cc:492] T e24fe74df68040e7b259d86577876713 P 99a7b009fd104b7d948808513bc3e845: No bootstrap required, opened a new log
I20260709 13:02:40.834676 10828 ts_tablet_manager.cc:1403] T e24fe74df68040e7b259d86577876713 P 99a7b009fd104b7d948808513bc3e845: Time spent bootstrapping tablet: real 0.046s	user 0.012s	sys 0.007s
I20260709 13:02:40.835510 10826 tablet_bootstrap.cc:492] T 1853c3ffd94a4afb9f35aec1ee350d1c P bbbb5ae25e0e47a7b9b29ba6f9295aa2: No bootstrap required, opened a new log
I20260709 13:02:40.835990 10826 ts_tablet_manager.cc:1403] T 1853c3ffd94a4afb9f35aec1ee350d1c P bbbb5ae25e0e47a7b9b29ba6f9295aa2: Time spent bootstrapping tablet: real 0.040s	user 0.007s	sys 0.006s
I20260709 13:02:40.837668 10828 raft_consensus.cc:359] T e24fe74df68040e7b259d86577876713 P 99a7b009fd104b7d948808513bc3e845 [term 0 FOLLOWER]: Replica starting. Triggering 0 pending ops. Active config: opid_index: -1 OBSOLETE_local: false peers { permanent_uuid: "7c00483a1339411da05005c410f470a0" member_type: VOTER last_known_addr { host: "127.9.77.65" port: 36011 } } peers { permanent_uuid: "bbbb5ae25e0e47a7b9b29ba6f9295aa2" member_type: VOTER last_known_addr { host: "127.9.77.66" port: 33105 } } peers { permanent_uuid: "99a7b009fd104b7d948808513bc3e845" member_type: VOTER last_known_addr { host: "127.9.77.67" port: 34207 } }
I20260709 13:02:40.838433 10828 raft_consensus.cc:385] T e24fe74df68040e7b259d86577876713 P 99a7b009fd104b7d948808513bc3e845 [term 0 FOLLOWER]: Consensus starting up: Expiring failure detector timer to make a prompt election more likely
I20260709 13:02:40.838825 10828 raft_consensus.cc:740] T e24fe74df68040e7b259d86577876713 P 99a7b009fd104b7d948808513bc3e845 [term 0 FOLLOWER]: Becoming Follower/Learner. State: Replica: 99a7b009fd104b7d948808513bc3e845, State: Initialized, Role: FOLLOWER
I20260709 13:02:40.838694 10826 raft_consensus.cc:359] T 1853c3ffd94a4afb9f35aec1ee350d1c P bbbb5ae25e0e47a7b9b29ba6f9295aa2 [term 0 FOLLOWER]: Replica starting. Triggering 0 pending ops. Active config: opid_index: -1 OBSOLETE_local: false peers { permanent_uuid: "7c00483a1339411da05005c410f470a0" member_type: VOTER last_known_addr { host: "127.9.77.65" port: 36011 } } peers { permanent_uuid: "bbbb5ae25e0e47a7b9b29ba6f9295aa2" member_type: VOTER last_known_addr { host: "127.9.77.66" port: 33105 } } peers { permanent_uuid: "99a7b009fd104b7d948808513bc3e845" member_type: VOTER last_known_addr { host: "127.9.77.67" port: 34207 } }
I20260709 13:02:40.839375 10826 raft_consensus.cc:385] T 1853c3ffd94a4afb9f35aec1ee350d1c P bbbb5ae25e0e47a7b9b29ba6f9295aa2 [term 0 FOLLOWER]: Consensus starting up: Expiring failure detector timer to make a prompt election more likely
I20260709 13:02:40.839646 10826 raft_consensus.cc:740] T 1853c3ffd94a4afb9f35aec1ee350d1c P bbbb5ae25e0e47a7b9b29ba6f9295aa2 [term 0 FOLLOWER]: Becoming Follower/Learner. State: Replica: bbbb5ae25e0e47a7b9b29ba6f9295aa2, State: Initialized, Role: FOLLOWER
I20260709 13:02:40.839802 10828 consensus_queue.cc:260] T e24fe74df68040e7b259d86577876713 P 99a7b009fd104b7d948808513bc3e845 [NON_LEADER]: Queue going to NON_LEADER mode. State: All replicated index: 0, Majority replicated index: 0, Committed index: 0, Last appended: 0.0, Last appended by leader: 0, Current term: 0, Majority size: -1, State: 0, Mode: NON_LEADER, active raft config: opid_index: -1 OBSOLETE_local: false peers { permanent_uuid: "7c00483a1339411da05005c410f470a0" member_type: VOTER last_known_addr { host: "127.9.77.65" port: 36011 } } peers { permanent_uuid: "bbbb5ae25e0e47a7b9b29ba6f9295aa2" member_type: VOTER last_known_addr { host: "127.9.77.66" port: 33105 } } peers { permanent_uuid: "99a7b009fd104b7d948808513bc3e845" member_type: VOTER last_known_addr { host: "127.9.77.67" port: 34207 } }
I20260709 13:02:40.842001 10828 ts_tablet_manager.cc:1434] T e24fe74df68040e7b259d86577876713 P 99a7b009fd104b7d948808513bc3e845: Time spent starting tablet: real 0.007s	user 0.006s	sys 0.000s
I20260709 13:02:40.843081 10828 tablet_bootstrap.cc:492] T a1a910319fb34e2aa08cba3916a1a367 P 99a7b009fd104b7d948808513bc3e845: Bootstrap starting.
I20260709 13:02:40.842733 10826 consensus_queue.cc:260] T 1853c3ffd94a4afb9f35aec1ee350d1c P bbbb5ae25e0e47a7b9b29ba6f9295aa2 [NON_LEADER]: Queue going to NON_LEADER mode. State: All replicated index: 0, Majority replicated index: 0, Committed index: 0, Last appended: 0.0, Last appended by leader: 0, Current term: 0, Majority size: -1, State: 0, Mode: NON_LEADER, active raft config: opid_index: -1 OBSOLETE_local: false peers { permanent_uuid: "7c00483a1339411da05005c410f470a0" member_type: VOTER last_known_addr { host: "127.9.77.65" port: 36011 } } peers { permanent_uuid: "bbbb5ae25e0e47a7b9b29ba6f9295aa2" member_type: VOTER last_known_addr { host: "127.9.77.66" port: 33105 } } peers { permanent_uuid: "99a7b009fd104b7d948808513bc3e845" member_type: VOTER last_known_addr { host: "127.9.77.67" port: 34207 } }
I20260709 13:02:40.848196 10827 tablet_bootstrap.cc:492] T 5966bf4d69ed4db99c596559b66e9902 P 7c00483a1339411da05005c410f470a0: No bootstrap required, opened a new log
I20260709 13:02:40.848861 10827 ts_tablet_manager.cc:1403] T 5966bf4d69ed4db99c596559b66e9902 P 7c00483a1339411da05005c410f470a0: Time spent bootstrapping tablet: real 0.035s	user 0.014s	sys 0.013s
I20260709 13:02:40.852574 10827 raft_consensus.cc:359] T 5966bf4d69ed4db99c596559b66e9902 P 7c00483a1339411da05005c410f470a0 [term 0 FOLLOWER]: Replica starting. Triggering 0 pending ops. Active config: opid_index: -1 OBSOLETE_local: false peers { permanent_uuid: "7c00483a1339411da05005c410f470a0" member_type: VOTER last_known_addr { host: "127.9.77.65" port: 36011 } } peers { permanent_uuid: "bbbb5ae25e0e47a7b9b29ba6f9295aa2" member_type: VOTER last_known_addr { host: "127.9.77.66" port: 33105 } } peers { permanent_uuid: "99a7b009fd104b7d948808513bc3e845" member_type: VOTER last_known_addr { host: "127.9.77.67" port: 34207 } }
I20260709 13:02:40.853395 10827 raft_consensus.cc:385] T 5966bf4d69ed4db99c596559b66e9902 P 7c00483a1339411da05005c410f470a0 [term 0 FOLLOWER]: Consensus starting up: Expiring failure detector timer to make a prompt election more likely
I20260709 13:02:40.853725 10827 raft_consensus.cc:740] T 5966bf4d69ed4db99c596559b66e9902 P 7c00483a1339411da05005c410f470a0 [term 0 FOLLOWER]: Becoming Follower/Learner. State: Replica: 7c00483a1339411da05005c410f470a0, State: Initialized, Role: FOLLOWER
I20260709 13:02:40.854563 10827 consensus_queue.cc:260] T 5966bf4d69ed4db99c596559b66e9902 P 7c00483a1339411da05005c410f470a0 [NON_LEADER]: Queue going to NON_LEADER mode. State: All replicated index: 0, Majority replicated index: 0, Committed index: 0, Last appended: 0.0, Last appended by leader: 0, Current term: 0, Majority size: -1, State: 0, Mode: NON_LEADER, active raft config: opid_index: -1 OBSOLETE_local: false peers { permanent_uuid: "7c00483a1339411da05005c410f470a0" member_type: VOTER last_known_addr { host: "127.9.77.65" port: 36011 } } peers { permanent_uuid: "bbbb5ae25e0e47a7b9b29ba6f9295aa2" member_type: VOTER last_known_addr { host: "127.9.77.66" port: 33105 } } peers { permanent_uuid: "99a7b009fd104b7d948808513bc3e845" member_type: VOTER last_known_addr { host: "127.9.77.67" port: 34207 } }
I20260709 13:02:40.857004 10827 ts_tablet_manager.cc:1434] T 5966bf4d69ed4db99c596559b66e9902 P 7c00483a1339411da05005c410f470a0: Time spent starting tablet: real 0.007s	user 0.005s	sys 0.001s
I20260709 13:02:40.858013 10827 tablet_bootstrap.cc:492] T e24fe74df68040e7b259d86577876713 P 7c00483a1339411da05005c410f470a0: Bootstrap starting.
I20260709 13:02:40.861462 10901 raft_consensus.cc:493] T c19da011c42842eba75925cdd68568d4 P 99a7b009fd104b7d948808513bc3e845 [term 0 FOLLOWER]: Starting pre-election (no leader contacted us within the election timeout)
I20260709 13:02:40.861959 10901 raft_consensus.cc:515] T c19da011c42842eba75925cdd68568d4 P 99a7b009fd104b7d948808513bc3e845 [term 0 FOLLOWER]: Starting pre-election with config: opid_index: -1 OBSOLETE_local: false peers { permanent_uuid: "7c00483a1339411da05005c410f470a0" member_type: VOTER last_known_addr { host: "127.9.77.65" port: 36011 } } peers { permanent_uuid: "bbbb5ae25e0e47a7b9b29ba6f9295aa2" member_type: VOTER last_known_addr { host: "127.9.77.66" port: 33105 } } peers { permanent_uuid: "99a7b009fd104b7d948808513bc3e845" member_type: VOTER last_known_addr { host: "127.9.77.67" port: 34207 } }
I20260709 13:02:40.862807 10826 ts_tablet_manager.cc:1434] T 1853c3ffd94a4afb9f35aec1ee350d1c P bbbb5ae25e0e47a7b9b29ba6f9295aa2: Time spent starting tablet: real 0.027s	user 0.002s	sys 0.006s
I20260709 13:02:40.864291 10901 leader_election.cc:290] T c19da011c42842eba75925cdd68568d4 P 99a7b009fd104b7d948808513bc3e845 [CANDIDATE]: Term 1 pre-election: Requested pre-vote from peers 7c00483a1339411da05005c410f470a0 (127.9.77.65:36011), bbbb5ae25e0e47a7b9b29ba6f9295aa2 (127.9.77.66:33105)
I20260709 13:02:40.866712 10826 tablet_bootstrap.cc:492] T 8bd90067ba0e4d4fbe0767a52d0c030d P bbbb5ae25e0e47a7b9b29ba6f9295aa2: Bootstrap starting.
I20260709 13:02:40.867018 10855 raft_consensus.cc:493] T e24fe74df68040e7b259d86577876713 P bbbb5ae25e0e47a7b9b29ba6f9295aa2 [term 0 FOLLOWER]: Starting pre-election (no leader contacted us within the election timeout)
I20260709 13:02:40.867311 10635 tablet_service.cc:1917] Received RequestConsensusVote() RPC: tablet_id: "c19da011c42842eba75925cdd68568d4" candidate_uuid: "99a7b009fd104b7d948808513bc3e845" candidate_term: 1 candidate_status { last_received { term: 0 index: 0 } } ignore_live_leader: false dest_uuid: "7c00483a1339411da05005c410f470a0" is_pre_election: true
I20260709 13:02:40.867503 10855 raft_consensus.cc:515] T e24fe74df68040e7b259d86577876713 P bbbb5ae25e0e47a7b9b29ba6f9295aa2 [term 0 FOLLOWER]: Starting pre-election with config: opid_index: -1 OBSOLETE_local: false peers { permanent_uuid: "7c00483a1339411da05005c410f470a0" member_type: VOTER last_known_addr { host: "127.9.77.65" port: 36011 } } peers { permanent_uuid: "bbbb5ae25e0e47a7b9b29ba6f9295aa2" member_type: VOTER last_known_addr { host: "127.9.77.66" port: 33105 } } peers { permanent_uuid: "99a7b009fd104b7d948808513bc3e845" member_type: VOTER last_known_addr { host: "127.9.77.67" port: 34207 } }
I20260709 13:02:40.867950 10635 raft_consensus.cc:2468] T c19da011c42842eba75925cdd68568d4 P 7c00483a1339411da05005c410f470a0 [term 0 FOLLOWER]: Leader pre-election vote request: Granting yes vote for candidate 99a7b009fd104b7d948808513bc3e845 in term 0.
I20260709 13:02:40.869565 10855 leader_election.cc:290] T e24fe74df68040e7b259d86577876713 P bbbb5ae25e0e47a7b9b29ba6f9295aa2 [CANDIDATE]: Term 1 pre-election: Requested pre-vote from peers 7c00483a1339411da05005c410f470a0 (127.9.77.65:36011), 99a7b009fd104b7d948808513bc3e845 (127.9.77.67:34207)
I20260709 13:02:40.869990 10750 leader_election.cc:304] T c19da011c42842eba75925cdd68568d4 P 99a7b009fd104b7d948808513bc3e845 [CANDIDATE]: Term 1 pre-election: Election decided. Result: candidate won. Election summary: received 2 responses out of 3 voters: 2 yes votes; 0 no votes. yes voters: 7c00483a1339411da05005c410f470a0, 99a7b009fd104b7d948808513bc3e845; no voters: 
I20260709 13:02:40.870343 10709 tablet_service.cc:1917] Received RequestConsensusVote() RPC: tablet_id: "c19da011c42842eba75925cdd68568d4" candidate_uuid: "99a7b009fd104b7d948808513bc3e845" candidate_term: 1 candidate_status { last_received { term: 0 index: 0 } } ignore_live_leader: false dest_uuid: "bbbb5ae25e0e47a7b9b29ba6f9295aa2" is_pre_election: true
I20260709 13:02:40.870988 10709 raft_consensus.cc:2468] T c19da011c42842eba75925cdd68568d4 P bbbb5ae25e0e47a7b9b29ba6f9295aa2 [term 0 FOLLOWER]: Leader pre-election vote request: Granting yes vote for candidate 99a7b009fd104b7d948808513bc3e845 in term 0.
I20260709 13:02:40.871556 10901 raft_consensus.cc:2804] T c19da011c42842eba75925cdd68568d4 P 99a7b009fd104b7d948808513bc3e845 [term 0 FOLLOWER]: Leader pre-election won for term 1
I20260709 13:02:40.874013 10901 raft_consensus.cc:493] T c19da011c42842eba75925cdd68568d4 P 99a7b009fd104b7d948808513bc3e845 [term 0 FOLLOWER]: Starting leader election (no leader contacted us within the election timeout)
I20260709 13:02:40.874392 10828 tablet_bootstrap.cc:654] T a1a910319fb34e2aa08cba3916a1a367 P 99a7b009fd104b7d948808513bc3e845: Neither blocks nor log segments found. Creating new log.
I20260709 13:02:40.874466 10901 raft_consensus.cc:3060] T c19da011c42842eba75925cdd68568d4 P 99a7b009fd104b7d948808513bc3e845 [term 0 FOLLOWER]: Advancing to term 1
I20260709 13:02:40.874841 10635 tablet_service.cc:1917] Received RequestConsensusVote() RPC: tablet_id: "e24fe74df68040e7b259d86577876713" candidate_uuid: "bbbb5ae25e0e47a7b9b29ba6f9295aa2" candidate_term: 1 candidate_status { last_received { term: 0 index: 0 } } ignore_live_leader: false dest_uuid: "7c00483a1339411da05005c410f470a0" is_pre_election: true
I20260709 13:02:40.874799 10785 tablet_service.cc:1917] Received RequestConsensusVote() RPC: tablet_id: "e24fe74df68040e7b259d86577876713" candidate_uuid: "bbbb5ae25e0e47a7b9b29ba6f9295aa2" candidate_term: 1 candidate_status { last_received { term: 0 index: 0 } } ignore_live_leader: false dest_uuid: "99a7b009fd104b7d948808513bc3e845" is_pre_election: true
I20260709 13:02:40.875697 10785 raft_consensus.cc:2468] T e24fe74df68040e7b259d86577876713 P 99a7b009fd104b7d948808513bc3e845 [term 0 FOLLOWER]: Leader pre-election vote request: Granting yes vote for candidate bbbb5ae25e0e47a7b9b29ba6f9295aa2 in term 0.
W20260709 13:02:40.876437 10676 leader_election.cc:343] T e24fe74df68040e7b259d86577876713 P bbbb5ae25e0e47a7b9b29ba6f9295aa2 [CANDIDATE]: Term 1 pre-election: Tablet error from VoteRequest() call to peer 7c00483a1339411da05005c410f470a0 (127.9.77.65:36011): Illegal state: must be running to vote when last-logged opid is not known
I20260709 13:02:40.877687 10676 leader_election.cc:304] T e24fe74df68040e7b259d86577876713 P bbbb5ae25e0e47a7b9b29ba6f9295aa2 [CANDIDATE]: Term 1 pre-election: Election decided. Result: candidate won. Election summary: received 3 responses out of 3 voters: 2 yes votes; 1 no votes. yes voters: 99a7b009fd104b7d948808513bc3e845, bbbb5ae25e0e47a7b9b29ba6f9295aa2; no voters: 7c00483a1339411da05005c410f470a0
I20260709 13:02:40.882597 10901 raft_consensus.cc:515] T c19da011c42842eba75925cdd68568d4 P 99a7b009fd104b7d948808513bc3e845 [term 1 FOLLOWER]: Starting leader election with config: opid_index: -1 OBSOLETE_local: false peers { permanent_uuid: "7c00483a1339411da05005c410f470a0" member_type: VOTER last_known_addr { host: "127.9.77.65" port: 36011 } } peers { permanent_uuid: "bbbb5ae25e0e47a7b9b29ba6f9295aa2" member_type: VOTER last_known_addr { host: "127.9.77.66" port: 33105 } } peers { permanent_uuid: "99a7b009fd104b7d948808513bc3e845" member_type: VOTER last_known_addr { host: "127.9.77.67" port: 34207 } }
I20260709 13:02:40.884411 10855 raft_consensus.cc:2804] T e24fe74df68040e7b259d86577876713 P bbbb5ae25e0e47a7b9b29ba6f9295aa2 [term 0 FOLLOWER]: Leader pre-election won for term 1
I20260709 13:02:40.887171 10855 raft_consensus.cc:493] T e24fe74df68040e7b259d86577876713 P bbbb5ae25e0e47a7b9b29ba6f9295aa2 [term 0 FOLLOWER]: Starting leader election (no leader contacted us within the election timeout)
I20260709 13:02:40.887555 10855 raft_consensus.cc:3060] T e24fe74df68040e7b259d86577876713 P bbbb5ae25e0e47a7b9b29ba6f9295aa2 [term 0 FOLLOWER]: Advancing to term 1
I20260709 13:02:40.889739 10635 tablet_service.cc:1917] Received RequestConsensusVote() RPC: tablet_id: "c19da011c42842eba75925cdd68568d4" candidate_uuid: "99a7b009fd104b7d948808513bc3e845" candidate_term: 1 candidate_status { last_received { term: 0 index: 0 } } ignore_live_leader: false dest_uuid: "7c00483a1339411da05005c410f470a0"
I20260709 13:02:40.890357 10635 raft_consensus.cc:3060] T c19da011c42842eba75925cdd68568d4 P 7c00483a1339411da05005c410f470a0 [term 0 FOLLOWER]: Advancing to term 1
I20260709 13:02:40.872975 10826 tablet_bootstrap.cc:654] T 8bd90067ba0e4d4fbe0767a52d0c030d P bbbb5ae25e0e47a7b9b29ba6f9295aa2: Neither blocks nor log segments found. Creating new log.
I20260709 13:02:40.886736 10827 tablet_bootstrap.cc:654] T e24fe74df68040e7b259d86577876713 P 7c00483a1339411da05005c410f470a0: Neither blocks nor log segments found. Creating new log.
I20260709 13:02:40.897238 10635 raft_consensus.cc:2468] T c19da011c42842eba75925cdd68568d4 P 7c00483a1339411da05005c410f470a0 [term 1 FOLLOWER]: Leader election vote request: Granting yes vote for candidate 99a7b009fd104b7d948808513bc3e845 in term 1.
I20260709 13:02:40.899374 10709 tablet_service.cc:1917] Received RequestConsensusVote() RPC: tablet_id: "c19da011c42842eba75925cdd68568d4" candidate_uuid: "99a7b009fd104b7d948808513bc3e845" candidate_term: 1 candidate_status { last_received { term: 0 index: 0 } } ignore_live_leader: false dest_uuid: "bbbb5ae25e0e47a7b9b29ba6f9295aa2"
I20260709 13:02:40.901002 10709 raft_consensus.cc:3060] T c19da011c42842eba75925cdd68568d4 P bbbb5ae25e0e47a7b9b29ba6f9295aa2 [term 0 FOLLOWER]: Advancing to term 1
I20260709 13:02:40.901734 10750 leader_election.cc:304] T c19da011c42842eba75925cdd68568d4 P 99a7b009fd104b7d948808513bc3e845 [CANDIDATE]: Term 1 election: Election decided. Result: candidate won. Election summary: received 2 responses out of 3 voters: 2 yes votes; 0 no votes. yes voters: 7c00483a1339411da05005c410f470a0, 99a7b009fd104b7d948808513bc3e845; no voters: 
I20260709 13:02:40.902698 10860 raft_consensus.cc:2804] T c19da011c42842eba75925cdd68568d4 P 99a7b009fd104b7d948808513bc3e845 [term 1 FOLLOWER]: Leader election won for term 1
I20260709 13:02:40.903164 10860 raft_consensus.cc:697] T c19da011c42842eba75925cdd68568d4 P 99a7b009fd104b7d948808513bc3e845 [term 1 LEADER]: Becoming Leader. State: Replica: 99a7b009fd104b7d948808513bc3e845, State: Running, Role: LEADER
I20260709 13:02:40.903966 10860 consensus_queue.cc:237] T c19da011c42842eba75925cdd68568d4 P 99a7b009fd104b7d948808513bc3e845 [LEADER]: Queue going to LEADER mode. State: All replicated index: 0, Majority replicated index: 0, Committed index: 0, Last appended: 0.0, Last appended by leader: 0, Current term: 1, Majority size: 2, State: 0, Mode: LEADER, active raft config: opid_index: -1 OBSOLETE_local: false peers { permanent_uuid: "7c00483a1339411da05005c410f470a0" member_type: VOTER last_known_addr { host: "127.9.77.65" port: 36011 } } peers { permanent_uuid: "bbbb5ae25e0e47a7b9b29ba6f9295aa2" member_type: VOTER last_known_addr { host: "127.9.77.66" port: 33105 } } peers { permanent_uuid: "99a7b009fd104b7d948808513bc3e845" member_type: VOTER last_known_addr { host: "127.9.77.67" port: 34207 } }
I20260709 13:02:40.908077 10709 raft_consensus.cc:2468] T c19da011c42842eba75925cdd68568d4 P bbbb5ae25e0e47a7b9b29ba6f9295aa2 [term 1 FOLLOWER]: Leader election vote request: Granting yes vote for candidate 99a7b009fd104b7d948808513bc3e845 in term 1.
I20260709 13:02:40.908354 10828 tablet_bootstrap.cc:492] T a1a910319fb34e2aa08cba3916a1a367 P 99a7b009fd104b7d948808513bc3e845: No bootstrap required, opened a new log
I20260709 13:02:40.908851 10828 ts_tablet_manager.cc:1403] T a1a910319fb34e2aa08cba3916a1a367 P 99a7b009fd104b7d948808513bc3e845: Time spent bootstrapping tablet: real 0.066s	user 0.017s	sys 0.023s
I20260709 13:02:40.909220 10833 consensus_queue.cc:1048] T cfc0dc2cfa5844a493a5480f95bd9f38 P 99a7b009fd104b7d948808513bc3e845 [LEADER]: Connected to new peer: Peer: permanent_uuid: "bbbb5ae25e0e47a7b9b29ba6f9295aa2" member_type: VOTER last_known_addr { host: "127.9.77.66" port: 33105 }, Status: LMP_MISMATCH, Last received: 0.0, Next index: 1, Last known committed idx: 0, Time since last communication: 0.000s
I20260709 13:02:40.897121 10855 raft_consensus.cc:515] T e24fe74df68040e7b259d86577876713 P bbbb5ae25e0e47a7b9b29ba6f9295aa2 [term 1 FOLLOWER]: Starting leader election with config: opid_index: -1 OBSOLETE_local: false peers { permanent_uuid: "7c00483a1339411da05005c410f470a0" member_type: VOTER last_known_addr { host: "127.9.77.65" port: 36011 } } peers { permanent_uuid: "bbbb5ae25e0e47a7b9b29ba6f9295aa2" member_type: VOTER last_known_addr { host: "127.9.77.66" port: 33105 } } peers { permanent_uuid: "99a7b009fd104b7d948808513bc3e845" member_type: VOTER last_known_addr { host: "127.9.77.67" port: 34207 } }
I20260709 13:02:40.899122 10901 leader_election.cc:290] T c19da011c42842eba75925cdd68568d4 P 99a7b009fd104b7d948808513bc3e845 [CANDIDATE]: Term 1 election: Requested vote from peers 7c00483a1339411da05005c410f470a0 (127.9.77.65:36011), bbbb5ae25e0e47a7b9b29ba6f9295aa2 (127.9.77.66:33105)
I20260709 13:02:40.911738 10828 raft_consensus.cc:359] T a1a910319fb34e2aa08cba3916a1a367 P 99a7b009fd104b7d948808513bc3e845 [term 0 FOLLOWER]: Replica starting. Triggering 0 pending ops. Active config: opid_index: -1 OBSOLETE_local: false peers { permanent_uuid: "7c00483a1339411da05005c410f470a0" member_type: VOTER last_known_addr { host: "127.9.77.65" port: 36011 } } peers { permanent_uuid: "bbbb5ae25e0e47a7b9b29ba6f9295aa2" member_type: VOTER last_known_addr { host: "127.9.77.66" port: 33105 } } peers { permanent_uuid: "99a7b009fd104b7d948808513bc3e845" member_type: VOTER last_known_addr { host: "127.9.77.67" port: 34207 } }
I20260709 13:02:40.911991 10637 tablet_service.cc:1917] Received RequestConsensusVote() RPC: tablet_id: "e24fe74df68040e7b259d86577876713" candidate_uuid: "bbbb5ae25e0e47a7b9b29ba6f9295aa2" candidate_term: 1 candidate_status { last_received { term: 0 index: 0 } } ignore_live_leader: false dest_uuid: "7c00483a1339411da05005c410f470a0"
I20260709 13:02:40.912384 10828 raft_consensus.cc:385] T a1a910319fb34e2aa08cba3916a1a367 P 99a7b009fd104b7d948808513bc3e845 [term 0 FOLLOWER]: Consensus starting up: Expiring failure detector timer to make a prompt election more likely
I20260709 13:02:40.912708 10828 raft_consensus.cc:740] T a1a910319fb34e2aa08cba3916a1a367 P 99a7b009fd104b7d948808513bc3e845 [term 0 FOLLOWER]: Becoming Follower/Learner. State: Replica: 99a7b009fd104b7d948808513bc3e845, State: Initialized, Role: FOLLOWER
W20260709 13:02:40.913981 10676 leader_election.cc:343] T e24fe74df68040e7b259d86577876713 P bbbb5ae25e0e47a7b9b29ba6f9295aa2 [CANDIDATE]: Term 1 election: Tablet error from VoteRequest() call to peer 7c00483a1339411da05005c410f470a0 (127.9.77.65:36011): Illegal state: must be running to vote when last-logged opid is not known
I20260709 13:02:40.913568 10828 consensus_queue.cc:260] T a1a910319fb34e2aa08cba3916a1a367 P 99a7b009fd104b7d948808513bc3e845 [NON_LEADER]: Queue going to NON_LEADER mode. State: All replicated index: 0, Majority replicated index: 0, Committed index: 0, Last appended: 0.0, Last appended by leader: 0, Current term: 0, Majority size: -1, State: 0, Mode: NON_LEADER, active raft config: opid_index: -1 OBSOLETE_local: false peers { permanent_uuid: "7c00483a1339411da05005c410f470a0" member_type: VOTER last_known_addr { host: "127.9.77.65" port: 36011 } } peers { permanent_uuid: "bbbb5ae25e0e47a7b9b29ba6f9295aa2" member_type: VOTER last_known_addr { host: "127.9.77.66" port: 33105 } } peers { permanent_uuid: "99a7b009fd104b7d948808513bc3e845" member_type: VOTER last_known_addr { host: "127.9.77.67" port: 34207 } }
I20260709 13:02:40.914966 10913 raft_consensus.cc:493] T a1a910319fb34e2aa08cba3916a1a367 P bbbb5ae25e0e47a7b9b29ba6f9295aa2 [term 0 FOLLOWER]: Starting pre-election (no leader contacted us within the election timeout)
I20260709 13:02:40.915469 10913 raft_consensus.cc:515] T a1a910319fb34e2aa08cba3916a1a367 P bbbb5ae25e0e47a7b9b29ba6f9295aa2 [term 0 FOLLOWER]: Starting pre-election with config: opid_index: -1 OBSOLETE_local: false peers { permanent_uuid: "7c00483a1339411da05005c410f470a0" member_type: VOTER last_known_addr { host: "127.9.77.65" port: 36011 } } peers { permanent_uuid: "bbbb5ae25e0e47a7b9b29ba6f9295aa2" member_type: VOTER last_known_addr { host: "127.9.77.66" port: 33105 } } peers { permanent_uuid: "99a7b009fd104b7d948808513bc3e845" member_type: VOTER last_known_addr { host: "127.9.77.67" port: 34207 } }
I20260709 13:02:40.915915 10828 ts_tablet_manager.cc:1434] T a1a910319fb34e2aa08cba3916a1a367 P 99a7b009fd104b7d948808513bc3e845: Time spent starting tablet: real 0.007s	user 0.004s	sys 0.004s
I20260709 13:02:40.917249 10924 consensus_queue.cc:1048] T 4c9f949879f44c918513d18d7128559c P 7c00483a1339411da05005c410f470a0 [LEADER]: Connected to new peer: Peer: permanent_uuid: "bbbb5ae25e0e47a7b9b29ba6f9295aa2" member_type: VOTER last_known_addr { host: "127.9.77.66" port: 33105 }, Status: LMP_MISMATCH, Last received: 0.0, Next index: 1, Last known committed idx: 0, Time since last communication: 0.001s
I20260709 13:02:40.917732 10913 leader_election.cc:290] T a1a910319fb34e2aa08cba3916a1a367 P bbbb5ae25e0e47a7b9b29ba6f9295aa2 [CANDIDATE]: Term 1 pre-election: Requested pre-vote from peers 7c00483a1339411da05005c410f470a0 (127.9.77.65:36011), 99a7b009fd104b7d948808513bc3e845 (127.9.77.67:34207)
I20260709 13:02:40.918237 10855 leader_election.cc:290] T e24fe74df68040e7b259d86577876713 P bbbb5ae25e0e47a7b9b29ba6f9295aa2 [CANDIDATE]: Term 1 election: Requested vote from peers 7c00483a1339411da05005c410f470a0 (127.9.77.65:36011), 99a7b009fd104b7d948808513bc3e845 (127.9.77.67:34207)
I20260709 13:02:40.923528 10833 raft_consensus.cc:493] T 4c9f949879f44c918513d18d7128559c P 99a7b009fd104b7d948808513bc3e845 [term 0 FOLLOWER]: Starting pre-election (no leader contacted us within the election timeout)
I20260709 13:02:40.924028 10833 raft_consensus.cc:515] T 4c9f949879f44c918513d18d7128559c P 99a7b009fd104b7d948808513bc3e845 [term 0 FOLLOWER]: Starting pre-election with config: opid_index: -1 OBSOLETE_local: false peers { permanent_uuid: "7c00483a1339411da05005c410f470a0" member_type: VOTER last_known_addr { host: "127.9.77.65" port: 36011 } } peers { permanent_uuid: "bbbb5ae25e0e47a7b9b29ba6f9295aa2" member_type: VOTER last_known_addr { host: "127.9.77.66" port: 33105 } } peers { permanent_uuid: "99a7b009fd104b7d948808513bc3e845" member_type: VOTER last_known_addr { host: "127.9.77.67" port: 34207 } }
I20260709 13:02:40.924598 10785 tablet_service.cc:1917] Received RequestConsensusVote() RPC: tablet_id: "a1a910319fb34e2aa08cba3916a1a367" candidate_uuid: "bbbb5ae25e0e47a7b9b29ba6f9295aa2" candidate_term: 1 candidate_status { last_received { term: 0 index: 0 } } ignore_live_leader: false dest_uuid: "99a7b009fd104b7d948808513bc3e845" is_pre_election: true
I20260709 13:02:40.927403 10833 leader_election.cc:290] T 4c9f949879f44c918513d18d7128559c P 99a7b009fd104b7d948808513bc3e845 [CANDIDATE]: Term 1 pre-election: Requested pre-vote from peers 7c00483a1339411da05005c410f470a0 (127.9.77.65:36011), bbbb5ae25e0e47a7b9b29ba6f9295aa2 (127.9.77.66:33105)
I20260709 13:02:40.928035 10783 tablet_service.cc:1917] Received RequestConsensusVote() RPC: tablet_id: "e24fe74df68040e7b259d86577876713" candidate_uuid: "bbbb5ae25e0e47a7b9b29ba6f9295aa2" candidate_term: 1 candidate_status { last_received { term: 0 index: 0 } } ignore_live_leader: false dest_uuid: "99a7b009fd104b7d948808513bc3e845"
I20260709 13:02:40.928607 10783 raft_consensus.cc:3060] T e24fe74df68040e7b259d86577876713 P 99a7b009fd104b7d948808513bc3e845 [term 0 FOLLOWER]: Advancing to term 1
I20260709 13:02:40.925839 10785 raft_consensus.cc:2468] T a1a910319fb34e2aa08cba3916a1a367 P 99a7b009fd104b7d948808513bc3e845 [term 0 FOLLOWER]: Leader pre-election vote request: Granting yes vote for candidate bbbb5ae25e0e47a7b9b29ba6f9295aa2 in term 0.
I20260709 13:02:40.936582 10637 tablet_service.cc:1917] Received RequestConsensusVote() RPC: tablet_id: "4c9f949879f44c918513d18d7128559c" candidate_uuid: "99a7b009fd104b7d948808513bc3e845" candidate_term: 1 candidate_status { last_received { term: 0 index: 0 } } ignore_live_leader: false dest_uuid: "7c00483a1339411da05005c410f470a0" is_pre_election: true
I20260709 13:02:40.936990 10828 tablet_bootstrap.cc:492] T ab1b75d5a05945ad9d9bd158838d2e27 P 99a7b009fd104b7d948808513bc3e845: Bootstrap starting.
I20260709 13:02:40.938870 10712 tablet_service.cc:1917] Received RequestConsensusVote() RPC: tablet_id: "4c9f949879f44c918513d18d7128559c" candidate_uuid: "99a7b009fd104b7d948808513bc3e845" candidate_term: 1 candidate_status { last_received { term: 0 index: 0 } } ignore_live_leader: false dest_uuid: "bbbb5ae25e0e47a7b9b29ba6f9295aa2" is_pre_election: true
