I20260709 12:57:02.200176  1069 consensus_queue.cc:260] T 8fd1bd823d194453956630c4d82cf0ae P d9e6b137dbcf4a889de3cc22174e00c8 [NON_LEADER]: Queue going to NON_LEADER mode. State: All replicated index: 0, Majority replicated index: 1, Committed index: 1, Last appended: 1.1, Last appended by leader: 1, Current term: 1, Majority size: -1, State: 0, Mode: NON_LEADER, active raft config: opid_index: -1 OBSOLETE_local: false peers { permanent_uuid: "d9e6b137dbcf4a889de3cc22174e00c8" member_type: VOTER last_known_addr { host: "127.0.107.193" port: 34185 } } peers { permanent_uuid: "24fcaf8393fc4560be526616ac953c0e" member_type: VOTER last_known_addr { host: "127.0.107.194" port: 33319 } } peers { permanent_uuid: "06ca013598fa4eb4890b80ebb920dbba" member_type: VOTER last_known_addr { host: "127.0.107.195" port: 41009 } }
I20260709 12:57:02.201114  1069 raft_consensus.cc:3060] T 8fd1bd823d194453956630c4d82cf0ae P d9e6b137dbcf4a889de3cc22174e00c8 [term 1 FOLLOWER]: Advancing to term 2
I20260709 12:57:02.203751  1143 raft_consensus.cc:2468] T 8fd1bd823d194453956630c4d82cf0ae P 24fcaf8393fc4560be526616ac953c0e [term 2 FOLLOWER]: Leader election vote request: Granting yes vote for candidate 06ca013598fa4eb4890b80ebb920dbba in term 2.
I20260709 12:57:02.204668  1182 leader_election.cc:304] T 8fd1bd823d194453956630c4d82cf0ae P 06ca013598fa4eb4890b80ebb920dbba [CANDIDATE]: Term 2 election: Election decided. Result: candidate won. Election summary: received 2 responses out of 3 voters: 2 yes votes; 0 no votes. yes voters: 06ca013598fa4eb4890b80ebb920dbba, 24fcaf8393fc4560be526616ac953c0e; no voters: 
I20260709 12:57:02.205621  1334 raft_consensus.cc:2804] T 8fd1bd823d194453956630c4d82cf0ae P 06ca013598fa4eb4890b80ebb920dbba [term 2 FOLLOWER]: Leader election won for term 2
I20260709 12:57:02.206070  1334 raft_consensus.cc:697] T 8fd1bd823d194453956630c4d82cf0ae P 06ca013598fa4eb4890b80ebb920dbba [term 2 LEADER]: Becoming Leader. State: Replica: 06ca013598fa4eb4890b80ebb920dbba, State: Running, Role: LEADER
I20260709 12:57:02.206071  1069 raft_consensus.cc:2468] T 8fd1bd823d194453956630c4d82cf0ae P d9e6b137dbcf4a889de3cc22174e00c8 [term 2 FOLLOWER]: Leader election vote request: Granting yes vote for candidate 06ca013598fa4eb4890b80ebb920dbba in term 2.
I20260709 12:57:02.206913  1334 consensus_queue.cc:237] T 8fd1bd823d194453956630c4d82cf0ae P 06ca013598fa4eb4890b80ebb920dbba [LEADER]: Queue going to LEADER mode. State: All replicated index: 0, Majority replicated index: 1, Committed index: 1, Last appended: 1.1, Last appended by leader: 1, Current term: 2, Majority size: 2, State: 0, Mode: LEADER, active raft config: opid_index: -1 OBSOLETE_local: false peers { permanent_uuid: "d9e6b137dbcf4a889de3cc22174e00c8" member_type: VOTER last_known_addr { host: "127.0.107.193" port: 34185 } } peers { permanent_uuid: "24fcaf8393fc4560be526616ac953c0e" member_type: VOTER last_known_addr { host: "127.0.107.194" port: 33319 } } peers { permanent_uuid: "06ca013598fa4eb4890b80ebb920dbba" member_type: VOTER last_known_addr { host: "127.0.107.195" port: 41009 } }
I20260709 12:57:02.213325   965 catalog_manager.cc:5697] T 8fd1bd823d194453956630c4d82cf0ae P 06ca013598fa4eb4890b80ebb920dbba reported cstate change: term changed from 1 to 2, leader changed from d9e6b137dbcf4a889de3cc22174e00c8 (127.0.107.193) to 06ca013598fa4eb4890b80ebb920dbba (127.0.107.195). New cstate: current_term: 2 leader_uuid: "06ca013598fa4eb4890b80ebb920dbba" committed_config { opid_index: -1 OBSOLETE_local: false peers { permanent_uuid: "d9e6b137dbcf4a889de3cc22174e00c8" member_type: VOTER last_known_addr { host: "127.0.107.193" port: 34185 } health_report { overall_health: UNKNOWN } } peers { permanent_uuid: "24fcaf8393fc4560be526616ac953c0e" member_type: VOTER last_known_addr { host: "127.0.107.194" port: 33319 } health_report { overall_health: UNKNOWN } } peers { permanent_uuid: "06ca013598fa4eb4890b80ebb920dbba" member_type: VOTER last_known_addr { host: "127.0.107.195" port: 41009 } health_report { overall_health: HEALTHY } } }
I20260709 12:57:02.336022  1143 raft_consensus.cc:1275] T 4066c5a0b8514186ab5227e8fcf9feb7 P 24fcaf8393fc4560be526616ac953c0e [term 3 FOLLOWER]: Refusing update from remote peer 06ca013598fa4eb4890b80ebb920dbba: Log matching property violated. Preceding OpId in replica: term: 2 index: 2. Preceding OpId from leader: term: 3 index: 3. (index mismatch)
I20260709 12:57:02.337195  1334 consensus_queue.cc:1048] T 4066c5a0b8514186ab5227e8fcf9feb7 P 06ca013598fa4eb4890b80ebb920dbba [LEADER]: Connected to new peer: Peer: permanent_uuid: "24fcaf8393fc4560be526616ac953c0e" member_type: VOTER last_known_addr { host: "127.0.107.194" port: 33319 }, Status: LMP_MISMATCH, Last received: 0.0, Next index: 3, Last known committed idx: 2, Time since last communication: 0.000s
I20260709 12:57:02.346272  1069 raft_consensus.cc:1275] T 4066c5a0b8514186ab5227e8fcf9feb7 P d9e6b137dbcf4a889de3cc22174e00c8 [term 3 FOLLOWER]: Refusing update from remote peer 06ca013598fa4eb4890b80ebb920dbba: Log matching property violated. Preceding OpId in replica: term: 2 index: 2. Preceding OpId from leader: term: 3 index: 3. (index mismatch)
I20260709 12:57:02.347675  1358 consensus_queue.cc:1048] T 4066c5a0b8514186ab5227e8fcf9feb7 P 06ca013598fa4eb4890b80ebb920dbba [LEADER]: Connected to new peer: Peer: permanent_uuid: "d9e6b137dbcf4a889de3cc22174e00c8" member_type: VOTER last_known_addr { host: "127.0.107.193" port: 34185 }, Status: LMP_MISMATCH, Last received: 0.0, Next index: 3, Last known committed idx: 2, Time since last communication: 0.001s
I20260709 12:57:02.636569  1143 raft_consensus.cc:1275] T 8fd1bd823d194453956630c4d82cf0ae P 24fcaf8393fc4560be526616ac953c0e [term 2 FOLLOWER]: Refusing update from remote peer 06ca013598fa4eb4890b80ebb920dbba: Log matching property violated. Preceding OpId in replica: term: 1 index: 1. Preceding OpId from leader: term: 2 index: 2. (index mismatch)
I20260709 12:57:02.638224  1358 consensus_queue.cc:1048] T 8fd1bd823d194453956630c4d82cf0ae P 06ca013598fa4eb4890b80ebb920dbba [LEADER]: Connected to new peer: Peer: permanent_uuid: "24fcaf8393fc4560be526616ac953c0e" member_type: VOTER last_known_addr { host: "127.0.107.194" port: 33319 }, Status: LMP_MISMATCH, Last received: 0.0, Next index: 2, Last known committed idx: 1, Time since last communication: 0.000s
I20260709 12:57:02.647949  1069 raft_consensus.cc:1275] T 8fd1bd823d194453956630c4d82cf0ae P d9e6b137dbcf4a889de3cc22174e00c8 [term 2 FOLLOWER]: Refusing update from remote peer 06ca013598fa4eb4890b80ebb920dbba: Log matching property violated. Preceding OpId in replica: term: 1 index: 1. Preceding OpId from leader: term: 2 index: 2. (index mismatch)
I20260709 12:57:02.649760  1372 consensus_queue.cc:1048] T 8fd1bd823d194453956630c4d82cf0ae P 06ca013598fa4eb4890b80ebb920dbba [LEADER]: Connected to new peer: Peer: permanent_uuid: "d9e6b137dbcf4a889de3cc22174e00c8" member_type: VOTER last_known_addr { host: "127.0.107.193" port: 34185 }, Status: LMP_MISMATCH, Last received: 0.0, Next index: 2, Last known committed idx: 1, Time since last communication: 0.000s
I20260709 12:57:02.860523   431 auto_leader_rebalancer.cc:141] leader rebalance for table test-workload
I20260709 12:57:02.877635  1218 tablet_service.cc:2072] Received LeaderStepDown RPC: tablet_id: "8fd1bd823d194453956630c4d82cf0ae"
dest_uuid: "06ca013598fa4eb4890b80ebb920dbba"
mode: GRACEFUL
new_leader_uuid: "d9e6b137dbcf4a889de3cc22174e00c8"
 from {username='slave'} at 127.0.0.1:38802
I20260709 12:57:02.878072  1218 raft_consensus.cc:606] T 8fd1bd823d194453956630c4d82cf0ae P 06ca013598fa4eb4890b80ebb920dbba [term 2 LEADER]: Received request to transfer leadership to TS d9e6b137dbcf4a889de3cc22174e00c8
I20260709 12:57:02.882779  1218 tablet_service.cc:2072] Received LeaderStepDown RPC: tablet_id: "4066c5a0b8514186ab5227e8fcf9feb7"
dest_uuid: "06ca013598fa4eb4890b80ebb920dbba"
mode: GRACEFUL
new_leader_uuid: "d9e6b137dbcf4a889de3cc22174e00c8"
 from {username='slave'} at 127.0.0.1:38802
I20260709 12:57:02.883216  1218 raft_consensus.cc:606] T 4066c5a0b8514186ab5227e8fcf9feb7 P 06ca013598fa4eb4890b80ebb920dbba [term 3 LEADER]: Received request to transfer leadership to TS d9e6b137dbcf4a889de3cc22174e00c8
I20260709 12:57:02.891396  1143 tablet_service.cc:2072] Received LeaderStepDown RPC: tablet_id: "8d456bce03cd471dbd0e8c2a566e9184"
dest_uuid: "24fcaf8393fc4560be526616ac953c0e"
mode: GRACEFUL
new_leader_uuid: "d9e6b137dbcf4a889de3cc22174e00c8"
 from {username='slave'} at 127.0.0.1:56340
I20260709 12:57:02.891842  1143 raft_consensus.cc:606] T 8d456bce03cd471dbd0e8c2a566e9184 P 24fcaf8393fc4560be526616ac953c0e [term 2 LEADER]: Received request to transfer leadership to TS d9e6b137dbcf4a889de3cc22174e00c8
I20260709 12:57:02.896411  1144 tablet_service.cc:2072] Received LeaderStepDown RPC: tablet_id: "df871b4d20434ff3b5ee99f97bb61a29"
dest_uuid: "24fcaf8393fc4560be526616ac953c0e"
mode: GRACEFUL
new_leader_uuid: "d9e6b137dbcf4a889de3cc22174e00c8"
 from {username='slave'} at 127.0.0.1:56340
I20260709 12:57:02.896999  1144 raft_consensus.cc:606] T df871b4d20434ff3b5ee99f97bb61a29 P 24fcaf8393fc4560be526616ac953c0e [term 1 LEADER]: Received request to transfer leadership to TS d9e6b137dbcf4a889de3cc22174e00c8
I20260709 12:57:02.901443  1144 tablet_service.cc:2072] Received LeaderStepDown RPC: tablet_id: "f676d7f440bc4a7ba11cfb56060fb157"
dest_uuid: "24fcaf8393fc4560be526616ac953c0e"
mode: GRACEFUL
new_leader_uuid: "d9e6b137dbcf4a889de3cc22174e00c8"
 from {username='slave'} at 127.0.0.1:56340
I20260709 12:57:02.901925  1144 raft_consensus.cc:606] T f676d7f440bc4a7ba11cfb56060fb157 P 24fcaf8393fc4560be526616ac953c0e [term 2 LEADER]: Received request to transfer leadership to TS d9e6b137dbcf4a889de3cc22174e00c8
I20260709 12:57:02.928908  1372 raft_consensus.cc:993] T 4066c5a0b8514186ab5227e8fcf9feb7 P 06ca013598fa4eb4890b80ebb920dbba: : Instructing follower d9e6b137dbcf4a889de3cc22174e00c8 to start an election
I20260709 12:57:02.929631  1372 raft_consensus.cc:1081] T 4066c5a0b8514186ab5227e8fcf9feb7 P 06ca013598fa4eb4890b80ebb920dbba [term 3 LEADER]: Signalling peer d9e6b137dbcf4a889de3cc22174e00c8 to start an election
I20260709 12:57:02.931680  1069 tablet_service.cc:2044] Received Run Leader Election RPC: tablet_id: "4066c5a0b8514186ab5227e8fcf9feb7"
dest_uuid: "d9e6b137dbcf4a889de3cc22174e00c8"
 from {username='slave'} at 127.0.0.1:35162
I20260709 12:57:02.932343  1069 raft_consensus.cc:493] T 4066c5a0b8514186ab5227e8fcf9feb7 P d9e6b137dbcf4a889de3cc22174e00c8 [term 3 FOLLOWER]: Starting forced leader election (received explicit request)
I20260709 12:57:02.932782  1069 raft_consensus.cc:3060] T 4066c5a0b8514186ab5227e8fcf9feb7 P d9e6b137dbcf4a889de3cc22174e00c8 [term 3 FOLLOWER]: Advancing to term 4
I20260709 12:57:02.937705  1069 raft_consensus.cc:515] T 4066c5a0b8514186ab5227e8fcf9feb7 P d9e6b137dbcf4a889de3cc22174e00c8 [term 4 FOLLOWER]: Starting forced leader election with config: opid_index: -1 OBSOLETE_local: false peers { permanent_uuid: "d9e6b137dbcf4a889de3cc22174e00c8" member_type: VOTER last_known_addr { host: "127.0.107.193" port: 34185 } } peers { permanent_uuid: "24fcaf8393fc4560be526616ac953c0e" member_type: VOTER last_known_addr { host: "127.0.107.194" port: 33319 } } peers { permanent_uuid: "06ca013598fa4eb4890b80ebb920dbba" member_type: VOTER last_known_addr { host: "127.0.107.195" port: 41009 } }
I20260709 12:57:02.939239  1069 leader_election.cc:290] T 4066c5a0b8514186ab5227e8fcf9feb7 P d9e6b137dbcf4a889de3cc22174e00c8 [CANDIDATE]: Term 4 election: Requested vote from peers 24fcaf8393fc4560be526616ac953c0e (127.0.107.194:33319), 06ca013598fa4eb4890b80ebb920dbba (127.0.107.195:41009)
I20260709 12:57:02.939980  1144 tablet_service.cc:1917] Received RequestConsensusVote() RPC: tablet_id: "4066c5a0b8514186ab5227e8fcf9feb7" candidate_uuid: "d9e6b137dbcf4a889de3cc22174e00c8" candidate_term: 4 candidate_status { last_received { term: 3 index: 3 } } ignore_live_leader: true dest_uuid: "24fcaf8393fc4560be526616ac953c0e"
I20260709 12:57:02.940181  1218 tablet_service.cc:1917] Received RequestConsensusVote() RPC: tablet_id: "4066c5a0b8514186ab5227e8fcf9feb7" candidate_uuid: "d9e6b137dbcf4a889de3cc22174e00c8" candidate_term: 4 candidate_status { last_received { term: 3 index: 3 } } ignore_live_leader: true dest_uuid: "06ca013598fa4eb4890b80ebb920dbba"
I20260709 12:57:02.940560  1144 raft_consensus.cc:3060] T 4066c5a0b8514186ab5227e8fcf9feb7 P 24fcaf8393fc4560be526616ac953c0e [term 3 FOLLOWER]: Advancing to term 4
I20260709 12:57:02.940608  1218 raft_consensus.cc:3055] T 4066c5a0b8514186ab5227e8fcf9feb7 P 06ca013598fa4eb4890b80ebb920dbba [term 3 LEADER]: Stepping down as leader of term 3
I20260709 12:57:02.941123  1218 raft_consensus.cc:740] T 4066c5a0b8514186ab5227e8fcf9feb7 P 06ca013598fa4eb4890b80ebb920dbba [term 3 LEADER]: Becoming Follower/Learner. State: Replica: 06ca013598fa4eb4890b80ebb920dbba, State: Running, Role: LEADER
I20260709 12:57:02.941975  1218 consensus_queue.cc:260] T 4066c5a0b8514186ab5227e8fcf9feb7 P 06ca013598fa4eb4890b80ebb920dbba [NON_LEADER]: Queue going to NON_LEADER mode. State: All replicated index: 0, Majority replicated index: 3, Committed index: 3, Last appended: 3.3, Last appended by leader: 3, Current term: 3, Majority size: -1, State: 0, Mode: NON_LEADER, active raft config: opid_index: -1 OBSOLETE_local: false peers { permanent_uuid: "d9e6b137dbcf4a889de3cc22174e00c8" member_type: VOTER last_known_addr { host: "127.0.107.193" port: 34185 } } peers { permanent_uuid: "24fcaf8393fc4560be526616ac953c0e" member_type: VOTER last_known_addr { host: "127.0.107.194" port: 33319 } } peers { permanent_uuid: "06ca013598fa4eb4890b80ebb920dbba" member_type: VOTER last_known_addr { host: "127.0.107.195" port: 41009 } }
I20260709 12:57:02.943213  1218 raft_consensus.cc:3060] T 4066c5a0b8514186ab5227e8fcf9feb7 P 06ca013598fa4eb4890b80ebb920dbba [term 3 FOLLOWER]: Advancing to term 4
I20260709 12:57:02.949153  1218 raft_consensus.cc:2468] T 4066c5a0b8514186ab5227e8fcf9feb7 P 06ca013598fa4eb4890b80ebb920dbba [term 4 FOLLOWER]: Leader election vote request: Granting yes vote for candidate d9e6b137dbcf4a889de3cc22174e00c8 in term 4.
I20260709 12:57:02.949203  1144 raft_consensus.cc:2468] T 4066c5a0b8514186ab5227e8fcf9feb7 P 24fcaf8393fc4560be526616ac953c0e [term 4 FOLLOWER]: Leader election vote request: Granting yes vote for candidate d9e6b137dbcf4a889de3cc22174e00c8 in term 4.
I20260709 12:57:02.950271  1032 leader_election.cc:304] T 4066c5a0b8514186ab5227e8fcf9feb7 P d9e6b137dbcf4a889de3cc22174e00c8 [CANDIDATE]: Term 4 election: Election decided. Result: candidate won. Election summary: received 2 responses out of 3 voters: 2 yes votes; 0 no votes. yes voters: 06ca013598fa4eb4890b80ebb920dbba, d9e6b137dbcf4a889de3cc22174e00c8; no voters: 
I20260709 12:57:02.951340  1265 raft_consensus.cc:2804] T 4066c5a0b8514186ab5227e8fcf9feb7 P d9e6b137dbcf4a889de3cc22174e00c8 [term 4 FOLLOWER]: Leader election won for term 4
I20260709 12:57:02.952291  1265 raft_consensus.cc:697] T 4066c5a0b8514186ab5227e8fcf9feb7 P d9e6b137dbcf4a889de3cc22174e00c8 [term 4 LEADER]: Becoming Leader. State: Replica: d9e6b137dbcf4a889de3cc22174e00c8, State: Running, Role: LEADER
I20260709 12:57:02.953497  1265 consensus_queue.cc:237] T 4066c5a0b8514186ab5227e8fcf9feb7 P d9e6b137dbcf4a889de3cc22174e00c8 [LEADER]: Queue going to LEADER mode. State: All replicated index: 0, Majority replicated index: 3, Committed index: 3, Last appended: 3.3, Last appended by leader: 3, Current term: 4, Majority size: 2, State: 0, Mode: LEADER, active raft config: opid_index: -1 OBSOLETE_local: false peers { permanent_uuid: "d9e6b137dbcf4a889de3cc22174e00c8" member_type: VOTER last_known_addr { host: "127.0.107.193" port: 34185 } } peers { permanent_uuid: "24fcaf8393fc4560be526616ac953c0e" member_type: VOTER last_known_addr { host: "127.0.107.194" port: 33319 } } peers { permanent_uuid: "06ca013598fa4eb4890b80ebb920dbba" member_type: VOTER last_known_addr { host: "127.0.107.195" port: 41009 } }
I20260709 12:57:02.959303   966 catalog_manager.cc:5697] T 4066c5a0b8514186ab5227e8fcf9feb7 P d9e6b137dbcf4a889de3cc22174e00c8 reported cstate change: term changed from 3 to 4, leader changed from 06ca013598fa4eb4890b80ebb920dbba (127.0.107.195) to d9e6b137dbcf4a889de3cc22174e00c8 (127.0.107.193). New cstate: current_term: 4 leader_uuid: "d9e6b137dbcf4a889de3cc22174e00c8" committed_config { opid_index: -1 OBSOLETE_local: false peers { permanent_uuid: "d9e6b137dbcf4a889de3cc22174e00c8" member_type: VOTER last_known_addr { host: "127.0.107.193" port: 34185 } health_report { overall_health: HEALTHY } } peers { permanent_uuid: "24fcaf8393fc4560be526616ac953c0e" member_type: VOTER last_known_addr { host: "127.0.107.194" port: 33319 } health_report { overall_health: UNKNOWN } } peers { permanent_uuid: "06ca013598fa4eb4890b80ebb920dbba" member_type: VOTER last_known_addr { host: "127.0.107.195" port: 41009 } health_report { overall_health: UNKNOWN } } }
I20260709 12:57:03.041684  1354 raft_consensus.cc:993] T df871b4d20434ff3b5ee99f97bb61a29 P 24fcaf8393fc4560be526616ac953c0e: : Instructing follower d9e6b137dbcf4a889de3cc22174e00c8 to start an election
I20260709 12:57:03.042207  1378 raft_consensus.cc:1081] T df871b4d20434ff3b5ee99f97bb61a29 P 24fcaf8393fc4560be526616ac953c0e [term 1 LEADER]: Signalling peer d9e6b137dbcf4a889de3cc22174e00c8 to start an election
I20260709 12:57:03.044132  1069 tablet_service.cc:2044] Received Run Leader Election RPC: tablet_id: "df871b4d20434ff3b5ee99f97bb61a29"
dest_uuid: "d9e6b137dbcf4a889de3cc22174e00c8"
 from {username='slave'} at 127.0.0.1:35158
I20260709 12:57:03.044615  1069 raft_consensus.cc:493] T df871b4d20434ff3b5ee99f97bb61a29 P d9e6b137dbcf4a889de3cc22174e00c8 [term 1 FOLLOWER]: Starting forced leader election (received explicit request)
I20260709 12:57:03.044896  1069 raft_consensus.cc:3060] T df871b4d20434ff3b5ee99f97bb61a29 P d9e6b137dbcf4a889de3cc22174e00c8 [term 1 FOLLOWER]: Advancing to term 2
I20260709 12:57:03.077293  1069 raft_consensus.cc:515] T df871b4d20434ff3b5ee99f97bb61a29 P d9e6b137dbcf4a889de3cc22174e00c8 [term 2 FOLLOWER]: Starting forced leader election with config: opid_index: -1 OBSOLETE_local: false peers { permanent_uuid: "d9e6b137dbcf4a889de3cc22174e00c8" member_type: VOTER last_known_addr { host: "127.0.107.193" port: 34185 } } peers { permanent_uuid: "24fcaf8393fc4560be526616ac953c0e" member_type: VOTER last_known_addr { host: "127.0.107.194" port: 33319 } } peers { permanent_uuid: "06ca013598fa4eb4890b80ebb920dbba" member_type: VOTER last_known_addr { host: "127.0.107.195" port: 41009 } }
I20260709 12:57:03.079514  1069 leader_election.cc:290] T df871b4d20434ff3b5ee99f97bb61a29 P d9e6b137dbcf4a889de3cc22174e00c8 [CANDIDATE]: Term 2 election: Requested vote from peers 24fcaf8393fc4560be526616ac953c0e (127.0.107.194:33319), 06ca013598fa4eb4890b80ebb920dbba (127.0.107.195:41009)
I20260709 12:57:03.079885  1144 tablet_service.cc:1917] Received RequestConsensusVote() RPC: tablet_id: "df871b4d20434ff3b5ee99f97bb61a29" candidate_uuid: "d9e6b137dbcf4a889de3cc22174e00c8" candidate_term: 2 candidate_status { last_received { term: 1 index: 1 } } ignore_live_leader: true dest_uuid: "24fcaf8393fc4560be526616ac953c0e"
I20260709 12:57:03.080068  1218 tablet_service.cc:1917] Received RequestConsensusVote() RPC: tablet_id: "df871b4d20434ff3b5ee99f97bb61a29" candidate_uuid: "d9e6b137dbcf4a889de3cc22174e00c8" candidate_term: 2 candidate_status { last_received { term: 1 index: 1 } } ignore_live_leader: true dest_uuid: "06ca013598fa4eb4890b80ebb920dbba"
I20260709 12:57:03.080607  1218 raft_consensus.cc:3060] T df871b4d20434ff3b5ee99f97bb61a29 P 06ca013598fa4eb4890b80ebb920dbba [term 1 FOLLOWER]: Advancing to term 2
I20260709 12:57:03.080605  1144 raft_consensus.cc:3055] T df871b4d20434ff3b5ee99f97bb61a29 P 24fcaf8393fc4560be526616ac953c0e [term 1 LEADER]: Stepping down as leader of term 1
I20260709 12:57:03.081167  1144 raft_consensus.cc:740] T df871b4d20434ff3b5ee99f97bb61a29 P 24fcaf8393fc4560be526616ac953c0e [term 1 LEADER]: Becoming Follower/Learner. State: Replica: 24fcaf8393fc4560be526616ac953c0e, State: Running, Role: LEADER
I20260709 12:57:03.081939  1144 consensus_queue.cc:260] T df871b4d20434ff3b5ee99f97bb61a29 P 24fcaf8393fc4560be526616ac953c0e [NON_LEADER]: Queue going to NON_LEADER mode. State: All replicated index: 0, Majority replicated index: 1, Committed index: 1, Last appended: 1.1, Last appended by leader: 1, Current term: 1, Majority size: -1, State: 0, Mode: NON_LEADER, active raft config: opid_index: -1 OBSOLETE_local: false peers { permanent_uuid: "d9e6b137dbcf4a889de3cc22174e00c8" member_type: VOTER last_known_addr { host: "127.0.107.193" port: 34185 } } peers { permanent_uuid: "24fcaf8393fc4560be526616ac953c0e" member_type: VOTER last_known_addr { host: "127.0.107.194" port: 33319 } } peers { permanent_uuid: "06ca013598fa4eb4890b80ebb920dbba" member_type: VOTER last_known_addr { host: "127.0.107.195" port: 41009 } }
I20260709 12:57:03.083082  1144 raft_consensus.cc:3060] T df871b4d20434ff3b5ee99f97bb61a29 P 24fcaf8393fc4560be526616ac953c0e [term 1 FOLLOWER]: Advancing to term 2
I20260709 12:57:03.093407  1354 raft_consensus.cc:993] T f676d7f440bc4a7ba11cfb56060fb157 P 24fcaf8393fc4560be526616ac953c0e: : Instructing follower d9e6b137dbcf4a889de3cc22174e00c8 to start an election
I20260709 12:57:03.093855  1378 raft_consensus.cc:1081] T f676d7f440bc4a7ba11cfb56060fb157 P 24fcaf8393fc4560be526616ac953c0e [term 2 LEADER]: Signalling peer d9e6b137dbcf4a889de3cc22174e00c8 to start an election
I20260709 12:57:03.095172  1069 tablet_service.cc:2044] Received Run Leader Election RPC: tablet_id: "f676d7f440bc4a7ba11cfb56060fb157"
dest_uuid: "d9e6b137dbcf4a889de3cc22174e00c8"
 from {username='slave'} at 127.0.0.1:35158
I20260709 12:57:03.095606  1069 raft_consensus.cc:493] T f676d7f440bc4a7ba11cfb56060fb157 P d9e6b137dbcf4a889de3cc22174e00c8 [term 2 FOLLOWER]: Starting forced leader election (received explicit request)
I20260709 12:57:03.095894  1069 raft_consensus.cc:3060] T f676d7f440bc4a7ba11cfb56060fb157 P d9e6b137dbcf4a889de3cc22174e00c8 [term 2 FOLLOWER]: Advancing to term 3
I20260709 12:57:03.173877  1218 raft_consensus.cc:2468] T df871b4d20434ff3b5ee99f97bb61a29 P 06ca013598fa4eb4890b80ebb920dbba [term 2 FOLLOWER]: Leader election vote request: Granting yes vote for candidate d9e6b137dbcf4a889de3cc22174e00c8 in term 2.
I20260709 12:57:03.173878  1144 raft_consensus.cc:2468] T df871b4d20434ff3b5ee99f97bb61a29 P 24fcaf8393fc4560be526616ac953c0e [term 2 FOLLOWER]: Leader election vote request: Granting yes vote for candidate d9e6b137dbcf4a889de3cc22174e00c8 in term 2.
I20260709 12:57:03.173925  1069 raft_consensus.cc:515] T f676d7f440bc4a7ba11cfb56060fb157 P d9e6b137dbcf4a889de3cc22174e00c8 [term 3 FOLLOWER]: Starting forced leader election with config: opid_index: -1 OBSOLETE_local: false peers { permanent_uuid: "d9e6b137dbcf4a889de3cc22174e00c8" member_type: VOTER last_known_addr { host: "127.0.107.193" port: 34185 } } peers { permanent_uuid: "24fcaf8393fc4560be526616ac953c0e" member_type: VOTER last_known_addr { host: "127.0.107.194" port: 33319 } } peers { permanent_uuid: "06ca013598fa4eb4890b80ebb920dbba" member_type: VOTER last_known_addr { host: "127.0.107.195" port: 41009 } }
I20260709 12:57:03.175436  1032 leader_election.cc:304] T df871b4d20434ff3b5ee99f97bb61a29 P d9e6b137dbcf4a889de3cc22174e00c8 [CANDIDATE]: Term 2 election: Election decided. Result: candidate won. Election summary: received 2 responses out of 3 voters: 2 yes votes; 0 no votes. yes voters: 06ca013598fa4eb4890b80ebb920dbba, d9e6b137dbcf4a889de3cc22174e00c8; no voters: 
I20260709 12:57:03.176084  1069 leader_election.cc:290] T f676d7f440bc4a7ba11cfb56060fb157 P d9e6b137dbcf4a889de3cc22174e00c8 [CANDIDATE]: Term 3 election: Requested vote from peers 24fcaf8393fc4560be526616ac953c0e (127.0.107.194:33319), 06ca013598fa4eb4890b80ebb920dbba (127.0.107.195:41009)
I20260709 12:57:03.177066  1374 raft_consensus.cc:2804] T df871b4d20434ff3b5ee99f97bb61a29 P d9e6b137dbcf4a889de3cc22174e00c8 [term 2 FOLLOWER]: Leader election won for term 2
I20260709 12:57:03.177506  1218 tablet_service.cc:1917] Received RequestConsensusVote() RPC: tablet_id: "f676d7f440bc4a7ba11cfb56060fb157" candidate_uuid: "d9e6b137dbcf4a889de3cc22174e00c8" candidate_term: 3 candidate_status { last_received { term: 2 index: 2 } } ignore_live_leader: true dest_uuid: "06ca013598fa4eb4890b80ebb920dbba"
I20260709 12:57:03.177556  1374 raft_consensus.cc:697] T df871b4d20434ff3b5ee99f97bb61a29 P d9e6b137dbcf4a889de3cc22174e00c8 [term 2 LEADER]: Becoming Leader. State: Replica: d9e6b137dbcf4a889de3cc22174e00c8, State: Running, Role: LEADER
I20260709 12:57:03.177896  1144 tablet_service.cc:1917] Received RequestConsensusVote() RPC: tablet_id: "f676d7f440bc4a7ba11cfb56060fb157" candidate_uuid: "d9e6b137dbcf4a889de3cc22174e00c8" candidate_term: 3 candidate_status { last_received { term: 2 index: 2 } } ignore_live_leader: true dest_uuid: "24fcaf8393fc4560be526616ac953c0e"
I20260709 12:57:03.178200  1218 raft_consensus.cc:3060] T f676d7f440bc4a7ba11cfb56060fb157 P 06ca013598fa4eb4890b80ebb920dbba [term 2 FOLLOWER]: Advancing to term 3
I20260709 12:57:03.178436  1144 raft_consensus.cc:3055] T f676d7f440bc4a7ba11cfb56060fb157 P 24fcaf8393fc4560be526616ac953c0e [term 2 LEADER]: Stepping down as leader of term 2
I20260709 12:57:03.178771  1144 raft_consensus.cc:740] T f676d7f440bc4a7ba11cfb56060fb157 P 24fcaf8393fc4560be526616ac953c0e [term 2 LEADER]: Becoming Follower/Learner. State: Replica: 24fcaf8393fc4560be526616ac953c0e, State: Running, Role: LEADER
I20260709 12:57:03.178613  1374 consensus_queue.cc:237] T df871b4d20434ff3b5ee99f97bb61a29 P d9e6b137dbcf4a889de3cc22174e00c8 [LEADER]: Queue going to LEADER mode. State: All replicated index: 0, Majority replicated index: 1, Committed index: 1, Last appended: 1.1, Last appended by leader: 1, Current term: 2, Majority size: 2, State: 0, Mode: LEADER, active raft config: opid_index: -1 OBSOLETE_local: false peers { permanent_uuid: "d9e6b137dbcf4a889de3cc22174e00c8" member_type: VOTER last_known_addr { host: "127.0.107.193" port: 34185 } } peers { permanent_uuid: "24fcaf8393fc4560be526616ac953c0e" member_type: VOTER last_known_addr { host: "127.0.107.194" port: 33319 } } peers { permanent_uuid: "06ca013598fa4eb4890b80ebb920dbba" member_type: VOTER last_known_addr { host: "127.0.107.195" port: 41009 } }
I20260709 12:57:03.179585  1144 consensus_queue.cc:260] T f676d7f440bc4a7ba11cfb56060fb157 P 24fcaf8393fc4560be526616ac953c0e [NON_LEADER]: Queue going to NON_LEADER mode. State: All replicated index: 0, Majority replicated index: 2, Committed index: 2, Last appended: 2.2, Last appended by leader: 2, Current term: 2, Majority size: -1, State: 0, Mode: NON_LEADER, active raft config: opid_index: -1 OBSOLETE_local: false peers { permanent_uuid: "d9e6b137dbcf4a889de3cc22174e00c8" member_type: VOTER last_known_addr { host: "127.0.107.193" port: 34185 } } peers { permanent_uuid: "24fcaf8393fc4560be526616ac953c0e" member_type: VOTER last_known_addr { host: "127.0.107.194" port: 33319 } } peers { permanent_uuid: "06ca013598fa4eb4890b80ebb920dbba" member_type: VOTER last_known_addr { host: "127.0.107.195" port: 41009 } }
I20260709 12:57:03.180732  1144 raft_consensus.cc:3060] T f676d7f440bc4a7ba11cfb56060fb157 P 24fcaf8393fc4560be526616ac953c0e [term 2 FOLLOWER]: Advancing to term 3
I20260709 12:57:03.186092   966 catalog_manager.cc:5697] T df871b4d20434ff3b5ee99f97bb61a29 P d9e6b137dbcf4a889de3cc22174e00c8 reported cstate change: term changed from 1 to 2, leader changed from 24fcaf8393fc4560be526616ac953c0e (127.0.107.194) to d9e6b137dbcf4a889de3cc22174e00c8 (127.0.107.193). New cstate: current_term: 2 leader_uuid: "d9e6b137dbcf4a889de3cc22174e00c8" committed_config { opid_index: -1 OBSOLETE_local: false peers { permanent_uuid: "d9e6b137dbcf4a889de3cc22174e00c8" member_type: VOTER last_known_addr { host: "127.0.107.193" port: 34185 } health_report { overall_health: HEALTHY } } peers { permanent_uuid: "24fcaf8393fc4560be526616ac953c0e" member_type: VOTER last_known_addr { host: "127.0.107.194" port: 33319 } health_report { overall_health: UNKNOWN } } peers { permanent_uuid: "06ca013598fa4eb4890b80ebb920dbba" member_type: VOTER last_known_addr { host: "127.0.107.195" port: 41009 } health_report { overall_health: UNKNOWN } } }
I20260709 12:57:03.198391  1354 raft_consensus.cc:993] T 8d456bce03cd471dbd0e8c2a566e9184 P 24fcaf8393fc4560be526616ac953c0e: : Instructing follower d9e6b137dbcf4a889de3cc22174e00c8 to start an election
I20260709 12:57:03.198750  1378 raft_consensus.cc:1081] T 8d456bce03cd471dbd0e8c2a566e9184 P 24fcaf8393fc4560be526616ac953c0e [term 2 LEADER]: Signalling peer d9e6b137dbcf4a889de3cc22174e00c8 to start an election
I20260709 12:57:03.200133  1069 tablet_service.cc:2044] Received Run Leader Election RPC: tablet_id: "8d456bce03cd471dbd0e8c2a566e9184"
dest_uuid: "d9e6b137dbcf4a889de3cc22174e00c8"
 from {username='slave'} at 127.0.0.1:35158
I20260709 12:57:03.200644  1069 raft_consensus.cc:493] T 8d456bce03cd471dbd0e8c2a566e9184 P d9e6b137dbcf4a889de3cc22174e00c8 [term 2 FOLLOWER]: Starting forced leader election (received explicit request)
I20260709 12:57:03.200963  1069 raft_consensus.cc:3060] T 8d456bce03cd471dbd0e8c2a566e9184 P d9e6b137dbcf4a889de3cc22174e00c8 [term 2 FOLLOWER]: Advancing to term 3
I20260709 12:57:03.204563  1358 raft_consensus.cc:993] T 8fd1bd823d194453956630c4d82cf0ae P 06ca013598fa4eb4890b80ebb920dbba: : Instructing follower d9e6b137dbcf4a889de3cc22174e00c8 to start an election
I20260709 12:57:03.205046  1372 raft_consensus.cc:1081] T 8fd1bd823d194453956630c4d82cf0ae P 06ca013598fa4eb4890b80ebb920dbba [term 2 LEADER]: Signalling peer d9e6b137dbcf4a889de3cc22174e00c8 to start an election
I20260709 12:57:03.207310  1068 tablet_service.cc:2044] Received Run Leader Election RPC: tablet_id: "8fd1bd823d194453956630c4d82cf0ae"
dest_uuid: "d9e6b137dbcf4a889de3cc22174e00c8"
 from {username='slave'} at 127.0.0.1:35162
I20260709 12:57:03.207760  1068 raft_consensus.cc:493] T 8fd1bd823d194453956630c4d82cf0ae P d9e6b137dbcf4a889de3cc22174e00c8 [term 2 FOLLOWER]: Starting forced leader election (received explicit request)
I20260709 12:57:03.208053  1068 raft_consensus.cc:3060] T 8fd1bd823d194453956630c4d82cf0ae P d9e6b137dbcf4a889de3cc22174e00c8 [term 2 FOLLOWER]: Advancing to term 3
I20260709 12:57:03.271951  1218 raft_consensus.cc:2468] T f676d7f440bc4a7ba11cfb56060fb157 P 06ca013598fa4eb4890b80ebb920dbba [term 3 FOLLOWER]: Leader election vote request: Granting yes vote for candidate d9e6b137dbcf4a889de3cc22174e00c8 in term 3.
I20260709 12:57:03.273010  1069 raft_consensus.cc:515] T 8d456bce03cd471dbd0e8c2a566e9184 P d9e6b137dbcf4a889de3cc22174e00c8 [term 3 FOLLOWER]: Starting forced leader election with config: opid_index: -1 OBSOLETE_local: false peers { permanent_uuid: "d9e6b137dbcf4a889de3cc22174e00c8" member_type: VOTER last_known_addr { host: "127.0.107.193" port: 34185 } } peers { permanent_uuid: "24fcaf8393fc4560be526616ac953c0e" member_type: VOTER last_known_addr { host: "127.0.107.194" port: 33319 } } peers { permanent_uuid: "06ca013598fa4eb4890b80ebb920dbba" member_type: VOTER last_known_addr { host: "127.0.107.195" port: 41009 } }
I20260709 12:57:03.273501  1032 leader_election.cc:304] T f676d7f440bc4a7ba11cfb56060fb157 P d9e6b137dbcf4a889de3cc22174e00c8 [CANDIDATE]: Term 3 election: Election decided. Result: candidate won. Election summary: received 2 responses out of 3 voters: 2 yes votes; 0 no votes. yes voters: 06ca013598fa4eb4890b80ebb920dbba, d9e6b137dbcf4a889de3cc22174e00c8; no voters: 
I20260709 12:57:03.271951  1144 raft_consensus.cc:2468] T f676d7f440bc4a7ba11cfb56060fb157 P 24fcaf8393fc4560be526616ac953c0e [term 3 FOLLOWER]: Leader election vote request: Granting yes vote for candidate d9e6b137dbcf4a889de3cc22174e00c8 in term 3.
I20260709 12:57:03.275122  1374 raft_consensus.cc:2804] T f676d7f440bc4a7ba11cfb56060fb157 P d9e6b137dbcf4a889de3cc22174e00c8 [term 3 FOLLOWER]: Leader election won for term 3
I20260709 12:57:03.275669  1374 raft_consensus.cc:697] T f676d7f440bc4a7ba11cfb56060fb157 P d9e6b137dbcf4a889de3cc22174e00c8 [term 3 LEADER]: Becoming Leader. State: Replica: d9e6b137dbcf4a889de3cc22174e00c8, State: Running, Role: LEADER
I20260709 12:57:03.277173  1069 leader_election.cc:290] T 8d456bce03cd471dbd0e8c2a566e9184 P d9e6b137dbcf4a889de3cc22174e00c8 [CANDIDATE]: Term 3 election: Requested vote from peers 24fcaf8393fc4560be526616ac953c0e (127.0.107.194:33319), 06ca013598fa4eb4890b80ebb920dbba (127.0.107.195:41009)
I20260709 12:57:03.277954  1144 tablet_service.cc:1917] Received RequestConsensusVote() RPC: tablet_id: "8d456bce03cd471dbd0e8c2a566e9184" candidate_uuid: "d9e6b137dbcf4a889de3cc22174e00c8" candidate_term: 3 candidate_status { last_received { term: 2 index: 2 } } ignore_live_leader: true dest_uuid: "24fcaf8393fc4560be526616ac953c0e"
I20260709 12:57:03.277112  1218 tablet_service.cc:1917] Received RequestConsensusVote() RPC: tablet_id: "8d456bce03cd471dbd0e8c2a566e9184" candidate_uuid: "d9e6b137dbcf4a889de3cc22174e00c8" candidate_term: 3 candidate_status { last_received { term: 2 index: 2 } } ignore_live_leader: true dest_uuid: "06ca013598fa4eb4890b80ebb920dbba"
I20260709 12:57:03.277869  1374 consensus_queue.cc:237] T f676d7f440bc4a7ba11cfb56060fb157 P d9e6b137dbcf4a889de3cc22174e00c8 [LEADER]: Queue going to LEADER mode. State: All replicated index: 0, Majority replicated index: 2, Committed index: 2, Last appended: 2.2, Last appended by leader: 2, Current term: 3, Majority size: 2, State: 0, Mode: LEADER, active raft config: opid_index: -1 OBSOLETE_local: false peers { permanent_uuid: "d9e6b137dbcf4a889de3cc22174e00c8" member_type: VOTER last_known_addr { host: "127.0.107.193" port: 34185 } } peers { permanent_uuid: "24fcaf8393fc4560be526616ac953c0e" member_type: VOTER last_known_addr { host: "127.0.107.194" port: 33319 } } peers { permanent_uuid: "06ca013598fa4eb4890b80ebb920dbba" member_type: VOTER last_known_addr { host: "127.0.107.195" port: 41009 } }
I20260709 12:57:03.278523  1144 raft_consensus.cc:3055] T 8d456bce03cd471dbd0e8c2a566e9184 P 24fcaf8393fc4560be526616ac953c0e [term 2 LEADER]: Stepping down as leader of term 2
I20260709 12:57:03.278622  1218 raft_consensus.cc:3060] T 8d456bce03cd471dbd0e8c2a566e9184 P 06ca013598fa4eb4890b80ebb920dbba [term 2 FOLLOWER]: Advancing to term 3
I20260709 12:57:03.278908  1144 raft_consensus.cc:740] T 8d456bce03cd471dbd0e8c2a566e9184 P 24fcaf8393fc4560be526616ac953c0e [term 2 LEADER]: Becoming Follower/Learner. State: Replica: 24fcaf8393fc4560be526616ac953c0e, State: Running, Role: LEADER
I20260709 12:57:03.279713  1144 consensus_queue.cc:260] T 8d456bce03cd471dbd0e8c2a566e9184 P 24fcaf8393fc4560be526616ac953c0e [NON_LEADER]: Queue going to NON_LEADER mode. State: All replicated index: 0, Majority replicated index: 2, Committed index: 2, Last appended: 2.2, Last appended by leader: 2, Current term: 2, Majority size: -1, State: 0, Mode: NON_LEADER, active raft config: opid_index: -1 OBSOLETE_local: false peers { permanent_uuid: "d9e6b137dbcf4a889de3cc22174e00c8" member_type: VOTER last_known_addr { host: "127.0.107.193" port: 34185 } } peers { permanent_uuid: "24fcaf8393fc4560be526616ac953c0e" member_type: VOTER last_known_addr { host: "127.0.107.194" port: 33319 } } peers { permanent_uuid: "06ca013598fa4eb4890b80ebb920dbba" member_type: VOTER last_known_addr { host: "127.0.107.195" port: 41009 } }
I20260709 12:57:03.280891  1144 raft_consensus.cc:3060] T 8d456bce03cd471dbd0e8c2a566e9184 P 24fcaf8393fc4560be526616ac953c0e [term 2 FOLLOWER]: Advancing to term 3
I20260709 12:57:03.289942   966 catalog_manager.cc:5697] T f676d7f440bc4a7ba11cfb56060fb157 P d9e6b137dbcf4a889de3cc22174e00c8 reported cstate change: term changed from 2 to 3, leader changed from 24fcaf8393fc4560be526616ac953c0e (127.0.107.194) to d9e6b137dbcf4a889de3cc22174e00c8 (127.0.107.193). New cstate: current_term: 3 leader_uuid: "d9e6b137dbcf4a889de3cc22174e00c8" committed_config { opid_index: -1 OBSOLETE_local: false peers { permanent_uuid: "d9e6b137dbcf4a889de3cc22174e00c8" member_type: VOTER last_known_addr { host: "127.0.107.193" port: 34185 } health_report { overall_health: HEALTHY } } peers { permanent_uuid: "24fcaf8393fc4560be526616ac953c0e" member_type: VOTER last_known_addr { host: "127.0.107.194" port: 33319 } health_report { overall_health: UNKNOWN } } peers { permanent_uuid: "06ca013598fa4eb4890b80ebb920dbba" member_type: VOTER last_known_addr { host: "127.0.107.195" port: 41009 } health_report { overall_health: UNKNOWN } } }
I20260709 12:57:03.375160  1144 raft_consensus.cc:2468] T 8d456bce03cd471dbd0e8c2a566e9184 P 24fcaf8393fc4560be526616ac953c0e [term 3 FOLLOWER]: Leader election vote request: Granting yes vote for candidate d9e6b137dbcf4a889de3cc22174e00c8 in term 3.
I20260709 12:57:03.375161  1218 raft_consensus.cc:2468] T 8d456bce03cd471dbd0e8c2a566e9184 P 06ca013598fa4eb4890b80ebb920dbba [term 3 FOLLOWER]: Leader election vote request: Granting yes vote for candidate d9e6b137dbcf4a889de3cc22174e00c8 in term 3.
I20260709 12:57:03.375201  1068 raft_consensus.cc:515] T 8fd1bd823d194453956630c4d82cf0ae P d9e6b137dbcf4a889de3cc22174e00c8 [term 3 FOLLOWER]: Starting forced leader election with config: opid_index: -1 OBSOLETE_local: false peers { permanent_uuid: "d9e6b137dbcf4a889de3cc22174e00c8" member_type: VOTER last_known_addr { host: "127.0.107.193" port: 34185 } } peers { permanent_uuid: "24fcaf8393fc4560be526616ac953c0e" member_type: VOTER last_known_addr { host: "127.0.107.194" port: 33319 } } peers { permanent_uuid: "06ca013598fa4eb4890b80ebb920dbba" member_type: VOTER last_known_addr { host: "127.0.107.195" port: 41009 } }
I20260709 12:57:03.376523  1032 leader_election.cc:304] T 8d456bce03cd471dbd0e8c2a566e9184 P d9e6b137dbcf4a889de3cc22174e00c8 [CANDIDATE]: Term 3 election: Election decided. Result: candidate won. Election summary: received 2 responses out of 3 voters: 2 yes votes; 0 no votes. yes voters: 06ca013598fa4eb4890b80ebb920dbba, d9e6b137dbcf4a889de3cc22174e00c8; no voters: 
I20260709 12:57:03.377388  1374 raft_consensus.cc:2804] T 8d456bce03cd471dbd0e8c2a566e9184 P d9e6b137dbcf4a889de3cc22174e00c8 [term 3 FOLLOWER]: Leader election won for term 3
I20260709 12:57:03.377852  1374 raft_consensus.cc:697] T 8d456bce03cd471dbd0e8c2a566e9184 P d9e6b137dbcf4a889de3cc22174e00c8 [term 3 LEADER]: Becoming Leader. State: Replica: d9e6b137dbcf4a889de3cc22174e00c8, State: Running, Role: LEADER
I20260709 12:57:03.378917  1144 tablet_service.cc:1917] Received RequestConsensusVote() RPC: tablet_id: "8fd1bd823d194453956630c4d82cf0ae" candidate_uuid: "d9e6b137dbcf4a889de3cc22174e00c8" candidate_term: 3 candidate_status { last_received { term: 2 index: 2 } } ignore_live_leader: true dest_uuid: "24fcaf8393fc4560be526616ac953c0e"
I20260709 12:57:03.378656  1374 consensus_queue.cc:237] T 8d456bce03cd471dbd0e8c2a566e9184 P d9e6b137dbcf4a889de3cc22174e00c8 [LEADER]: Queue going to LEADER mode. State: All replicated index: 0, Majority replicated index: 2, Committed index: 2, Last appended: 2.2, Last appended by leader: 2, Current term: 3, Majority size: 2, State: 0, Mode: LEADER, active raft config: opid_index: -1 OBSOLETE_local: false peers { permanent_uuid: "d9e6b137dbcf4a889de3cc22174e00c8" member_type: VOTER last_known_addr { host: "127.0.107.193" port: 34185 } } peers { permanent_uuid: "24fcaf8393fc4560be526616ac953c0e" member_type: VOTER last_known_addr { host: "127.0.107.194" port: 33319 } } peers { permanent_uuid: "06ca013598fa4eb4890b80ebb920dbba" member_type: VOTER last_known_addr { host: "127.0.107.195" port: 41009 } }
I20260709 12:57:03.379495  1068 leader_election.cc:290] T 8fd1bd823d194453956630c4d82cf0ae P d9e6b137dbcf4a889de3cc22174e00c8 [CANDIDATE]: Term 3 election: Requested vote from peers 24fcaf8393fc4560be526616ac953c0e (127.0.107.194:33319), 06ca013598fa4eb4890b80ebb920dbba (127.0.107.195:41009)
I20260709 12:57:03.379505  1144 raft_consensus.cc:3060] T 8fd1bd823d194453956630c4d82cf0ae P 24fcaf8393fc4560be526616ac953c0e [term 2 FOLLOWER]: Advancing to term 3
I20260709 12:57:03.379995  1218 tablet_service.cc:1917] Received RequestConsensusVote() RPC: tablet_id: "8fd1bd823d194453956630c4d82cf0ae" candidate_uuid: "d9e6b137dbcf4a889de3cc22174e00c8" candidate_term: 3 candidate_status { last_received { term: 2 index: 2 } } ignore_live_leader: true dest_uuid: "06ca013598fa4eb4890b80ebb920dbba"
I20260709 12:57:03.380486  1218 raft_consensus.cc:3055] T 8fd1bd823d194453956630c4d82cf0ae P 06ca013598fa4eb4890b80ebb920dbba [term 2 LEADER]: Stepping down as leader of term 2
I20260709 12:57:03.380759  1218 raft_consensus.cc:740] T 8fd1bd823d194453956630c4d82cf0ae P 06ca013598fa4eb4890b80ebb920dbba [term 2 LEADER]: Becoming Follower/Learner. State: Replica: 06ca013598fa4eb4890b80ebb920dbba, State: Running, Role: LEADER
I20260709 12:57:03.381484  1218 consensus_queue.cc:260] T 8fd1bd823d194453956630c4d82cf0ae P 06ca013598fa4eb4890b80ebb920dbba [NON_LEADER]: Queue going to NON_LEADER mode. State: All replicated index: 0, Majority replicated index: 2, Committed index: 2, Last appended: 2.2, Last appended by leader: 2, Current term: 2, Majority size: -1, State: 0, Mode: NON_LEADER, active raft config: opid_index: -1 OBSOLETE_local: false peers { permanent_uuid: "d9e6b137dbcf4a889de3cc22174e00c8" member_type: VOTER last_known_addr { host: "127.0.107.193" port: 34185 } } peers { permanent_uuid: "24fcaf8393fc4560be526616ac953c0e" member_type: VOTER last_known_addr { host: "127.0.107.194" port: 33319 } } peers { permanent_uuid: "06ca013598fa4eb4890b80ebb920dbba" member_type: VOTER last_known_addr { host: "127.0.107.195" port: 41009 } }
I20260709 12:57:03.382370  1218 raft_consensus.cc:3060] T 8fd1bd823d194453956630c4d82cf0ae P 06ca013598fa4eb4890b80ebb920dbba [term 2 FOLLOWER]: Advancing to term 3
I20260709 12:57:03.387368   966 catalog_manager.cc:5697] T 8d456bce03cd471dbd0e8c2a566e9184 P d9e6b137dbcf4a889de3cc22174e00c8 reported cstate change: term changed from 2 to 3, leader changed from 24fcaf8393fc4560be526616ac953c0e (127.0.107.194) to d9e6b137dbcf4a889de3cc22174e00c8 (127.0.107.193). New cstate: current_term: 3 leader_uuid: "d9e6b137dbcf4a889de3cc22174e00c8" committed_config { opid_index: -1 OBSOLETE_local: false peers { permanent_uuid: "d9e6b137dbcf4a889de3cc22174e00c8" member_type: VOTER last_known_addr { host: "127.0.107.193" port: 34185 } health_report { overall_health: HEALTHY } } peers { permanent_uuid: "24fcaf8393fc4560be526616ac953c0e" member_type: VOTER last_known_addr { host: "127.0.107.194" port: 33319 } health_report { overall_health: UNKNOWN } } peers { permanent_uuid: "06ca013598fa4eb4890b80ebb920dbba" member_type: VOTER last_known_addr { host: "127.0.107.195" port: 41009 } health_report { overall_health: UNKNOWN } } }
I20260709 12:57:03.399447  1143 raft_consensus.cc:1275] T 4066c5a0b8514186ab5227e8fcf9feb7 P 24fcaf8393fc4560be526616ac953c0e [term 4 FOLLOWER]: Refusing update from remote peer d9e6b137dbcf4a889de3cc22174e00c8: Log matching property violated. Preceding OpId in replica: term: 3 index: 3. Preceding OpId from leader: term: 4 index: 4. (index mismatch)
I20260709 12:57:03.400559  1374 consensus_queue.cc:1048] T 4066c5a0b8514186ab5227e8fcf9feb7 P d9e6b137dbcf4a889de3cc22174e00c8 [LEADER]: Connected to new peer: Peer: permanent_uuid: "24fcaf8393fc4560be526616ac953c0e" member_type: VOTER last_known_addr { host: "127.0.107.194" port: 33319 }, Status: LMP_MISMATCH, Last received: 0.0, Next index: 4, Last known committed idx: 3, Time since last communication: 0.000s
I20260709 12:57:03.410046  1216 raft_consensus.cc:1275] T 4066c5a0b8514186ab5227e8fcf9feb7 P 06ca013598fa4eb4890b80ebb920dbba [term 4 FOLLOWER]: Refusing update from remote peer d9e6b137dbcf4a889de3cc22174e00c8: Log matching property violated. Preceding OpId in replica: term: 3 index: 3. Preceding OpId from leader: term: 4 index: 4. (index mismatch)
I20260709 12:57:03.411530  1374 consensus_queue.cc:1048] T 4066c5a0b8514186ab5227e8fcf9feb7 P d9e6b137dbcf4a889de3cc22174e00c8 [LEADER]: Connected to new peer: Peer: permanent_uuid: "06ca013598fa4eb4890b80ebb920dbba" member_type: VOTER last_known_addr { host: "127.0.107.195" port: 41009 }, Status: LMP_MISMATCH, Last received: 0.0, Next index: 4, Last known committed idx: 3, Time since last communication: 0.000s
I20260709 12:57:03.478506  1144 raft_consensus.cc:2468] T 8fd1bd823d194453956630c4d82cf0ae P 24fcaf8393fc4560be526616ac953c0e [term 3 FOLLOWER]: Leader election vote request: Granting yes vote for candidate d9e6b137dbcf4a889de3cc22174e00c8 in term 3.
I20260709 12:57:03.478518  1218 raft_consensus.cc:2468] T 8fd1bd823d194453956630c4d82cf0ae P 06ca013598fa4eb4890b80ebb920dbba [term 3 FOLLOWER]: Leader election vote request: Granting yes vote for candidate d9e6b137dbcf4a889de3cc22174e00c8 in term 3.
I20260709 12:57:03.480007  1032 leader_election.cc:304] T 8fd1bd823d194453956630c4d82cf0ae P d9e6b137dbcf4a889de3cc22174e00c8 [CANDIDATE]: Term 3 election: Election decided. Result: candidate won. Election summary: received 2 responses out of 3 voters: 2 yes votes; 0 no votes. yes voters: 06ca013598fa4eb4890b80ebb920dbba, d9e6b137dbcf4a889de3cc22174e00c8; no voters: 
I20260709 12:57:03.480891  1374 raft_consensus.cc:2804] T 8fd1bd823d194453956630c4d82cf0ae P d9e6b137dbcf4a889de3cc22174e00c8 [term 3 FOLLOWER]: Leader election won for term 3
I20260709 12:57:03.481408  1374 raft_consensus.cc:697] T 8fd1bd823d194453956630c4d82cf0ae P d9e6b137dbcf4a889de3cc22174e00c8 [term 3 LEADER]: Becoming Leader. State: Replica: d9e6b137dbcf4a889de3cc22174e00c8, State: Running, Role: LEADER
I20260709 12:57:03.482290  1374 consensus_queue.cc:237] T 8fd1bd823d194453956630c4d82cf0ae P d9e6b137dbcf4a889de3cc22174e00c8 [LEADER]: Queue going to LEADER mode. State: All replicated index: 0, Majority replicated index: 2, Committed index: 2, Last appended: 2.2, Last appended by leader: 2, Current term: 3, Majority size: 2, State: 0, Mode: LEADER, active raft config: opid_index: -1 OBSOLETE_local: false peers { permanent_uuid: "d9e6b137dbcf4a889de3cc22174e00c8" member_type: VOTER last_known_addr { host: "127.0.107.193" port: 34185 } } peers { permanent_uuid: "24fcaf8393fc4560be526616ac953c0e" member_type: VOTER last_known_addr { host: "127.0.107.194" port: 33319 } } peers { permanent_uuid: "06ca013598fa4eb4890b80ebb920dbba" member_type: VOTER last_known_addr { host: "127.0.107.195" port: 41009 } }
I20260709 12:57:03.489005   963 catalog_manager.cc:5697] T 8fd1bd823d194453956630c4d82cf0ae P d9e6b137dbcf4a889de3cc22174e00c8 reported cstate change: term changed from 2 to 3, leader changed from 06ca013598fa4eb4890b80ebb920dbba (127.0.107.195) to d9e6b137dbcf4a889de3cc22174e00c8 (127.0.107.193). New cstate: current_term: 3 leader_uuid: "d9e6b137dbcf4a889de3cc22174e00c8" committed_config { opid_index: -1 OBSOLETE_local: false peers { permanent_uuid: "d9e6b137dbcf4a889de3cc22174e00c8" member_type: VOTER last_known_addr { host: "127.0.107.193" port: 34185 } health_report { overall_health: HEALTHY } } peers { permanent_uuid: "24fcaf8393fc4560be526616ac953c0e" member_type: VOTER last_known_addr { host: "127.0.107.194" port: 33319 } health_report { overall_health: UNKNOWN } } peers { permanent_uuid: "06ca013598fa4eb4890b80ebb920dbba" member_type: VOTER last_known_addr { host: "127.0.107.195" port: 41009 } health_report { overall_health: UNKNOWN } } }
I20260709 12:57:03.630537  1144 raft_consensus.cc:1275] T df871b4d20434ff3b5ee99f97bb61a29 P 24fcaf8393fc4560be526616ac953c0e [term 2 FOLLOWER]: Refusing update from remote peer d9e6b137dbcf4a889de3cc22174e00c8: Log matching property violated. Preceding OpId in replica: term: 1 index: 1. Preceding OpId from leader: term: 2 index: 2. (index mismatch)
I20260709 12:57:03.631817  1374 consensus_queue.cc:1048] T df871b4d20434ff3b5ee99f97bb61a29 P d9e6b137dbcf4a889de3cc22174e00c8 [LEADER]: Connected to new peer: Peer: permanent_uuid: "24fcaf8393fc4560be526616ac953c0e" member_type: VOTER last_known_addr { host: "127.0.107.194" port: 33319 }, Status: LMP_MISMATCH, Last received: 0.0, Next index: 2, Last known committed idx: 1, Time since last communication: 0.000s
I20260709 12:57:03.642624  1218 raft_consensus.cc:1275] T df871b4d20434ff3b5ee99f97bb61a29 P 06ca013598fa4eb4890b80ebb920dbba [term 2 FOLLOWER]: Refusing update from remote peer d9e6b137dbcf4a889de3cc22174e00c8: Log matching property violated. Preceding OpId in replica: term: 1 index: 1. Preceding OpId from leader: term: 2 index: 2. (index mismatch)
I20260709 12:57:03.644212  1265 consensus_queue.cc:1048] T df871b4d20434ff3b5ee99f97bb61a29 P d9e6b137dbcf4a889de3cc22174e00c8 [LEADER]: Connected to new peer: Peer: permanent_uuid: "06ca013598fa4eb4890b80ebb920dbba" member_type: VOTER last_known_addr { host: "127.0.107.195" port: 41009 }, Status: LMP_MISMATCH, Last received: 0.0, Next index: 2, Last known committed idx: 1, Time since last communication: 0.000s
I20260709 12:57:03.659574  1218 raft_consensus.cc:1275] T f676d7f440bc4a7ba11cfb56060fb157 P 06ca013598fa4eb4890b80ebb920dbba [term 3 FOLLOWER]: Refusing update from remote peer d9e6b137dbcf4a889de3cc22174e00c8: Log matching property violated. Preceding OpId in replica: term: 2 index: 2. Preceding OpId from leader: term: 3 index: 3. (index mismatch)
I20260709 12:57:03.660653  1265 consensus_queue.cc:1048] T f676d7f440bc4a7ba11cfb56060fb157 P d9e6b137dbcf4a889de3cc22174e00c8 [LEADER]: Connected to new peer: Peer: permanent_uuid: "06ca013598fa4eb4890b80ebb920dbba" member_type: VOTER last_known_addr { host: "127.0.107.195" port: 41009 }, Status: LMP_MISMATCH, Last received: 0.0, Next index: 3, Last known committed idx: 2, Time since last communication: 0.000s
