I20260709 13:02:13.581636 14909 raft_consensus.cc:359] T 5ce03b26d1c44acf8992579d100c0778 P a8c40a9d2cd641d785d7164de3eb4430 [term 0 FOLLOWER]: Replica starting. Triggering 0 pending ops. Active config: opid_index: -1 OBSOLETE_local: false peers { permanent_uuid: "af3f99f027e3490bb6457d3d51f8e377" member_type: VOTER last_known_addr { host: "127.13.198.193" port: 42979 } } peers { permanent_uuid: "a8c40a9d2cd641d785d7164de3eb4430" member_type: VOTER last_known_addr { host: "127.13.198.194" port: 39643 } } peers { permanent_uuid: "d224ad46c45f4490a49bfe1f5748adca" member_type: VOTER last_known_addr { host: "127.13.198.195" port: 33979 } }
I20260709 13:02:13.582404 14909 raft_consensus.cc:385] T 5ce03b26d1c44acf8992579d100c0778 P a8c40a9d2cd641d785d7164de3eb4430 [term 0 FOLLOWER]: Consensus starting up: Expiring failure detector timer to make a prompt election more likely
I20260709 13:02:13.582060 14905 raft_consensus.cc:359] T 9eff9f45528b481f80cafe184bf7eed8 P d224ad46c45f4490a49bfe1f5748adca [term 0 FOLLOWER]: Replica starting. Triggering 0 pending ops. Active config: opid_index: -1 OBSOLETE_local: false peers { permanent_uuid: "af3f99f027e3490bb6457d3d51f8e377" member_type: VOTER last_known_addr { host: "127.13.198.193" port: 42979 } } peers { permanent_uuid: "a8c40a9d2cd641d785d7164de3eb4430" member_type: VOTER last_known_addr { host: "127.13.198.194" port: 39643 } } peers { permanent_uuid: "d224ad46c45f4490a49bfe1f5748adca" member_type: VOTER last_known_addr { host: "127.13.198.195" port: 33979 } }
I20260709 13:02:13.582803 14909 raft_consensus.cc:740] T 5ce03b26d1c44acf8992579d100c0778 P a8c40a9d2cd641d785d7164de3eb4430 [term 0 FOLLOWER]: Becoming Follower/Learner. State: Replica: a8c40a9d2cd641d785d7164de3eb4430, State: Initialized, Role: FOLLOWER
I20260709 13:02:13.582888 14905 raft_consensus.cc:385] T 9eff9f45528b481f80cafe184bf7eed8 P d224ad46c45f4490a49bfe1f5748adca [term 0 FOLLOWER]: Consensus starting up: Expiring failure detector timer to make a prompt election more likely
I20260709 13:02:13.583335 14905 raft_consensus.cc:740] T 9eff9f45528b481f80cafe184bf7eed8 P d224ad46c45f4490a49bfe1f5748adca [term 0 FOLLOWER]: Becoming Follower/Learner. State: Replica: d224ad46c45f4490a49bfe1f5748adca, State: Initialized, Role: FOLLOWER
I20260709 13:02:13.583567 14908 raft_consensus.cc:359] T 9eff9f45528b481f80cafe184bf7eed8 P af3f99f027e3490bb6457d3d51f8e377 [term 0 FOLLOWER]: Replica starting. Triggering 0 pending ops. Active config: opid_index: -1 OBSOLETE_local: false peers { permanent_uuid: "af3f99f027e3490bb6457d3d51f8e377" member_type: VOTER last_known_addr { host: "127.13.198.193" port: 42979 } } peers { permanent_uuid: "a8c40a9d2cd641d785d7164de3eb4430" member_type: VOTER last_known_addr { host: "127.13.198.194" port: 39643 } } peers { permanent_uuid: "d224ad46c45f4490a49bfe1f5748adca" member_type: VOTER last_known_addr { host: "127.13.198.195" port: 33979 } }
I20260709 13:02:13.583729 14909 consensus_queue.cc:260] T 5ce03b26d1c44acf8992579d100c0778 P a8c40a9d2cd641d785d7164de3eb4430 [NON_LEADER]: Queue going to NON_LEADER mode. State: All replicated index: 0, Majority replicated index: 0, Committed index: 0, Last appended: 0.0, Last appended by leader: 0, Current term: 0, Majority size: -1, State: 0, Mode: NON_LEADER, active raft config: opid_index: -1 OBSOLETE_local: false peers { permanent_uuid: "af3f99f027e3490bb6457d3d51f8e377" member_type: VOTER last_known_addr { host: "127.13.198.193" port: 42979 } } peers { permanent_uuid: "a8c40a9d2cd641d785d7164de3eb4430" member_type: VOTER last_known_addr { host: "127.13.198.194" port: 39643 } } peers { permanent_uuid: "d224ad46c45f4490a49bfe1f5748adca" member_type: VOTER last_known_addr { host: "127.13.198.195" port: 33979 } }
I20260709 13:02:13.584323 14908 raft_consensus.cc:385] T 9eff9f45528b481f80cafe184bf7eed8 P af3f99f027e3490bb6457d3d51f8e377 [term 0 FOLLOWER]: Consensus starting up: Expiring failure detector timer to make a prompt election more likely
I20260709 13:02:13.584658 14908 raft_consensus.cc:740] T 9eff9f45528b481f80cafe184bf7eed8 P af3f99f027e3490bb6457d3d51f8e377 [term 0 FOLLOWER]: Becoming Follower/Learner. State: Replica: af3f99f027e3490bb6457d3d51f8e377, State: Initialized, Role: FOLLOWER
I20260709 13:02:13.584414 14905 consensus_queue.cc:260] T 9eff9f45528b481f80cafe184bf7eed8 P d224ad46c45f4490a49bfe1f5748adca [NON_LEADER]: Queue going to NON_LEADER mode. State: All replicated index: 0, Majority replicated index: 0, Committed index: 0, Last appended: 0.0, Last appended by leader: 0, Current term: 0, Majority size: -1, State: 0, Mode: NON_LEADER, active raft config: opid_index: -1 OBSOLETE_local: false peers { permanent_uuid: "af3f99f027e3490bb6457d3d51f8e377" member_type: VOTER last_known_addr { host: "127.13.198.193" port: 42979 } } peers { permanent_uuid: "a8c40a9d2cd641d785d7164de3eb4430" member_type: VOTER last_known_addr { host: "127.13.198.194" port: 39643 } } peers { permanent_uuid: "d224ad46c45f4490a49bfe1f5748adca" member_type: VOTER last_known_addr { host: "127.13.198.195" port: 33979 } }
I20260709 13:02:13.585518 14908 consensus_queue.cc:260] T 9eff9f45528b481f80cafe184bf7eed8 P af3f99f027e3490bb6457d3d51f8e377 [NON_LEADER]: Queue going to NON_LEADER mode. State: All replicated index: 0, Majority replicated index: 0, Committed index: 0, Last appended: 0.0, Last appended by leader: 0, Current term: 0, Majority size: -1, State: 0, Mode: NON_LEADER, active raft config: opid_index: -1 OBSOLETE_local: false peers { permanent_uuid: "af3f99f027e3490bb6457d3d51f8e377" member_type: VOTER last_known_addr { host: "127.13.198.193" port: 42979 } } peers { permanent_uuid: "a8c40a9d2cd641d785d7164de3eb4430" member_type: VOTER last_known_addr { host: "127.13.198.194" port: 39643 } } peers { permanent_uuid: "d224ad46c45f4490a49bfe1f5748adca" member_type: VOTER last_known_addr { host: "127.13.198.195" port: 33979 } }
I20260709 13:02:13.586395 14909 ts_tablet_manager.cc:1434] T 5ce03b26d1c44acf8992579d100c0778 P a8c40a9d2cd641d785d7164de3eb4430: Time spent starting tablet: real 0.007s	user 0.006s	sys 0.001s
I20260709 13:02:13.587291 14905 ts_tablet_manager.cc:1434] T 9eff9f45528b481f80cafe184bf7eed8 P d224ad46c45f4490a49bfe1f5748adca: Time spent starting tablet: real 0.009s	user 0.006s	sys 0.000s
I20260709 13:02:13.587317 14909 tablet_bootstrap.cc:492] T c6375b6766cb48a5a7d780c97c811962 P a8c40a9d2cd641d785d7164de3eb4430: Bootstrap starting.
I20260709 13:02:13.588353 14905 tablet_bootstrap.cc:492] T c6375b6766cb48a5a7d780c97c811962 P d224ad46c45f4490a49bfe1f5748adca: Bootstrap starting.
I20260709 13:02:13.589869 14908 ts_tablet_manager.cc:1434] T 9eff9f45528b481f80cafe184bf7eed8 P af3f99f027e3490bb6457d3d51f8e377: Time spent starting tablet: real 0.009s	user 0.006s	sys 0.000s
I20260709 13:02:13.590823 14908 tablet_bootstrap.cc:492] T 861c2d758b524f3f896b4bab6bceb037 P af3f99f027e3490bb6457d3d51f8e377: Bootstrap starting.
I20260709 13:02:13.594412 14909 tablet_bootstrap.cc:654] T c6375b6766cb48a5a7d780c97c811962 P a8c40a9d2cd641d785d7164de3eb4430: Neither blocks nor log segments found. Creating new log.
I20260709 13:02:13.594506 14905 tablet_bootstrap.cc:654] T c6375b6766cb48a5a7d780c97c811962 P d224ad46c45f4490a49bfe1f5748adca: Neither blocks nor log segments found. Creating new log.
I20260709 13:02:13.597036 14908 tablet_bootstrap.cc:654] T 861c2d758b524f3f896b4bab6bceb037 P af3f99f027e3490bb6457d3d51f8e377: Neither blocks nor log segments found. Creating new log.
I20260709 13:02:13.607054 14905 tablet_bootstrap.cc:492] T c6375b6766cb48a5a7d780c97c811962 P d224ad46c45f4490a49bfe1f5748adca: No bootstrap required, opened a new log
I20260709 13:02:13.607537 14905 ts_tablet_manager.cc:1403] T c6375b6766cb48a5a7d780c97c811962 P d224ad46c45f4490a49bfe1f5748adca: Time spent bootstrapping tablet: real 0.019s	user 0.008s	sys 0.008s
I20260709 13:02:13.607664 14909 tablet_bootstrap.cc:492] T c6375b6766cb48a5a7d780c97c811962 P a8c40a9d2cd641d785d7164de3eb4430: No bootstrap required, opened a new log
I20260709 13:02:13.608433 14909 ts_tablet_manager.cc:1403] T c6375b6766cb48a5a7d780c97c811962 P a8c40a9d2cd641d785d7164de3eb4430: Time spent bootstrapping tablet: real 0.021s	user 0.014s	sys 0.005s
I20260709 13:02:13.611629 14909 raft_consensus.cc:359] T c6375b6766cb48a5a7d780c97c811962 P a8c40a9d2cd641d785d7164de3eb4430 [term 0 FOLLOWER]: Replica starting. Triggering 0 pending ops. Active config: opid_index: -1 OBSOLETE_local: false peers { permanent_uuid: "af3f99f027e3490bb6457d3d51f8e377" member_type: VOTER last_known_addr { host: "127.13.198.193" port: 42979 } } peers { permanent_uuid: "a8c40a9d2cd641d785d7164de3eb4430" member_type: VOTER last_known_addr { host: "127.13.198.194" port: 39643 } } peers { permanent_uuid: "d224ad46c45f4490a49bfe1f5748adca" member_type: VOTER last_known_addr { host: "127.13.198.195" port: 33979 } }
I20260709 13:02:13.612396 14908 tablet_bootstrap.cc:492] T 861c2d758b524f3f896b4bab6bceb037 P af3f99f027e3490bb6457d3d51f8e377: No bootstrap required, opened a new log
I20260709 13:02:13.612371 14909 raft_consensus.cc:385] T c6375b6766cb48a5a7d780c97c811962 P a8c40a9d2cd641d785d7164de3eb4430 [term 0 FOLLOWER]: Consensus starting up: Expiring failure detector timer to make a prompt election more likely
I20260709 13:02:13.612972 14908 ts_tablet_manager.cc:1403] T 861c2d758b524f3f896b4bab6bceb037 P af3f99f027e3490bb6457d3d51f8e377: Time spent bootstrapping tablet: real 0.022s	user 0.009s	sys 0.013s
I20260709 13:02:13.612892 14909 raft_consensus.cc:740] T c6375b6766cb48a5a7d780c97c811962 P a8c40a9d2cd641d785d7164de3eb4430 [term 0 FOLLOWER]: Becoming Follower/Learner. State: Replica: a8c40a9d2cd641d785d7164de3eb4430, State: Initialized, Role: FOLLOWER
I20260709 13:02:13.613195 14905 raft_consensus.cc:359] T c6375b6766cb48a5a7d780c97c811962 P d224ad46c45f4490a49bfe1f5748adca [term 0 FOLLOWER]: Replica starting. Triggering 0 pending ops. Active config: opid_index: -1 OBSOLETE_local: false peers { permanent_uuid: "af3f99f027e3490bb6457d3d51f8e377" member_type: VOTER last_known_addr { host: "127.13.198.193" port: 42979 } } peers { permanent_uuid: "a8c40a9d2cd641d785d7164de3eb4430" member_type: VOTER last_known_addr { host: "127.13.198.194" port: 39643 } } peers { permanent_uuid: "d224ad46c45f4490a49bfe1f5748adca" member_type: VOTER last_known_addr { host: "127.13.198.195" port: 33979 } }
I20260709 13:02:13.613919 14905 raft_consensus.cc:385] T c6375b6766cb48a5a7d780c97c811962 P d224ad46c45f4490a49bfe1f5748adca [term 0 FOLLOWER]: Consensus starting up: Expiring failure detector timer to make a prompt election more likely
I20260709 13:02:13.614369 14905 raft_consensus.cc:740] T c6375b6766cb48a5a7d780c97c811962 P d224ad46c45f4490a49bfe1f5748adca [term 0 FOLLOWER]: Becoming Follower/Learner. State: Replica: d224ad46c45f4490a49bfe1f5748adca, State: Initialized, Role: FOLLOWER
I20260709 13:02:13.613947 14909 consensus_queue.cc:260] T c6375b6766cb48a5a7d780c97c811962 P a8c40a9d2cd641d785d7164de3eb4430 [NON_LEADER]: Queue going to NON_LEADER mode. State: All replicated index: 0, Majority replicated index: 0, Committed index: 0, Last appended: 0.0, Last appended by leader: 0, Current term: 0, Majority size: -1, State: 0, Mode: NON_LEADER, active raft config: opid_index: -1 OBSOLETE_local: false peers { permanent_uuid: "af3f99f027e3490bb6457d3d51f8e377" member_type: VOTER last_known_addr { host: "127.13.198.193" port: 42979 } } peers { permanent_uuid: "a8c40a9d2cd641d785d7164de3eb4430" member_type: VOTER last_known_addr { host: "127.13.198.194" port: 39643 } } peers { permanent_uuid: "d224ad46c45f4490a49bfe1f5748adca" member_type: VOTER last_known_addr { host: "127.13.198.195" port: 33979 } }
I20260709 13:02:13.615058 14905 consensus_queue.cc:260] T c6375b6766cb48a5a7d780c97c811962 P d224ad46c45f4490a49bfe1f5748adca [NON_LEADER]: Queue going to NON_LEADER mode. State: All replicated index: 0, Majority replicated index: 0, Committed index: 0, Last appended: 0.0, Last appended by leader: 0, Current term: 0, Majority size: -1, State: 0, Mode: NON_LEADER, active raft config: opid_index: -1 OBSOLETE_local: false peers { permanent_uuid: "af3f99f027e3490bb6457d3d51f8e377" member_type: VOTER last_known_addr { host: "127.13.198.193" port: 42979 } } peers { permanent_uuid: "a8c40a9d2cd641d785d7164de3eb4430" member_type: VOTER last_known_addr { host: "127.13.198.194" port: 39643 } } peers { permanent_uuid: "d224ad46c45f4490a49bfe1f5748adca" member_type: VOTER last_known_addr { host: "127.13.198.195" port: 33979 } }
I20260709 13:02:13.615754 14908 raft_consensus.cc:359] T 861c2d758b524f3f896b4bab6bceb037 P af3f99f027e3490bb6457d3d51f8e377 [term 0 FOLLOWER]: Replica starting. Triggering 0 pending ops. Active config: opid_index: -1 OBSOLETE_local: false peers { permanent_uuid: "d224ad46c45f4490a49bfe1f5748adca" member_type: VOTER last_known_addr { host: "127.13.198.195" port: 33979 } } peers { permanent_uuid: "af3f99f027e3490bb6457d3d51f8e377" member_type: VOTER last_known_addr { host: "127.13.198.193" port: 42979 } } peers { permanent_uuid: "a8c40a9d2cd641d785d7164de3eb4430" member_type: VOTER last_known_addr { host: "127.13.198.194" port: 39643 } }
I20260709 13:02:13.616483 14908 raft_consensus.cc:385] T 861c2d758b524f3f896b4bab6bceb037 P af3f99f027e3490bb6457d3d51f8e377 [term 0 FOLLOWER]: Consensus starting up: Expiring failure detector timer to make a prompt election more likely
I20260709 13:02:13.616792 14909 ts_tablet_manager.cc:1434] T c6375b6766cb48a5a7d780c97c811962 P a8c40a9d2cd641d785d7164de3eb4430: Time spent starting tablet: real 0.008s	user 0.007s	sys 0.000s
I20260709 13:02:13.616786 14908 raft_consensus.cc:740] T 861c2d758b524f3f896b4bab6bceb037 P af3f99f027e3490bb6457d3d51f8e377 [term 0 FOLLOWER]: Becoming Follower/Learner. State: Replica: af3f99f027e3490bb6457d3d51f8e377, State: Initialized, Role: FOLLOWER
I20260709 13:02:13.617419 14905 ts_tablet_manager.cc:1434] T c6375b6766cb48a5a7d780c97c811962 P d224ad46c45f4490a49bfe1f5748adca: Time spent starting tablet: real 0.010s	user 0.003s	sys 0.005s
I20260709 13:02:13.618070 14909 tablet_bootstrap.cc:492] T bea6a5718e3d4cb3b3617428142ffae2 P a8c40a9d2cd641d785d7164de3eb4430: Bootstrap starting.
I20260709 13:02:13.617787 14908 consensus_queue.cc:260] T 861c2d758b524f3f896b4bab6bceb037 P af3f99f027e3490bb6457d3d51f8e377 [NON_LEADER]: Queue going to NON_LEADER mode. State: All replicated index: 0, Majority replicated index: 0, Committed index: 0, Last appended: 0.0, Last appended by leader: 0, Current term: 0, Majority size: -1, State: 0, Mode: NON_LEADER, active raft config: opid_index: -1 OBSOLETE_local: false peers { permanent_uuid: "d224ad46c45f4490a49bfe1f5748adca" member_type: VOTER last_known_addr { host: "127.13.198.195" port: 33979 } } peers { permanent_uuid: "af3f99f027e3490bb6457d3d51f8e377" member_type: VOTER last_known_addr { host: "127.13.198.193" port: 42979 } } peers { permanent_uuid: "a8c40a9d2cd641d785d7164de3eb4430" member_type: VOTER last_known_addr { host: "127.13.198.194" port: 39643 } }
I20260709 13:02:13.618336 14905 tablet_bootstrap.cc:492] T c9c1c979e78f49dab0961c35383dcc29 P d224ad46c45f4490a49bfe1f5748adca: Bootstrap starting.
I20260709 13:02:13.622584 14908 ts_tablet_manager.cc:1434] T 861c2d758b524f3f896b4bab6bceb037 P af3f99f027e3490bb6457d3d51f8e377: Time spent starting tablet: real 0.009s	user 0.002s	sys 0.003s
I20260709 13:02:13.623561 14908 tablet_bootstrap.cc:492] T c9c1c979e78f49dab0961c35383dcc29 P af3f99f027e3490bb6457d3d51f8e377: Bootstrap starting.
I20260709 13:02:13.624632 14905 tablet_bootstrap.cc:654] T c9c1c979e78f49dab0961c35383dcc29 P d224ad46c45f4490a49bfe1f5748adca: Neither blocks nor log segments found. Creating new log.
I20260709 13:02:13.625063 14909 tablet_bootstrap.cc:654] T bea6a5718e3d4cb3b3617428142ffae2 P a8c40a9d2cd641d785d7164de3eb4430: Neither blocks nor log segments found. Creating new log.
I20260709 13:02:13.630635 14908 tablet_bootstrap.cc:654] T c9c1c979e78f49dab0961c35383dcc29 P af3f99f027e3490bb6457d3d51f8e377: Neither blocks nor log segments found. Creating new log.
I20260709 13:02:13.638280 14905 tablet_bootstrap.cc:492] T c9c1c979e78f49dab0961c35383dcc29 P d224ad46c45f4490a49bfe1f5748adca: No bootstrap required, opened a new log
I20260709 13:02:13.638729 14905 ts_tablet_manager.cc:1403] T c9c1c979e78f49dab0961c35383dcc29 P d224ad46c45f4490a49bfe1f5748adca: Time spent bootstrapping tablet: real 0.021s	user 0.010s	sys 0.007s
I20260709 13:02:13.640606 14909 tablet_bootstrap.cc:492] T bea6a5718e3d4cb3b3617428142ffae2 P a8c40a9d2cd641d785d7164de3eb4430: No bootstrap required, opened a new log
I20260709 13:02:13.641395 14909 ts_tablet_manager.cc:1403] T bea6a5718e3d4cb3b3617428142ffae2 P a8c40a9d2cd641d785d7164de3eb4430: Time spent bootstrapping tablet: real 0.023s	user 0.005s	sys 0.017s
I20260709 13:02:13.641700 14905 raft_consensus.cc:359] T c9c1c979e78f49dab0961c35383dcc29 P d224ad46c45f4490a49bfe1f5748adca [term 0 FOLLOWER]: Replica starting. Triggering 0 pending ops. Active config: opid_index: -1 OBSOLETE_local: false peers { permanent_uuid: "af3f99f027e3490bb6457d3d51f8e377" member_type: VOTER last_known_addr { host: "127.13.198.193" port: 42979 } } peers { permanent_uuid: "a8c40a9d2cd641d785d7164de3eb4430" member_type: VOTER last_known_addr { host: "127.13.198.194" port: 39643 } } peers { permanent_uuid: "d224ad46c45f4490a49bfe1f5748adca" member_type: VOTER last_known_addr { host: "127.13.198.195" port: 33979 } }
I20260709 13:02:13.642443 14905 raft_consensus.cc:385] T c9c1c979e78f49dab0961c35383dcc29 P d224ad46c45f4490a49bfe1f5748adca [term 0 FOLLOWER]: Consensus starting up: Expiring failure detector timer to make a prompt election more likely
I20260709 13:02:13.642728 14905 raft_consensus.cc:740] T c9c1c979e78f49dab0961c35383dcc29 P d224ad46c45f4490a49bfe1f5748adca [term 0 FOLLOWER]: Becoming Follower/Learner. State: Replica: d224ad46c45f4490a49bfe1f5748adca, State: Initialized, Role: FOLLOWER
I20260709 13:02:13.643692 14905 consensus_queue.cc:260] T c9c1c979e78f49dab0961c35383dcc29 P d224ad46c45f4490a49bfe1f5748adca [NON_LEADER]: Queue going to NON_LEADER mode. State: All replicated index: 0, Majority replicated index: 0, Committed index: 0, Last appended: 0.0, Last appended by leader: 0, Current term: 0, Majority size: -1, State: 0, Mode: NON_LEADER, active raft config: opid_index: -1 OBSOLETE_local: false peers { permanent_uuid: "af3f99f027e3490bb6457d3d51f8e377" member_type: VOTER last_known_addr { host: "127.13.198.193" port: 42979 } } peers { permanent_uuid: "a8c40a9d2cd641d785d7164de3eb4430" member_type: VOTER last_known_addr { host: "127.13.198.194" port: 39643 } } peers { permanent_uuid: "d224ad46c45f4490a49bfe1f5748adca" member_type: VOTER last_known_addr { host: "127.13.198.195" port: 33979 } }
I20260709 13:02:13.645541 14908 tablet_bootstrap.cc:492] T c9c1c979e78f49dab0961c35383dcc29 P af3f99f027e3490bb6457d3d51f8e377: No bootstrap required, opened a new log
I20260709 13:02:13.645120 14909 raft_consensus.cc:359] T bea6a5718e3d4cb3b3617428142ffae2 P a8c40a9d2cd641d785d7164de3eb4430 [term 0 FOLLOWER]: Replica starting. Triggering 0 pending ops. Active config: opid_index: -1 OBSOLETE_local: false peers { permanent_uuid: "af3f99f027e3490bb6457d3d51f8e377" member_type: VOTER last_known_addr { host: "127.13.198.193" port: 42979 } } peers { permanent_uuid: "a8c40a9d2cd641d785d7164de3eb4430" member_type: VOTER last_known_addr { host: "127.13.198.194" port: 39643 } } peers { permanent_uuid: "d224ad46c45f4490a49bfe1f5748adca" member_type: VOTER last_known_addr { host: "127.13.198.195" port: 33979 } }
I20260709 13:02:13.646001 14909 raft_consensus.cc:385] T bea6a5718e3d4cb3b3617428142ffae2 P a8c40a9d2cd641d785d7164de3eb4430 [term 0 FOLLOWER]: Consensus starting up: Expiring failure detector timer to make a prompt election more likely
I20260709 13:02:13.645993 14908 ts_tablet_manager.cc:1403] T c9c1c979e78f49dab0961c35383dcc29 P af3f99f027e3490bb6457d3d51f8e377: Time spent bootstrapping tablet: real 0.023s	user 0.015s	sys 0.000s
I20260709 13:02:13.646155 14905 ts_tablet_manager.cc:1434] T c9c1c979e78f49dab0961c35383dcc29 P d224ad46c45f4490a49bfe1f5748adca: Time spent starting tablet: real 0.007s	user 0.006s	sys 0.000s
I20260709 13:02:13.646477 14909 raft_consensus.cc:740] T bea6a5718e3d4cb3b3617428142ffae2 P a8c40a9d2cd641d785d7164de3eb4430 [term 0 FOLLOWER]: Becoming Follower/Learner. State: Replica: a8c40a9d2cd641d785d7164de3eb4430, State: Initialized, Role: FOLLOWER
I20260709 13:02:13.647266 14905 tablet_bootstrap.cc:492] T af9ba9d600524b31837486929eb5c795 P d224ad46c45f4490a49bfe1f5748adca: Bootstrap starting.
I20260709 13:02:13.647578 14909 consensus_queue.cc:260] T bea6a5718e3d4cb3b3617428142ffae2 P a8c40a9d2cd641d785d7164de3eb4430 [NON_LEADER]: Queue going to NON_LEADER mode. State: All replicated index: 0, Majority replicated index: 0, Committed index: 0, Last appended: 0.0, Last appended by leader: 0, Current term: 0, Majority size: -1, State: 0, Mode: NON_LEADER, active raft config: opid_index: -1 OBSOLETE_local: false peers { permanent_uuid: "af3f99f027e3490bb6457d3d51f8e377" member_type: VOTER last_known_addr { host: "127.13.198.193" port: 42979 } } peers { permanent_uuid: "a8c40a9d2cd641d785d7164de3eb4430" member_type: VOTER last_known_addr { host: "127.13.198.194" port: 39643 } } peers { permanent_uuid: "d224ad46c45f4490a49bfe1f5748adca" member_type: VOTER last_known_addr { host: "127.13.198.195" port: 33979 } }
I20260709 13:02:13.649185 14908 raft_consensus.cc:359] T c9c1c979e78f49dab0961c35383dcc29 P af3f99f027e3490bb6457d3d51f8e377 [term 0 FOLLOWER]: Replica starting. Triggering 0 pending ops. Active config: opid_index: -1 OBSOLETE_local: false peers { permanent_uuid: "af3f99f027e3490bb6457d3d51f8e377" member_type: VOTER last_known_addr { host: "127.13.198.193" port: 42979 } } peers { permanent_uuid: "a8c40a9d2cd641d785d7164de3eb4430" member_type: VOTER last_known_addr { host: "127.13.198.194" port: 39643 } } peers { permanent_uuid: "d224ad46c45f4490a49bfe1f5748adca" member_type: VOTER last_known_addr { host: "127.13.198.195" port: 33979 } }
I20260709 13:02:13.649884 14908 raft_consensus.cc:385] T c9c1c979e78f49dab0961c35383dcc29 P af3f99f027e3490bb6457d3d51f8e377 [term 0 FOLLOWER]: Consensus starting up: Expiring failure detector timer to make a prompt election more likely
I20260709 13:02:13.650188 14908 raft_consensus.cc:740] T c9c1c979e78f49dab0961c35383dcc29 P af3f99f027e3490bb6457d3d51f8e377 [term 0 FOLLOWER]: Becoming Follower/Learner. State: Replica: af3f99f027e3490bb6457d3d51f8e377, State: Initialized, Role: FOLLOWER
I20260709 13:02:13.651010 14908 consensus_queue.cc:260] T c9c1c979e78f49dab0961c35383dcc29 P af3f99f027e3490bb6457d3d51f8e377 [NON_LEADER]: Queue going to NON_LEADER mode. State: All replicated index: 0, Majority replicated index: 0, Committed index: 0, Last appended: 0.0, Last appended by leader: 0, Current term: 0, Majority size: -1, State: 0, Mode: NON_LEADER, active raft config: opid_index: -1 OBSOLETE_local: false peers { permanent_uuid: "af3f99f027e3490bb6457d3d51f8e377" member_type: VOTER last_known_addr { host: "127.13.198.193" port: 42979 } } peers { permanent_uuid: "a8c40a9d2cd641d785d7164de3eb4430" member_type: VOTER last_known_addr { host: "127.13.198.194" port: 39643 } } peers { permanent_uuid: "d224ad46c45f4490a49bfe1f5748adca" member_type: VOTER last_known_addr { host: "127.13.198.195" port: 33979 } }
I20260709 13:02:13.652971 14908 ts_tablet_manager.cc:1434] T c9c1c979e78f49dab0961c35383dcc29 P af3f99f027e3490bb6457d3d51f8e377: Time spent starting tablet: real 0.006s	user 0.006s	sys 0.000s
I20260709 13:02:13.653898 14908 tablet_bootstrap.cc:492] T 5aa6f96e643e450587dfacde09ea7385 P af3f99f027e3490bb6457d3d51f8e377: Bootstrap starting.
I20260709 13:02:13.653973 14905 tablet_bootstrap.cc:654] T af9ba9d600524b31837486929eb5c795 P d224ad46c45f4490a49bfe1f5748adca: Neither blocks nor log segments found. Creating new log.
I20260709 13:02:13.656003 14914 raft_consensus.cc:493] T 9eff9f45528b481f80cafe184bf7eed8 P af3f99f027e3490bb6457d3d51f8e377 [term 0 FOLLOWER]: Starting pre-election (no leader contacted us within the election timeout)
I20260709 13:02:13.656466 14914 raft_consensus.cc:515] T 9eff9f45528b481f80cafe184bf7eed8 P af3f99f027e3490bb6457d3d51f8e377 [term 0 FOLLOWER]: Starting pre-election with config: opid_index: -1 OBSOLETE_local: false peers { permanent_uuid: "af3f99f027e3490bb6457d3d51f8e377" member_type: VOTER last_known_addr { host: "127.13.198.193" port: 42979 } } peers { permanent_uuid: "a8c40a9d2cd641d785d7164de3eb4430" member_type: VOTER last_known_addr { host: "127.13.198.194" port: 39643 } } peers { permanent_uuid: "d224ad46c45f4490a49bfe1f5748adca" member_type: VOTER last_known_addr { host: "127.13.198.195" port: 33979 } }
I20260709 13:02:13.650276 14909 ts_tablet_manager.cc:1434] T bea6a5718e3d4cb3b3617428142ffae2 P a8c40a9d2cd641d785d7164de3eb4430: Time spent starting tablet: real 0.008s	user 0.003s	sys 0.004s
I20260709 13:02:13.658399 14909 tablet_bootstrap.cc:492] T af9ba9d600524b31837486929eb5c795 P a8c40a9d2cd641d785d7164de3eb4430: Bootstrap starting.
I20260709 13:02:13.658955 14914 leader_election.cc:290] T 9eff9f45528b481f80cafe184bf7eed8 P af3f99f027e3490bb6457d3d51f8e377 [CANDIDATE]: Term 1 pre-election: Requested pre-vote from peers a8c40a9d2cd641d785d7164de3eb4430 (127.13.198.194:39643), d224ad46c45f4490a49bfe1f5748adca (127.13.198.195:33979)
I20260709 13:02:13.665978 14909 tablet_bootstrap.cc:654] T af9ba9d600524b31837486929eb5c795 P a8c40a9d2cd641d785d7164de3eb4430: Neither blocks nor log segments found. Creating new log.
I20260709 13:02:13.667490 14905 tablet_bootstrap.cc:492] T af9ba9d600524b31837486929eb5c795 P d224ad46c45f4490a49bfe1f5748adca: No bootstrap required, opened a new log
I20260709 13:02:13.671409 14905 ts_tablet_manager.cc:1403] T af9ba9d600524b31837486929eb5c795 P d224ad46c45f4490a49bfe1f5748adca: Time spent bootstrapping tablet: real 0.024s	user 0.018s	sys 0.000s
I20260709 13:02:13.669111 14914 raft_consensus.cc:493] T bea6a5718e3d4cb3b3617428142ffae2 P af3f99f027e3490bb6457d3d51f8e377 [term 0 FOLLOWER]: Starting pre-election (no leader contacted us within the election timeout)
I20260709 13:02:13.674325 14914 raft_consensus.cc:515] T bea6a5718e3d4cb3b3617428142ffae2 P af3f99f027e3490bb6457d3d51f8e377 [term 0 FOLLOWER]: Starting pre-election with config: opid_index: -1 OBSOLETE_local: false peers { permanent_uuid: "af3f99f027e3490bb6457d3d51f8e377" member_type: VOTER last_known_addr { host: "127.13.198.193" port: 42979 } } peers { permanent_uuid: "a8c40a9d2cd641d785d7164de3eb4430" member_type: VOTER last_known_addr { host: "127.13.198.194" port: 39643 } } peers { permanent_uuid: "d224ad46c45f4490a49bfe1f5748adca" member_type: VOTER last_known_addr { host: "127.13.198.195" port: 33979 } }
I20260709 13:02:13.674652 14905 raft_consensus.cc:359] T af9ba9d600524b31837486929eb5c795 P d224ad46c45f4490a49bfe1f5748adca [term 0 FOLLOWER]: Replica starting. Triggering 0 pending ops. Active config: opid_index: -1 OBSOLETE_local: false peers { permanent_uuid: "af3f99f027e3490bb6457d3d51f8e377" member_type: VOTER last_known_addr { host: "127.13.198.193" port: 42979 } } peers { permanent_uuid: "a8c40a9d2cd641d785d7164de3eb4430" member_type: VOTER last_known_addr { host: "127.13.198.194" port: 39643 } } peers { permanent_uuid: "d224ad46c45f4490a49bfe1f5748adca" member_type: VOTER last_known_addr { host: "127.13.198.195" port: 33979 } }
I20260709 13:02:13.675432 14905 raft_consensus.cc:385] T af9ba9d600524b31837486929eb5c795 P d224ad46c45f4490a49bfe1f5748adca [term 0 FOLLOWER]: Consensus starting up: Expiring failure detector timer to make a prompt election more likely
I20260709 13:02:13.675774 14905 raft_consensus.cc:740] T af9ba9d600524b31837486929eb5c795 P d224ad46c45f4490a49bfe1f5748adca [term 0 FOLLOWER]: Becoming Follower/Learner. State: Replica: d224ad46c45f4490a49bfe1f5748adca, State: Initialized, Role: FOLLOWER
I20260709 13:02:13.675774 14908 tablet_bootstrap.cc:654] T 5aa6f96e643e450587dfacde09ea7385 P af3f99f027e3490bb6457d3d51f8e377: Neither blocks nor log segments found. Creating new log.
I20260709 13:02:13.676327 14914 leader_election.cc:290] T bea6a5718e3d4cb3b3617428142ffae2 P af3f99f027e3490bb6457d3d51f8e377 [CANDIDATE]: Term 1 pre-election: Requested pre-vote from peers a8c40a9d2cd641d785d7164de3eb4430 (127.13.198.194:39643), d224ad46c45f4490a49bfe1f5748adca (127.13.198.195:33979)
I20260709 13:02:13.676911 14905 consensus_queue.cc:260] T af9ba9d600524b31837486929eb5c795 P d224ad46c45f4490a49bfe1f5748adca [NON_LEADER]: Queue going to NON_LEADER mode. State: All replicated index: 0, Majority replicated index: 0, Committed index: 0, Last appended: 0.0, Last appended by leader: 0, Current term: 0, Majority size: -1, State: 0, Mode: NON_LEADER, active raft config: opid_index: -1 OBSOLETE_local: false peers { permanent_uuid: "af3f99f027e3490bb6457d3d51f8e377" member_type: VOTER last_known_addr { host: "127.13.198.193" port: 42979 } } peers { permanent_uuid: "a8c40a9d2cd641d785d7164de3eb4430" member_type: VOTER last_known_addr { host: "127.13.198.194" port: 39643 } } peers { permanent_uuid: "d224ad46c45f4490a49bfe1f5748adca" member_type: VOTER last_known_addr { host: "127.13.198.195" port: 33979 } }
I20260709 13:02:13.679713 14905 ts_tablet_manager.cc:1434] T af9ba9d600524b31837486929eb5c795 P d224ad46c45f4490a49bfe1f5748adca: Time spent starting tablet: real 0.008s	user 0.006s	sys 0.000s
I20260709 13:02:13.681093 14905 tablet_bootstrap.cc:492] T 5aa6f96e643e450587dfacde09ea7385 P d224ad46c45f4490a49bfe1f5748adca: Bootstrap starting.
I20260709 13:02:13.681109 14867 tablet_service.cc:1917] Received RequestConsensusVote() RPC: tablet_id: "9eff9f45528b481f80cafe184bf7eed8" candidate_uuid: "af3f99f027e3490bb6457d3d51f8e377" candidate_term: 1 candidate_status { last_received { term: 0 index: 0 } } ignore_live_leader: false dest_uuid: "d224ad46c45f4490a49bfe1f5748adca" is_pre_election: true
I20260709 13:02:13.682011 14867 raft_consensus.cc:2468] T 9eff9f45528b481f80cafe184bf7eed8 P d224ad46c45f4490a49bfe1f5748adca [term 0 FOLLOWER]: Leader pre-election vote request: Granting yes vote for candidate af3f99f027e3490bb6457d3d51f8e377 in term 0.
I20260709 13:02:13.683758 14867 tablet_service.cc:1917] Received RequestConsensusVote() RPC: tablet_id: "bea6a5718e3d4cb3b3617428142ffae2" candidate_uuid: "af3f99f027e3490bb6457d3d51f8e377" candidate_term: 1 candidate_status { last_received { term: 0 index: 0 } } ignore_live_leader: false dest_uuid: "d224ad46c45f4490a49bfe1f5748adca" is_pre_election: true
I20260709 13:02:13.685110 14684 leader_election.cc:304] T 9eff9f45528b481f80cafe184bf7eed8 P af3f99f027e3490bb6457d3d51f8e377 [CANDIDATE]: Term 1 pre-election: Election decided. Result: candidate won. Election summary: received 2 responses out of 3 voters: 2 yes votes; 0 no votes. yes voters: af3f99f027e3490bb6457d3d51f8e377, d224ad46c45f4490a49bfe1f5748adca; no voters: 
W20260709 13:02:13.686033 14684 leader_election.cc:343] T bea6a5718e3d4cb3b3617428142ffae2 P af3f99f027e3490bb6457d3d51f8e377 [CANDIDATE]: Term 1 pre-election: Tablet error from VoteRequest() call to peer d224ad46c45f4490a49bfe1f5748adca (127.13.198.195:33979): Illegal state: must be running to vote when last-logged opid is not known
I20260709 13:02:13.686755 14914 raft_consensus.cc:2804] T 9eff9f45528b481f80cafe184bf7eed8 P af3f99f027e3490bb6457d3d51f8e377 [term 0 FOLLOWER]: Leader pre-election won for term 1
I20260709 13:02:13.687211 14914 raft_consensus.cc:493] T 9eff9f45528b481f80cafe184bf7eed8 P af3f99f027e3490bb6457d3d51f8e377 [term 0 FOLLOWER]: Starting leader election (no leader contacted us within the election timeout)
I20260709 13:02:13.687647 14914 raft_consensus.cc:3060] T 9eff9f45528b481f80cafe184bf7eed8 P af3f99f027e3490bb6457d3d51f8e377 [term 0 FOLLOWER]: Advancing to term 1
I20260709 13:02:13.691370 14905 tablet_bootstrap.cc:654] T 5aa6f96e643e450587dfacde09ea7385 P d224ad46c45f4490a49bfe1f5748adca: Neither blocks nor log segments found. Creating new log.
I20260709 13:02:13.697230 14916 raft_consensus.cc:493] T 38ef788909214d10a5376fd77b0c7cc7 P a8c40a9d2cd641d785d7164de3eb4430 [term 0 FOLLOWER]: Starting pre-election (no leader contacted us within the election timeout)
I20260709 13:02:13.697724 14905 tablet_bootstrap.cc:492] T 5aa6f96e643e450587dfacde09ea7385 P d224ad46c45f4490a49bfe1f5748adca: No bootstrap required, opened a new log
I20260709 13:02:13.697923 14909 tablet_bootstrap.cc:492] T af9ba9d600524b31837486929eb5c795 P a8c40a9d2cd641d785d7164de3eb4430: No bootstrap required, opened a new log
I20260709 13:02:13.697712 14916 raft_consensus.cc:515] T 38ef788909214d10a5376fd77b0c7cc7 P a8c40a9d2cd641d785d7164de3eb4430 [term 0 FOLLOWER]: Starting pre-election with config: opid_index: -1 OBSOLETE_local: false peers { permanent_uuid: "af3f99f027e3490bb6457d3d51f8e377" member_type: VOTER last_known_addr { host: "127.13.198.193" port: 42979 } } peers { permanent_uuid: "a8c40a9d2cd641d785d7164de3eb4430" member_type: VOTER last_known_addr { host: "127.13.198.194" port: 39643 } } peers { permanent_uuid: "d224ad46c45f4490a49bfe1f5748adca" member_type: VOTER last_known_addr { host: "127.13.198.195" port: 33979 } }
I20260709 13:02:13.698343 14905 ts_tablet_manager.cc:1403] T 5aa6f96e643e450587dfacde09ea7385 P d224ad46c45f4490a49bfe1f5748adca: Time spent bootstrapping tablet: real 0.018s	user 0.014s	sys 0.002s
I20260709 13:02:13.698410 14909 ts_tablet_manager.cc:1403] T af9ba9d600524b31837486929eb5c795 P a8c40a9d2cd641d785d7164de3eb4430: Time spent bootstrapping tablet: real 0.040s	user 0.010s	sys 0.009s
I20260709 13:02:13.701609 14905 raft_consensus.cc:359] T 5aa6f96e643e450587dfacde09ea7385 P d224ad46c45f4490a49bfe1f5748adca [term 0 FOLLOWER]: Replica starting. Triggering 0 pending ops. Active config: opid_index: -1 OBSOLETE_local: false peers { permanent_uuid: "af3f99f027e3490bb6457d3d51f8e377" member_type: VOTER last_known_addr { host: "127.13.198.193" port: 42979 } } peers { permanent_uuid: "a8c40a9d2cd641d785d7164de3eb4430" member_type: VOTER last_known_addr { host: "127.13.198.194" port: 39643 } } peers { permanent_uuid: "d224ad46c45f4490a49bfe1f5748adca" member_type: VOTER last_known_addr { host: "127.13.198.195" port: 33979 } }
I20260709 13:02:13.702544 14905 raft_consensus.cc:385] T 5aa6f96e643e450587dfacde09ea7385 P d224ad46c45f4490a49bfe1f5748adca [term 0 FOLLOWER]: Consensus starting up: Expiring failure detector timer to make a prompt election more likely
I20260709 13:02:13.702464 14914 raft_consensus.cc:515] T 9eff9f45528b481f80cafe184bf7eed8 P af3f99f027e3490bb6457d3d51f8e377 [term 1 FOLLOWER]: Starting leader election with config: opid_index: -1 OBSOLETE_local: false peers { permanent_uuid: "af3f99f027e3490bb6457d3d51f8e377" member_type: VOTER last_known_addr { host: "127.13.198.193" port: 42979 } } peers { permanent_uuid: "a8c40a9d2cd641d785d7164de3eb4430" member_type: VOTER last_known_addr { host: "127.13.198.194" port: 39643 } } peers { permanent_uuid: "d224ad46c45f4490a49bfe1f5748adca" member_type: VOTER last_known_addr { host: "127.13.198.195" port: 33979 } }
I20260709 13:02:13.703011 14905 raft_consensus.cc:740] T 5aa6f96e643e450587dfacde09ea7385 P d224ad46c45f4490a49bfe1f5748adca [term 0 FOLLOWER]: Becoming Follower/Learner. State: Replica: d224ad46c45f4490a49bfe1f5748adca, State: Initialized, Role: FOLLOWER
I20260709 13:02:13.704101 14905 consensus_queue.cc:260] T 5aa6f96e643e450587dfacde09ea7385 P d224ad46c45f4490a49bfe1f5748adca [NON_LEADER]: Queue going to NON_LEADER mode. State: All replicated index: 0, Majority replicated index: 0, Committed index: 0, Last appended: 0.0, Last appended by leader: 0, Current term: 0, Majority size: -1, State: 0, Mode: NON_LEADER, active raft config: opid_index: -1 OBSOLETE_local: false peers { permanent_uuid: "af3f99f027e3490bb6457d3d51f8e377" member_type: VOTER last_known_addr { host: "127.13.198.193" port: 42979 } } peers { permanent_uuid: "a8c40a9d2cd641d785d7164de3eb4430" member_type: VOTER last_known_addr { host: "127.13.198.194" port: 39643 } } peers { permanent_uuid: "d224ad46c45f4490a49bfe1f5748adca" member_type: VOTER last_known_addr { host: "127.13.198.195" port: 33979 } }
I20260709 13:02:13.706763 14914 leader_election.cc:290] T 9eff9f45528b481f80cafe184bf7eed8 P af3f99f027e3490bb6457d3d51f8e377 [CANDIDATE]: Term 1 election: Requested vote from peers a8c40a9d2cd641d785d7164de3eb4430 (127.13.198.194:39643), d224ad46c45f4490a49bfe1f5748adca (127.13.198.195:33979)
I20260709 13:02:13.707073 14867 tablet_service.cc:1917] Received RequestConsensusVote() RPC: tablet_id: "9eff9f45528b481f80cafe184bf7eed8" candidate_uuid: "af3f99f027e3490bb6457d3d51f8e377" candidate_term: 1 candidate_status { last_received { term: 0 index: 0 } } ignore_live_leader: false dest_uuid: "d224ad46c45f4490a49bfe1f5748adca"
I20260709 13:02:13.707362 14910 raft_consensus.cc:493] T c6375b6766cb48a5a7d780c97c811962 P d224ad46c45f4490a49bfe1f5748adca [term 0 FOLLOWER]: Starting pre-election (no leader contacted us within the election timeout)
I20260709 13:02:13.708006 14910 raft_consensus.cc:515] T c6375b6766cb48a5a7d780c97c811962 P d224ad46c45f4490a49bfe1f5748adca [term 0 FOLLOWER]: Starting pre-election with config: opid_index: -1 OBSOLETE_local: false peers { permanent_uuid: "af3f99f027e3490bb6457d3d51f8e377" member_type: VOTER last_known_addr { host: "127.13.198.193" port: 42979 } } peers { permanent_uuid: "a8c40a9d2cd641d785d7164de3eb4430" member_type: VOTER last_known_addr { host: "127.13.198.194" port: 39643 } } peers { permanent_uuid: "d224ad46c45f4490a49bfe1f5748adca" member_type: VOTER last_known_addr { host: "127.13.198.195" port: 33979 } }
I20260709 13:02:13.707580 14867 raft_consensus.cc:3060] T 9eff9f45528b481f80cafe184bf7eed8 P d224ad46c45f4490a49bfe1f5748adca [term 0 FOLLOWER]: Advancing to term 1
I20260709 13:02:13.708686 14908 tablet_bootstrap.cc:492] T 5aa6f96e643e450587dfacde09ea7385 P af3f99f027e3490bb6457d3d51f8e377: No bootstrap required, opened a new log
I20260709 13:02:13.709180 14908 ts_tablet_manager.cc:1403] T 5aa6f96e643e450587dfacde09ea7385 P af3f99f027e3490bb6457d3d51f8e377: Time spent bootstrapping tablet: real 0.055s	user 0.018s	sys 0.009s
I20260709 13:02:13.712311 14908 raft_consensus.cc:359] T 5aa6f96e643e450587dfacde09ea7385 P af3f99f027e3490bb6457d3d51f8e377 [term 0 FOLLOWER]: Replica starting. Triggering 0 pending ops. Active config: opid_index: -1 OBSOLETE_local: false peers { permanent_uuid: "af3f99f027e3490bb6457d3d51f8e377" member_type: VOTER last_known_addr { host: "127.13.198.193" port: 42979 } } peers { permanent_uuid: "a8c40a9d2cd641d785d7164de3eb4430" member_type: VOTER last_known_addr { host: "127.13.198.194" port: 39643 } } peers { permanent_uuid: "d224ad46c45f4490a49bfe1f5748adca" member_type: VOTER last_known_addr { host: "127.13.198.195" port: 33979 } }
I20260709 13:02:13.713228 14908 raft_consensus.cc:385] T 5aa6f96e643e450587dfacde09ea7385 P af3f99f027e3490bb6457d3d51f8e377 [term 0 FOLLOWER]: Consensus starting up: Expiring failure detector timer to make a prompt election more likely
I20260709 13:02:13.713579 14908 raft_consensus.cc:740] T 5aa6f96e643e450587dfacde09ea7385 P af3f99f027e3490bb6457d3d51f8e377 [term 0 FOLLOWER]: Becoming Follower/Learner. State: Replica: af3f99f027e3490bb6457d3d51f8e377, State: Initialized, Role: FOLLOWER
I20260709 13:02:13.714354 14908 consensus_queue.cc:260] T 5aa6f96e643e450587dfacde09ea7385 P af3f99f027e3490bb6457d3d51f8e377 [NON_LEADER]: Queue going to NON_LEADER mode. State: All replicated index: 0, Majority replicated index: 0, Committed index: 0, Last appended: 0.0, Last appended by leader: 0, Current term: 0, Majority size: -1, State: 0, Mode: NON_LEADER, active raft config: opid_index: -1 OBSOLETE_local: false peers { permanent_uuid: "af3f99f027e3490bb6457d3d51f8e377" member_type: VOTER last_known_addr { host: "127.13.198.193" port: 42979 } } peers { permanent_uuid: "a8c40a9d2cd641d785d7164de3eb4430" member_type: VOTER last_known_addr { host: "127.13.198.194" port: 39643 } } peers { permanent_uuid: "d224ad46c45f4490a49bfe1f5748adca" member_type: VOTER last_known_addr { host: "127.13.198.195" port: 33979 } }
I20260709 13:02:13.717466 14910 leader_election.cc:290] T c6375b6766cb48a5a7d780c97c811962 P d224ad46c45f4490a49bfe1f5748adca [CANDIDATE]: Term 1 pre-election: Requested pre-vote from peers af3f99f027e3490bb6457d3d51f8e377 (127.13.198.193:42979), a8c40a9d2cd641d785d7164de3eb4430 (127.13.198.194:39643)
I20260709 13:02:13.717818 14867 raft_consensus.cc:2468] T 9eff9f45528b481f80cafe184bf7eed8 P d224ad46c45f4490a49bfe1f5748adca [term 1 FOLLOWER]: Leader election vote request: Granting yes vote for candidate af3f99f027e3490bb6457d3d51f8e377 in term 1.
I20260709 13:02:13.718011 14910 raft_consensus.cc:493] T 4e02eb0fe9ff4b3bb42fd1f7baadc27c P d224ad46c45f4490a49bfe1f5748adca [term 0 FOLLOWER]: Starting pre-election (no leader contacted us within the election timeout)
I20260709 13:02:13.718744 14916 leader_election.cc:290] T 38ef788909214d10a5376fd77b0c7cc7 P a8c40a9d2cd641d785d7164de3eb4430 [CANDIDATE]: Term 1 pre-election: Requested pre-vote from peers af3f99f027e3490bb6457d3d51f8e377 (127.13.198.193:42979), d224ad46c45f4490a49bfe1f5748adca (127.13.198.195:33979)
I20260709 13:02:13.719319 14916 raft_consensus.cc:493] T bea6a5718e3d4cb3b3617428142ffae2 P a8c40a9d2cd641d785d7164de3eb4430 [term 0 FOLLOWER]: Starting pre-election (no leader contacted us within the election timeout)
I20260709 13:02:13.719491 14908 ts_tablet_manager.cc:1434] T 5aa6f96e643e450587dfacde09ea7385 P af3f99f027e3490bb6457d3d51f8e377: Time spent starting tablet: real 0.010s	user 0.006s	sys 0.000s
I20260709 13:02:13.719831 14916 raft_consensus.cc:515] T bea6a5718e3d4cb3b3617428142ffae2 P a8c40a9d2cd641d785d7164de3eb4430 [term 0 FOLLOWER]: Starting pre-election with config: opid_index: -1 OBSOLETE_local: false peers { permanent_uuid: "af3f99f027e3490bb6457d3d51f8e377" member_type: VOTER last_known_addr { host: "127.13.198.193" port: 42979 } } peers { permanent_uuid: "a8c40a9d2cd641d785d7164de3eb4430" member_type: VOTER last_known_addr { host: "127.13.198.194" port: 39643 } } peers { permanent_uuid: "d224ad46c45f4490a49bfe1f5748adca" member_type: VOTER last_known_addr { host: "127.13.198.195" port: 33979 } }
I20260709 13:02:13.720376 14908 tablet_bootstrap.cc:492] T 5ce03b26d1c44acf8992579d100c0778 P af3f99f027e3490bb6457d3d51f8e377: Bootstrap starting.
I20260709 13:02:13.721122 14909 raft_consensus.cc:359] T af9ba9d600524b31837486929eb5c795 P a8c40a9d2cd641d785d7164de3eb4430 [term 0 FOLLOWER]: Replica starting. Triggering 0 pending ops. Active config: opid_index: -1 OBSOLETE_local: false peers { permanent_uuid: "af3f99f027e3490bb6457d3d51f8e377" member_type: VOTER last_known_addr { host: "127.13.198.193" port: 42979 } } peers { permanent_uuid: "a8c40a9d2cd641d785d7164de3eb4430" member_type: VOTER last_known_addr { host: "127.13.198.194" port: 39643 } } peers { permanent_uuid: "d224ad46c45f4490a49bfe1f5748adca" member_type: VOTER last_known_addr { host: "127.13.198.195" port: 33979 } }
I20260709 13:02:13.721869 14916 leader_election.cc:290] T bea6a5718e3d4cb3b3617428142ffae2 P a8c40a9d2cd641d785d7164de3eb4430 [CANDIDATE]: Term 1 pre-election: Requested pre-vote from peers af3f99f027e3490bb6457d3d51f8e377 (127.13.198.193:42979), d224ad46c45f4490a49bfe1f5748adca (127.13.198.195:33979)
I20260709 13:02:13.718462 14910 raft_consensus.cc:515] T 4e02eb0fe9ff4b3bb42fd1f7baadc27c P d224ad46c45f4490a49bfe1f5748adca [term 0 FOLLOWER]: Starting pre-election with config: opid_index: -1 OBSOLETE_local: false peers { permanent_uuid: "af3f99f027e3490bb6457d3d51f8e377" member_type: VOTER last_known_addr { host: "127.13.198.193" port: 42979 } } peers { permanent_uuid: "a8c40a9d2cd641d785d7164de3eb4430" member_type: VOTER last_known_addr { host: "127.13.198.194" port: 39643 } } peers { permanent_uuid: "d224ad46c45f4490a49bfe1f5748adca" member_type: VOTER last_known_addr { host: "127.13.198.195" port: 33979 } }
I20260709 13:02:13.722105 14909 raft_consensus.cc:385] T af9ba9d600524b31837486929eb5c795 P a8c40a9d2cd641d785d7164de3eb4430 [term 0 FOLLOWER]: Consensus starting up: Expiring failure detector timer to make a prompt election more likely
I20260709 13:02:13.725525 14909 raft_consensus.cc:740] T af9ba9d600524b31837486929eb5c795 P a8c40a9d2cd641d785d7164de3eb4430 [term 0 FOLLOWER]: Becoming Follower/Learner. State: Replica: a8c40a9d2cd641d785d7164de3eb4430, State: Initialized, Role: FOLLOWER
I20260709 13:02:13.728132 14908 tablet_bootstrap.cc:654] T 5ce03b26d1c44acf8992579d100c0778 P af3f99f027e3490bb6457d3d51f8e377: Neither blocks nor log segments found. Creating new log.
I20260709 13:02:13.727849 14909 consensus_queue.cc:260] T af9ba9d600524b31837486929eb5c795 P a8c40a9d2cd641d785d7164de3eb4430 [NON_LEADER]: Queue going to NON_LEADER mode. State: All replicated index: 0, Majority replicated index: 0, Committed index: 0, Last appended: 0.0, Last appended by leader: 0, Current term: 0, Majority size: -1, State: 0, Mode: NON_LEADER, active raft config: opid_index: -1 OBSOLETE_local: false peers { permanent_uuid: "af3f99f027e3490bb6457d3d51f8e377" member_type: VOTER last_known_addr { host: "127.13.198.193" port: 42979 } } peers { permanent_uuid: "a8c40a9d2cd641d785d7164de3eb4430" member_type: VOTER last_known_addr { host: "127.13.198.194" port: 39643 } } peers { permanent_uuid: "d224ad46c45f4490a49bfe1f5748adca" member_type: VOTER last_known_addr { host: "127.13.198.195" port: 33979 } }
I20260709 13:02:13.728226 14910 leader_election.cc:290] T 4e02eb0fe9ff4b3bb42fd1f7baadc27c P d224ad46c45f4490a49bfe1f5748adca [CANDIDATE]: Term 1 pre-election: Requested pre-vote from peers af3f99f027e3490bb6457d3d51f8e377 (127.13.198.193:42979), a8c40a9d2cd641d785d7164de3eb4430 (127.13.198.194:39643)
I20260709 13:02:13.734364 14905 ts_tablet_manager.cc:1434] T 5aa6f96e643e450587dfacde09ea7385 P d224ad46c45f4490a49bfe1f5748adca: Time spent starting tablet: real 0.036s	user 0.005s	sys 0.003s
I20260709 13:02:13.735339 14909 ts_tablet_manager.cc:1434] T af9ba9d600524b31837486929eb5c795 P a8c40a9d2cd641d785d7164de3eb4430: Time spent starting tablet: real 0.037s	user 0.008s	sys 0.001s
I20260709 13:02:13.736557 14909 tablet_bootstrap.cc:492] T 4e02eb0fe9ff4b3bb42fd1f7baadc27c P a8c40a9d2cd641d785d7164de3eb4430: Bootstrap starting.
W20260709 13:02:13.737605 14664 auto_rebalancer.cc:288] Could not retrieve cluster info: Service unavailable: Tablet not running
I20260709 13:02:13.735345 14905 tablet_bootstrap.cc:492] T bea6a5718e3d4cb3b3617428142ffae2 P d224ad46c45f4490a49bfe1f5748adca: Bootstrap starting.
I20260709 13:02:13.747860 14909 tablet_bootstrap.cc:654] T 4e02eb0fe9ff4b3bb42fd1f7baadc27c P a8c40a9d2cd641d785d7164de3eb4430: Neither blocks nor log segments found. Creating new log.
I20260709 13:02:13.766230 14905 tablet_bootstrap.cc:654] T bea6a5718e3d4cb3b3617428142ffae2 P d224ad46c45f4490a49bfe1f5748adca: Neither blocks nor log segments found. Creating new log.
I20260709 13:02:13.777285 14909 tablet_bootstrap.cc:492] T 4e02eb0fe9ff4b3bb42fd1f7baadc27c P a8c40a9d2cd641d785d7164de3eb4430: No bootstrap required, opened a new log
I20260709 13:02:13.777937 14909 ts_tablet_manager.cc:1403] T 4e02eb0fe9ff4b3bb42fd1f7baadc27c P a8c40a9d2cd641d785d7164de3eb4430: Time spent bootstrapping tablet: real 0.042s	user 0.008s	sys 0.007s
I20260709 13:02:13.781735 14909 raft_consensus.cc:359] T 4e02eb0fe9ff4b3bb42fd1f7baadc27c P a8c40a9d2cd641d785d7164de3eb4430 [term 0 FOLLOWER]: Replica starting. Triggering 0 pending ops. Active config: opid_index: -1 OBSOLETE_local: false peers { permanent_uuid: "af3f99f027e3490bb6457d3d51f8e377" member_type: VOTER last_known_addr { host: "127.13.198.193" port: 42979 } } peers { permanent_uuid: "a8c40a9d2cd641d785d7164de3eb4430" member_type: VOTER last_known_addr { host: "127.13.198.194" port: 39643 } } peers { permanent_uuid: "d224ad46c45f4490a49bfe1f5748adca" member_type: VOTER last_known_addr { host: "127.13.198.195" port: 33979 } }
I20260709 13:02:13.782684 14909 raft_consensus.cc:385] T 4e02eb0fe9ff4b3bb42fd1f7baadc27c P a8c40a9d2cd641d785d7164de3eb4430 [term 0 FOLLOWER]: Consensus starting up: Expiring failure detector timer to make a prompt election more likely
I20260709 13:02:13.783052 14909 raft_consensus.cc:740] T 4e02eb0fe9ff4b3bb42fd1f7baadc27c P a8c40a9d2cd641d785d7164de3eb4430 [term 0 FOLLOWER]: Becoming Follower/Learner. State: Replica: a8c40a9d2cd641d785d7164de3eb4430, State: Initialized, Role: FOLLOWER
I20260709 13:02:13.788846 14793 tablet_service.cc:1917] Received RequestConsensusVote() RPC: tablet_id: "9eff9f45528b481f80cafe184bf7eed8" candidate_uuid: "af3f99f027e3490bb6457d3d51f8e377" candidate_term: 1 candidate_status { last_received { term: 0 index: 0 } } ignore_live_leader: false dest_uuid: "a8c40a9d2cd641d785d7164de3eb4430" is_pre_election: true
I20260709 13:02:13.789775 14792 tablet_service.cc:1917] Received RequestConsensusVote() RPC: tablet_id: "bea6a5718e3d4cb3b3617428142ffae2" candidate_uuid: "af3f99f027e3490bb6457d3d51f8e377" candidate_term: 1 candidate_status { last_received { term: 0 index: 0 } } ignore_live_leader: false dest_uuid: "a8c40a9d2cd641d785d7164de3eb4430" is_pre_election: true
W20260709 13:02:13.790599 14683 leader_election.cc:343] T 9eff9f45528b481f80cafe184bf7eed8 P af3f99f027e3490bb6457d3d51f8e377 [CANDIDATE]: Term 1 pre-election: Tablet error from VoteRequest() call to peer a8c40a9d2cd641d785d7164de3eb4430 (127.13.198.194:39643): Illegal state: must be running to vote when last-logged opid is not known
I20260709 13:02:13.790694 14792 raft_consensus.cc:2468] T bea6a5718e3d4cb3b3617428142ffae2 P a8c40a9d2cd641d785d7164de3eb4430 [term 0 FOLLOWER]: Leader pre-election vote request: Granting yes vote for candidate af3f99f027e3490bb6457d3d51f8e377 in term 0.
I20260709 13:02:13.791798 14938 raft_consensus.cc:493] T 5aa6f96e643e450587dfacde09ea7385 P d224ad46c45f4490a49bfe1f5748adca [term 0 FOLLOWER]: Starting pre-election (no leader contacted us within the election timeout)
