I20260709 13:02:31.961148 15318 tablet_service.cc:1917] Received RequestConsensusVote() RPC: tablet_id: "81edff088e7a427d92e3c872f77ba09f" candidate_uuid: "12721501c3634deeb27f7d35e42e1ae0" candidate_term: 1 candidate_status { last_received { term: 0 index: 0 } } ignore_live_leader: false dest_uuid: "4e35c0daac8949f3b3347ec1f7296770" is_pre_election: true
I20260709 13:02:31.983979 15388 raft_consensus.cc:2468] T 2e5b3bc9dcde467b9f23e7e6d5ddbb0a P 12721501c3634deeb27f7d35e42e1ae0 [term 1 FOLLOWER]: Leader election vote request: Granting yes vote for candidate 4e35c0daac8949f3b3347ec1f7296770 in term 1.
I20260709 13:02:31.990676 15281 leader_election.cc:304] T 90669ff8063744c68a0a1761f74ffac4 P 4e35c0daac8949f3b3347ec1f7296770 [CANDIDATE]: Term 1 pre-election: Election decided. Result: candidate lost. Election summary: received 3 responses out of 3 voters: 1 yes votes; 2 no votes. yes voters: 4e35c0daac8949f3b3347ec1f7296770; no voters: 12721501c3634deeb27f7d35e42e1ae0, 8be822331dda4f738662028fca52b365
I20260709 13:02:31.996790 15727 raft_consensus.cc:3060] T 90669ff8063744c68a0a1761f74ffac4 P 4e35c0daac8949f3b3347ec1f7296770 [term 0 FOLLOWER]: Advancing to term 1
I20260709 13:02:31.997772 15433 raft_consensus.cc:359] T bed7922c1df743ce92a85dea122e9f6b P 12721501c3634deeb27f7d35e42e1ae0 [term 0 FOLLOWER]: Replica starting. Triggering 0 pending ops. Active config: opid_index: -1 OBSOLETE_local: false peers { permanent_uuid: "8be822331dda4f738662028fca52b365" member_type: VOTER last_known_addr { host: "127.13.198.193" port: 44819 } } peers { permanent_uuid: "4e35c0daac8949f3b3347ec1f7296770" member_type: VOTER last_known_addr { host: "127.13.198.194" port: 39827 } } peers { permanent_uuid: "12721501c3634deeb27f7d35e42e1ae0" member_type: VOTER last_known_addr { host: "127.13.198.195" port: 43443 } }
I20260709 13:02:31.998467 15433 raft_consensus.cc:385] T bed7922c1df743ce92a85dea122e9f6b P 12721501c3634deeb27f7d35e42e1ae0 [term 0 FOLLOWER]: Consensus starting up: Expiring failure detector timer to make a prompt election more likely
I20260709 13:02:31.998733 15433 raft_consensus.cc:740] T bed7922c1df743ce92a85dea122e9f6b P 12721501c3634deeb27f7d35e42e1ae0 [term 0 FOLLOWER]: Becoming Follower/Learner. State: Replica: 12721501c3634deeb27f7d35e42e1ae0, State: Initialized, Role: FOLLOWER
I20260709 13:02:31.995324 15695 consensus_queue.cc:1048] T 227d82f573334b789f423cda37fdc16a P 4e35c0daac8949f3b3347ec1f7296770 [LEADER]: Connected to new peer: Peer: permanent_uuid: "12721501c3634deeb27f7d35e42e1ae0" member_type: VOTER last_known_addr { host: "127.13.198.195" port: 43443 }, Status: LMP_MISMATCH, Last received: 0.0, Next index: 1, Last known committed idx: 0, Time since last communication: 0.005s
I20260709 13:02:31.999387 15433 consensus_queue.cc:260] T bed7922c1df743ce92a85dea122e9f6b P 12721501c3634deeb27f7d35e42e1ae0 [NON_LEADER]: Queue going to NON_LEADER mode. State: All replicated index: 0, Majority replicated index: 0, Committed index: 0, Last appended: 0.0, Last appended by leader: 0, Current term: 0, Majority size: -1, State: 0, Mode: NON_LEADER, active raft config: opid_index: -1 OBSOLETE_local: false peers { permanent_uuid: "8be822331dda4f738662028fca52b365" member_type: VOTER last_known_addr { host: "127.13.198.193" port: 44819 } } peers { permanent_uuid: "4e35c0daac8949f3b3347ec1f7296770" member_type: VOTER last_known_addr { host: "127.13.198.194" port: 39827 } } peers { permanent_uuid: "12721501c3634deeb27f7d35e42e1ae0" member_type: VOTER last_known_addr { host: "127.13.198.195" port: 43443 } }
I20260709 13:02:32.000959 15695 raft_consensus.cc:493] T da5ae7e625424fbc8ab18023312ee570 P 4e35c0daac8949f3b3347ec1f7296770 [term 0 FOLLOWER]: Starting pre-election (no leader contacted us within the election timeout)
I20260709 13:02:32.001446 15695 raft_consensus.cc:515] T da5ae7e625424fbc8ab18023312ee570 P 4e35c0daac8949f3b3347ec1f7296770 [term 0 FOLLOWER]: Starting pre-election with config: opid_index: -1 OBSOLETE_local: false peers { permanent_uuid: "8be822331dda4f738662028fca52b365" member_type: VOTER last_known_addr { host: "127.13.198.193" port: 44819 } } peers { permanent_uuid: "4e35c0daac8949f3b3347ec1f7296770" member_type: VOTER last_known_addr { host: "127.13.198.194" port: 39827 } } peers { permanent_uuid: "12721501c3634deeb27f7d35e42e1ae0" member_type: VOTER last_known_addr { host: "127.13.198.195" port: 43443 } }
I20260709 13:02:32.003279 15695 leader_election.cc:290] T da5ae7e625424fbc8ab18023312ee570 P 4e35c0daac8949f3b3347ec1f7296770 [CANDIDATE]: Term 1 pre-election: Requested pre-vote from peers 8be822331dda4f738662028fca52b365 (127.13.198.193:44819), 12721501c3634deeb27f7d35e42e1ae0 (127.13.198.195:43443)
I20260709 13:02:32.003624 15434 tablet_bootstrap.cc:492] T 1334688e1af04bb189e75d8447aedc7f P 4e35c0daac8949f3b3347ec1f7296770: No bootstrap required, opened a new log
I20260709 13:02:32.004019 15434 ts_tablet_manager.cc:1403] T 1334688e1af04bb189e75d8447aedc7f P 4e35c0daac8949f3b3347ec1f7296770: Time spent bootstrapping tablet: real 0.276s	user 0.015s	sys 0.010s
I20260709 13:02:31.984851 15647 consensus_queue.cc:1048] T 34df68f6a10044efa3fba6122a0e0663 P 8be822331dda4f738662028fca52b365 [LEADER]: Connected to new peer: Peer: permanent_uuid: "12721501c3634deeb27f7d35e42e1ae0" member_type: VOTER last_known_addr { host: "127.13.198.195" port: 43443 }, Status: LMP_MISMATCH, Last received: 0.0, Next index: 1, Last known committed idx: 0, Time since last communication: 0.015s
I20260709 13:02:31.984666 15523 consensus_queue.cc:1048] T 832ea5678c3d46e0bbee1b57f3e4e107 P 8be822331dda4f738662028fca52b365 [LEADER]: Connected to new peer: Peer: permanent_uuid: "12721501c3634deeb27f7d35e42e1ae0" member_type: VOTER last_known_addr { host: "127.13.198.195" port: 43443 }, Status: LMP_MISMATCH, Last received: 0.0, Next index: 1, Last known committed idx: 0, Time since last communication: 0.010s
I20260709 13:02:32.010955 15434 raft_consensus.cc:359] T 1334688e1af04bb189e75d8447aedc7f P 4e35c0daac8949f3b3347ec1f7296770 [term 0 FOLLOWER]: Replica starting. Triggering 0 pending ops. Active config: opid_index: -1 OBSOLETE_local: false peers { permanent_uuid: "8be822331dda4f738662028fca52b365" member_type: VOTER last_known_addr { host: "127.13.198.193" port: 44819 } } peers { permanent_uuid: "4e35c0daac8949f3b3347ec1f7296770" member_type: VOTER last_known_addr { host: "127.13.198.194" port: 39827 } } peers { permanent_uuid: "12721501c3634deeb27f7d35e42e1ae0" member_type: VOTER last_known_addr { host: "127.13.198.195" port: 43443 } }
I20260709 13:02:32.011540 15434 raft_consensus.cc:385] T 1334688e1af04bb189e75d8447aedc7f P 4e35c0daac8949f3b3347ec1f7296770 [term 0 FOLLOWER]: Consensus starting up: Expiring failure detector timer to make a prompt election more likely
I20260709 13:02:32.011785 15434 raft_consensus.cc:740] T 1334688e1af04bb189e75d8447aedc7f P 4e35c0daac8949f3b3347ec1f7296770 [term 0 FOLLOWER]: Becoming Follower/Learner. State: Replica: 4e35c0daac8949f3b3347ec1f7296770, State: Initialized, Role: FOLLOWER
I20260709 13:02:32.012456 15434 consensus_queue.cc:260] T 1334688e1af04bb189e75d8447aedc7f P 4e35c0daac8949f3b3347ec1f7296770 [NON_LEADER]: Queue going to NON_LEADER mode. State: All replicated index: 0, Majority replicated index: 0, Committed index: 0, Last appended: 0.0, Last appended by leader: 0, Current term: 0, Majority size: -1, State: 0, Mode: NON_LEADER, active raft config: opid_index: -1 OBSOLETE_local: false peers { permanent_uuid: "8be822331dda4f738662028fca52b365" member_type: VOTER last_known_addr { host: "127.13.198.193" port: 44819 } } peers { permanent_uuid: "4e35c0daac8949f3b3347ec1f7296770" member_type: VOTER last_known_addr { host: "127.13.198.194" port: 39827 } } peers { permanent_uuid: "12721501c3634deeb27f7d35e42e1ae0" member_type: VOTER last_known_addr { host: "127.13.198.195" port: 43443 } }
I20260709 13:02:32.014403 15138 catalog_manager.cc:5697] T 2e5b3bc9dcde467b9f23e7e6d5ddbb0a P 4e35c0daac8949f3b3347ec1f7296770 reported cstate change: term changed from 0 to 1, leader changed from <none> to 4e35c0daac8949f3b3347ec1f7296770 (127.13.198.194). New cstate: current_term: 1 leader_uuid: "4e35c0daac8949f3b3347ec1f7296770" committed_config { opid_index: -1 OBSOLETE_local: false peers { permanent_uuid: "8be822331dda4f738662028fca52b365" member_type: VOTER last_known_addr { host: "127.13.198.193" port: 44819 } health_report { overall_health: UNKNOWN } } peers { permanent_uuid: "4e35c0daac8949f3b3347ec1f7296770" member_type: VOTER last_known_addr { host: "127.13.198.194" port: 39827 } health_report { overall_health: HEALTHY } } peers { permanent_uuid: "12721501c3634deeb27f7d35e42e1ae0" member_type: VOTER last_known_addr { host: "127.13.198.195" port: 43443 } health_report { overall_health: UNKNOWN } } }
I20260709 13:02:32.015410 15434 ts_tablet_manager.cc:1434] T 1334688e1af04bb189e75d8447aedc7f P 4e35c0daac8949f3b3347ec1f7296770: Time spent starting tablet: real 0.011s	user 0.005s	sys 0.000s
I20260709 13:02:32.016563 15434 tablet_bootstrap.cc:492] T bed7922c1df743ce92a85dea122e9f6b P 4e35c0daac8949f3b3347ec1f7296770: Bootstrap starting.
I20260709 13:02:32.017813 15432 raft_consensus.cc:359] T 811e676ba0c74fd4a9552fad4110fe6c P 8be822331dda4f738662028fca52b365 [term 0 FOLLOWER]: Replica starting. Triggering 0 pending ops. Active config: opid_index: -1 OBSOLETE_local: false peers { permanent_uuid: "8be822331dda4f738662028fca52b365" member_type: VOTER last_known_addr { host: "127.13.198.193" port: 44819 } } peers { permanent_uuid: "4e35c0daac8949f3b3347ec1f7296770" member_type: VOTER last_known_addr { host: "127.13.198.194" port: 39827 } } peers { permanent_uuid: "12721501c3634deeb27f7d35e42e1ae0" member_type: VOTER last_known_addr { host: "127.13.198.195" port: 43443 } }
I20260709 13:02:32.018448 15432 raft_consensus.cc:385] T 811e676ba0c74fd4a9552fad4110fe6c P 8be822331dda4f738662028fca52b365 [term 0 FOLLOWER]: Consensus starting up: Expiring failure detector timer to make a prompt election more likely
I20260709 13:02:32.018805 15432 raft_consensus.cc:740] T 811e676ba0c74fd4a9552fad4110fe6c P 8be822331dda4f738662028fca52b365 [term 0 FOLLOWER]: Becoming Follower/Learner. State: Replica: 8be822331dda4f738662028fca52b365, State: Initialized, Role: FOLLOWER
I20260709 13:02:32.019529 15432 consensus_queue.cc:260] T 811e676ba0c74fd4a9552fad4110fe6c P 8be822331dda4f738662028fca52b365 [NON_LEADER]: Queue going to NON_LEADER mode. State: All replicated index: 0, Majority replicated index: 0, Committed index: 0, Last appended: 0.0, Last appended by leader: 0, Current term: 0, Majority size: -1, State: 0, Mode: NON_LEADER, active raft config: opid_index: -1 OBSOLETE_local: false peers { permanent_uuid: "8be822331dda4f738662028fca52b365" member_type: VOTER last_known_addr { host: "127.13.198.193" port: 44819 } } peers { permanent_uuid: "4e35c0daac8949f3b3347ec1f7296770" member_type: VOTER last_known_addr { host: "127.13.198.194" port: 39827 } } peers { permanent_uuid: "12721501c3634deeb27f7d35e42e1ae0" member_type: VOTER last_known_addr { host: "127.13.198.195" port: 43443 } }
I20260709 13:02:32.032516 15432 ts_tablet_manager.cc:1434] T 811e676ba0c74fd4a9552fad4110fe6c P 8be822331dda4f738662028fca52b365: Time spent starting tablet: real 0.075s	user 0.005s	sys 0.001s
I20260709 13:02:32.034169 15433 ts_tablet_manager.cc:1434] T bed7922c1df743ce92a85dea122e9f6b P 12721501c3634deeb27f7d35e42e1ae0: Time spent starting tablet: real 0.063s	user 0.007s	sys 0.003s
I20260709 13:02:32.036957 15139 catalog_manager.cc:5697] T 887837eb571d431bbfffaf1f9ae50a0e P 12721501c3634deeb27f7d35e42e1ae0 reported cstate change: term changed from 0 to 1, leader changed from <none> to 12721501c3634deeb27f7d35e42e1ae0 (127.13.198.195). New cstate: current_term: 1 leader_uuid: "12721501c3634deeb27f7d35e42e1ae0" committed_config { opid_index: -1 OBSOLETE_local: false peers { permanent_uuid: "8be822331dda4f738662028fca52b365" member_type: VOTER last_known_addr { host: "127.13.198.193" port: 44819 } health_report { overall_health: UNKNOWN } } peers { permanent_uuid: "4e35c0daac8949f3b3347ec1f7296770" member_type: VOTER last_known_addr { host: "127.13.198.194" port: 39827 } health_report { overall_health: UNKNOWN } } peers { permanent_uuid: "12721501c3634deeb27f7d35e42e1ae0" member_type: VOTER last_known_addr { host: "127.13.198.195" port: 43443 } health_report { overall_health: HEALTHY } } }
I20260709 13:02:32.041770 15727 raft_consensus.cc:2749] T 90669ff8063744c68a0a1761f74ffac4 P 4e35c0daac8949f3b3347ec1f7296770 [term 1 FOLLOWER]: Leader pre-election lost for term 1. Reason: could not achieve majority
I20260709 13:02:32.046257 15432 tablet_bootstrap.cc:492] T 1984428f0e74491a9a3dfb9e620a915b P 8be822331dda4f738662028fca52b365: Bootstrap starting.
W20260709 13:02:32.048343 15206 outbound_call.cc:321] RPC callback for RPC call kudu.consensus.ConsensusService.UpdateConsensus -> {remote=127.13.198.195:43443, user_credentials={real_user=slave}} blocked reactor thread for 77863.3us
I20260709 13:02:32.049978 15433 tablet_bootstrap.cc:492] T 349d5af175dd4a2696b19a6f787c0bbc P 12721501c3634deeb27f7d35e42e1ae0: Bootstrap starting.
W20260709 13:02:32.078395 15356 outbound_call.cc:321] RPC callback for RPC call kudu.consensus.ConsensusService.UpdateConsensus -> {remote=127.13.198.194:39827, user_credentials={real_user=slave}} blocked reactor thread for 97199.2us
W20260709 13:02:32.079205 15281 leader_election.cc:343] T 1cf3c42125bd4c71a3c57a871db6a934 P 4e35c0daac8949f3b3347ec1f7296770 [CANDIDATE]: Term 1 election: Tablet error from VoteRequest() call to peer 12721501c3634deeb27f7d35e42e1ae0 (127.13.198.195:43443): Illegal state: must be running to vote when last-logged opid is not known
W20260709 13:02:32.080683 15281 consensus_peers.cc:597] T 811e676ba0c74fd4a9552fad4110fe6c P 4e35c0daac8949f3b3347ec1f7296770 -> Peer 8be822331dda4f738662028fca52b365 (127.13.198.193:44819): Couldn't send request to peer 8be822331dda4f738662028fca52b365. Error code: TABLET_NOT_RUNNING (12). Status: Illegal state: Tablet not RUNNING: BOOTSTRAPPING. This is attempt 1: this message will repeat every 5th retry.
I20260709 13:02:32.089895 15240 tablet_service.cc:1917] Received RequestConsensusVote() RPC: tablet_id: "da5ae7e625424fbc8ab18023312ee570" candidate_uuid: "4e35c0daac8949f3b3347ec1f7296770" candidate_term: 1 candidate_status { last_received { term: 0 index: 0 } } ignore_live_leader: false dest_uuid: "8be822331dda4f738662028fca52b365" is_pre_election: true
W20260709 13:02:32.092024 15356 leader_election.cc:343] T 1984428f0e74491a9a3dfb9e620a915b P 12721501c3634deeb27f7d35e42e1ae0 [CANDIDATE]: Term 1 pre-election: Tablet error from VoteRequest() call to peer 4e35c0daac8949f3b3347ec1f7296770 (127.13.198.194:39827): Illegal state: must be running to vote when last-logged opid is not known
I20260709 13:02:32.083290 15655 raft_consensus.cc:493] T 1334688e1af04bb189e75d8447aedc7f P 12721501c3634deeb27f7d35e42e1ae0 [term 0 FOLLOWER]: Starting pre-election (no leader contacted us within the election timeout)
I20260709 13:02:32.094058 15356 leader_election.cc:304] T 1984428f0e74491a9a3dfb9e620a915b P 12721501c3634deeb27f7d35e42e1ae0 [CANDIDATE]: Term 1 pre-election: Election decided. Result: candidate lost. Election summary: received 3 responses out of 3 voters: 1 yes votes; 2 no votes. yes voters: 12721501c3634deeb27f7d35e42e1ae0; no voters: 4e35c0daac8949f3b3347ec1f7296770, 8be822331dda4f738662028fca52b365
W20260709 13:02:32.097761 15356 leader_election.cc:343] T 3156e26adc9946959a38a272d8355b2b P 12721501c3634deeb27f7d35e42e1ae0 [CANDIDATE]: Term 1 pre-election: Tablet error from VoteRequest() call to peer 4e35c0daac8949f3b3347ec1f7296770 (127.13.198.194:39827): Illegal state: must be running to vote when last-logged opid is not known
I20260709 13:02:32.098335 15356 leader_election.cc:304] T 3156e26adc9946959a38a272d8355b2b P 12721501c3634deeb27f7d35e42e1ae0 [CANDIDATE]: Term 1 pre-election: Election decided. Result: candidate lost. Election summary: received 3 responses out of 3 voters: 1 yes votes; 2 no votes. yes voters: 12721501c3634deeb27f7d35e42e1ae0; no voters: 4e35c0daac8949f3b3347ec1f7296770, 8be822331dda4f738662028fca52b365
W20260709 13:02:32.104844 15356 leader_election.cc:343] T 81edff088e7a427d92e3c872f77ba09f P 12721501c3634deeb27f7d35e42e1ae0 [CANDIDATE]: Term 1 pre-election: Tablet error from VoteRequest() call to peer 4e35c0daac8949f3b3347ec1f7296770 (127.13.198.194:39827): Illegal state: must be running to vote when last-logged opid is not known
I20260709 13:02:32.105262 15356 leader_election.cc:304] T 81edff088e7a427d92e3c872f77ba09f P 12721501c3634deeb27f7d35e42e1ae0 [CANDIDATE]: Term 1 pre-election: Election decided. Result: candidate lost. Election summary: received 3 responses out of 3 voters: 1 yes votes; 2 no votes. yes voters: 12721501c3634deeb27f7d35e42e1ae0; no voters: 4e35c0daac8949f3b3347ec1f7296770, 8be822331dda4f738662028fca52b365
I20260709 13:02:32.106132 15601 raft_consensus.cc:2749] T 3156e26adc9946959a38a272d8355b2b P 12721501c3634deeb27f7d35e42e1ae0 [term 0 FOLLOWER]: Leader pre-election lost for term 1. Reason: could not achieve majority
W20260709 13:02:32.106576 15189 auto_rebalancer.cc:288] Could not retrieve cluster info: Service unavailable: Tablet not running
I20260709 13:02:32.106696 15601 raft_consensus.cc:2749] T 81edff088e7a427d92e3c872f77ba09f P 12721501c3634deeb27f7d35e42e1ae0 [term 0 FOLLOWER]: Leader pre-election lost for term 1. Reason: could not achieve majority
W20260709 13:02:32.108182 15281 leader_election.cc:343] T da5ae7e625424fbc8ab18023312ee570 P 4e35c0daac8949f3b3347ec1f7296770 [CANDIDATE]: Term 1 pre-election: Tablet error from VoteRequest() call to peer 8be822331dda4f738662028fca52b365 (127.13.198.193:44819): Illegal state: must be running to vote when last-logged opid is not known
I20260709 13:02:32.104368 15723 raft_consensus.cc:2749] T 1984428f0e74491a9a3dfb9e620a915b P 12721501c3634deeb27f7d35e42e1ae0 [term 0 FOLLOWER]: Leader pre-election lost for term 1. Reason: could not achieve majority
I20260709 13:02:32.091463 15733 consensus_queue.cc:1048] T db6dde2de65e453ab4fdad75d40a5539 P 4e35c0daac8949f3b3347ec1f7296770 [LEADER]: Connected to new peer: Peer: permanent_uuid: "12721501c3634deeb27f7d35e42e1ae0" member_type: VOTER last_known_addr { host: "127.13.198.195" port: 43443 }, Status: LMP_MISMATCH, Last received: 0.0, Next index: 1, Last known committed idx: 0, Time since last communication: 0.026s
I20260709 13:02:32.122376 15138 catalog_manager.cc:5697] T 1cf3c42125bd4c71a3c57a871db6a934 P 4e35c0daac8949f3b3347ec1f7296770 reported cstate change: term changed from 0 to 1, leader changed from <none> to 4e35c0daac8949f3b3347ec1f7296770 (127.13.198.194). New cstate: current_term: 1 leader_uuid: "4e35c0daac8949f3b3347ec1f7296770" committed_config { opid_index: -1 OBSOLETE_local: false peers { permanent_uuid: "8be822331dda4f738662028fca52b365" member_type: VOTER last_known_addr { host: "127.13.198.193" port: 44819 } health_report { overall_health: UNKNOWN } } peers { permanent_uuid: "4e35c0daac8949f3b3347ec1f7296770" member_type: VOTER last_known_addr { host: "127.13.198.194" port: 39827 } health_report { overall_health: HEALTHY } } peers { permanent_uuid: "12721501c3634deeb27f7d35e42e1ae0" member_type: VOTER last_known_addr { host: "127.13.198.195" port: 43443 } health_report { overall_health: UNKNOWN } } }
I20260709 13:02:32.096797 15655 raft_consensus.cc:515] T 1334688e1af04bb189e75d8447aedc7f P 12721501c3634deeb27f7d35e42e1ae0 [term 0 FOLLOWER]: Starting pre-election with config: opid_index: -1 OBSOLETE_local: false peers { permanent_uuid: "8be822331dda4f738662028fca52b365" member_type: VOTER last_known_addr { host: "127.13.198.193" port: 44819 } } peers { permanent_uuid: "4e35c0daac8949f3b3347ec1f7296770" member_type: VOTER last_known_addr { host: "127.13.198.194" port: 39827 } } peers { permanent_uuid: "12721501c3634deeb27f7d35e42e1ae0" member_type: VOTER last_known_addr { host: "127.13.198.195" port: 43443 } }
I20260709 13:02:32.136906 15387 tablet_service.cc:1917] Received RequestConsensusVote() RPC: tablet_id: "da5ae7e625424fbc8ab18023312ee570" candidate_uuid: "4e35c0daac8949f3b3347ec1f7296770" candidate_term: 1 candidate_status { last_received { term: 0 index: 0 } } ignore_live_leader: false dest_uuid: "12721501c3634deeb27f7d35e42e1ae0" is_pre_election: true
I20260709 13:02:32.137586 15387 raft_consensus.cc:2468] T da5ae7e625424fbc8ab18023312ee570 P 12721501c3634deeb27f7d35e42e1ae0 [term 0 FOLLOWER]: Leader pre-election vote request: Granting yes vote for candidate 4e35c0daac8949f3b3347ec1f7296770 in term 0.
I20260709 13:02:32.119724 15488 consensus_queue.cc:1048] T 90669ff8063744c68a0a1761f74ffac4 P 12721501c3634deeb27f7d35e42e1ae0 [LEADER]: Connected to new peer: Peer: permanent_uuid: "4e35c0daac8949f3b3347ec1f7296770" member_type: VOTER last_known_addr { host: "127.13.198.194" port: 39827 }, Status: LMP_MISMATCH, Last received: 0.0, Next index: 1, Last known committed idx: 0, Time since last communication: 0.023s
I20260709 13:02:32.162420 15655 leader_election.cc:290] T 1334688e1af04bb189e75d8447aedc7f P 12721501c3634deeb27f7d35e42e1ae0 [CANDIDATE]: Term 1 pre-election: Requested pre-vote from peers 8be822331dda4f738662028fca52b365 (127.13.198.193:44819), 4e35c0daac8949f3b3347ec1f7296770 (127.13.198.194:39827)
I20260709 13:02:32.166112 15240 tablet_service.cc:1917] Received RequestConsensusVote() RPC: tablet_id: "1334688e1af04bb189e75d8447aedc7f" candidate_uuid: "12721501c3634deeb27f7d35e42e1ae0" candidate_term: 1 candidate_status { last_received { term: 0 index: 0 } } ignore_live_leader: false dest_uuid: "8be822331dda4f738662028fca52b365" is_pre_election: true
I20260709 13:02:32.167586 15316 tablet_service.cc:1917] Received RequestConsensusVote() RPC: tablet_id: "1334688e1af04bb189e75d8447aedc7f" candidate_uuid: "12721501c3634deeb27f7d35e42e1ae0" candidate_term: 1 candidate_status { last_received { term: 0 index: 0 } } ignore_live_leader: false dest_uuid: "4e35c0daac8949f3b3347ec1f7296770" is_pre_election: true
W20260709 13:02:32.167802 15355 leader_election.cc:343] T 1334688e1af04bb189e75d8447aedc7f P 12721501c3634deeb27f7d35e42e1ae0 [CANDIDATE]: Term 1 pre-election: Tablet error from VoteRequest() call to peer 8be822331dda4f738662028fca52b365 (127.13.198.193:44819): Illegal state: must be running to vote when last-logged opid is not known
I20260709 13:02:32.168212 15316 raft_consensus.cc:2468] T 1334688e1af04bb189e75d8447aedc7f P 4e35c0daac8949f3b3347ec1f7296770 [term 0 FOLLOWER]: Leader pre-election vote request: Granting yes vote for candidate 12721501c3634deeb27f7d35e42e1ae0 in term 0.
I20260709 13:02:32.169039 15517 consensus_queue.cc:1048] T 832ea5678c3d46e0bbee1b57f3e4e107 P 8be822331dda4f738662028fca52b365 [LEADER]: Connected to new peer: Peer: permanent_uuid: "4e35c0daac8949f3b3347ec1f7296770" member_type: VOTER last_known_addr { host: "127.13.198.194" port: 39827 }, Status: LMP_MISMATCH, Last received: 0.0, Next index: 1, Last known committed idx: 0, Time since last communication: 0.000s
I20260709 13:02:32.165578 15723 consensus_queue.cc:1048] T 90669ff8063744c68a0a1761f74ffac4 P 12721501c3634deeb27f7d35e42e1ae0 [LEADER]: Connected to new peer: Peer: permanent_uuid: "8be822331dda4f738662028fca52b365" member_type: VOTER last_known_addr { host: "127.13.198.193" port: 44819 }, Status: LMP_MISMATCH, Last received: 0.0, Next index: 1, Last known committed idx: 0, Time since last communication: 0.005s
I20260709 13:02:32.171607 15724 raft_consensus.cc:493] T db528b2d47c44b7bb5c03bd2f7035c2c P 12721501c3634deeb27f7d35e42e1ae0 [term 2 FOLLOWER]: Starting pre-election (no leader contacted us within the election timeout)
I20260709 13:02:32.172052 15724 raft_consensus.cc:515] T db528b2d47c44b7bb5c03bd2f7035c2c P 12721501c3634deeb27f7d35e42e1ae0 [term 2 FOLLOWER]: Starting pre-election with config: opid_index: -1 OBSOLETE_local: false peers { permanent_uuid: "8be822331dda4f738662028fca52b365" member_type: VOTER last_known_addr { host: "127.13.198.193" port: 44819 } } peers { permanent_uuid: "4e35c0daac8949f3b3347ec1f7296770" member_type: VOTER last_known_addr { host: "127.13.198.194" port: 39827 } } peers { permanent_uuid: "12721501c3634deeb27f7d35e42e1ae0" member_type: VOTER last_known_addr { host: "127.13.198.195" port: 43443 } }
I20260709 13:02:32.174134 15724 leader_election.cc:290] T db528b2d47c44b7bb5c03bd2f7035c2c P 12721501c3634deeb27f7d35e42e1ae0 [CANDIDATE]: Term 3 pre-election: Requested pre-vote from peers 8be822331dda4f738662028fca52b365 (127.13.198.193:44819), 4e35c0daac8949f3b3347ec1f7296770 (127.13.198.194:39827)
I20260709 13:02:32.175400 15356 leader_election.cc:304] T 1334688e1af04bb189e75d8447aedc7f P 12721501c3634deeb27f7d35e42e1ae0 [CANDIDATE]: Term 1 pre-election: Election decided. Result: candidate won. Election summary: received 3 responses out of 3 voters: 2 yes votes; 1 no votes. yes voters: 12721501c3634deeb27f7d35e42e1ae0, 4e35c0daac8949f3b3347ec1f7296770; no voters: 8be822331dda4f738662028fca52b365
I20260709 13:02:32.175556 15281 leader_election.cc:304] T da5ae7e625424fbc8ab18023312ee570 P 4e35c0daac8949f3b3347ec1f7296770 [CANDIDATE]: Term 1 pre-election: Election decided. Result: candidate won. Election summary: received 3 responses out of 3 voters: 2 yes votes; 1 no votes. yes voters: 12721501c3634deeb27f7d35e42e1ae0, 4e35c0daac8949f3b3347ec1f7296770; no voters: 8be822331dda4f738662028fca52b365
I20260709 13:02:32.176774 15485 raft_consensus.cc:2804] T da5ae7e625424fbc8ab18023312ee570 P 4e35c0daac8949f3b3347ec1f7296770 [term 0 FOLLOWER]: Leader pre-election won for term 1
I20260709 13:02:32.177110 15485 raft_consensus.cc:493] T da5ae7e625424fbc8ab18023312ee570 P 4e35c0daac8949f3b3347ec1f7296770 [term 0 FOLLOWER]: Starting leader election (no leader contacted us within the election timeout)
I20260709 13:02:32.177412 15485 raft_consensus.cc:3060] T da5ae7e625424fbc8ab18023312ee570 P 4e35c0daac8949f3b3347ec1f7296770 [term 0 FOLLOWER]: Advancing to term 1
I20260709 13:02:32.180095 15724 raft_consensus.cc:2804] T 1334688e1af04bb189e75d8447aedc7f P 12721501c3634deeb27f7d35e42e1ae0 [term 0 FOLLOWER]: Leader pre-election won for term 1
I20260709 13:02:32.180236 15239 tablet_service.cc:1917] Received RequestConsensusVote() RPC: tablet_id: "db528b2d47c44b7bb5c03bd2f7035c2c" candidate_uuid: "12721501c3634deeb27f7d35e42e1ae0" candidate_term: 3 candidate_status { last_received { term: 1 index: 1 } } ignore_live_leader: false dest_uuid: "8be822331dda4f738662028fca52b365" is_pre_election: true
I20260709 13:02:32.180509 15724 raft_consensus.cc:493] T 1334688e1af04bb189e75d8447aedc7f P 12721501c3634deeb27f7d35e42e1ae0 [term 0 FOLLOWER]: Starting leader election (no leader contacted us within the election timeout)
I20260709 13:02:32.180884 15724 raft_consensus.cc:3060] T 1334688e1af04bb189e75d8447aedc7f P 12721501c3634deeb27f7d35e42e1ae0 [term 0 FOLLOWER]: Advancing to term 1
I20260709 13:02:32.182714 15316 tablet_service.cc:1917] Received RequestConsensusVote() RPC: tablet_id: "db528b2d47c44b7bb5c03bd2f7035c2c" candidate_uuid: "12721501c3634deeb27f7d35e42e1ae0" candidate_term: 3 candidate_status { last_received { term: 1 index: 1 } } ignore_live_leader: false dest_uuid: "4e35c0daac8949f3b3347ec1f7296770" is_pre_election: true
I20260709 13:02:32.180886 15239 raft_consensus.cc:2468] T db528b2d47c44b7bb5c03bd2f7035c2c P 8be822331dda4f738662028fca52b365 [term 2 FOLLOWER]: Leader pre-election vote request: Granting yes vote for candidate 12721501c3634deeb27f7d35e42e1ae0 in term 2.
I20260709 13:02:32.183821 15733 consensus_queue.cc:1048] T 811e676ba0c74fd4a9552fad4110fe6c P 4e35c0daac8949f3b3347ec1f7296770 [LEADER]: Connected to new peer: Peer: permanent_uuid: "12721501c3634deeb27f7d35e42e1ae0" member_type: VOTER last_known_addr { host: "127.13.198.195" port: 43443 }, Status: LMP_MISMATCH, Last received: 0.0, Next index: 1, Last known committed idx: 0, Time since last communication: 0.011s
I20260709 13:02:32.207980 15671 raft_consensus.cc:493] T db528b2d47c44b7bb5c03bd2f7035c2c P 4e35c0daac8949f3b3347ec1f7296770 [term 1 FOLLOWER]: Starting pre-election (detected failure of leader 12721501c3634deeb27f7d35e42e1ae0)
I20260709 13:02:32.226994 15671 raft_consensus.cc:515] T db528b2d47c44b7bb5c03bd2f7035c2c P 4e35c0daac8949f3b3347ec1f7296770 [term 1 FOLLOWER]: Starting pre-election with config: opid_index: -1 OBSOLETE_local: false peers { permanent_uuid: "8be822331dda4f738662028fca52b365" member_type: VOTER last_known_addr { host: "127.13.198.193" port: 44819 } } peers { permanent_uuid: "4e35c0daac8949f3b3347ec1f7296770" member_type: VOTER last_known_addr { host: "127.13.198.194" port: 39827 } } peers { permanent_uuid: "12721501c3634deeb27f7d35e42e1ae0" member_type: VOTER last_known_addr { host: "127.13.198.195" port: 43443 } }
I20260709 13:02:32.229691 15671 leader_election.cc:290] T db528b2d47c44b7bb5c03bd2f7035c2c P 4e35c0daac8949f3b3347ec1f7296770 [CANDIDATE]: Term 2 pre-election: Requested pre-vote from peers 8be822331dda4f738662028fca52b365 (127.13.198.193:44819), 12721501c3634deeb27f7d35e42e1ae0 (127.13.198.195:43443)
I20260709 13:02:32.234797 15242 tablet_service.cc:1917] Received RequestConsensusVote() RPC: tablet_id: "db528b2d47c44b7bb5c03bd2f7035c2c" candidate_uuid: "4e35c0daac8949f3b3347ec1f7296770" candidate_term: 2 candidate_status { last_received { term: 1 index: 1 } } ignore_live_leader: false dest_uuid: "8be822331dda4f738662028fca52b365" is_pre_election: true
I20260709 13:02:32.235589 15242 raft_consensus.cc:2393] T db528b2d47c44b7bb5c03bd2f7035c2c P 8be822331dda4f738662028fca52b365 [term 2 FOLLOWER]: Leader pre-election vote request: Denying vote to candidate 4e35c0daac8949f3b3347ec1f7296770 in current term 2: Already voted for candidate 8be822331dda4f738662028fca52b365 in this term.
I20260709 13:02:32.216507 15485 raft_consensus.cc:515] T da5ae7e625424fbc8ab18023312ee570 P 4e35c0daac8949f3b3347ec1f7296770 [term 1 FOLLOWER]: Starting leader election with config: opid_index: -1 OBSOLETE_local: false peers { permanent_uuid: "8be822331dda4f738662028fca52b365" member_type: VOTER last_known_addr { host: "127.13.198.193" port: 44819 } } peers { permanent_uuid: "4e35c0daac8949f3b3347ec1f7296770" member_type: VOTER last_known_addr { host: "127.13.198.194" port: 39827 } } peers { permanent_uuid: "12721501c3634deeb27f7d35e42e1ae0" member_type: VOTER last_known_addr { host: "127.13.198.195" port: 43443 } }
I20260709 13:02:32.242421 15655 raft_consensus.cc:493] T bed7922c1df743ce92a85dea122e9f6b P 12721501c3634deeb27f7d35e42e1ae0 [term 0 FOLLOWER]: Starting pre-election (no leader contacted us within the election timeout)
I20260709 13:02:32.243269 15355 leader_election.cc:304] T db528b2d47c44b7bb5c03bd2f7035c2c P 12721501c3634deeb27f7d35e42e1ae0 [CANDIDATE]: Term 3 pre-election: Election decided. Result: candidate won. Election summary: received 3 responses out of 3 voters: 2 yes votes; 1 no votes. yes voters: 12721501c3634deeb27f7d35e42e1ae0, 8be822331dda4f738662028fca52b365; no voters: 4e35c0daac8949f3b3347ec1f7296770
I20260709 13:02:32.262948 15389 tablet_service.cc:1917] Received RequestConsensusVote() RPC: tablet_id: "db528b2d47c44b7bb5c03bd2f7035c2c" candidate_uuid: "4e35c0daac8949f3b3347ec1f7296770" candidate_term: 2 candidate_status { last_received { term: 1 index: 1 } } ignore_live_leader: false dest_uuid: "12721501c3634deeb27f7d35e42e1ae0" is_pre_election: true
I20260709 13:02:32.264887 15601 raft_consensus.cc:2804] T db528b2d47c44b7bb5c03bd2f7035c2c P 12721501c3634deeb27f7d35e42e1ae0 [term 2 FOLLOWER]: Leader pre-election won for term 3
I20260709 13:02:32.265281 15601 raft_consensus.cc:493] T db528b2d47c44b7bb5c03bd2f7035c2c P 12721501c3634deeb27f7d35e42e1ae0 [term 2 FOLLOWER]: Starting leader election (no leader contacted us within the election timeout)
I20260709 13:02:32.265604 15601 raft_consensus.cc:3060] T db528b2d47c44b7bb5c03bd2f7035c2c P 12721501c3634deeb27f7d35e42e1ae0 [term 2 FOLLOWER]: Advancing to term 3
I20260709 13:02:32.299785 15485 leader_election.cc:290] T da5ae7e625424fbc8ab18023312ee570 P 4e35c0daac8949f3b3347ec1f7296770 [CANDIDATE]: Term 1 election: Requested vote from peers 8be822331dda4f738662028fca52b365 (127.13.198.193:44819), 12721501c3634deeb27f7d35e42e1ae0 (127.13.198.195:43443)
I20260709 13:02:32.307090 15239 tablet_service.cc:1917] Received RequestConsensusVote() RPC: tablet_id: "da5ae7e625424fbc8ab18023312ee570" candidate_uuid: "4e35c0daac8949f3b3347ec1f7296770" candidate_term: 1 candidate_status { last_received { term: 0 index: 0 } } ignore_live_leader: false dest_uuid: "8be822331dda4f738662028fca52b365"
I20260709 13:02:32.311257 15434 tablet_bootstrap.cc:654] T bed7922c1df743ce92a85dea122e9f6b P 4e35c0daac8949f3b3347ec1f7296770: Neither blocks nor log segments found. Creating new log.
I20260709 13:02:32.249747 15655 raft_consensus.cc:515] T bed7922c1df743ce92a85dea122e9f6b P 12721501c3634deeb27f7d35e42e1ae0 [term 0 FOLLOWER]: Starting pre-election with config: opid_index: -1 OBSOLETE_local: false peers { permanent_uuid: "8be822331dda4f738662028fca52b365" member_type: VOTER last_known_addr { host: "127.13.198.193" port: 44819 } } peers { permanent_uuid: "4e35c0daac8949f3b3347ec1f7296770" member_type: VOTER last_known_addr { host: "127.13.198.194" port: 39827 } } peers { permanent_uuid: "12721501c3634deeb27f7d35e42e1ae0" member_type: VOTER last_known_addr { host: "127.13.198.195" port: 43443 } }
W20260709 13:02:32.314004 15281 leader_election.cc:343] T da5ae7e625424fbc8ab18023312ee570 P 4e35c0daac8949f3b3347ec1f7296770 [CANDIDATE]: Term 1 election: Tablet error from VoteRequest() call to peer 8be822331dda4f738662028fca52b365 (127.13.198.193:44819): Illegal state: must be running to vote when last-logged opid is not known
I20260709 13:02:32.315676 15391 tablet_service.cc:1917] Received RequestConsensusVote() RPC: tablet_id: "da5ae7e625424fbc8ab18023312ee570" candidate_uuid: "4e35c0daac8949f3b3347ec1f7296770" candidate_term: 1 candidate_status { last_received { term: 0 index: 0 } } ignore_live_leader: false dest_uuid: "12721501c3634deeb27f7d35e42e1ae0"
I20260709 13:02:32.316309 15391 raft_consensus.cc:3060] T da5ae7e625424fbc8ab18023312ee570 P 12721501c3634deeb27f7d35e42e1ae0 [term 0 FOLLOWER]: Advancing to term 1
W20260709 13:02:32.319123 15740 log.cc:927] Time spent T 34df68f6a10044efa3fba6122a0e0663 P 12721501c3634deeb27f7d35e42e1ae0: Append to log took a long time: real 0.058s	user 0.000s	sys 0.001s
I20260709 13:02:32.340706 15647 raft_consensus.cc:493] T 811e676ba0c74fd4a9552fad4110fe6c P 8be822331dda4f738662028fca52b365 [term 0 FOLLOWER]: Starting pre-election (no leader contacted us within the election timeout)
I20260709 13:02:32.385310 15433 tablet_bootstrap.cc:654] T 349d5af175dd4a2696b19a6f787c0bbc P 12721501c3634deeb27f7d35e42e1ae0: Neither blocks nor log segments found. Creating new log.
I20260709 13:02:32.385948 15647 raft_consensus.cc:515] T 811e676ba0c74fd4a9552fad4110fe6c P 8be822331dda4f738662028fca52b365 [term 0 FOLLOWER]: Starting pre-election with config: opid_index: -1 OBSOLETE_local: false peers { permanent_uuid: "8be822331dda4f738662028fca52b365" member_type: VOTER last_known_addr { host: "127.13.198.193" port: 44819 } } peers { permanent_uuid: "4e35c0daac8949f3b3347ec1f7296770" member_type: VOTER last_known_addr { host: "127.13.198.194" port: 39827 } } peers { permanent_uuid: "12721501c3634deeb27f7d35e42e1ae0" member_type: VOTER last_known_addr { host: "127.13.198.195" port: 43443 } }
I20260709 13:02:32.389024 15647 leader_election.cc:290] T 811e676ba0c74fd4a9552fad4110fe6c P 8be822331dda4f738662028fca52b365 [CANDIDATE]: Term 1 pre-election: Requested pre-vote from peers 4e35c0daac8949f3b3347ec1f7296770 (127.13.198.194:39827), 12721501c3634deeb27f7d35e42e1ae0 (127.13.198.195:43443)
I20260709 13:02:32.391497 15601 raft_consensus.cc:515] T db528b2d47c44b7bb5c03bd2f7035c2c P 12721501c3634deeb27f7d35e42e1ae0 [term 3 FOLLOWER]: Starting leader election with config: opid_index: -1 OBSOLETE_local: false peers { permanent_uuid: "8be822331dda4f738662028fca52b365" member_type: VOTER last_known_addr { host: "127.13.198.193" port: 44819 } } peers { permanent_uuid: "4e35c0daac8949f3b3347ec1f7296770" member_type: VOTER last_known_addr { host: "127.13.198.194" port: 39827 } } peers { permanent_uuid: "12721501c3634deeb27f7d35e42e1ae0" member_type: VOTER last_known_addr { host: "127.13.198.195" port: 43443 } }
I20260709 13:02:32.392890 15389 raft_consensus.cc:2368] T db528b2d47c44b7bb5c03bd2f7035c2c P 12721501c3634deeb27f7d35e42e1ae0 [term 3 FOLLOWER]: Leader pre-election vote request: Denying vote to candidate 4e35c0daac8949f3b3347ec1f7296770 for earlier term 2. Current term is 3.
I20260709 13:02:32.397121 15432 tablet_bootstrap.cc:654] T 1984428f0e74491a9a3dfb9e620a915b P 8be822331dda4f738662028fca52b365: Neither blocks nor log segments found. Creating new log.
I20260709 13:02:32.396915 15239 tablet_service.cc:1917] Received RequestConsensusVote() RPC: tablet_id: "bed7922c1df743ce92a85dea122e9f6b" candidate_uuid: "12721501c3634deeb27f7d35e42e1ae0" candidate_term: 1 candidate_status { last_received { term: 0 index: 0 } } ignore_live_leader: false dest_uuid: "8be822331dda4f738662028fca52b365" is_pre_election: true
I20260709 13:02:32.397285 15389 tablet_service.cc:1917] Received RequestConsensusVote() RPC: tablet_id: "811e676ba0c74fd4a9552fad4110fe6c" candidate_uuid: "8be822331dda4f738662028fca52b365" candidate_term: 1 candidate_status { last_received { term: 0 index: 0 } } ignore_live_leader: false dest_uuid: "12721501c3634deeb27f7d35e42e1ae0" is_pre_election: true
I20260709 13:02:32.396900 15724 raft_consensus.cc:515] T 1334688e1af04bb189e75d8447aedc7f P 12721501c3634deeb27f7d35e42e1ae0 [term 1 FOLLOWER]: Starting leader election with config: opid_index: -1 OBSOLETE_local: false peers { permanent_uuid: "8be822331dda4f738662028fca52b365" member_type: VOTER last_known_addr { host: "127.13.198.193" port: 44819 } } peers { permanent_uuid: "4e35c0daac8949f3b3347ec1f7296770" member_type: VOTER last_known_addr { host: "127.13.198.194" port: 39827 } } peers { permanent_uuid: "12721501c3634deeb27f7d35e42e1ae0" member_type: VOTER last_known_addr { host: "127.13.198.195" port: 43443 } }
I20260709 13:02:32.400929 15655 leader_election.cc:290] T bed7922c1df743ce92a85dea122e9f6b P 12721501c3634deeb27f7d35e42e1ae0 [CANDIDATE]: Term 1 pre-election: Requested pre-vote from peers 8be822331dda4f738662028fca52b365 (127.13.198.193:44819), 4e35c0daac8949f3b3347ec1f7296770 (127.13.198.194:39827)
I20260709 13:02:32.406699 15391 raft_consensus.cc:2468] T da5ae7e625424fbc8ab18023312ee570 P 12721501c3634deeb27f7d35e42e1ae0 [term 1 FOLLOWER]: Leader election vote request: Granting yes vote for candidate 4e35c0daac8949f3b3347ec1f7296770 in term 1.
I20260709 13:02:32.411818 15317 tablet_service.cc:1917] Received RequestConsensusVote() RPC: tablet_id: "db528b2d47c44b7bb5c03bd2f7035c2c" candidate_uuid: "12721501c3634deeb27f7d35e42e1ae0" candidate_term: 3 candidate_status { last_received { term: 1 index: 1 } } ignore_live_leader: false dest_uuid: "4e35c0daac8949f3b3347ec1f7296770"
I20260709 13:02:32.428308 15317 raft_consensus.cc:3060] T db528b2d47c44b7bb5c03bd2f7035c2c P 4e35c0daac8949f3b3347ec1f7296770 [term 1 FOLLOWER]: Advancing to term 3
I20260709 13:02:32.414000 15433 tablet_bootstrap.cc:492] T 349d5af175dd4a2696b19a6f787c0bbc P 12721501c3634deeb27f7d35e42e1ae0: No bootstrap required, opened a new log
I20260709 13:02:32.431701 15433 ts_tablet_manager.cc:1403] T 349d5af175dd4a2696b19a6f787c0bbc P 12721501c3634deeb27f7d35e42e1ae0: Time spent bootstrapping tablet: real 0.386s	user 0.036s	sys 0.038s
I20260709 13:02:32.431712 15240 tablet_service.cc:1917] Received RequestConsensusVote() RPC: tablet_id: "db528b2d47c44b7bb5c03bd2f7035c2c" candidate_uuid: "12721501c3634deeb27f7d35e42e1ae0" candidate_term: 3 candidate_status { last_received { term: 1 index: 1 } } ignore_live_leader: false dest_uuid: "8be822331dda4f738662028fca52b365"
I20260709 13:02:32.433449 15240 raft_consensus.cc:3060] T db528b2d47c44b7bb5c03bd2f7035c2c P 8be822331dda4f738662028fca52b365 [term 2 FOLLOWER]: Advancing to term 3
I20260709 13:02:32.434536 15433 raft_consensus.cc:359] T 349d5af175dd4a2696b19a6f787c0bbc P 12721501c3634deeb27f7d35e42e1ae0 [term 0 FOLLOWER]: Replica starting. Triggering 0 pending ops. Active config: opid_index: -1 OBSOLETE_local: false peers { permanent_uuid: "8be822331dda4f738662028fca52b365" member_type: VOTER last_known_addr { host: "127.13.198.193" port: 44819 } } peers { permanent_uuid: "4e35c0daac8949f3b3347ec1f7296770" member_type: VOTER last_known_addr { host: "127.13.198.194" port: 39827 } } peers { permanent_uuid: "12721501c3634deeb27f7d35e42e1ae0" member_type: VOTER last_known_addr { host: "127.13.198.195" port: 43443 } }
I20260709 13:02:32.435402 15433 raft_consensus.cc:385] T 349d5af175dd4a2696b19a6f787c0bbc P 12721501c3634deeb27f7d35e42e1ae0 [term 0 FOLLOWER]: Consensus starting up: Expiring failure detector timer to make a prompt election more likely
I20260709 13:02:32.435740 15433 raft_consensus.cc:740] T 349d5af175dd4a2696b19a6f787c0bbc P 12721501c3634deeb27f7d35e42e1ae0 [term 0 FOLLOWER]: Becoming Follower/Learner. State: Replica: 12721501c3634deeb27f7d35e42e1ae0, State: Initialized, Role: FOLLOWER
I20260709 13:02:32.435850 15317 raft_consensus.cc:2468] T db528b2d47c44b7bb5c03bd2f7035c2c P 4e35c0daac8949f3b3347ec1f7296770 [term 3 FOLLOWER]: Leader election vote request: Granting yes vote for candidate 12721501c3634deeb27f7d35e42e1ae0 in term 3.
I20260709 13:02:32.417737 15281 leader_election.cc:400] T db528b2d47c44b7bb5c03bd2f7035c2c P 4e35c0daac8949f3b3347ec1f7296770 [CANDIDATE]: Term 2 pre-election: Vote denied by peer 12721501c3634deeb27f7d35e42e1ae0 (127.13.198.195:43443) with higher term. Message: Invalid argument: T db528b2d47c44b7bb5c03bd2f7035c2c P 12721501c3634deeb27f7d35e42e1ae0 [term 3 FOLLOWER]: Leader pre-election vote request: Denying vote to candidate 4e35c0daac8949f3b3347ec1f7296770 for earlier term 2. Current term is 3.
I20260709 13:02:32.420581 15315 tablet_service.cc:1917] Received RequestConsensusVote() RPC: tablet_id: "bed7922c1df743ce92a85dea122e9f6b" candidate_uuid: "12721501c3634deeb27f7d35e42e1ae0" candidate_term: 1 candidate_status { last_received { term: 0 index: 0 } } ignore_live_leader: false dest_uuid: "4e35c0daac8949f3b3347ec1f7296770" is_pre_election: true
I20260709 13:02:32.421877 15318 tablet_service.cc:1917] Received RequestConsensusVote() RPC: tablet_id: "1334688e1af04bb189e75d8447aedc7f" candidate_uuid: "12721501c3634deeb27f7d35e42e1ae0" candidate_term: 1 candidate_status { last_received { term: 0 index: 0 } } ignore_live_leader: false dest_uuid: "4e35c0daac8949f3b3347ec1f7296770"
I20260709 13:02:32.436558 15433 consensus_queue.cc:260] T 349d5af175dd4a2696b19a6f787c0bbc P 12721501c3634deeb27f7d35e42e1ae0 [NON_LEADER]: Queue going to NON_LEADER mode. State: All replicated index: 0, Majority replicated index: 0, Committed index: 0, Last appended: 0.0, Last appended by leader: 0, Current term: 0, Majority size: -1, State: 0, Mode: NON_LEADER, active raft config: opid_index: -1 OBSOLETE_local: false peers { permanent_uuid: "8be822331dda4f738662028fca52b365" member_type: VOTER last_known_addr { host: "127.13.198.193" port: 44819 } } peers { permanent_uuid: "4e35c0daac8949f3b3347ec1f7296770" member_type: VOTER last_known_addr { host: "127.13.198.194" port: 39827 } } peers { permanent_uuid: "12721501c3634deeb27f7d35e42e1ae0" member_type: VOTER last_known_addr { host: "127.13.198.195" port: 43443 } }
I20260709 13:02:32.437415 15318 raft_consensus.cc:3060] T 1334688e1af04bb189e75d8447aedc7f P 4e35c0daac8949f3b3347ec1f7296770 [term 0 FOLLOWER]: Advancing to term 1
I20260709 13:02:32.439842 15433 ts_tablet_manager.cc:1434] T 349d5af175dd4a2696b19a6f787c0bbc P 12721501c3634deeb27f7d35e42e1ae0: Time spent starting tablet: real 0.008s	user 0.006s	sys 0.000s
I20260709 13:02:32.441159 15433 tablet_bootstrap.cc:492] T 37d192dfc00849318c10b89ce9dc28c8 P 12721501c3634deeb27f7d35e42e1ae0: Bootstrap starting.
I20260709 13:02:32.444293 15318 raft_consensus.cc:2468] T 1334688e1af04bb189e75d8447aedc7f P 4e35c0daac8949f3b3347ec1f7296770 [term 1 FOLLOWER]: Leader election vote request: Granting yes vote for candidate 12721501c3634deeb27f7d35e42e1ae0 in term 1.
I20260709 13:02:32.445710 15240 raft_consensus.cc:2468] T db528b2d47c44b7bb5c03bd2f7035c2c P 8be822331dda4f738662028fca52b365 [term 3 FOLLOWER]: Leader election vote request: Granting yes vote for candidate 12721501c3634deeb27f7d35e42e1ae0 in term 3.
I20260709 13:02:32.424239 15601 leader_election.cc:290] T db528b2d47c44b7bb5c03bd2f7035c2c P 12721501c3634deeb27f7d35e42e1ae0 [CANDIDATE]: Term 3 election: Requested vote from peers 8be822331dda4f738662028fca52b365 (127.13.198.193:44819), 4e35c0daac8949f3b3347ec1f7296770 (127.13.198.194:39827)
I20260709 13:02:32.425670 15434 tablet_bootstrap.cc:492] T bed7922c1df743ce92a85dea122e9f6b P 4e35c0daac8949f3b3347ec1f7296770: No bootstrap required, opened a new log
I20260709 13:02:32.446277 15433 tablet_bootstrap.cc:654] T 37d192dfc00849318c10b89ce9dc28c8 P 12721501c3634deeb27f7d35e42e1ae0: Neither blocks nor log segments found. Creating new log.
I20260709 13:02:32.446377 15434 ts_tablet_manager.cc:1403] T bed7922c1df743ce92a85dea122e9f6b P 4e35c0daac8949f3b3347ec1f7296770: Time spent bootstrapping tablet: real 0.430s	user 0.015s	sys 0.009s
I20260709 13:02:32.446702 15281 leader_election.cc:403] T db528b2d47c44b7bb5c03bd2f7035c2c P 4e35c0daac8949f3b3347ec1f7296770 [CANDIDATE]: Term 2 pre-election: Cancelling election due to peer responding with higher term
I20260709 13:02:32.448113 15671 raft_consensus.cc:2749] T db528b2d47c44b7bb5c03bd2f7035c2c P 4e35c0daac8949f3b3347ec1f7296770 [term 3 FOLLOWER]: Leader pre-election lost for term 2. Reason: Vote denied by peer 12721501c3634deeb27f7d35e42e1ae0 (127.13.198.195:43443) with higher term. Message: Invalid argument: T db528b2d47c44b7bb5c03bd2f7035c2c P 12721501c3634deeb27f7d35e42e1ae0 [term 3 FOLLOWER]: Leader pre-election vote request: Denying vote to candidate 4e35c0daac8949f3b3347ec1f7296770 for earlier term 2. Current term is 3.
I20260709 13:02:32.449486 15356 leader_election.cc:304] T db528b2d47c44b7bb5c03bd2f7035c2c P 12721501c3634deeb27f7d35e42e1ae0 [CANDIDATE]: Term 3 election: Election decided. Result: candidate won. Election summary: received 2 responses out of 3 voters: 2 yes votes; 0 no votes. yes voters: 12721501c3634deeb27f7d35e42e1ae0, 4e35c0daac8949f3b3347ec1f7296770; no voters: 
I20260709 13:02:32.449828 15434 raft_consensus.cc:359] T bed7922c1df743ce92a85dea122e9f6b P 4e35c0daac8949f3b3347ec1f7296770 [term 0 FOLLOWER]: Replica starting. Triggering 0 pending ops. Active config: opid_index: -1 OBSOLETE_local: false peers { permanent_uuid: "8be822331dda4f738662028fca52b365" member_type: VOTER last_known_addr { host: "127.13.198.193" port: 44819 } } peers { permanent_uuid: "4e35c0daac8949f3b3347ec1f7296770" member_type: VOTER last_known_addr { host: "127.13.198.194" port: 39827 } } peers { permanent_uuid: "12721501c3634deeb27f7d35e42e1ae0" member_type: VOTER last_known_addr { host: "127.13.198.195" port: 43443 } }
I20260709 13:02:32.450428 15434 raft_consensus.cc:385] T bed7922c1df743ce92a85dea122e9f6b P 4e35c0daac8949f3b3347ec1f7296770 [term 0 FOLLOWER]: Consensus starting up: Expiring failure detector timer to make a prompt election more likely
I20260709 13:02:32.450754 15434 raft_consensus.cc:740] T bed7922c1df743ce92a85dea122e9f6b P 4e35c0daac8949f3b3347ec1f7296770 [term 0 FOLLOWER]: Becoming Follower/Learner. State: Replica: 4e35c0daac8949f3b3347ec1f7296770, State: Initialized, Role: FOLLOWER
I20260709 13:02:32.450659 15601 raft_consensus.cc:2804] T db528b2d47c44b7bb5c03bd2f7035c2c P 12721501c3634deeb27f7d35e42e1ae0 [term 3 FOLLOWER]: Leader election won for term 3
I20260709 13:02:32.451596 15434 consensus_queue.cc:260] T bed7922c1df743ce92a85dea122e9f6b P 4e35c0daac8949f3b3347ec1f7296770 [NON_LEADER]: Queue going to NON_LEADER mode. State: All replicated index: 0, Majority replicated index: 0, Committed index: 0, Last appended: 0.0, Last appended by leader: 0, Current term: 0, Majority size: -1, State: 0, Mode: NON_LEADER, active raft config: opid_index: -1 OBSOLETE_local: false peers { permanent_uuid: "8be822331dda4f738662028fca52b365" member_type: VOTER last_known_addr { host: "127.13.198.193" port: 44819 } } peers { permanent_uuid: "4e35c0daac8949f3b3347ec1f7296770" member_type: VOTER last_known_addr { host: "127.13.198.194" port: 39827 } } peers { permanent_uuid: "12721501c3634deeb27f7d35e42e1ae0" member_type: VOTER last_known_addr { host: "127.13.198.195" port: 43443 } }
W20260709 13:02:32.452355 15356 leader_election.cc:343] T bed7922c1df743ce92a85dea122e9f6b P 12721501c3634deeb27f7d35e42e1ae0 [CANDIDATE]: Term 1 pre-election: Tablet error from VoteRequest() call to peer 4e35c0daac8949f3b3347ec1f7296770 (127.13.198.194:39827): Illegal state: must be running to vote when last-logged opid is not known
I20260709 13:02:32.453894 15434 ts_tablet_manager.cc:1434] T bed7922c1df743ce92a85dea122e9f6b P 4e35c0daac8949f3b3347ec1f7296770: Time spent starting tablet: real 0.007s	user 0.004s	sys 0.001s
I20260709 13:02:32.454131 15724 leader_election.cc:290] T 1334688e1af04bb189e75d8447aedc7f P 12721501c3634deeb27f7d35e42e1ae0 [CANDIDATE]: Term 1 election: Requested vote from peers 8be822331dda4f738662028fca52b365 (127.13.198.193:44819), 4e35c0daac8949f3b3347ec1f7296770 (127.13.198.194:39827)
I20260709 13:02:32.454685 15434 tablet_bootstrap.cc:492] T 3156e26adc9946959a38a272d8355b2b P 4e35c0daac8949f3b3347ec1f7296770: Bootstrap starting.
I20260709 13:02:32.455538 15243 tablet_service.cc:1917] Received RequestConsensusVote() RPC: tablet_id: "1334688e1af04bb189e75d8447aedc7f" candidate_uuid: "12721501c3634deeb27f7d35e42e1ae0" candidate_term: 1 candidate_status { last_received { term: 0 index: 0 } } ignore_live_leader: false dest_uuid: "8be822331dda4f738662028fca52b365"
