I20260709 13:02:23.345647  8454 raft_consensus.cc:515] T 9bd284916a4743da860a4f1a6a58d5cf P 6bc0441ffeda4771a176b126282623cc [term 0 FOLLOWER]: Starting pre-election with config: opid_index: -1 OBSOLETE_local: false peers { permanent_uuid: "6bc0441ffeda4771a176b126282623cc" member_type: VOTER last_known_addr { host: "127.6.243.1" port: 38783 } } peers { permanent_uuid: "a5a3bcec04c54ad8a71f13f0a84568c2" member_type: VOTER last_known_addr { host: "127.6.243.2" port: 37549 } } peers { permanent_uuid: "9bd42e504d374adc8620896a7c0d54a9" member_type: VOTER last_known_addr { host: "127.6.243.3" port: 33971 } }
I20260709 13:02:23.345739  8430 consensus_queue.cc:260] T 47201301a6e9444eaf101d80ae4b6a33 P a5a3bcec04c54ad8a71f13f0a84568c2 [NON_LEADER]: Queue going to NON_LEADER mode. State: All replicated index: 0, Majority replicated index: 0, Committed index: 0, Last appended: 0.0, Last appended by leader: 0, Current term: 0, Majority size: -1, State: 0, Mode: NON_LEADER, active raft config: opid_index: -1 OBSOLETE_local: false peers { permanent_uuid: "6bc0441ffeda4771a176b126282623cc" member_type: VOTER last_known_addr { host: "127.6.243.1" port: 38783 } } peers { permanent_uuid: "a5a3bcec04c54ad8a71f13f0a84568c2" member_type: VOTER last_known_addr { host: "127.6.243.2" port: 37549 } } peers { permanent_uuid: "9bd42e504d374adc8620896a7c0d54a9" member_type: VOTER last_known_addr { host: "127.6.243.3" port: 33971 } }
I20260709 13:02:23.348703  8315 tablet_service.cc:1917] Received RequestConsensusVote() RPC: tablet_id: "9bd284916a4743da860a4f1a6a58d5cf" candidate_uuid: "6bc0441ffeda4771a176b126282623cc" candidate_term: 1 candidate_status { last_received { term: 0 index: 0 } } ignore_live_leader: false dest_uuid: "a5a3bcec04c54ad8a71f13f0a84568c2" is_pre_election: true
I20260709 13:02:23.349217  8375 data_dirs.cc:400] Could only allocate 1 dirs of requested 3 for tablet fcbc8a81631e4fe4933216d75e5fa4e9. 1 dirs total, 0 dirs full, 0 dirs failed
W20260709 13:02:23.350082  8203 leader_election.cc:343] T 9bd284916a4743da860a4f1a6a58d5cf P 6bc0441ffeda4771a176b126282623cc [CANDIDATE]: Term 1 pre-election: Tablet error from VoteRequest() call to peer a5a3bcec04c54ad8a71f13f0a84568c2 (127.6.243.2:37549): Illegal state: must be running to vote when last-logged opid is not known
I20260709 13:02:23.281078  8371 tablet_service.cc:1511] Processing CreateTablet for tablet 128093e82964487dadb37ed9816a16fc (DEFAULT_TABLE table=test-workload [id=c8ae22a89efc405995171cabec46d8ac]), partition=RANGE (key) PARTITION 1637911215 <= VALUES < 1674309242
I20260709 13:02:23.350111  8373 data_dirs.cc:400] Could only allocate 1 dirs of requested 3 for tablet 2a5012557b0949879533be5e24fb2a84. 1 dirs total, 0 dirs full, 0 dirs failed
I20260709 13:02:23.351091  8430 ts_tablet_manager.cc:1434] T 47201301a6e9444eaf101d80ae4b6a33 P a5a3bcec04c54ad8a71f13f0a84568c2: Time spent starting tablet: real 0.010s	user 0.007s	sys 0.000s
I20260709 13:02:23.351263  8371 data_dirs.cc:400] Could only allocate 1 dirs of requested 3 for tablet 128093e82964487dadb37ed9816a16fc. 1 dirs total, 0 dirs full, 0 dirs failed
I20260709 13:02:23.352165  8431 tablet_bootstrap.cc:492] T d538ffc0e66b402f8cea65e5f873a9a4 P 9bd42e504d374adc8620896a7c0d54a9: Bootstrap starting.
I20260709 13:02:23.278389  8435 raft_consensus.cc:515] T c5b6f18ce216458580a8c0c4143d7a77 P 6bc0441ffeda4771a176b126282623cc [term 1 FOLLOWER]: Starting leader election with config: opid_index: -1 OBSOLETE_local: false peers { permanent_uuid: "6bc0441ffeda4771a176b126282623cc" member_type: VOTER last_known_addr { host: "127.6.243.1" port: 38783 } } peers { permanent_uuid: "a5a3bcec04c54ad8a71f13f0a84568c2" member_type: VOTER last_known_addr { host: "127.6.243.2" port: 37549 } } peers { permanent_uuid: "9bd42e504d374adc8620896a7c0d54a9" member_type: VOTER last_known_addr { host: "127.6.243.3" port: 33971 } }
I20260709 13:02:23.352818  8301 tablet_service.cc:1511] Processing CreateTablet for tablet 128093e82964487dadb37ed9816a16fc (DEFAULT_TABLE table=test-workload [id=c8ae22a89efc405995171cabec46d8ac]), partition=RANGE (key) PARTITION 1637911215 <= VALUES < 1674309242
I20260709 13:02:23.354384  8301 data_dirs.cc:400] Could only allocate 1 dirs of requested 3 for tablet 128093e82964487dadb37ed9816a16fc. 1 dirs total, 0 dirs full, 0 dirs failed
I20260709 13:02:23.372388  8305 tablet_service.cc:1511] Processing CreateTablet for tablet fcbc8a81631e4fe4933216d75e5fa4e9 (DEFAULT_TABLE table=test-workload [id=c8ae22a89efc405995171cabec46d8ac]), partition=RANGE (key) PARTITION 1674309242 <= VALUES < 1710707269
I20260709 13:02:23.373293  8378 tablet_service.cc:1511] Processing CreateTablet for tablet 068a2cada9654fc8b4043988ef5c25e1 (DEFAULT_TABLE table=test-workload [id=c8ae22a89efc405995171cabec46d8ac]), partition=RANGE (key) PARTITION 1747105296 <= VALUES < 1783503323
I20260709 13:02:23.375135  8298 tablet_service.cc:1511] Processing CreateTablet for tablet 2a5012557b0949879533be5e24fb2a84 (DEFAULT_TABLE table=test-workload [id=c8ae22a89efc405995171cabec46d8ac]), partition=RANGE (key) PARTITION 1710707269 <= VALUES < 1747105296
I20260709 13:02:23.376111  8297 tablet_service.cc:1511] Processing CreateTablet for tablet 650c72889b014cafa623f4b3b6c25b43 (DEFAULT_TABLE table=test-workload [id=c8ae22a89efc405995171cabec46d8ac]), partition=RANGE (key) PARTITION 1783503323 <= VALUES < 1819901350
I20260709 13:02:23.377147  8302 tablet_service.cc:1511] Processing CreateTablet for tablet 068a2cada9654fc8b4043988ef5c25e1 (DEFAULT_TABLE table=test-workload [id=c8ae22a89efc405995171cabec46d8ac]), partition=RANGE (key) PARTITION 1747105296 <= VALUES < 1783503323
I20260709 13:02:23.377247  8299 tablet_service.cc:1511] Processing CreateTablet for tablet 8ff5490ce0dd4c1e8e1ece4c0ac8728f (DEFAULT_TABLE table=test-workload [id=c8ae22a89efc405995171cabec46d8ac]), partition=RANGE (key) PARTITION 1819901350 <= VALUES < 1856299377
I20260709 13:02:23.378351  8240 tablet_service.cc:1917] Received RequestConsensusVote() RPC: tablet_id: "c5b6f18ce216458580a8c0c4143d7a77" candidate_uuid: "a5a3bcec04c54ad8a71f13f0a84568c2" candidate_term: 1 candidate_status { last_received { term: 0 index: 0 } } ignore_live_leader: false dest_uuid: "6bc0441ffeda4771a176b126282623cc" is_pre_election: true
I20260709 13:02:23.379138  8240 raft_consensus.cc:2393] T c5b6f18ce216458580a8c0c4143d7a77 P 6bc0441ffeda4771a176b126282623cc [term 1 FOLLOWER]: Leader pre-election vote request: Denying vote to candidate a5a3bcec04c54ad8a71f13f0a84568c2 in current term 1: Already voted for candidate 6bc0441ffeda4771a176b126282623cc in this term.
I20260709 13:02:23.375175  8305 data_dirs.cc:400] Could only allocate 1 dirs of requested 3 for tablet fcbc8a81631e4fe4933216d75e5fa4e9. 1 dirs total, 0 dirs full, 0 dirs failed
I20260709 13:02:23.380177  8297 data_dirs.cc:400] Could only allocate 1 dirs of requested 3 for tablet 650c72889b014cafa623f4b3b6c25b43. 1 dirs total, 0 dirs full, 0 dirs failed
I20260709 13:02:23.380764  8454 leader_election.cc:290] T 9bd284916a4743da860a4f1a6a58d5cf P 6bc0441ffeda4771a176b126282623cc [CANDIDATE]: Term 1 pre-election: Requested pre-vote from peers a5a3bcec04c54ad8a71f13f0a84568c2 (127.6.243.2:37549), 9bd42e504d374adc8620896a7c0d54a9 (127.6.243.3:33971)
I20260709 13:02:23.380880  8302 data_dirs.cc:400] Could only allocate 1 dirs of requested 3 for tablet 068a2cada9654fc8b4043988ef5c25e1. 1 dirs total, 0 dirs full, 0 dirs failed
I20260709 13:02:23.381311  8454 raft_consensus.cc:2749] T d538ffc0e66b402f8cea65e5f873a9a4 P 6bc0441ffeda4771a176b126282623cc [term 0 FOLLOWER]: Leader pre-election lost for term 1. Reason: could not achieve majority
I20260709 13:02:23.381696  8299 data_dirs.cc:400] Could only allocate 1 dirs of requested 3 for tablet 8ff5490ce0dd4c1e8e1ece4c0ac8728f. 1 dirs total, 0 dirs full, 0 dirs failed
I20260709 13:02:23.382354  8298 data_dirs.cc:400] Could only allocate 1 dirs of requested 3 for tablet 2a5012557b0949879533be5e24fb2a84. 1 dirs total, 0 dirs full, 0 dirs failed
I20260709 13:02:23.382736  8436 raft_consensus.cc:493] T 244e38df4fd04487b5130fc95b4e6cc5 P 9bd42e504d374adc8620896a7c0d54a9 [term 0 FOLLOWER]: Starting pre-election (no leader contacted us within the election timeout)
I20260709 13:02:23.383173  8436 raft_consensus.cc:515] T 244e38df4fd04487b5130fc95b4e6cc5 P 9bd42e504d374adc8620896a7c0d54a9 [term 0 FOLLOWER]: Starting pre-election with config: opid_index: -1 OBSOLETE_local: false peers { permanent_uuid: "6bc0441ffeda4771a176b126282623cc" member_type: VOTER last_known_addr { host: "127.6.243.1" port: 38783 } } peers { permanent_uuid: "a5a3bcec04c54ad8a71f13f0a84568c2" member_type: VOTER last_known_addr { host: "127.6.243.2" port: 37549 } } peers { permanent_uuid: "9bd42e504d374adc8620896a7c0d54a9" member_type: VOTER last_known_addr { host: "127.6.243.3" port: 33971 } }
I20260709 13:02:23.385205  8436 leader_election.cc:290] T 244e38df4fd04487b5130fc95b4e6cc5 P 9bd42e504d374adc8620896a7c0d54a9 [CANDIDATE]: Term 1 pre-election: Requested pre-vote from peers 6bc0441ffeda4771a176b126282623cc (127.6.243.1:38783), a5a3bcec04c54ad8a71f13f0a84568c2 (127.6.243.2:37549)
I20260709 13:02:23.387091  8315 tablet_service.cc:1917] Received RequestConsensusVote() RPC: tablet_id: "244e38df4fd04487b5130fc95b4e6cc5" candidate_uuid: "9bd42e504d374adc8620896a7c0d54a9" candidate_term: 1 candidate_status { last_received { term: 0 index: 0 } } ignore_live_leader: false dest_uuid: "a5a3bcec04c54ad8a71f13f0a84568c2" is_pre_election: true
I20260709 13:02:23.387691  8315 raft_consensus.cc:2468] T 244e38df4fd04487b5130fc95b4e6cc5 P a5a3bcec04c54ad8a71f13f0a84568c2 [term 0 FOLLOWER]: Leader pre-election vote request: Granting yes vote for candidate 9bd42e504d374adc8620896a7c0d54a9 in term 0.
I20260709 13:02:23.389343  8352 leader_election.cc:304] T 244e38df4fd04487b5130fc95b4e6cc5 P 9bd42e504d374adc8620896a7c0d54a9 [CANDIDATE]: Term 1 pre-election: Election decided. Result: candidate won. Election summary: received 2 responses out of 3 voters: 2 yes votes; 0 no votes. yes voters: 9bd42e504d374adc8620896a7c0d54a9, a5a3bcec04c54ad8a71f13f0a84568c2; no voters: 
I20260709 13:02:23.389922  8430 tablet_bootstrap.cc:492] T 5707d9286e304de4ba52b6baed09fe79 P a5a3bcec04c54ad8a71f13f0a84568c2: Bootstrap starting.
I20260709 13:02:23.393451  8436 raft_consensus.cc:2804] T 244e38df4fd04487b5130fc95b4e6cc5 P 9bd42e504d374adc8620896a7c0d54a9 [term 0 FOLLOWER]: Leader pre-election won for term 1
I20260709 13:02:23.393831  8436 raft_consensus.cc:493] T 244e38df4fd04487b5130fc95b4e6cc5 P 9bd42e504d374adc8620896a7c0d54a9 [term 0 FOLLOWER]: Starting leader election (no leader contacted us within the election timeout)
I20260709 13:02:23.394169  8436 raft_consensus.cc:3060] T 244e38df4fd04487b5130fc95b4e6cc5 P 9bd42e504d374adc8620896a7c0d54a9 [term 0 FOLLOWER]: Advancing to term 1
I20260709 13:02:23.402287  8389 tablet_service.cc:1917] Received RequestConsensusVote() RPC: tablet_id: "c5b6f18ce216458580a8c0c4143d7a77" candidate_uuid: "a5a3bcec04c54ad8a71f13f0a84568c2" candidate_term: 1 candidate_status { last_received { term: 0 index: 0 } } ignore_live_leader: false dest_uuid: "9bd42e504d374adc8620896a7c0d54a9" is_pre_election: true
W20260709 13:02:23.406476  8280 leader_election.cc:343] T c5b6f18ce216458580a8c0c4143d7a77 P a5a3bcec04c54ad8a71f13f0a84568c2 [CANDIDATE]: Term 1 pre-election: Tablet error from VoteRequest() call to peer 9bd42e504d374adc8620896a7c0d54a9 (127.6.243.3:33971): Illegal state: must be running to vote when last-logged opid is not known
I20260709 13:02:23.406949  8435 leader_election.cc:290] T c5b6f18ce216458580a8c0c4143d7a77 P 6bc0441ffeda4771a176b126282623cc [CANDIDATE]: Term 1 election: Requested vote from peers a5a3bcec04c54ad8a71f13f0a84568c2 (127.6.243.2:37549), 9bd42e504d374adc8620896a7c0d54a9 (127.6.243.3:33971)
I20260709 13:02:23.406970  8280 leader_election.cc:304] T c5b6f18ce216458580a8c0c4143d7a77 P a5a3bcec04c54ad8a71f13f0a84568c2 [CANDIDATE]: Term 1 pre-election: Election decided. Result: candidate lost. Election summary: received 3 responses out of 3 voters: 1 yes votes; 2 no votes. yes voters: a5a3bcec04c54ad8a71f13f0a84568c2; no voters: 6bc0441ffeda4771a176b126282623cc, 9bd42e504d374adc8620896a7c0d54a9
I20260709 13:02:23.407619  8315 tablet_service.cc:1917] Received RequestConsensusVote() RPC: tablet_id: "c5b6f18ce216458580a8c0c4143d7a77" candidate_uuid: "6bc0441ffeda4771a176b126282623cc" candidate_term: 1 candidate_status { last_received { term: 0 index: 0 } } ignore_live_leader: false dest_uuid: "a5a3bcec04c54ad8a71f13f0a84568c2"
I20260709 13:02:23.408186  8315 raft_consensus.cc:3060] T c5b6f18ce216458580a8c0c4143d7a77 P a5a3bcec04c54ad8a71f13f0a84568c2 [term 0 FOLLOWER]: Advancing to term 1
I20260709 13:02:23.416250  8300 tablet_service.cc:1511] Processing CreateTablet for tablet 5617136f0f80441daac6a88999215a76 (DEFAULT_TABLE table=test-workload [id=c8ae22a89efc405995171cabec46d8ac]), partition=RANGE (key) PARTITION 1856299377 <= VALUES < 1892697404
I20260709 13:02:23.419895  8430 tablet_bootstrap.cc:654] T 5707d9286e304de4ba52b6baed09fe79 P a5a3bcec04c54ad8a71f13f0a84568c2: Neither blocks nor log segments found. Creating new log.
I20260709 13:02:23.423205  8436 raft_consensus.cc:515] T 244e38df4fd04487b5130fc95b4e6cc5 P 9bd42e504d374adc8620896a7c0d54a9 [term 1 FOLLOWER]: Starting leader election with config: opid_index: -1 OBSOLETE_local: false peers { permanent_uuid: "6bc0441ffeda4771a176b126282623cc" member_type: VOTER last_known_addr { host: "127.6.243.1" port: 38783 } } peers { permanent_uuid: "a5a3bcec04c54ad8a71f13f0a84568c2" member_type: VOTER last_known_addr { host: "127.6.243.2" port: 37549 } } peers { permanent_uuid: "9bd42e504d374adc8620896a7c0d54a9" member_type: VOTER last_known_addr { host: "127.6.243.3" port: 33971 } }
I20260709 13:02:23.425940  8379 tablet_service.cc:1511] Processing CreateTablet for tablet 650c72889b014cafa623f4b3b6c25b43 (DEFAULT_TABLE table=test-workload [id=c8ae22a89efc405995171cabec46d8ac]), partition=RANGE (key) PARTITION 1783503323 <= VALUES < 1819901350
I20260709 13:02:23.427013  8315 raft_consensus.cc:2468] T c5b6f18ce216458580a8c0c4143d7a77 P a5a3bcec04c54ad8a71f13f0a84568c2 [term 1 FOLLOWER]: Leader election vote request: Granting yes vote for candidate 6bc0441ffeda4771a176b126282623cc in term 1.
I20260709 13:02:23.427716  8437 raft_consensus.cc:2749] T c5b6f18ce216458580a8c0c4143d7a77 P a5a3bcec04c54ad8a71f13f0a84568c2 [term 1 FOLLOWER]: Leader pre-election lost for term 1. Reason: could not achieve majority
I20260709 13:02:23.428292  8376 tablet_service.cc:1511] Processing CreateTablet for tablet 8ff5490ce0dd4c1e8e1ece4c0ac8728f (DEFAULT_TABLE table=test-workload [id=c8ae22a89efc405995171cabec46d8ac]), partition=RANGE (key) PARTITION 1819901350 <= VALUES < 1856299377
I20260709 13:02:23.428648  8203 leader_election.cc:304] T c5b6f18ce216458580a8c0c4143d7a77 P 6bc0441ffeda4771a176b126282623cc [CANDIDATE]: Term 1 election: Election decided. Result: candidate won. Election summary: received 2 responses out of 3 voters: 2 yes votes; 0 no votes. yes voters: 6bc0441ffeda4771a176b126282623cc, a5a3bcec04c54ad8a71f13f0a84568c2; no voters: 
I20260709 13:02:23.429734  8435 raft_consensus.cc:2804] T c5b6f18ce216458580a8c0c4143d7a77 P 6bc0441ffeda4771a176b126282623cc [term 1 FOLLOWER]: Leader election won for term 1
I20260709 13:02:23.430203  8435 raft_consensus.cc:697] T c5b6f18ce216458580a8c0c4143d7a77 P 6bc0441ffeda4771a176b126282623cc [term 1 LEADER]: Becoming Leader. State: Replica: 6bc0441ffeda4771a176b126282623cc, State: Running, Role: LEADER
I20260709 13:02:23.431020  8435 consensus_queue.cc:237] T c5b6f18ce216458580a8c0c4143d7a77 P 6bc0441ffeda4771a176b126282623cc [LEADER]: Queue going to LEADER mode. State: All replicated index: 0, Majority replicated index: 0, Committed index: 0, Last appended: 0.0, Last appended by leader: 0, Current term: 1, Majority size: 2, State: 0, Mode: LEADER, active raft config: opid_index: -1 OBSOLETE_local: false peers { permanent_uuid: "6bc0441ffeda4771a176b126282623cc" member_type: VOTER last_known_addr { host: "127.6.243.1" port: 38783 } } peers { permanent_uuid: "a5a3bcec04c54ad8a71f13f0a84568c2" member_type: VOTER last_known_addr { host: "127.6.243.2" port: 37549 } } peers { permanent_uuid: "9bd42e504d374adc8620896a7c0d54a9" member_type: VOTER last_known_addr { host: "127.6.243.3" port: 33971 } }
I20260709 13:02:23.433862  8379 data_dirs.cc:400] Could only allocate 1 dirs of requested 3 for tablet 650c72889b014cafa623f4b3b6c25b43. 1 dirs total, 0 dirs full, 0 dirs failed
I20260709 13:02:23.434326  8300 data_dirs.cc:400] Could only allocate 1 dirs of requested 3 for tablet 5617136f0f80441daac6a88999215a76. 1 dirs total, 0 dirs full, 0 dirs failed
I20260709 13:02:23.425174  8431 tablet_bootstrap.cc:654] T d538ffc0e66b402f8cea65e5f873a9a4 P 9bd42e504d374adc8620896a7c0d54a9: Neither blocks nor log segments found. Creating new log.
I20260709 13:02:23.433054  8315 tablet_service.cc:1917] Received RequestConsensusVote() RPC: tablet_id: "244e38df4fd04487b5130fc95b4e6cc5" candidate_uuid: "9bd42e504d374adc8620896a7c0d54a9" candidate_term: 1 candidate_status { last_received { term: 0 index: 0 } } ignore_live_leader: false dest_uuid: "a5a3bcec04c54ad8a71f13f0a84568c2"
I20260709 13:02:23.437814  8376 data_dirs.cc:400] Could only allocate 1 dirs of requested 3 for tablet 8ff5490ce0dd4c1e8e1ece4c0ac8728f. 1 dirs total, 0 dirs full, 0 dirs failed
I20260709 13:02:23.444399  8429 tablet_bootstrap.cc:492] T 47201301a6e9444eaf101d80ae4b6a33 P 6bc0441ffeda4771a176b126282623cc: No bootstrap required, opened a new log
I20260709 13:02:23.445091  8429 ts_tablet_manager.cc:1403] T 47201301a6e9444eaf101d80ae4b6a33 P 6bc0441ffeda4771a176b126282623cc: Time spent bootstrapping tablet: real 0.365s	user 0.019s	sys 0.017s
I20260709 13:02:23.445793  8315 raft_consensus.cc:3060] T 244e38df4fd04487b5130fc95b4e6cc5 P a5a3bcec04c54ad8a71f13f0a84568c2 [term 0 FOLLOWER]: Advancing to term 1
I20260709 13:02:23.449942  8378 data_dirs.cc:400] Could only allocate 1 dirs of requested 3 for tablet 068a2cada9654fc8b4043988ef5c25e1. 1 dirs total, 0 dirs full, 0 dirs failed
I20260709 13:02:23.435495  8436 leader_election.cc:290] T 244e38df4fd04487b5130fc95b4e6cc5 P 9bd42e504d374adc8620896a7c0d54a9 [CANDIDATE]: Term 1 election: Requested vote from peers 6bc0441ffeda4771a176b126282623cc (127.6.243.1:38783), a5a3bcec04c54ad8a71f13f0a84568c2 (127.6.243.2:37549)
I20260709 13:02:23.471923  8304 tablet_service.cc:1511] Processing CreateTablet for tablet ffeb6ab8935a4d79b71682c5fd6e4a25 (DEFAULT_TABLE table=test-workload [id=c8ae22a89efc405995171cabec46d8ac]), partition=RANGE (key) PARTITION 1892697404 <= VALUES < 1929095431
I20260709 13:02:23.473246  8304 data_dirs.cc:400] Could only allocate 1 dirs of requested 3 for tablet ffeb6ab8935a4d79b71682c5fd6e4a25. 1 dirs total, 0 dirs full, 0 dirs failed
I20260709 13:02:23.449018  8429 raft_consensus.cc:359] T 47201301a6e9444eaf101d80ae4b6a33 P 6bc0441ffeda4771a176b126282623cc [term 0 FOLLOWER]: Replica starting. Triggering 0 pending ops. Active config: opid_index: -1 OBSOLETE_local: false peers { permanent_uuid: "6bc0441ffeda4771a176b126282623cc" member_type: VOTER last_known_addr { host: "127.6.243.1" port: 38783 } } peers { permanent_uuid: "a5a3bcec04c54ad8a71f13f0a84568c2" member_type: VOTER last_known_addr { host: "127.6.243.2" port: 37549 } } peers { permanent_uuid: "9bd42e504d374adc8620896a7c0d54a9" member_type: VOTER last_known_addr { host: "127.6.243.3" port: 33971 } }
I20260709 13:02:23.480029  8429 raft_consensus.cc:385] T 47201301a6e9444eaf101d80ae4b6a33 P 6bc0441ffeda4771a176b126282623cc [term 0 FOLLOWER]: Consensus starting up: Expiring failure detector timer to make a prompt election more likely
I20260709 13:02:23.480360  8429 raft_consensus.cc:740] T 47201301a6e9444eaf101d80ae4b6a33 P 6bc0441ffeda4771a176b126282623cc [term 0 FOLLOWER]: Becoming Follower/Learner. State: Replica: 6bc0441ffeda4771a176b126282623cc, State: Initialized, Role: FOLLOWER
I20260709 13:02:23.491529  8298 tablet_service.cc:1511] Processing CreateTablet for tablet d2bea1112bed4c83aae64f4cb1abcbbf (DEFAULT_TABLE table=test-workload [id=c8ae22a89efc405995171cabec46d8ac]), partition=RANGE (key) PARTITION 1965493458 <= VALUES < 2001891485
I20260709 13:02:23.492266  8315 raft_consensus.cc:2468] T 244e38df4fd04487b5130fc95b4e6cc5 P a5a3bcec04c54ad8a71f13f0a84568c2 [term 1 FOLLOWER]: Leader election vote request: Granting yes vote for candidate 9bd42e504d374adc8620896a7c0d54a9 in term 1.
I20260709 13:02:23.493208  8301 tablet_service.cc:1511] Processing CreateTablet for tablet 53334b80b7f14effbbbbb520d544a3be (DEFAULT_TABLE table=test-workload [id=c8ae22a89efc405995171cabec46d8ac]), partition=RANGE (key) PARTITION 1929095431 <= VALUES < 1965493458
I20260709 13:02:23.493544  8352 leader_election.cc:304] T 244e38df4fd04487b5130fc95b4e6cc5 P 9bd42e504d374adc8620896a7c0d54a9 [CANDIDATE]: Term 1 election: Election decided. Result: candidate won. Election summary: received 2 responses out of 3 voters: 2 yes votes; 0 no votes. yes voters: 9bd42e504d374adc8620896a7c0d54a9, a5a3bcec04c54ad8a71f13f0a84568c2; no voters: 
I20260709 13:02:23.493742  8298 data_dirs.cc:400] Could only allocate 1 dirs of requested 3 for tablet d2bea1112bed4c83aae64f4cb1abcbbf. 1 dirs total, 0 dirs full, 0 dirs failed
I20260709 13:02:23.494421  8436 raft_consensus.cc:2804] T 244e38df4fd04487b5130fc95b4e6cc5 P 9bd42e504d374adc8620896a7c0d54a9 [term 1 FOLLOWER]: Leader election won for term 1
W20260709 13:02:23.496220  8205 outbound_call.cc:321] RPC callback for RPC call kudu.consensus.ConsensusService.RequestConsensusVote -> {remote=127.6.243.3:33971, user_credentials={real_user=slave}} blocked reactor thread for 167712us
I20260709 13:02:23.497191  8301 data_dirs.cc:400] Could only allocate 1 dirs of requested 3 for tablet 53334b80b7f14effbbbbb520d544a3be. 1 dirs total, 0 dirs full, 0 dirs failed
W20260709 13:02:23.497702  8354 leader_election.cc:343] T 2b756e30636f4d92918bada4135fbe1d P 9bd42e504d374adc8620896a7c0d54a9 [CANDIDATE]: Term 1 pre-election: Tablet error from VoteRequest() call to peer 6bc0441ffeda4771a176b126282623cc (127.6.243.1:38783): Illegal state: must be running to vote when last-logged opid is not known
I20260709 13:02:23.498143  8354 leader_election.cc:304] T 2b756e30636f4d92918bada4135fbe1d P 9bd42e504d374adc8620896a7c0d54a9 [CANDIDATE]: Term 1 pre-election: Election decided. Result: candidate lost. Election summary: received 3 responses out of 3 voters: 1 yes votes; 2 no votes. yes voters: 9bd42e504d374adc8620896a7c0d54a9; no voters: 6bc0441ffeda4771a176b126282623cc, a5a3bcec04c54ad8a71f13f0a84568c2
I20260709 13:02:23.503679  8430 tablet_bootstrap.cc:492] T 5707d9286e304de4ba52b6baed09fe79 P a5a3bcec04c54ad8a71f13f0a84568c2: No bootstrap required, opened a new log
I20260709 13:02:23.504204  8135 catalog_manager.cc:5697] T c5b6f18ce216458580a8c0c4143d7a77 P 6bc0441ffeda4771a176b126282623cc reported cstate change: term changed from 0 to 1, leader changed from <none> to 6bc0441ffeda4771a176b126282623cc (127.6.243.1). New cstate: current_term: 1 leader_uuid: "6bc0441ffeda4771a176b126282623cc" committed_config { opid_index: -1 OBSOLETE_local: false peers { permanent_uuid: "6bc0441ffeda4771a176b126282623cc" member_type: VOTER last_known_addr { host: "127.6.243.1" port: 38783 } health_report { overall_health: HEALTHY } } peers { permanent_uuid: "a5a3bcec04c54ad8a71f13f0a84568c2" member_type: VOTER last_known_addr { host: "127.6.243.2" port: 37549 } health_report { overall_health: UNKNOWN } } peers { permanent_uuid: "9bd42e504d374adc8620896a7c0d54a9" member_type: VOTER last_known_addr { host: "127.6.243.3" port: 33971 } health_report { overall_health: UNKNOWN } } }
I20260709 13:02:23.481035  8429 consensus_queue.cc:260] T 47201301a6e9444eaf101d80ae4b6a33 P 6bc0441ffeda4771a176b126282623cc [NON_LEADER]: Queue going to NON_LEADER mode. State: All replicated index: 0, Majority replicated index: 0, Committed index: 0, Last appended: 0.0, Last appended by leader: 0, Current term: 0, Majority size: -1, State: 0, Mode: NON_LEADER, active raft config: opid_index: -1 OBSOLETE_local: false peers { permanent_uuid: "6bc0441ffeda4771a176b126282623cc" member_type: VOTER last_known_addr { host: "127.6.243.1" port: 38783 } } peers { permanent_uuid: "a5a3bcec04c54ad8a71f13f0a84568c2" member_type: VOTER last_known_addr { host: "127.6.243.2" port: 37549 } } peers { permanent_uuid: "9bd42e504d374adc8620896a7c0d54a9" member_type: VOTER last_known_addr { host: "127.6.243.3" port: 33971 } }
I20260709 13:02:23.516829  8429 ts_tablet_manager.cc:1434] T 47201301a6e9444eaf101d80ae4b6a33 P 6bc0441ffeda4771a176b126282623cc: Time spent starting tablet: real 0.071s	user 0.005s	sys 0.005s
I20260709 13:02:23.504230  8430 ts_tablet_manager.cc:1403] T 5707d9286e304de4ba52b6baed09fe79 P a5a3bcec04c54ad8a71f13f0a84568c2: Time spent bootstrapping tablet: real 0.115s	user 0.012s	sys 0.030s
I20260709 13:02:23.517824  8429 tablet_bootstrap.cc:492] T 244e38df4fd04487b5130fc95b4e6cc5 P 6bc0441ffeda4771a176b126282623cc: Bootstrap starting.
I20260709 13:02:23.512405  8376 tablet_service.cc:1511] Processing CreateTablet for tablet 5617136f0f80441daac6a88999215a76 (DEFAULT_TABLE table=test-workload [id=c8ae22a89efc405995171cabec46d8ac]), partition=RANGE (key) PARTITION 1856299377 <= VALUES < 1892697404
I20260709 13:02:23.523590  8376 data_dirs.cc:400] Could only allocate 1 dirs of requested 3 for tablet 5617136f0f80441daac6a88999215a76. 1 dirs total, 0 dirs full, 0 dirs failed
I20260709 13:02:23.525457  8377 tablet_service.cc:1511] Processing CreateTablet for tablet 53334b80b7f14effbbbbb520d544a3be (DEFAULT_TABLE table=test-workload [id=c8ae22a89efc405995171cabec46d8ac]), partition=RANGE (key) PARTITION 1929095431 <= VALUES < 1965493458
I20260709 13:02:23.528810  8430 raft_consensus.cc:359] T 5707d9286e304de4ba52b6baed09fe79 P a5a3bcec04c54ad8a71f13f0a84568c2 [term 0 FOLLOWER]: Replica starting. Triggering 0 pending ops. Active config: opid_index: -1 OBSOLETE_local: false peers { permanent_uuid: "6bc0441ffeda4771a176b126282623cc" member_type: VOTER last_known_addr { host: "127.6.243.1" port: 38783 } } peers { permanent_uuid: "a5a3bcec04c54ad8a71f13f0a84568c2" member_type: VOTER last_known_addr { host: "127.6.243.2" port: 37549 } } peers { permanent_uuid: "9bd42e504d374adc8620896a7c0d54a9" member_type: VOTER last_known_addr { host: "127.6.243.3" port: 33971 } }
I20260709 13:02:23.529645  8372 tablet_service.cc:1511] Processing CreateTablet for tablet d2bea1112bed4c83aae64f4cb1abcbbf (DEFAULT_TABLE table=test-workload [id=c8ae22a89efc405995171cabec46d8ac]), partition=RANGE (key) PARTITION 1965493458 <= VALUES < 2001891485
I20260709 13:02:23.532039  8297 tablet_service.cc:1511] Processing CreateTablet for tablet 0d42c2b8f60f4b6ca0532e2b94299a70 (DEFAULT_TABLE table=test-workload [id=c8ae22a89efc405995171cabec46d8ac]), partition=RANGE (key) PARTITION 2001891485 <= VALUES < 2038289512
I20260709 13:02:23.533507  8297 data_dirs.cc:400] Could only allocate 1 dirs of requested 3 for tablet 0d42c2b8f60f4b6ca0532e2b94299a70. 1 dirs total, 0 dirs full, 0 dirs failed
I20260709 13:02:23.533342  8373 tablet_service.cc:1511] Processing CreateTablet for tablet ffeb6ab8935a4d79b71682c5fd6e4a25 (DEFAULT_TABLE table=test-workload [id=c8ae22a89efc405995171cabec46d8ac]), partition=RANGE (key) PARTITION 1892697404 <= VALUES < 1929095431
I20260709 13:02:23.534322  8430 raft_consensus.cc:385] T 5707d9286e304de4ba52b6baed09fe79 P a5a3bcec04c54ad8a71f13f0a84568c2 [term 0 FOLLOWER]: Consensus starting up: Expiring failure detector timer to make a prompt election more likely
I20260709 13:02:23.540315  8389 tablet_service.cc:1917] Received RequestConsensusVote() RPC: tablet_id: "9bd284916a4743da860a4f1a6a58d5cf" candidate_uuid: "6bc0441ffeda4771a176b126282623cc" candidate_term: 1 candidate_status { last_received { term: 0 index: 0 } } ignore_live_leader: false dest_uuid: "9bd42e504d374adc8620896a7c0d54a9" is_pre_election: true
W20260709 13:02:23.541431  8186 auto_rebalancer.cc:288] Could not retrieve cluster info: Service unavailable: Tablet not running
I20260709 13:02:23.534494  8436 raft_consensus.cc:697] T 244e38df4fd04487b5130fc95b4e6cc5 P 9bd42e504d374adc8620896a7c0d54a9 [term 1 LEADER]: Becoming Leader. State: Replica: 9bd42e504d374adc8620896a7c0d54a9, State: Running, Role: LEADER
I20260709 13:02:23.543370  8389 tablet_service.cc:1917] Received RequestConsensusVote() RPC: tablet_id: "c5b6f18ce216458580a8c0c4143d7a77" candidate_uuid: "6bc0441ffeda4771a176b126282623cc" candidate_term: 1 candidate_status { last_received { term: 0 index: 0 } } ignore_live_leader: false dest_uuid: "9bd42e504d374adc8620896a7c0d54a9"
I20260709 13:02:23.548101  8305 tablet_service.cc:1511] Processing CreateTablet for tablet 9db1214f102f4fcc917b62f4da055c40 (DEFAULT_TABLE table=test-workload [id=c8ae22a89efc405995171cabec46d8ac]), partition=RANGE (key) PARTITION 2038289512 <= VALUES < 2074687539
I20260709 13:02:23.539076  8430 raft_consensus.cc:740] T 5707d9286e304de4ba52b6baed09fe79 P a5a3bcec04c54ad8a71f13f0a84568c2 [term 0 FOLLOWER]: Becoming Follower/Learner. State: Replica: a5a3bcec04c54ad8a71f13f0a84568c2, State: Initialized, Role: FOLLOWER
I20260709 13:02:23.545377  8460 raft_consensus.cc:2749] T 2b756e30636f4d92918bada4135fbe1d P 9bd42e504d374adc8620896a7c0d54a9 [term 0 FOLLOWER]: Leader pre-election lost for term 1. Reason: could not achieve majority
I20260709 13:02:23.553159  8305 data_dirs.cc:400] Could only allocate 1 dirs of requested 3 for tablet 9db1214f102f4fcc917b62f4da055c40. 1 dirs total, 0 dirs full, 0 dirs failed
I20260709 13:02:23.553303  8299 tablet_service.cc:1511] Processing CreateTablet for tablet f85ad215b11149029b49e6150f792aca (DEFAULT_TABLE table=test-workload [id=c8ae22a89efc405995171cabec46d8ac]), partition=RANGE (key) PARTITION 2074687539 <= VALUES < 2111085566
I20260709 13:02:23.556818  8303 tablet_service.cc:1511] Processing CreateTablet for tablet 2c4bfce87f8d4b90a551c0b438b0dc4b (DEFAULT_TABLE table=test-workload [id=c8ae22a89efc405995171cabec46d8ac]), partition=RANGE (key) PARTITION 2111085566 <= VALUES
I20260709 13:02:23.561625  8303 data_dirs.cc:400] Could only allocate 1 dirs of requested 3 for tablet 2c4bfce87f8d4b90a551c0b438b0dc4b. 1 dirs total, 0 dirs full, 0 dirs failed
I20260709 13:02:23.563828  8299 data_dirs.cc:400] Could only allocate 1 dirs of requested 3 for tablet f85ad215b11149029b49e6150f792aca. 1 dirs total, 0 dirs full, 0 dirs failed
I20260709 13:02:23.566617  8370 tablet_service.cc:1511] Processing CreateTablet for tablet 0d42c2b8f60f4b6ca0532e2b94299a70 (DEFAULT_TABLE table=test-workload [id=c8ae22a89efc405995171cabec46d8ac]), partition=RANGE (key) PARTITION 2001891485 <= VALUES < 2038289512
I20260709 13:02:23.572042  8377 data_dirs.cc:400] Could only allocate 1 dirs of requested 3 for tablet 53334b80b7f14effbbbbb520d544a3be. 1 dirs total, 0 dirs full, 0 dirs failed
I20260709 13:02:23.576071  8372 data_dirs.cc:400] Could only allocate 1 dirs of requested 3 for tablet d2bea1112bed4c83aae64f4cb1abcbbf. 1 dirs total, 0 dirs full, 0 dirs failed
I20260709 13:02:23.579813  8370 data_dirs.cc:400] Could only allocate 1 dirs of requested 3 for tablet 0d42c2b8f60f4b6ca0532e2b94299a70. 1 dirs total, 0 dirs full, 0 dirs failed
I20260709 13:02:23.581482  8373 data_dirs.cc:400] Could only allocate 1 dirs of requested 3 for tablet ffeb6ab8935a4d79b71682c5fd6e4a25. 1 dirs total, 0 dirs full, 0 dirs failed
I20260709 13:02:23.595402  8378 tablet_service.cc:1511] Processing CreateTablet for tablet 9db1214f102f4fcc917b62f4da055c40 (DEFAULT_TABLE table=test-workload [id=c8ae22a89efc405995171cabec46d8ac]), partition=RANGE (key) PARTITION 2038289512 <= VALUES < 2074687539
I20260709 13:02:23.596387  8376 tablet_service.cc:1511] Processing CreateTablet for tablet 2c4bfce87f8d4b90a551c0b438b0dc4b (DEFAULT_TABLE table=test-workload [id=c8ae22a89efc405995171cabec46d8ac]), partition=RANGE (key) PARTITION 2111085566 <= VALUES
I20260709 13:02:23.596895  8378 data_dirs.cc:400] Could only allocate 1 dirs of requested 3 for tablet 9db1214f102f4fcc917b62f4da055c40. 1 dirs total, 0 dirs full, 0 dirs failed
I20260709 13:02:23.597703  8376 data_dirs.cc:400] Could only allocate 1 dirs of requested 3 for tablet 2c4bfce87f8d4b90a551c0b438b0dc4b. 1 dirs total, 0 dirs full, 0 dirs failed
I20260709 13:02:23.599020  8371 tablet_service.cc:1511] Processing CreateTablet for tablet f85ad215b11149029b49e6150f792aca (DEFAULT_TABLE table=test-workload [id=c8ae22a89efc405995171cabec46d8ac]), partition=RANGE (key) PARTITION 2074687539 <= VALUES < 2111085566
I20260709 13:02:23.600304  8371 data_dirs.cc:400] Could only allocate 1 dirs of requested 3 for tablet f85ad215b11149029b49e6150f792aca. 1 dirs total, 0 dirs full, 0 dirs failed
I20260709 13:02:23.601516  8430 consensus_queue.cc:260] T 5707d9286e304de4ba52b6baed09fe79 P a5a3bcec04c54ad8a71f13f0a84568c2 [NON_LEADER]: Queue going to NON_LEADER mode. State: All replicated index: 0, Majority replicated index: 0, Committed index: 0, Last appended: 0.0, Last appended by leader: 0, Current term: 0, Majority size: -1, State: 0, Mode: NON_LEADER, active raft config: opid_index: -1 OBSOLETE_local: false peers { permanent_uuid: "6bc0441ffeda4771a176b126282623cc" member_type: VOTER last_known_addr { host: "127.6.243.1" port: 38783 } } peers { permanent_uuid: "a5a3bcec04c54ad8a71f13f0a84568c2" member_type: VOTER last_known_addr { host: "127.6.243.2" port: 37549 } } peers { permanent_uuid: "9bd42e504d374adc8620896a7c0d54a9" member_type: VOTER last_known_addr { host: "127.6.243.3" port: 33971 } }
I20260709 13:02:23.604614  8430 ts_tablet_manager.cc:1434] T 5707d9286e304de4ba52b6baed09fe79 P a5a3bcec04c54ad8a71f13f0a84568c2: Time spent starting tablet: real 0.087s	user 0.006s	sys 0.000s
I20260709 13:02:23.609844  8436 consensus_queue.cc:237] T 244e38df4fd04487b5130fc95b4e6cc5 P 9bd42e504d374adc8620896a7c0d54a9 [LEADER]: Queue going to LEADER mode. State: All replicated index: 0, Majority replicated index: 0, Committed index: 0, Last appended: 0.0, Last appended by leader: 0, Current term: 1, Majority size: 2, State: 0, Mode: LEADER, active raft config: opid_index: -1 OBSOLETE_local: false peers { permanent_uuid: "6bc0441ffeda4771a176b126282623cc" member_type: VOTER last_known_addr { host: "127.6.243.1" port: 38783 } } peers { permanent_uuid: "a5a3bcec04c54ad8a71f13f0a84568c2" member_type: VOTER last_known_addr { host: "127.6.243.2" port: 37549 } } peers { permanent_uuid: "9bd42e504d374adc8620896a7c0d54a9" member_type: VOTER last_known_addr { host: "127.6.243.3" port: 33971 } }
I20260709 13:02:23.614215  8240 tablet_service.cc:1917] Received RequestConsensusVote() RPC: tablet_id: "244e38df4fd04487b5130fc95b4e6cc5" candidate_uuid: "9bd42e504d374adc8620896a7c0d54a9" candidate_term: 1 candidate_status { last_received { term: 0 index: 0 } } ignore_live_leader: false dest_uuid: "6bc0441ffeda4771a176b126282623cc" is_pre_election: true
I20260709 13:02:23.616346  8240 tablet_service.cc:1917] Received RequestConsensusVote() RPC: tablet_id: "244e38df4fd04487b5130fc95b4e6cc5" candidate_uuid: "9bd42e504d374adc8620896a7c0d54a9" candidate_term: 1 candidate_status { last_received { term: 0 index: 0 } } ignore_live_leader: false dest_uuid: "6bc0441ffeda4771a176b126282623cc"
I20260709 13:02:23.618816  8221 tablet_service.cc:1511] Processing CreateTablet for tablet 068a2cada9654fc8b4043988ef5c25e1 (DEFAULT_TABLE table=test-workload [id=c8ae22a89efc405995171cabec46d8ac]), partition=RANGE (key) PARTITION 1747105296 <= VALUES < 1783503323
I20260709 13:02:23.619634  8230 tablet_service.cc:1511] Processing CreateTablet for tablet 5617136f0f80441daac6a88999215a76 (DEFAULT_TABLE table=test-workload [id=c8ae22a89efc405995171cabec46d8ac]), partition=RANGE (key) PARTITION 1856299377 <= VALUES < 1892697404
I20260709 13:02:23.620114  8221 data_dirs.cc:400] Could only allocate 1 dirs of requested 3 for tablet 068a2cada9654fc8b4043988ef5c25e1. 1 dirs total, 0 dirs full, 0 dirs failed
I20260709 13:02:23.620822  8230 data_dirs.cc:400] Could only allocate 1 dirs of requested 3 for tablet 5617136f0f80441daac6a88999215a76. 1 dirs total, 0 dirs full, 0 dirs failed
I20260709 13:02:23.622519  8224 tablet_service.cc:1511] Processing CreateTablet for tablet 8ff5490ce0dd4c1e8e1ece4c0ac8728f (DEFAULT_TABLE table=test-workload [id=c8ae22a89efc405995171cabec46d8ac]), partition=RANGE (key) PARTITION 1819901350 <= VALUES < 1856299377
I20260709 13:02:23.623711  8224 data_dirs.cc:400] Could only allocate 1 dirs of requested 3 for tablet 8ff5490ce0dd4c1e8e1ece4c0ac8728f. 1 dirs total, 0 dirs full, 0 dirs failed
I20260709 13:02:23.627030  8227 tablet_service.cc:1511] Processing CreateTablet for tablet ffeb6ab8935a4d79b71682c5fd6e4a25 (DEFAULT_TABLE table=test-workload [id=c8ae22a89efc405995171cabec46d8ac]), partition=RANGE (key) PARTITION 1892697404 <= VALUES < 1929095431
I20260709 13:02:23.627511  8229 tablet_service.cc:1511] Processing CreateTablet for tablet 650c72889b014cafa623f4b3b6c25b43 (DEFAULT_TABLE table=test-workload [id=c8ae22a89efc405995171cabec46d8ac]), partition=RANGE (key) PARTITION 1783503323 <= VALUES < 1819901350
I20260709 13:02:23.628368  8227 data_dirs.cc:400] Could only allocate 1 dirs of requested 3 for tablet ffeb6ab8935a4d79b71682c5fd6e4a25. 1 dirs total, 0 dirs full, 0 dirs failed
I20260709 13:02:23.638361  8226 tablet_service.cc:1511] Processing CreateTablet for tablet 53334b80b7f14effbbbbb520d544a3be (DEFAULT_TABLE table=test-workload [id=c8ae22a89efc405995171cabec46d8ac]), partition=RANGE (key) PARTITION 1929095431 <= VALUES < 1965493458
I20260709 13:02:23.639863  8226 data_dirs.cc:400] Could only allocate 1 dirs of requested 3 for tablet 53334b80b7f14effbbbbb520d544a3be. 1 dirs total, 0 dirs full, 0 dirs failed
I20260709 13:02:23.652153  8229 data_dirs.cc:400] Could only allocate 1 dirs of requested 3 for tablet 650c72889b014cafa623f4b3b6c25b43. 1 dirs total, 0 dirs full, 0 dirs failed
I20260709 13:02:23.660794  8224 tablet_service.cc:1511] Processing CreateTablet for tablet d2bea1112bed4c83aae64f4cb1abcbbf (DEFAULT_TABLE table=test-workload [id=c8ae22a89efc405995171cabec46d8ac]), partition=RANGE (key) PARTITION 1965493458 <= VALUES < 2001891485
I20260709 13:02:23.662123  8224 data_dirs.cc:400] Could only allocate 1 dirs of requested 3 for tablet d2bea1112bed4c83aae64f4cb1abcbbf. 1 dirs total, 0 dirs full, 0 dirs failed
W20260709 13:02:23.672334  8354 leader_election.cc:343] T 244e38df4fd04487b5130fc95b4e6cc5 P 9bd42e504d374adc8620896a7c0d54a9 [CANDIDATE]: Term 1 pre-election: Tablet error from VoteRequest() call to peer 6bc0441ffeda4771a176b126282623cc (127.6.243.1:38783): Illegal state: must be running to vote when last-logged opid is not known
I20260709 13:02:23.674165  8222 tablet_service.cc:1511] Processing CreateTablet for tablet 0d42c2b8f60f4b6ca0532e2b94299a70 (DEFAULT_TABLE table=test-workload [id=c8ae22a89efc405995171cabec46d8ac]), partition=RANGE (key) PARTITION 2001891485 <= VALUES < 2038289512
I20260709 13:02:23.675462  8222 data_dirs.cc:400] Could only allocate 1 dirs of requested 3 for tablet 0d42c2b8f60f4b6ca0532e2b94299a70. 1 dirs total, 0 dirs full, 0 dirs failed
I20260709 13:02:23.680291  8228 tablet_service.cc:1511] Processing CreateTablet for tablet 2c4bfce87f8d4b90a551c0b438b0dc4b (DEFAULT_TABLE table=test-workload [id=c8ae22a89efc405995171cabec46d8ac]), partition=RANGE (key) PARTITION 2111085566 <= VALUES
I20260709 13:02:23.681469  8228 data_dirs.cc:400] Could only allocate 1 dirs of requested 3 for tablet 2c4bfce87f8d4b90a551c0b438b0dc4b. 1 dirs total, 0 dirs full, 0 dirs failed
I20260709 13:02:23.682988  8223 tablet_service.cc:1511] Processing CreateTablet for tablet f85ad215b11149029b49e6150f792aca (DEFAULT_TABLE table=test-workload [id=c8ae22a89efc405995171cabec46d8ac]), partition=RANGE (key) PARTITION 2074687539 <= VALUES < 2111085566
I20260709 13:02:23.684206  8223 data_dirs.cc:400] Could only allocate 1 dirs of requested 3 for tablet f85ad215b11149029b49e6150f792aca. 1 dirs total, 0 dirs full, 0 dirs failed
W20260709 13:02:23.684577  8205 leader_election.cc:343] T 9bd284916a4743da860a4f1a6a58d5cf P 6bc0441ffeda4771a176b126282623cc [CANDIDATE]: Term 1 pre-election: Tablet error from VoteRequest() call to peer 9bd42e504d374adc8620896a7c0d54a9 (127.6.243.3:33971): Illegal state: must be running to vote when last-logged opid is not known
I20260709 13:02:23.684702  8457 raft_consensus.cc:493] T 47201301a6e9444eaf101d80ae4b6a33 P 6bc0441ffeda4771a176b126282623cc [term 0 FOLLOWER]: Starting pre-election (no leader contacted us within the election timeout)
I20260709 13:02:23.685021  8205 leader_election.cc:304] T 9bd284916a4743da860a4f1a6a58d5cf P 6bc0441ffeda4771a176b126282623cc [CANDIDATE]: Term 1 pre-election: Election decided. Result: candidate lost. Election summary: received 3 responses out of 3 voters: 1 yes votes; 2 no votes. yes voters: 6bc0441ffeda4771a176b126282623cc; no voters: 9bd42e504d374adc8620896a7c0d54a9, a5a3bcec04c54ad8a71f13f0a84568c2
I20260709 13:02:23.685173  8457 raft_consensus.cc:515] T 47201301a6e9444eaf101d80ae4b6a33 P 6bc0441ffeda4771a176b126282623cc [term 0 FOLLOWER]: Starting pre-election with config: opid_index: -1 OBSOLETE_local: false peers { permanent_uuid: "6bc0441ffeda4771a176b126282623cc" member_type: VOTER last_known_addr { host: "127.6.243.1" port: 38783 } } peers { permanent_uuid: "a5a3bcec04c54ad8a71f13f0a84568c2" member_type: VOTER last_known_addr { host: "127.6.243.2" port: 37549 } } peers { permanent_uuid: "9bd42e504d374adc8620896a7c0d54a9" member_type: VOTER last_known_addr { host: "127.6.243.3" port: 33971 } }
W20260709 13:02:23.686151  8205 leader_election.cc:343] T c5b6f18ce216458580a8c0c4143d7a77 P 6bc0441ffeda4771a176b126282623cc [CANDIDATE]: Term 1 election: Tablet error from VoteRequest() call to peer 9bd42e504d374adc8620896a7c0d54a9 (127.6.243.3:33971): Illegal state: must be running to vote when last-logged opid is not known
I20260709 13:02:23.687220  8457 leader_election.cc:290] T 47201301a6e9444eaf101d80ae4b6a33 P 6bc0441ffeda4771a176b126282623cc [CANDIDATE]: Term 1 pre-election: Requested pre-vote from peers a5a3bcec04c54ad8a71f13f0a84568c2 (127.6.243.2:37549), 9bd42e504d374adc8620896a7c0d54a9 (127.6.243.3:33971)
I20260709 13:02:23.687682  8457 raft_consensus.cc:2749] T 9bd284916a4743da860a4f1a6a58d5cf P 6bc0441ffeda4771a176b126282623cc [term 0 FOLLOWER]: Leader pre-election lost for term 1. Reason: could not achieve majority
W20260709 13:02:23.688606  8354 leader_election.cc:343] T 244e38df4fd04487b5130fc95b4e6cc5 P 9bd42e504d374adc8620896a7c0d54a9 [CANDIDATE]: Term 1 election: Tablet error from VoteRequest() call to peer 6bc0441ffeda4771a176b126282623cc (127.6.243.1:38783): Illegal state: must be running to vote when last-logged opid is not known
I20260709 13:02:23.689277  8315 tablet_service.cc:1917] Received RequestConsensusVote() RPC: tablet_id: "47201301a6e9444eaf101d80ae4b6a33" candidate_uuid: "6bc0441ffeda4771a176b126282623cc" candidate_term: 1 candidate_status { last_received { term: 0 index: 0 } } ignore_live_leader: false dest_uuid: "a5a3bcec04c54ad8a71f13f0a84568c2" is_pre_election: true
I20260709 13:02:23.689949  8315 raft_consensus.cc:2468] T 47201301a6e9444eaf101d80ae4b6a33 P a5a3bcec04c54ad8a71f13f0a84568c2 [term 0 FOLLOWER]: Leader pre-election vote request: Granting yes vote for candidate 6bc0441ffeda4771a176b126282623cc in term 0.
I20260709 13:02:23.691279  8203 leader_election.cc:304] T 47201301a6e9444eaf101d80ae4b6a33 P 6bc0441ffeda4771a176b126282623cc [CANDIDATE]: Term 1 pre-election: Election decided. Result: candidate won. Election summary: received 2 responses out of 3 voters: 2 yes votes; 0 no votes. yes voters: 6bc0441ffeda4771a176b126282623cc, a5a3bcec04c54ad8a71f13f0a84568c2; no voters: 
I20260709 13:02:23.692472  8435 raft_consensus.cc:2804] T 47201301a6e9444eaf101d80ae4b6a33 P 6bc0441ffeda4771a176b126282623cc [term 0 FOLLOWER]: Leader pre-election won for term 1
I20260709 13:02:23.692826  8435 raft_consensus.cc:493] T 47201301a6e9444eaf101d80ae4b6a33 P 6bc0441ffeda4771a176b126282623cc [term 0 FOLLOWER]: Starting leader election (no leader contacted us within the election timeout)
I20260709 13:02:23.693127  8435 raft_consensus.cc:3060] T 47201301a6e9444eaf101d80ae4b6a33 P 6bc0441ffeda4771a176b126282623cc [term 0 FOLLOWER]: Advancing to term 1
I20260709 13:02:23.699793  8435 raft_consensus.cc:515] T 47201301a6e9444eaf101d80ae4b6a33 P 6bc0441ffeda4771a176b126282623cc [term 1 FOLLOWER]: Starting leader election with config: opid_index: -1 OBSOLETE_local: false peers { permanent_uuid: "6bc0441ffeda4771a176b126282623cc" member_type: VOTER last_known_addr { host: "127.6.243.1" port: 38783 } } peers { permanent_uuid: "a5a3bcec04c54ad8a71f13f0a84568c2" member_type: VOTER last_known_addr { host: "127.6.243.2" port: 37549 } } peers { permanent_uuid: "9bd42e504d374adc8620896a7c0d54a9" member_type: VOTER last_known_addr { host: "127.6.243.3" port: 33971 } }
I20260709 13:02:23.701885  8435 leader_election.cc:290] T 47201301a6e9444eaf101d80ae4b6a33 P 6bc0441ffeda4771a176b126282623cc [CANDIDATE]: Term 1 election: Requested vote from peers a5a3bcec04c54ad8a71f13f0a84568c2 (127.6.243.2:37549), 9bd42e504d374adc8620896a7c0d54a9 (127.6.243.3:33971)
I20260709 13:02:23.702672  8315 tablet_service.cc:1917] Received RequestConsensusVote() RPC: tablet_id: "47201301a6e9444eaf101d80ae4b6a33" candidate_uuid: "6bc0441ffeda4771a176b126282623cc" candidate_term: 1 candidate_status { last_received { term: 0 index: 0 } } ignore_live_leader: false dest_uuid: "a5a3bcec04c54ad8a71f13f0a84568c2"
I20260709 13:02:23.723709  8315 raft_consensus.cc:3060] T 47201301a6e9444eaf101d80ae4b6a33 P a5a3bcec04c54ad8a71f13f0a84568c2 [term 0 FOLLOWER]: Advancing to term 1
I20260709 13:02:23.703337  8389 tablet_service.cc:1917] Received RequestConsensusVote() RPC: tablet_id: "47201301a6e9444eaf101d80ae4b6a33" candidate_uuid: "6bc0441ffeda4771a176b126282623cc" candidate_term: 1 candidate_status { last_received { term: 0 index: 0 } } ignore_live_leader: false dest_uuid: "9bd42e504d374adc8620896a7c0d54a9" is_pre_election: true
I20260709 13:02:23.704622  8430 tablet_bootstrap.cc:492] T 9bd284916a4743da860a4f1a6a58d5cf P a5a3bcec04c54ad8a71f13f0a84568c2: Bootstrap starting.
I20260709 13:02:23.704955  8388 tablet_service.cc:1917] Received RequestConsensusVote() RPC: tablet_id: "47201301a6e9444eaf101d80ae4b6a33" candidate_uuid: "6bc0441ffeda4771a176b126282623cc" candidate_term: 1 candidate_status { last_received { term: 0 index: 0 } } ignore_live_leader: false dest_uuid: "9bd42e504d374adc8620896a7c0d54a9"
I20260709 13:02:23.714962  8429 tablet_bootstrap.cc:654] T 244e38df4fd04487b5130fc95b4e6cc5 P 6bc0441ffeda4771a176b126282623cc: Neither blocks nor log segments found. Creating new log.
W20260709 13:02:23.727237  8205 leader_election.cc:343] T 47201301a6e9444eaf101d80ae4b6a33 P 6bc0441ffeda4771a176b126282623cc [CANDIDATE]: Term 1 pre-election: Tablet error from VoteRequest() call to peer 9bd42e504d374adc8620896a7c0d54a9 (127.6.243.3:33971): Illegal state: must be running to vote when last-logged opid is not known
I20260709 13:02:23.715791  8431 tablet_bootstrap.cc:492] T d538ffc0e66b402f8cea65e5f873a9a4 P 9bd42e504d374adc8620896a7c0d54a9: No bootstrap required, opened a new log
I20260709 13:02:23.682986  8226 tablet_service.cc:1511] Processing CreateTablet for tablet 9db1214f102f4fcc917b62f4da055c40 (DEFAULT_TABLE table=test-workload [id=c8ae22a89efc405995171cabec46d8ac]), partition=RANGE (key) PARTITION 2038289512 <= VALUES < 2074687539
I20260709 13:02:23.733453  8431 ts_tablet_manager.cc:1403] T d538ffc0e66b402f8cea65e5f873a9a4 P 9bd42e504d374adc8620896a7c0d54a9: Time spent bootstrapping tablet: real 0.382s	user 0.030s	sys 0.047s
W20260709 13:02:23.743373  8205 leader_election.cc:343] T 47201301a6e9444eaf101d80ae4b6a33 P 6bc0441ffeda4771a176b126282623cc [CANDIDATE]: Term 1 election: Tablet error from VoteRequest() call to peer 9bd42e504d374adc8620896a7c0d54a9 (127.6.243.3:33971): Illegal state: must be running to vote when last-logged opid is not known
I20260709 13:02:23.744455  8226 data_dirs.cc:400] Could only allocate 1 dirs of requested 3 for tablet 9db1214f102f4fcc917b62f4da055c40. 1 dirs total, 0 dirs full, 0 dirs failed
I20260709 13:02:23.751230  8135 catalog_manager.cc:5697] T 244e38df4fd04487b5130fc95b4e6cc5 P 9bd42e504d374adc8620896a7c0d54a9 reported cstate change: term changed from 0 to 1, leader changed from <none> to 9bd42e504d374adc8620896a7c0d54a9 (127.6.243.3). New cstate: current_term: 1 leader_uuid: "9bd42e504d374adc8620896a7c0d54a9" committed_config { opid_index: -1 OBSOLETE_local: false peers { permanent_uuid: "6bc0441ffeda4771a176b126282623cc" member_type: VOTER last_known_addr { host: "127.6.243.1" port: 38783 } health_report { overall_health: UNKNOWN } } peers { permanent_uuid: "a5a3bcec04c54ad8a71f13f0a84568c2" member_type: VOTER last_known_addr { host: "127.6.243.2" port: 37549 } health_report { overall_health: UNKNOWN } } peers { permanent_uuid: "9bd42e504d374adc8620896a7c0d54a9" member_type: VOTER last_known_addr { host: "127.6.243.3" port: 33971 } health_report { overall_health: HEALTHY } } }
I20260709 13:02:23.754148  8315 raft_consensus.cc:2468] T 47201301a6e9444eaf101d80ae4b6a33 P a5a3bcec04c54ad8a71f13f0a84568c2 [term 1 FOLLOWER]: Leader election vote request: Granting yes vote for candidate 6bc0441ffeda4771a176b126282623cc in term 1.
