Total full LBM containers with extra space: 0 (0 repaired)
Total full LBM container extra space in bytes: 0 (0 repaired)
Total incomplete LBM containers: 0 (0 repaired)
Total LBM partial records: 0 (0 repaired)
Total corrupted LBM metadata records in RocksDB: 0 (0 repaired)
I20260709 13:02:06.896160 13883 rpc_server.cc:225] running with OpenSSL 1.1.1  11 Sep 2018
I20260709 13:02:06.897253 13883 kserver.cc:163] Server-wide thread pool size limit: 3276
I20260709 13:02:06.898586 13883 txn_system_client.cc:432] TxnSystemClient initialization is disabled...
I20260709 13:02:06.900650 13883 ts_tablet_manager.cc:585] Loaded tablet metadata (0 total tablets, 0 live tablets)
I20260709 13:02:06.900831 13883 ts_tablet_manager.cc:531] Time spent load tablet metadata: real 0.000s	user 0.000s	sys 0.000s
I20260709 13:02:06.901036 13883 ts_tablet_manager.cc:616] Registered 0 tablets
I20260709 13:02:06.901181 13883 ts_tablet_manager.cc:595] Time spent register tablets: real 0.000s	user 0.000s	sys 0.000s
I20260709 13:02:06.940827 13883 rpc_server.cc:307] RPC server started. Bound to: 127.13.142.195:34627
I20260709 13:02:06.940934 14681 acceptor_pool.cc:272] collecting diagnostics on the listening RPC socket 127.13.142.195:34627 every 8 connection(s)
I20260709 13:02:06.952689 14682 heartbeater.cc:344] Connected to a master server at 127.13.142.254:41235
I20260709 13:02:06.952984 14682 heartbeater.cc:461] Registering TS with master...
I20260709 13:02:06.953639 14682 heartbeater.cc:507] Master 127.13.142.254:41235 requested a full tablet report, sending...
I20260709 13:02:06.955228 14406 ts_manager.cc:194] Registered new tserver with Master: 021fa13549a74927b04a75aaff56d5fb (127.13.142.195:34627)
I20260709 13:02:06.955583 13883 internal_mini_cluster.cc:371] 3 TS(s) registered with all masters after 0.01192357s
I20260709 13:02:06.956768 14406 master_service.cc:502] Signed X509 certificate for tserver {username='slave'} at 127.0.0.1:52636
I20260709 13:02:06.977623 14406 catalog_manager.cc:2283] Servicing CreateTable request from {username='slave'} at 127.0.0.1:52644:
name: "test-workload"
schema {
  columns {
    name: "key"
    type: INT32
    is_key: true
    is_nullable: false
    encoding: AUTO_ENCODING
    compression: DEFAULT_COMPRESSION
    cfile_block_size: 0
    immutable: false
  }
  columns {
    name: "int_val"
    type: INT32
    is_key: false
    is_nullable: false
    encoding: AUTO_ENCODING
    compression: DEFAULT_COMPRESSION
    cfile_block_size: 0
    immutable: false
  }
  columns {
    name: "string_val"
    type: STRING
    is_key: false
    is_nullable: true
    encoding: AUTO_ENCODING
    compression: DEFAULT_COMPRESSION
    cfile_block_size: 0
    immutable: false
  }
}
num_replicas: 3
split_rows_range_bounds {
  rows: "\004\001\000\314\314\314\014\004\001\000\230\231\231\031\004\001\000dff&\004\001\0000333\004\001\000\374\377\377?\004\001\000\310\314\314L\004\001\000\224\231\231Y\004\001\000`fff\004\001\000,33s""\004\001\000\314\314\314\014\004\001\000\230\231\231\031\004\001\000dff&\004\001\0000333\004\001\000\374\377\377?\004\001\000\310\314\314L\004\001\000\224\231\231Y\004\001\000`fff\004\001\000,33s"
  indirect_data: """"
}
partition_schema {
  range_schema {
    columns {
      name: "key"
    }
  }
}
W20260709 13:02:06.980259 14406 catalog_manager.cc:7077] The number of live tablet servers is not enough to re-replicate a tablet replica of the newly created table test-workload in case of a server failure: 4 tablet servers would be needed, 3 are available. Consider bringing up more tablet servers.
I20260709 13:02:07.047999 14647 tablet_service.cc:1511] Processing CreateTablet for tablet 0576da81a0de493cb90b2790b74db1ba (DEFAULT_TABLE table=test-workload [id=c5f8f550032147ea8b8f10dda884e7e2]), partition=RANGE (key) PARTITION VALUES < 214748364
I20260709 13:02:07.048514 14644 tablet_service.cc:1511] Processing CreateTablet for tablet 6f81da7ea51c4d06aca4394195c75a4a (DEFAULT_TABLE table=test-workload [id=c5f8f550032147ea8b8f10dda884e7e2]), partition=RANGE (key) PARTITION 644245092 <= VALUES < 858993456
I20260709 13:02:07.049444 14647 data_dirs.cc:400] Could only allocate 1 dirs of requested 3 for tablet 0576da81a0de493cb90b2790b74db1ba. 1 dirs total, 0 dirs full, 0 dirs failed
I20260709 13:02:07.050051 14644 data_dirs.cc:400] Could only allocate 1 dirs of requested 3 for tablet 6f81da7ea51c4d06aca4394195c75a4a. 1 dirs total, 0 dirs full, 0 dirs failed
I20260709 13:02:07.052199 14646 tablet_service.cc:1511] Processing CreateTablet for tablet 6efb9b2aa24c4614bad62cc43f4e5eb4 (DEFAULT_TABLE table=test-workload [id=c5f8f550032147ea8b8f10dda884e7e2]), partition=RANGE (key) PARTITION 214748364 <= VALUES < 429496728
I20260709 13:02:07.053503 14646 data_dirs.cc:400] Could only allocate 1 dirs of requested 3 for tablet 6efb9b2aa24c4614bad62cc43f4e5eb4. 1 dirs total, 0 dirs full, 0 dirs failed
I20260709 13:02:07.052299 14645 tablet_service.cc:1511] Processing CreateTablet for tablet 5effd835e07147a998d2b7f9105a75b2 (DEFAULT_TABLE table=test-workload [id=c5f8f550032147ea8b8f10dda884e7e2]), partition=RANGE (key) PARTITION 429496728 <= VALUES < 644245092
I20260709 13:02:07.055342 14645 data_dirs.cc:400] Could only allocate 1 dirs of requested 3 for tablet 5effd835e07147a998d2b7f9105a75b2. 1 dirs total, 0 dirs full, 0 dirs failed
I20260709 13:02:07.055723 14643 tablet_service.cc:1511] Processing CreateTablet for tablet 235f76722e244850afa2808b4db04188 (DEFAULT_TABLE table=test-workload [id=c5f8f550032147ea8b8f10dda884e7e2]), partition=RANGE (key) PARTITION 858993456 <= VALUES < 1073741820
I20260709 13:02:07.056901 14643 data_dirs.cc:400] Could only allocate 1 dirs of requested 3 for tablet 235f76722e244850afa2808b4db04188. 1 dirs total, 0 dirs full, 0 dirs failed
I20260709 13:02:07.060302 14642 tablet_service.cc:1511] Processing CreateTablet for tablet a211efa6118d42f7a89fb59aa2f7a96c (DEFAULT_TABLE table=test-workload [id=c5f8f550032147ea8b8f10dda884e7e2]), partition=RANGE (key) PARTITION 1073741820 <= VALUES < 1288490184
I20260709 13:02:07.061530 14642 data_dirs.cc:400] Could only allocate 1 dirs of requested 3 for tablet a211efa6118d42f7a89fb59aa2f7a96c. 1 dirs total, 0 dirs full, 0 dirs failed
I20260709 13:02:07.068192 14641 tablet_service.cc:1511] Processing CreateTablet for tablet c1fb469f465c4ef38ff00c31d3ae9505 (DEFAULT_TABLE table=test-workload [id=c5f8f550032147ea8b8f10dda884e7e2]), partition=RANGE (key) PARTITION 1288490184 <= VALUES < 1503238548
I20260709 13:02:07.069718 14641 data_dirs.cc:400] Could only allocate 1 dirs of requested 3 for tablet c1fb469f465c4ef38ff00c31d3ae9505. 1 dirs total, 0 dirs full, 0 dirs failed
I20260709 13:02:07.073235 14640 tablet_service.cc:1511] Processing CreateTablet for tablet f90a43348a144f5d99b830588e50b3d7 (DEFAULT_TABLE table=test-workload [id=c5f8f550032147ea8b8f10dda884e7e2]), partition=RANGE (key) PARTITION 1503238548 <= VALUES < 1717986912
I20260709 13:02:07.074507 14640 data_dirs.cc:400] Could only allocate 1 dirs of requested 3 for tablet f90a43348a144f5d99b830588e50b3d7. 1 dirs total, 0 dirs full, 0 dirs failed
I20260709 13:02:07.097213 14646 tablet_service.cc:1511] Processing CreateTablet for tablet 9f7939f1b1e647b69b7424e7b8b2fa6b (DEFAULT_TABLE table=test-workload [id=c5f8f550032147ea8b8f10dda884e7e2]), partition=RANGE (key) PARTITION 1717986912 <= VALUES < 1932735276
I20260709 13:02:07.098629 14646 data_dirs.cc:400] Could only allocate 1 dirs of requested 3 for tablet 9f7939f1b1e647b69b7424e7b8b2fa6b. 1 dirs total, 0 dirs full, 0 dirs failed
I20260709 13:02:07.101269 14696 tablet_bootstrap.cc:492] T 0576da81a0de493cb90b2790b74db1ba P 021fa13549a74927b04a75aaff56d5fb: Bootstrap starting.
I20260709 13:02:07.105399 14573 tablet_service.cc:1511] Processing CreateTablet for tablet 0576da81a0de493cb90b2790b74db1ba (DEFAULT_TABLE table=test-workload [id=c5f8f550032147ea8b8f10dda884e7e2]), partition=RANGE (key) PARTITION VALUES < 214748364
I20260709 13:02:07.106616 14573 data_dirs.cc:400] Could only allocate 1 dirs of requested 3 for tablet 0576da81a0de493cb90b2790b74db1ba. 1 dirs total, 0 dirs full, 0 dirs failed
I20260709 13:02:07.107534 14696 tablet_bootstrap.cc:654] T 0576da81a0de493cb90b2790b74db1ba P 021fa13549a74927b04a75aaff56d5fb: Neither blocks nor log segments found. Creating new log.
I20260709 13:02:07.108606 14645 tablet_service.cc:1511] Processing CreateTablet for tablet a08eaa8469974721a7e06c34b08efd9d (DEFAULT_TABLE table=test-workload [id=c5f8f550032147ea8b8f10dda884e7e2]), partition=RANGE (key) PARTITION 1932735276 <= VALUES
I20260709 13:02:07.110023 14645 data_dirs.cc:400] Could only allocate 1 dirs of requested 3 for tablet a08eaa8469974721a7e06c34b08efd9d. 1 dirs total, 0 dirs full, 0 dirs failed
I20260709 13:02:07.114929 14572 tablet_service.cc:1511] Processing CreateTablet for tablet 6efb9b2aa24c4614bad62cc43f4e5eb4 (DEFAULT_TABLE table=test-workload [id=c5f8f550032147ea8b8f10dda884e7e2]), partition=RANGE (key) PARTITION 214748364 <= VALUES < 429496728
I20260709 13:02:07.116220 14572 data_dirs.cc:400] Could only allocate 1 dirs of requested 3 for tablet 6efb9b2aa24c4614bad62cc43f4e5eb4. 1 dirs total, 0 dirs full, 0 dirs failed
I20260709 13:02:07.126386 14494 tablet_service.cc:1511] Processing CreateTablet for tablet 235f76722e244850afa2808b4db04188 (DEFAULT_TABLE table=test-workload [id=c5f8f550032147ea8b8f10dda884e7e2]), partition=RANGE (key) PARTITION 858993456 <= VALUES < 1073741820
I20260709 13:02:07.127775 14494 data_dirs.cc:400] Could only allocate 1 dirs of requested 3 for tablet 235f76722e244850afa2808b4db04188. 1 dirs total, 0 dirs full, 0 dirs failed
I20260709 13:02:07.132663 14493 tablet_service.cc:1511] Processing CreateTablet for tablet a211efa6118d42f7a89fb59aa2f7a96c (DEFAULT_TABLE table=test-workload [id=c5f8f550032147ea8b8f10dda884e7e2]), partition=RANGE (key) PARTITION 1073741820 <= VALUES < 1288490184
I20260709 13:02:07.134029 14493 data_dirs.cc:400] Could only allocate 1 dirs of requested 3 for tablet a211efa6118d42f7a89fb59aa2f7a96c. 1 dirs total, 0 dirs full, 0 dirs failed
I20260709 13:02:07.135396 14571 tablet_service.cc:1511] Processing CreateTablet for tablet 5effd835e07147a998d2b7f9105a75b2 (DEFAULT_TABLE table=test-workload [id=c5f8f550032147ea8b8f10dda884e7e2]), partition=RANGE (key) PARTITION 429496728 <= VALUES < 644245092
I20260709 13:02:07.136672 14571 data_dirs.cc:400] Could only allocate 1 dirs of requested 3 for tablet 5effd835e07147a998d2b7f9105a75b2. 1 dirs total, 0 dirs full, 0 dirs failed
I20260709 13:02:07.136399 14568 tablet_service.cc:1511] Processing CreateTablet for tablet a211efa6118d42f7a89fb59aa2f7a96c (DEFAULT_TABLE table=test-workload [id=c5f8f550032147ea8b8f10dda884e7e2]), partition=RANGE (key) PARTITION 1073741820 <= VALUES < 1288490184
I20260709 13:02:07.137544 14568 data_dirs.cc:400] Could only allocate 1 dirs of requested 3 for tablet a211efa6118d42f7a89fb59aa2f7a96c. 1 dirs total, 0 dirs full, 0 dirs failed
I20260709 13:02:07.138638 14570 tablet_service.cc:1511] Processing CreateTablet for tablet 6f81da7ea51c4d06aca4394195c75a4a (DEFAULT_TABLE table=test-workload [id=c5f8f550032147ea8b8f10dda884e7e2]), partition=RANGE (key) PARTITION 644245092 <= VALUES < 858993456
I20260709 13:02:07.139822 14570 data_dirs.cc:400] Could only allocate 1 dirs of requested 3 for tablet 6f81da7ea51c4d06aca4394195c75a4a. 1 dirs total, 0 dirs full, 0 dirs failed
I20260709 13:02:07.140602 14492 tablet_service.cc:1511] Processing CreateTablet for tablet c1fb469f465c4ef38ff00c31d3ae9505 (DEFAULT_TABLE table=test-workload [id=c5f8f550032147ea8b8f10dda884e7e2]), partition=RANGE (key) PARTITION 1288490184 <= VALUES < 1503238548
I20260709 13:02:07.140738 14489 tablet_service.cc:1511] Processing CreateTablet for tablet a08eaa8469974721a7e06c34b08efd9d (DEFAULT_TABLE table=test-workload [id=c5f8f550032147ea8b8f10dda884e7e2]), partition=RANGE (key) PARTITION 1932735276 <= VALUES
I20260709 13:02:07.141831 14492 data_dirs.cc:400] Could only allocate 1 dirs of requested 3 for tablet c1fb469f465c4ef38ff00c31d3ae9505. 1 dirs total, 0 dirs full, 0 dirs failed
I20260709 13:02:07.141526 14569 tablet_service.cc:1511] Processing CreateTablet for tablet 235f76722e244850afa2808b4db04188 (DEFAULT_TABLE table=test-workload [id=c5f8f550032147ea8b8f10dda884e7e2]), partition=RANGE (key) PARTITION 858993456 <= VALUES < 1073741820
I20260709 13:02:07.142704 14569 data_dirs.cc:400] Could only allocate 1 dirs of requested 3 for tablet 235f76722e244850afa2808b4db04188. 1 dirs total, 0 dirs full, 0 dirs failed
I20260709 13:02:07.142472 14490 tablet_service.cc:1511] Processing CreateTablet for tablet 9f7939f1b1e647b69b7424e7b8b2fa6b (DEFAULT_TABLE table=test-workload [id=c5f8f550032147ea8b8f10dda884e7e2]), partition=RANGE (key) PARTITION 1717986912 <= VALUES < 1932735276
I20260709 13:02:07.143680 14567 tablet_service.cc:1511] Processing CreateTablet for tablet c1fb469f465c4ef38ff00c31d3ae9505 (DEFAULT_TABLE table=test-workload [id=c5f8f550032147ea8b8f10dda884e7e2]), partition=RANGE (key) PARTITION 1288490184 <= VALUES < 1503238548
I20260709 13:02:07.144485 14491 tablet_service.cc:1511] Processing CreateTablet for tablet f90a43348a144f5d99b830588e50b3d7 (DEFAULT_TABLE table=test-workload [id=c5f8f550032147ea8b8f10dda884e7e2]), partition=RANGE (key) PARTITION 1503238548 <= VALUES < 1717986912
I20260709 13:02:07.146148 14566 tablet_service.cc:1511] Processing CreateTablet for tablet f90a43348a144f5d99b830588e50b3d7 (DEFAULT_TABLE table=test-workload [id=c5f8f550032147ea8b8f10dda884e7e2]), partition=RANGE (key) PARTITION 1503238548 <= VALUES < 1717986912
I20260709 13:02:07.146286 14496 tablet_service.cc:1511] Processing CreateTablet for tablet 5effd835e07147a998d2b7f9105a75b2 (DEFAULT_TABLE table=test-workload [id=c5f8f550032147ea8b8f10dda884e7e2]), partition=RANGE (key) PARTITION 429496728 <= VALUES < 644245092
I20260709 13:02:07.148219 14497 tablet_service.cc:1511] Processing CreateTablet for tablet 6efb9b2aa24c4614bad62cc43f4e5eb4 (DEFAULT_TABLE table=test-workload [id=c5f8f550032147ea8b8f10dda884e7e2]), partition=RANGE (key) PARTITION 214748364 <= VALUES < 429496728
I20260709 13:02:07.148634 14564 tablet_service.cc:1511] Processing CreateTablet for tablet a08eaa8469974721a7e06c34b08efd9d (DEFAULT_TABLE table=test-workload [id=c5f8f550032147ea8b8f10dda884e7e2]), partition=RANGE (key) PARTITION 1932735276 <= VALUES
I20260709 13:02:07.144924 14567 data_dirs.cc:400] Could only allocate 1 dirs of requested 3 for tablet c1fb469f465c4ef38ff00c31d3ae9505. 1 dirs total, 0 dirs full, 0 dirs failed
I20260709 13:02:07.153481 14490 data_dirs.cc:400] Could only allocate 1 dirs of requested 3 for tablet 9f7939f1b1e647b69b7424e7b8b2fa6b. 1 dirs total, 0 dirs full, 0 dirs failed
I20260709 13:02:07.154112 14497 data_dirs.cc:400] Could only allocate 1 dirs of requested 3 for tablet 6efb9b2aa24c4614bad62cc43f4e5eb4. 1 dirs total, 0 dirs full, 0 dirs failed
I20260709 13:02:07.155848 14491 data_dirs.cc:400] Could only allocate 1 dirs of requested 3 for tablet f90a43348a144f5d99b830588e50b3d7. 1 dirs total, 0 dirs full, 0 dirs failed
I20260709 13:02:07.157059 14498 tablet_service.cc:1511] Processing CreateTablet for tablet 0576da81a0de493cb90b2790b74db1ba (DEFAULT_TABLE table=test-workload [id=c5f8f550032147ea8b8f10dda884e7e2]), partition=RANGE (key) PARTITION VALUES < 214748364
I20260709 13:02:07.157963 14496 data_dirs.cc:400] Could only allocate 1 dirs of requested 3 for tablet 5effd835e07147a998d2b7f9105a75b2. 1 dirs total, 0 dirs full, 0 dirs failed
I20260709 13:02:07.159873 14495 tablet_service.cc:1511] Processing CreateTablet for tablet 6f81da7ea51c4d06aca4394195c75a4a (DEFAULT_TABLE table=test-workload [id=c5f8f550032147ea8b8f10dda884e7e2]), partition=RANGE (key) PARTITION 644245092 <= VALUES < 858993456
I20260709 13:02:07.161012 14565 tablet_service.cc:1511] Processing CreateTablet for tablet 9f7939f1b1e647b69b7424e7b8b2fa6b (DEFAULT_TABLE table=test-workload [id=c5f8f550032147ea8b8f10dda884e7e2]), partition=RANGE (key) PARTITION 1717986912 <= VALUES < 1932735276
I20260709 13:02:07.162531 14489 data_dirs.cc:400] Could only allocate 1 dirs of requested 3 for tablet a08eaa8469974721a7e06c34b08efd9d. 1 dirs total, 0 dirs full, 0 dirs failed
I20260709 13:02:07.165552 14495 data_dirs.cc:400] Could only allocate 1 dirs of requested 3 for tablet 6f81da7ea51c4d06aca4394195c75a4a. 1 dirs total, 0 dirs full, 0 dirs failed
I20260709 13:02:07.174136 14564 data_dirs.cc:400] Could only allocate 1 dirs of requested 3 for tablet a08eaa8469974721a7e06c34b08efd9d. 1 dirs total, 0 dirs full, 0 dirs failed
I20260709 13:02:07.174846 14498 data_dirs.cc:400] Could only allocate 1 dirs of requested 3 for tablet 0576da81a0de493cb90b2790b74db1ba. 1 dirs total, 0 dirs full, 0 dirs failed
I20260709 13:02:07.179836 14565 data_dirs.cc:400] Could only allocate 1 dirs of requested 3 for tablet 9f7939f1b1e647b69b7424e7b8b2fa6b. 1 dirs total, 0 dirs full, 0 dirs failed
I20260709 13:02:07.191838 14566 data_dirs.cc:400] Could only allocate 1 dirs of requested 3 for tablet f90a43348a144f5d99b830588e50b3d7. 1 dirs total, 0 dirs full, 0 dirs failed
I20260709 13:02:07.205895 14698 tablet_bootstrap.cc:492] T 6efb9b2aa24c4614bad62cc43f4e5eb4 P 3afc31affc8147b4a03a72ddb6eb59fd: Bootstrap starting.
I20260709 13:02:07.240147 14696 tablet_bootstrap.cc:492] T 0576da81a0de493cb90b2790b74db1ba P 021fa13549a74927b04a75aaff56d5fb: No bootstrap required, opened a new log
I20260709 13:02:07.240741 14696 ts_tablet_manager.cc:1403] T 0576da81a0de493cb90b2790b74db1ba P 021fa13549a74927b04a75aaff56d5fb: Time spent bootstrapping tablet: real 0.140s	user 0.017s	sys 0.016s
I20260709 13:02:07.243705 14696 raft_consensus.cc:359] T 0576da81a0de493cb90b2790b74db1ba P 021fa13549a74927b04a75aaff56d5fb [term 0 FOLLOWER]: Replica starting. Triggering 0 pending ops. Active config: opid_index: -1 OBSOLETE_local: false peers { permanent_uuid: "021fa13549a74927b04a75aaff56d5fb" member_type: VOTER last_known_addr { host: "127.13.142.195" port: 34627 } } peers { permanent_uuid: "3afc31affc8147b4a03a72ddb6eb59fd" member_type: VOTER last_known_addr { host: "127.13.142.194" port: 42443 } } peers { permanent_uuid: "3084f14326934169b3d40338df9de298" member_type: VOTER last_known_addr { host: "127.13.142.193" port: 38275 } }
I20260709 13:02:07.244618 14696 raft_consensus.cc:385] T 0576da81a0de493cb90b2790b74db1ba P 021fa13549a74927b04a75aaff56d5fb [term 0 FOLLOWER]: Consensus starting up: Expiring failure detector timer to make a prompt election more likely
I20260709 13:02:07.244954 14696 raft_consensus.cc:740] T 0576da81a0de493cb90b2790b74db1ba P 021fa13549a74927b04a75aaff56d5fb [term 0 FOLLOWER]: Becoming Follower/Learner. State: Replica: 021fa13549a74927b04a75aaff56d5fb, State: Initialized, Role: FOLLOWER
I20260709 13:02:07.245674 14696 consensus_queue.cc:260] T 0576da81a0de493cb90b2790b74db1ba P 021fa13549a74927b04a75aaff56d5fb [NON_LEADER]: Queue going to NON_LEADER mode. State: All replicated index: 0, Majority replicated index: 0, Committed index: 0, Last appended: 0.0, Last appended by leader: 0, Current term: 0, Majority size: -1, State: 0, Mode: NON_LEADER, active raft config: opid_index: -1 OBSOLETE_local: false peers { permanent_uuid: "021fa13549a74927b04a75aaff56d5fb" member_type: VOTER last_known_addr { host: "127.13.142.195" port: 34627 } } peers { permanent_uuid: "3afc31affc8147b4a03a72ddb6eb59fd" member_type: VOTER last_known_addr { host: "127.13.142.194" port: 42443 } } peers { permanent_uuid: "3084f14326934169b3d40338df9de298" member_type: VOTER last_known_addr { host: "127.13.142.193" port: 38275 } }
I20260709 13:02:07.248744 14682 heartbeater.cc:499] Master 127.13.142.254:41235 was elected leader, sending a full tablet report...
I20260709 13:02:07.249224 14696 ts_tablet_manager.cc:1434] T 0576da81a0de493cb90b2790b74db1ba P 021fa13549a74927b04a75aaff56d5fb: Time spent starting tablet: real 0.008s	user 0.007s	sys 0.000s
I20260709 13:02:07.250150 14696 tablet_bootstrap.cc:492] T 5effd835e07147a998d2b7f9105a75b2 P 021fa13549a74927b04a75aaff56d5fb: Bootstrap starting.
I20260709 13:02:07.253515 14698 tablet_bootstrap.cc:654] T 6efb9b2aa24c4614bad62cc43f4e5eb4 P 3afc31affc8147b4a03a72ddb6eb59fd: Neither blocks nor log segments found. Creating new log.
I20260709 13:02:07.255963 14696 tablet_bootstrap.cc:654] T 5effd835e07147a998d2b7f9105a75b2 P 021fa13549a74927b04a75aaff56d5fb: Neither blocks nor log segments found. Creating new log.
I20260709 13:02:07.257588 14699 tablet_bootstrap.cc:492] T 235f76722e244850afa2808b4db04188 P 3084f14326934169b3d40338df9de298: Bootstrap starting.
I20260709 13:02:07.262477 14698 tablet_bootstrap.cc:492] T 6efb9b2aa24c4614bad62cc43f4e5eb4 P 3afc31affc8147b4a03a72ddb6eb59fd: No bootstrap required, opened a new log
I20260709 13:02:07.263018 14698 ts_tablet_manager.cc:1403] T 6efb9b2aa24c4614bad62cc43f4e5eb4 P 3afc31affc8147b4a03a72ddb6eb59fd: Time spent bootstrapping tablet: real 0.057s	user 0.011s	sys 0.000s
I20260709 13:02:07.264109 14699 tablet_bootstrap.cc:654] T 235f76722e244850afa2808b4db04188 P 3084f14326934169b3d40338df9de298: Neither blocks nor log segments found. Creating new log.
I20260709 13:02:07.266000 14698 raft_consensus.cc:359] T 6efb9b2aa24c4614bad62cc43f4e5eb4 P 3afc31affc8147b4a03a72ddb6eb59fd [term 0 FOLLOWER]: Replica starting. Triggering 0 pending ops. Active config: opid_index: -1 OBSOLETE_local: false peers { permanent_uuid: "3084f14326934169b3d40338df9de298" member_type: VOTER last_known_addr { host: "127.13.142.193" port: 38275 } } peers { permanent_uuid: "3afc31affc8147b4a03a72ddb6eb59fd" member_type: VOTER last_known_addr { host: "127.13.142.194" port: 42443 } } peers { permanent_uuid: "021fa13549a74927b04a75aaff56d5fb" member_type: VOTER last_known_addr { host: "127.13.142.195" port: 34627 } }
I20260709 13:02:07.266710 14698 raft_consensus.cc:385] T 6efb9b2aa24c4614bad62cc43f4e5eb4 P 3afc31affc8147b4a03a72ddb6eb59fd [term 0 FOLLOWER]: Consensus starting up: Expiring failure detector timer to make a prompt election more likely
I20260709 13:02:07.267024 14696 tablet_bootstrap.cc:492] T 5effd835e07147a998d2b7f9105a75b2 P 021fa13549a74927b04a75aaff56d5fb: No bootstrap required, opened a new log
I20260709 13:02:07.267537 14696 ts_tablet_manager.cc:1403] T 5effd835e07147a998d2b7f9105a75b2 P 021fa13549a74927b04a75aaff56d5fb: Time spent bootstrapping tablet: real 0.018s	user 0.016s	sys 0.000s
I20260709 13:02:07.267045 14698 raft_consensus.cc:740] T 6efb9b2aa24c4614bad62cc43f4e5eb4 P 3afc31affc8147b4a03a72ddb6eb59fd [term 0 FOLLOWER]: Becoming Follower/Learner. State: Replica: 3afc31affc8147b4a03a72ddb6eb59fd, State: Initialized, Role: FOLLOWER
I20260709 13:02:07.268671 14698 consensus_queue.cc:260] T 6efb9b2aa24c4614bad62cc43f4e5eb4 P 3afc31affc8147b4a03a72ddb6eb59fd [NON_LEADER]: Queue going to NON_LEADER mode. State: All replicated index: 0, Majority replicated index: 0, Committed index: 0, Last appended: 0.0, Last appended by leader: 0, Current term: 0, Majority size: -1, State: 0, Mode: NON_LEADER, active raft config: opid_index: -1 OBSOLETE_local: false peers { permanent_uuid: "3084f14326934169b3d40338df9de298" member_type: VOTER last_known_addr { host: "127.13.142.193" port: 38275 } } peers { permanent_uuid: "3afc31affc8147b4a03a72ddb6eb59fd" member_type: VOTER last_known_addr { host: "127.13.142.194" port: 42443 } } peers { permanent_uuid: "021fa13549a74927b04a75aaff56d5fb" member_type: VOTER last_known_addr { host: "127.13.142.195" port: 34627 } }
I20260709 13:02:07.269443 14699 tablet_bootstrap.cc:492] T 235f76722e244850afa2808b4db04188 P 3084f14326934169b3d40338df9de298: No bootstrap required, opened a new log
I20260709 13:02:07.269899 14699 ts_tablet_manager.cc:1403] T 235f76722e244850afa2808b4db04188 P 3084f14326934169b3d40338df9de298: Time spent bootstrapping tablet: real 0.013s	user 0.010s	sys 0.002s
I20260709 13:02:07.270447 14696 raft_consensus.cc:359] T 5effd835e07147a998d2b7f9105a75b2 P 021fa13549a74927b04a75aaff56d5fb [term 0 FOLLOWER]: Replica starting. Triggering 0 pending ops. Active config: opid_index: -1 OBSOLETE_local: false peers { permanent_uuid: "3084f14326934169b3d40338df9de298" member_type: VOTER last_known_addr { host: "127.13.142.193" port: 38275 } } peers { permanent_uuid: "3afc31affc8147b4a03a72ddb6eb59fd" member_type: VOTER last_known_addr { host: "127.13.142.194" port: 42443 } } peers { permanent_uuid: "021fa13549a74927b04a75aaff56d5fb" member_type: VOTER last_known_addr { host: "127.13.142.195" port: 34627 } }
I20260709 13:02:07.271126 14696 raft_consensus.cc:385] T 5effd835e07147a998d2b7f9105a75b2 P 021fa13549a74927b04a75aaff56d5fb [term 0 FOLLOWER]: Consensus starting up: Expiring failure detector timer to make a prompt election more likely
I20260709 13:02:07.271442 14696 raft_consensus.cc:740] T 5effd835e07147a998d2b7f9105a75b2 P 021fa13549a74927b04a75aaff56d5fb [term 0 FOLLOWER]: Becoming Follower/Learner. State: Replica: 021fa13549a74927b04a75aaff56d5fb, State: Initialized, Role: FOLLOWER
I20260709 13:02:07.272334 14696 consensus_queue.cc:260] T 5effd835e07147a998d2b7f9105a75b2 P 021fa13549a74927b04a75aaff56d5fb [NON_LEADER]: Queue going to NON_LEADER mode. State: All replicated index: 0, Majority replicated index: 0, Committed index: 0, Last appended: 0.0, Last appended by leader: 0, Current term: 0, Majority size: -1, State: 0, Mode: NON_LEADER, active raft config: opid_index: -1 OBSOLETE_local: false peers { permanent_uuid: "3084f14326934169b3d40338df9de298" member_type: VOTER last_known_addr { host: "127.13.142.193" port: 38275 } } peers { permanent_uuid: "3afc31affc8147b4a03a72ddb6eb59fd" member_type: VOTER last_known_addr { host: "127.13.142.194" port: 42443 } } peers { permanent_uuid: "021fa13549a74927b04a75aaff56d5fb" member_type: VOTER last_known_addr { host: "127.13.142.195" port: 34627 } }
I20260709 13:02:07.272505 14699 raft_consensus.cc:359] T 235f76722e244850afa2808b4db04188 P 3084f14326934169b3d40338df9de298 [term 0 FOLLOWER]: Replica starting. Triggering 0 pending ops. Active config: opid_index: -1 OBSOLETE_local: false peers { permanent_uuid: "3084f14326934169b3d40338df9de298" member_type: VOTER last_known_addr { host: "127.13.142.193" port: 38275 } } peers { permanent_uuid: "3afc31affc8147b4a03a72ddb6eb59fd" member_type: VOTER last_known_addr { host: "127.13.142.194" port: 42443 } } peers { permanent_uuid: "021fa13549a74927b04a75aaff56d5fb" member_type: VOTER last_known_addr { host: "127.13.142.195" port: 34627 } }
I20260709 13:02:07.273167 14699 raft_consensus.cc:385] T 235f76722e244850afa2808b4db04188 P 3084f14326934169b3d40338df9de298 [term 0 FOLLOWER]: Consensus starting up: Expiring failure detector timer to make a prompt election more likely
I20260709 13:02:07.273463 14699 raft_consensus.cc:740] T 235f76722e244850afa2808b4db04188 P 3084f14326934169b3d40338df9de298 [term 0 FOLLOWER]: Becoming Follower/Learner. State: Replica: 3084f14326934169b3d40338df9de298, State: Initialized, Role: FOLLOWER
I20260709 13:02:07.274592 14696 ts_tablet_manager.cc:1434] T 5effd835e07147a998d2b7f9105a75b2 P 021fa13549a74927b04a75aaff56d5fb: Time spent starting tablet: real 0.007s	user 0.005s	sys 0.000s
I20260709 13:02:07.274303 14699 consensus_queue.cc:260] T 235f76722e244850afa2808b4db04188 P 3084f14326934169b3d40338df9de298 [NON_LEADER]: Queue going to NON_LEADER mode. State: All replicated index: 0, Majority replicated index: 0, Committed index: 0, Last appended: 0.0, Last appended by leader: 0, Current term: 0, Majority size: -1, State: 0, Mode: NON_LEADER, active raft config: opid_index: -1 OBSOLETE_local: false peers { permanent_uuid: "3084f14326934169b3d40338df9de298" member_type: VOTER last_known_addr { host: "127.13.142.193" port: 38275 } } peers { permanent_uuid: "3afc31affc8147b4a03a72ddb6eb59fd" member_type: VOTER last_known_addr { host: "127.13.142.194" port: 42443 } } peers { permanent_uuid: "021fa13549a74927b04a75aaff56d5fb" member_type: VOTER last_known_addr { host: "127.13.142.195" port: 34627 } }
I20260709 13:02:07.275554 14696 tablet_bootstrap.cc:492] T a211efa6118d42f7a89fb59aa2f7a96c P 021fa13549a74927b04a75aaff56d5fb: Bootstrap starting.
I20260709 13:02:07.282505 14608 heartbeater.cc:499] Master 127.13.142.254:41235 was elected leader, sending a full tablet report...
I20260709 13:02:07.282830 14696 tablet_bootstrap.cc:654] T a211efa6118d42f7a89fb59aa2f7a96c P 021fa13549a74927b04a75aaff56d5fb: Neither blocks nor log segments found. Creating new log.
I20260709 13:02:07.282938 14698 ts_tablet_manager.cc:1434] T 6efb9b2aa24c4614bad62cc43f4e5eb4 P 3afc31affc8147b4a03a72ddb6eb59fd: Time spent starting tablet: real 0.020s	user 0.009s	sys 0.009s
I20260709 13:02:07.283834 14698 tablet_bootstrap.cc:492] T 0576da81a0de493cb90b2790b74db1ba P 3afc31affc8147b4a03a72ddb6eb59fd: Bootstrap starting.
I20260709 13:02:07.289770 14698 tablet_bootstrap.cc:654] T 0576da81a0de493cb90b2790b74db1ba P 3afc31affc8147b4a03a72ddb6eb59fd: Neither blocks nor log segments found. Creating new log.
I20260709 13:02:07.292497 14699 ts_tablet_manager.cc:1434] T 235f76722e244850afa2808b4db04188 P 3084f14326934169b3d40338df9de298: Time spent starting tablet: real 0.022s	user 0.002s	sys 0.019s
I20260709 13:02:07.293179 14533 heartbeater.cc:499] Master 127.13.142.254:41235 was elected leader, sending a full tablet report...
I20260709 13:02:07.293524 14699 tablet_bootstrap.cc:492] T c1fb469f465c4ef38ff00c31d3ae9505 P 3084f14326934169b3d40338df9de298: Bootstrap starting.
I20260709 13:02:07.299896 14699 tablet_bootstrap.cc:654] T c1fb469f465c4ef38ff00c31d3ae9505 P 3084f14326934169b3d40338df9de298: Neither blocks nor log segments found. Creating new log.
I20260709 13:02:07.303833 14704 raft_consensus.cc:493] T 6efb9b2aa24c4614bad62cc43f4e5eb4 P 3afc31affc8147b4a03a72ddb6eb59fd [term 0 FOLLOWER]: Starting pre-election (no leader contacted us within the election timeout)
I20260709 13:02:07.304082 14698 tablet_bootstrap.cc:492] T 0576da81a0de493cb90b2790b74db1ba P 3afc31affc8147b4a03a72ddb6eb59fd: No bootstrap required, opened a new log
I20260709 13:02:07.304688 14698 ts_tablet_manager.cc:1403] T 0576da81a0de493cb90b2790b74db1ba P 3afc31affc8147b4a03a72ddb6eb59fd: Time spent bootstrapping tablet: real 0.021s	user 0.016s	sys 0.004s
I20260709 13:02:07.304482 14704 raft_consensus.cc:515] T 6efb9b2aa24c4614bad62cc43f4e5eb4 P 3afc31affc8147b4a03a72ddb6eb59fd [term 0 FOLLOWER]: Starting pre-election with config: opid_index: -1 OBSOLETE_local: false peers { permanent_uuid: "3084f14326934169b3d40338df9de298" member_type: VOTER last_known_addr { host: "127.13.142.193" port: 38275 } } peers { permanent_uuid: "3afc31affc8147b4a03a72ddb6eb59fd" member_type: VOTER last_known_addr { host: "127.13.142.194" port: 42443 } } peers { permanent_uuid: "021fa13549a74927b04a75aaff56d5fb" member_type: VOTER last_known_addr { host: "127.13.142.195" port: 34627 } }
I20260709 13:02:07.307955 14698 raft_consensus.cc:359] T 0576da81a0de493cb90b2790b74db1ba P 3afc31affc8147b4a03a72ddb6eb59fd [term 0 FOLLOWER]: Replica starting. Triggering 0 pending ops. Active config: opid_index: -1 OBSOLETE_local: false peers { permanent_uuid: "021fa13549a74927b04a75aaff56d5fb" member_type: VOTER last_known_addr { host: "127.13.142.195" port: 34627 } } peers { permanent_uuid: "3afc31affc8147b4a03a72ddb6eb59fd" member_type: VOTER last_known_addr { host: "127.13.142.194" port: 42443 } } peers { permanent_uuid: "3084f14326934169b3d40338df9de298" member_type: VOTER last_known_addr { host: "127.13.142.193" port: 38275 } }
I20260709 13:02:07.308764 14698 raft_consensus.cc:385] T 0576da81a0de493cb90b2790b74db1ba P 3afc31affc8147b4a03a72ddb6eb59fd [term 0 FOLLOWER]: Consensus starting up: Expiring failure detector timer to make a prompt election more likely
I20260709 13:02:07.309254 14698 raft_consensus.cc:740] T 0576da81a0de493cb90b2790b74db1ba P 3afc31affc8147b4a03a72ddb6eb59fd [term 0 FOLLOWER]: Becoming Follower/Learner. State: Replica: 3afc31affc8147b4a03a72ddb6eb59fd, State: Initialized, Role: FOLLOWER
I20260709 13:02:07.310206 14698 consensus_queue.cc:260] T 0576da81a0de493cb90b2790b74db1ba P 3afc31affc8147b4a03a72ddb6eb59fd [NON_LEADER]: Queue going to NON_LEADER mode. State: All replicated index: 0, Majority replicated index: 0, Committed index: 0, Last appended: 0.0, Last appended by leader: 0, Current term: 0, Majority size: -1, State: 0, Mode: NON_LEADER, active raft config: opid_index: -1 OBSOLETE_local: false peers { permanent_uuid: "021fa13549a74927b04a75aaff56d5fb" member_type: VOTER last_known_addr { host: "127.13.142.195" port: 34627 } } peers { permanent_uuid: "3afc31affc8147b4a03a72ddb6eb59fd" member_type: VOTER last_known_addr { host: "127.13.142.194" port: 42443 } } peers { permanent_uuid: "3084f14326934169b3d40338df9de298" member_type: VOTER last_known_addr { host: "127.13.142.193" port: 38275 } }
I20260709 13:02:07.314381 14699 tablet_bootstrap.cc:492] T c1fb469f465c4ef38ff00c31d3ae9505 P 3084f14326934169b3d40338df9de298: No bootstrap required, opened a new log
I20260709 13:02:07.314976 14699 ts_tablet_manager.cc:1403] T c1fb469f465c4ef38ff00c31d3ae9505 P 3084f14326934169b3d40338df9de298: Time spent bootstrapping tablet: real 0.022s	user 0.006s	sys 0.014s
I20260709 13:02:07.318214 14699 raft_consensus.cc:359] T c1fb469f465c4ef38ff00c31d3ae9505 P 3084f14326934169b3d40338df9de298 [term 0 FOLLOWER]: Replica starting. Triggering 0 pending ops. Active config: opid_index: -1 OBSOLETE_local: false peers { permanent_uuid: "3084f14326934169b3d40338df9de298" member_type: VOTER last_known_addr { host: "127.13.142.193" port: 38275 } } peers { permanent_uuid: "3afc31affc8147b4a03a72ddb6eb59fd" member_type: VOTER last_known_addr { host: "127.13.142.194" port: 42443 } } peers { permanent_uuid: "021fa13549a74927b04a75aaff56d5fb" member_type: VOTER last_known_addr { host: "127.13.142.195" port: 34627 } }
I20260709 13:02:07.319366 14704 leader_election.cc:290] T 6efb9b2aa24c4614bad62cc43f4e5eb4 P 3afc31affc8147b4a03a72ddb6eb59fd [CANDIDATE]: Term 1 pre-election: Requested pre-vote from peers 3084f14326934169b3d40338df9de298 (127.13.142.193:38275), 021fa13549a74927b04a75aaff56d5fb (127.13.142.195:34627)
I20260709 13:02:07.322191 14699 raft_consensus.cc:385] T c1fb469f465c4ef38ff00c31d3ae9505 P 3084f14326934169b3d40338df9de298 [term 0 FOLLOWER]: Consensus starting up: Expiring failure detector timer to make a prompt election more likely
I20260709 13:02:07.322557 14699 raft_consensus.cc:740] T c1fb469f465c4ef38ff00c31d3ae9505 P 3084f14326934169b3d40338df9de298 [term 0 FOLLOWER]: Becoming Follower/Learner. State: Replica: 3084f14326934169b3d40338df9de298, State: Initialized, Role: FOLLOWER
I20260709 13:02:07.323271 14699 consensus_queue.cc:260] T c1fb469f465c4ef38ff00c31d3ae9505 P 3084f14326934169b3d40338df9de298 [NON_LEADER]: Queue going to NON_LEADER mode. State: All replicated index: 0, Majority replicated index: 0, Committed index: 0, Last appended: 0.0, Last appended by leader: 0, Current term: 0, Majority size: -1, State: 0, Mode: NON_LEADER, active raft config: opid_index: -1 OBSOLETE_local: false peers { permanent_uuid: "3084f14326934169b3d40338df9de298" member_type: VOTER last_known_addr { host: "127.13.142.193" port: 38275 } } peers { permanent_uuid: "3afc31affc8147b4a03a72ddb6eb59fd" member_type: VOTER last_known_addr { host: "127.13.142.194" port: 42443 } } peers { permanent_uuid: "021fa13549a74927b04a75aaff56d5fb" member_type: VOTER last_known_addr { host: "127.13.142.195" port: 34627 } }
I20260709 13:02:07.325444 14699 ts_tablet_manager.cc:1434] T c1fb469f465c4ef38ff00c31d3ae9505 P 3084f14326934169b3d40338df9de298: Time spent starting tablet: real 0.010s	user 0.000s	sys 0.005s
I20260709 13:02:07.325961 14508 tablet_service.cc:1917] Received RequestConsensusVote() RPC: tablet_id: "6efb9b2aa24c4614bad62cc43f4e5eb4" candidate_uuid: "3afc31affc8147b4a03a72ddb6eb59fd" candidate_term: 1 candidate_status { last_received { term: 0 index: 0 } } ignore_live_leader: false dest_uuid: "3084f14326934169b3d40338df9de298" is_pre_election: true
I20260709 13:02:07.326327 14699 tablet_bootstrap.cc:492] T 9f7939f1b1e647b69b7424e7b8b2fa6b P 3084f14326934169b3d40338df9de298: Bootstrap starting.
W20260709 13:02:07.327627 14546 leader_election.cc:343] T 6efb9b2aa24c4614bad62cc43f4e5eb4 P 3afc31affc8147b4a03a72ddb6eb59fd [CANDIDATE]: Term 1 pre-election: Tablet error from VoteRequest() call to peer 3084f14326934169b3d40338df9de298 (127.13.142.193:38275): Illegal state: must be running to vote when last-logged opid is not known
I20260709 13:02:07.332921 14698 ts_tablet_manager.cc:1434] T 0576da81a0de493cb90b2790b74db1ba P 3afc31affc8147b4a03a72ddb6eb59fd: Time spent starting tablet: real 0.028s	user 0.006s	sys 0.004s
I20260709 13:02:07.333863 14698 tablet_bootstrap.cc:492] T 9f7939f1b1e647b69b7424e7b8b2fa6b P 3afc31affc8147b4a03a72ddb6eb59fd: Bootstrap starting.
I20260709 13:02:07.334664 14696 tablet_bootstrap.cc:492] T a211efa6118d42f7a89fb59aa2f7a96c P 021fa13549a74927b04a75aaff56d5fb: No bootstrap required, opened a new log
I20260709 13:02:07.335141 14696 ts_tablet_manager.cc:1403] T a211efa6118d42f7a89fb59aa2f7a96c P 021fa13549a74927b04a75aaff56d5fb: Time spent bootstrapping tablet: real 0.060s	user 0.028s	sys 0.020s
I20260709 13:02:07.337965 14696 raft_consensus.cc:359] T a211efa6118d42f7a89fb59aa2f7a96c P 021fa13549a74927b04a75aaff56d5fb [term 0 FOLLOWER]: Replica starting. Triggering 0 pending ops. Active config: opid_index: -1 OBSOLETE_local: false peers { permanent_uuid: "3084f14326934169b3d40338df9de298" member_type: VOTER last_known_addr { host: "127.13.142.193" port: 38275 } } peers { permanent_uuid: "3afc31affc8147b4a03a72ddb6eb59fd" member_type: VOTER last_known_addr { host: "127.13.142.194" port: 42443 } } peers { permanent_uuid: "021fa13549a74927b04a75aaff56d5fb" member_type: VOTER last_known_addr { host: "127.13.142.195" port: 34627 } }
I20260709 13:02:07.339913 14698 tablet_bootstrap.cc:654] T 9f7939f1b1e647b69b7424e7b8b2fa6b P 3afc31affc8147b4a03a72ddb6eb59fd: Neither blocks nor log segments found. Creating new log.
I20260709 13:02:07.340087 14699 tablet_bootstrap.cc:654] T 9f7939f1b1e647b69b7424e7b8b2fa6b P 3084f14326934169b3d40338df9de298: Neither blocks nor log segments found. Creating new log.
I20260709 13:02:07.341545 14696 raft_consensus.cc:385] T a211efa6118d42f7a89fb59aa2f7a96c P 021fa13549a74927b04a75aaff56d5fb [term 0 FOLLOWER]: Consensus starting up: Expiring failure detector timer to make a prompt election more likely
I20260709 13:02:07.341899 14696 raft_consensus.cc:740] T a211efa6118d42f7a89fb59aa2f7a96c P 021fa13549a74927b04a75aaff56d5fb [term 0 FOLLOWER]: Becoming Follower/Learner. State: Replica: 021fa13549a74927b04a75aaff56d5fb, State: Initialized, Role: FOLLOWER
I20260709 13:02:07.342636 14696 consensus_queue.cc:260] T a211efa6118d42f7a89fb59aa2f7a96c P 021fa13549a74927b04a75aaff56d5fb [NON_LEADER]: Queue going to NON_LEADER mode. State: All replicated index: 0, Majority replicated index: 0, Committed index: 0, Last appended: 0.0, Last appended by leader: 0, Current term: 0, Majority size: -1, State: 0, Mode: NON_LEADER, active raft config: opid_index: -1 OBSOLETE_local: false peers { permanent_uuid: "3084f14326934169b3d40338df9de298" member_type: VOTER last_known_addr { host: "127.13.142.193" port: 38275 } } peers { permanent_uuid: "3afc31affc8147b4a03a72ddb6eb59fd" member_type: VOTER last_known_addr { host: "127.13.142.194" port: 42443 } } peers { permanent_uuid: "021fa13549a74927b04a75aaff56d5fb" member_type: VOTER last_known_addr { host: "127.13.142.195" port: 34627 } }
I20260709 13:02:07.343844 14657 tablet_service.cc:1917] Received RequestConsensusVote() RPC: tablet_id: "6efb9b2aa24c4614bad62cc43f4e5eb4" candidate_uuid: "3afc31affc8147b4a03a72ddb6eb59fd" candidate_term: 1 candidate_status { last_received { term: 0 index: 0 } } ignore_live_leader: false dest_uuid: "021fa13549a74927b04a75aaff56d5fb" is_pre_election: true
I20260709 13:02:07.344764 14696 ts_tablet_manager.cc:1434] T a211efa6118d42f7a89fb59aa2f7a96c P 021fa13549a74927b04a75aaff56d5fb: Time spent starting tablet: real 0.009s	user 0.002s	sys 0.003s
I20260709 13:02:07.345654 14696 tablet_bootstrap.cc:492] T 6efb9b2aa24c4614bad62cc43f4e5eb4 P 021fa13549a74927b04a75aaff56d5fb: Bootstrap starting.
I20260709 13:02:07.347693 14700 raft_consensus.cc:493] T 5effd835e07147a998d2b7f9105a75b2 P 021fa13549a74927b04a75aaff56d5fb [term 0 FOLLOWER]: Starting pre-election (no leader contacted us within the election timeout)
I20260709 13:02:07.348148 14700 raft_consensus.cc:515] T 5effd835e07147a998d2b7f9105a75b2 P 021fa13549a74927b04a75aaff56d5fb [term 0 FOLLOWER]: Starting pre-election with config: opid_index: -1 OBSOLETE_local: false peers { permanent_uuid: "3084f14326934169b3d40338df9de298" member_type: VOTER last_known_addr { host: "127.13.142.193" port: 38275 } } peers { permanent_uuid: "3afc31affc8147b4a03a72ddb6eb59fd" member_type: VOTER last_known_addr { host: "127.13.142.194" port: 42443 } } peers { permanent_uuid: "021fa13549a74927b04a75aaff56d5fb" member_type: VOTER last_known_addr { host: "127.13.142.195" port: 34627 } }
I20260709 13:02:07.349923 14699 tablet_bootstrap.cc:492] T 9f7939f1b1e647b69b7424e7b8b2fa6b P 3084f14326934169b3d40338df9de298: No bootstrap required, opened a new log
I20260709 13:02:07.350409 14699 ts_tablet_manager.cc:1403] T 9f7939f1b1e647b69b7424e7b8b2fa6b P 3084f14326934169b3d40338df9de298: Time spent bootstrapping tablet: real 0.024s	user 0.010s	sys 0.000s
I20260709 13:02:07.350683 14700 leader_election.cc:290] T 5effd835e07147a998d2b7f9105a75b2 P 021fa13549a74927b04a75aaff56d5fb [CANDIDATE]: Term 1 pre-election: Requested pre-vote from peers 3084f14326934169b3d40338df9de298 (127.13.142.193:38275), 3afc31affc8147b4a03a72ddb6eb59fd (127.13.142.194:42443)
I20260709 13:02:07.351698 14696 tablet_bootstrap.cc:654] T 6efb9b2aa24c4614bad62cc43f4e5eb4 P 021fa13549a74927b04a75aaff56d5fb: Neither blocks nor log segments found. Creating new log.
I20260709 13:02:07.356521 14699 raft_consensus.cc:359] T 9f7939f1b1e647b69b7424e7b8b2fa6b P 3084f14326934169b3d40338df9de298 [term 0 FOLLOWER]: Replica starting. Triggering 0 pending ops. Active config: opid_index: -1 OBSOLETE_local: false peers { permanent_uuid: "3084f14326934169b3d40338df9de298" member_type: VOTER last_known_addr { host: "127.13.142.193" port: 38275 } } peers { permanent_uuid: "3afc31affc8147b4a03a72ddb6eb59fd" member_type: VOTER last_known_addr { host: "127.13.142.194" port: 42443 } } peers { permanent_uuid: "021fa13549a74927b04a75aaff56d5fb" member_type: VOTER last_known_addr { host: "127.13.142.195" port: 34627 } }
I20260709 13:02:07.357326 14699 raft_consensus.cc:385] T 9f7939f1b1e647b69b7424e7b8b2fa6b P 3084f14326934169b3d40338df9de298 [term 0 FOLLOWER]: Consensus starting up: Expiring failure detector timer to make a prompt election more likely
I20260709 13:02:07.357646 14699 raft_consensus.cc:740] T 9f7939f1b1e647b69b7424e7b8b2fa6b P 3084f14326934169b3d40338df9de298 [term 0 FOLLOWER]: Becoming Follower/Learner. State: Replica: 3084f14326934169b3d40338df9de298, State: Initialized, Role: FOLLOWER
I20260709 13:02:07.358494 14699 consensus_queue.cc:260] T 9f7939f1b1e647b69b7424e7b8b2fa6b P 3084f14326934169b3d40338df9de298 [NON_LEADER]: Queue going to NON_LEADER mode. State: All replicated index: 0, Majority replicated index: 0, Committed index: 0, Last appended: 0.0, Last appended by leader: 0, Current term: 0, Majority size: -1, State: 0, Mode: NON_LEADER, active raft config: opid_index: -1 OBSOLETE_local: false peers { permanent_uuid: "3084f14326934169b3d40338df9de298" member_type: VOTER last_known_addr { host: "127.13.142.193" port: 38275 } } peers { permanent_uuid: "3afc31affc8147b4a03a72ddb6eb59fd" member_type: VOTER last_known_addr { host: "127.13.142.194" port: 42443 } } peers { permanent_uuid: "021fa13549a74927b04a75aaff56d5fb" member_type: VOTER last_known_addr { host: "127.13.142.195" port: 34627 } }
W20260709 13:02:07.362524 14548 leader_election.cc:343] T 6efb9b2aa24c4614bad62cc43f4e5eb4 P 3afc31affc8147b4a03a72ddb6eb59fd [CANDIDATE]: Term 1 pre-election: Tablet error from VoteRequest() call to peer 021fa13549a74927b04a75aaff56d5fb (127.13.142.195:34627): Illegal state: must be running to vote when last-logged opid is not known
I20260709 13:02:07.363075 14699 ts_tablet_manager.cc:1434] T 9f7939f1b1e647b69b7424e7b8b2fa6b P 3084f14326934169b3d40338df9de298: Time spent starting tablet: real 0.012s	user 0.008s	sys 0.000s
I20260709 13:02:07.363004 14548 leader_election.cc:304] T 6efb9b2aa24c4614bad62cc43f4e5eb4 P 3afc31affc8147b4a03a72ddb6eb59fd [CANDIDATE]: Term 1 pre-election: Election decided. Result: candidate lost. Election summary: received 3 responses out of 3 voters: 1 yes votes; 2 no votes. yes voters: 3afc31affc8147b4a03a72ddb6eb59fd; no voters: 021fa13549a74927b04a75aaff56d5fb, 3084f14326934169b3d40338df9de298
I20260709 13:02:07.365165 14709 raft_consensus.cc:2749] T 6efb9b2aa24c4614bad62cc43f4e5eb4 P 3afc31affc8147b4a03a72ddb6eb59fd [term 0 FOLLOWER]: Leader pre-election lost for term 1. Reason: could not achieve majority
I20260709 13:02:07.364091 14699 tablet_bootstrap.cc:492] T a211efa6118d42f7a89fb59aa2f7a96c P 3084f14326934169b3d40338df9de298: Bootstrap starting.
I20260709 13:02:07.380084 14508 tablet_service.cc:1917] Received RequestConsensusVote() RPC: tablet_id: "5effd835e07147a998d2b7f9105a75b2" candidate_uuid: "021fa13549a74927b04a75aaff56d5fb" candidate_term: 1 candidate_status { last_received { term: 0 index: 0 } } ignore_live_leader: false dest_uuid: "3084f14326934169b3d40338df9de298" is_pre_election: true
W20260709 13:02:07.381759 14620 leader_election.cc:343] T 5effd835e07147a998d2b7f9105a75b2 P 021fa13549a74927b04a75aaff56d5fb [CANDIDATE]: Term 1 pre-election: Tablet error from VoteRequest() call to peer 3084f14326934169b3d40338df9de298 (127.13.142.193:38275): Illegal state: must be running to vote when last-logged opid is not known
I20260709 13:02:07.383646 14699 tablet_bootstrap.cc:654] T a211efa6118d42f7a89fb59aa2f7a96c P 3084f14326934169b3d40338df9de298: Neither blocks nor log segments found. Creating new log.
I20260709 13:02:07.384634 14698 tablet_bootstrap.cc:492] T 9f7939f1b1e647b69b7424e7b8b2fa6b P 3afc31affc8147b4a03a72ddb6eb59fd: No bootstrap required, opened a new log
I20260709 13:02:07.385160 14698 ts_tablet_manager.cc:1403] T 9f7939f1b1e647b69b7424e7b8b2fa6b P 3afc31affc8147b4a03a72ddb6eb59fd: Time spent bootstrapping tablet: real 0.052s	user 0.019s	sys 0.017s
I20260709 13:02:07.388247 14583 tablet_service.cc:1917] Received RequestConsensusVote() RPC: tablet_id: "5effd835e07147a998d2b7f9105a75b2" candidate_uuid: "021fa13549a74927b04a75aaff56d5fb" candidate_term: 1 candidate_status { last_received { term: 0 index: 0 } } ignore_live_leader: false dest_uuid: "3afc31affc8147b4a03a72ddb6eb59fd" is_pre_election: true
I20260709 13:02:07.388073 14698 raft_consensus.cc:359] T 9f7939f1b1e647b69b7424e7b8b2fa6b P 3afc31affc8147b4a03a72ddb6eb59fd [term 0 FOLLOWER]: Replica starting. Triggering 0 pending ops. Active config: opid_index: -1 OBSOLETE_local: false peers { permanent_uuid: "3084f14326934169b3d40338df9de298" member_type: VOTER last_known_addr { host: "127.13.142.193" port: 38275 } } peers { permanent_uuid: "3afc31affc8147b4a03a72ddb6eb59fd" member_type: VOTER last_known_addr { host: "127.13.142.194" port: 42443 } } peers { permanent_uuid: "021fa13549a74927b04a75aaff56d5fb" member_type: VOTER last_known_addr { host: "127.13.142.195" port: 34627 } }
I20260709 13:02:07.388856 14698 raft_consensus.cc:385] T 9f7939f1b1e647b69b7424e7b8b2fa6b P 3afc31affc8147b4a03a72ddb6eb59fd [term 0 FOLLOWER]: Consensus starting up: Expiring failure detector timer to make a prompt election more likely
I20260709 13:02:07.388978 14696 tablet_bootstrap.cc:492] T 6efb9b2aa24c4614bad62cc43f4e5eb4 P 021fa13549a74927b04a75aaff56d5fb: No bootstrap required, opened a new log
I20260709 13:02:07.389175 14698 raft_consensus.cc:740] T 9f7939f1b1e647b69b7424e7b8b2fa6b P 3afc31affc8147b4a03a72ddb6eb59fd [term 0 FOLLOWER]: Becoming Follower/Learner. State: Replica: 3afc31affc8147b4a03a72ddb6eb59fd, State: Initialized, Role: FOLLOWER
I20260709 13:02:07.389478 14696 ts_tablet_manager.cc:1403] T 6efb9b2aa24c4614bad62cc43f4e5eb4 P 021fa13549a74927b04a75aaff56d5fb: Time spent bootstrapping tablet: real 0.044s	user 0.011s	sys 0.030s
W20260709 13:02:07.389958 14620 leader_election.cc:343] T 5effd835e07147a998d2b7f9105a75b2 P 021fa13549a74927b04a75aaff56d5fb [CANDIDATE]: Term 1 pre-election: Tablet error from VoteRequest() call to peer 3afc31affc8147b4a03a72ddb6eb59fd (127.13.142.194:42443): Illegal state: must be running to vote when last-logged opid is not known
I20260709 13:02:07.390010 14698 consensus_queue.cc:260] T 9f7939f1b1e647b69b7424e7b8b2fa6b P 3afc31affc8147b4a03a72ddb6eb59fd [NON_LEADER]: Queue going to NON_LEADER mode. State: All replicated index: 0, Majority replicated index: 0, Committed index: 0, Last appended: 0.0, Last appended by leader: 0, Current term: 0, Majority size: -1, State: 0, Mode: NON_LEADER, active raft config: opid_index: -1 OBSOLETE_local: false peers { permanent_uuid: "3084f14326934169b3d40338df9de298" member_type: VOTER last_known_addr { host: "127.13.142.193" port: 38275 } } peers { permanent_uuid: "3afc31affc8147b4a03a72ddb6eb59fd" member_type: VOTER last_known_addr { host: "127.13.142.194" port: 42443 } } peers { permanent_uuid: "021fa13549a74927b04a75aaff56d5fb" member_type: VOTER last_known_addr { host: "127.13.142.195" port: 34627 } }
I20260709 13:02:07.390524 14620 leader_election.cc:304] T 5effd835e07147a998d2b7f9105a75b2 P 021fa13549a74927b04a75aaff56d5fb [CANDIDATE]: Term 1 pre-election: Election decided. Result: candidate lost. Election summary: received 3 responses out of 3 voters: 1 yes votes; 2 no votes. yes voters: 021fa13549a74927b04a75aaff56d5fb; no voters: 3084f14326934169b3d40338df9de298, 3afc31affc8147b4a03a72ddb6eb59fd
I20260709 13:02:07.390976 14699 tablet_bootstrap.cc:492] T a211efa6118d42f7a89fb59aa2f7a96c P 3084f14326934169b3d40338df9de298: No bootstrap required, opened a new log
