I20260709 13:02:24.635157  8624 data_dirs.cc:400] Could only allocate 1 dirs of requested 3 for tablet 3ffdab58d3164c7b8423cd9731d1417f. 1 dirs total, 0 dirs full, 0 dirs failed
I20260709 13:02:24.635527  8753 consensus_queue.cc:260] T 01f627148b9b425381912e7ea528946f P cc052d3030b442ec944912e94dbbe7d2 [NON_LEADER]: Queue going to NON_LEADER mode. State: All replicated index: 0, Majority replicated index: 0, Committed index: 0, Last appended: 0.0, Last appended by leader: 0, Current term: 0, Majority size: -1, State: 0, Mode: NON_LEADER, active raft config: opid_index: -1 OBSOLETE_local: false peers { permanent_uuid: "cc052d3030b442ec944912e94dbbe7d2" member_type: VOTER last_known_addr { host: "127.7.52.65" port: 35659 } } peers { permanent_uuid: "4574e3cf25ce432a9c2541e9b52c836b" member_type: VOTER last_known_addr { host: "127.7.52.66" port: 42629 } } peers { permanent_uuid: "35ade53690354241940148ff03fd3143" member_type: VOTER last_known_addr { host: "127.7.52.67" port: 39195 } }
W20260709 13:02:24.623540  8677 leader_election.cc:343] T bfe3784f4f7c48cba70191db7ddd1fdd P 35ade53690354241940148ff03fd3143 [CANDIDATE]: Term 1 pre-election: Tablet error from VoteRequest() call to peer 4574e3cf25ce432a9c2541e9b52c836b (127.7.52.66:42629): Illegal state: must be running to vote when last-logged opid is not known
W20260709 13:02:24.653144  8510 auto_rebalancer.cc:288] Could not retrieve cluster info: Service unavailable: Tablet not running
I20260709 13:02:24.653118  8698 tablet_service.cc:1511] Processing CreateTablet for tablet 3ffdab58d3164c7b8423cd9731d1417f (DEFAULT_TABLE table=test-workload [id=0578f6ab94b244848af6f51ec8f9fc35]), partition=RANGE (key) PARTITION 1892697404 <= VALUES < 1929095431
I20260709 13:02:24.656282  8623 tablet_service.cc:1511] Processing CreateTablet for tablet 4ea54f698292431cbeeb030eeaf90d57 (DEFAULT_TABLE table=test-workload [id=0578f6ab94b244848af6f51ec8f9fc35]), partition=RANGE (key) PARTITION 1929095431 <= VALUES < 1965493458
I20260709 13:02:24.657513  8623 data_dirs.cc:400] Could only allocate 1 dirs of requested 3 for tablet 4ea54f698292431cbeeb030eeaf90d57. 1 dirs total, 0 dirs full, 0 dirs failed
I20260709 13:02:24.658653  8627 tablet_service.cc:1511] Processing CreateTablet for tablet 92f4daafd0d7447ca09de52938b8da07 (DEFAULT_TABLE table=test-workload [id=0578f6ab94b244848af6f51ec8f9fc35]), partition=RANGE (key) PARTITION 1965493458 <= VALUES < 2001891485
I20260709 13:02:24.659866  8627 data_dirs.cc:400] Could only allocate 1 dirs of requested 3 for tablet 92f4daafd0d7447ca09de52938b8da07. 1 dirs total, 0 dirs full, 0 dirs failed
I20260709 13:02:24.661453  8756 tablet_bootstrap.cc:654] T 4ca667a6c7ca40868e7fe95f0ec8fdee P 35ade53690354241940148ff03fd3143: Neither blocks nor log segments found. Creating new log.
I20260709 13:02:24.662747  8702 tablet_service.cc:1511] Processing CreateTablet for tablet 4ea54f698292431cbeeb030eeaf90d57 (DEFAULT_TABLE table=test-workload [id=0578f6ab94b244848af6f51ec8f9fc35]), partition=RANGE (key) PARTITION 1929095431 <= VALUES < 1965493458
I20260709 13:02:24.664734  8696 tablet_service.cc:1511] Processing CreateTablet for tablet 92f4daafd0d7447ca09de52938b8da07 (DEFAULT_TABLE table=test-workload [id=0578f6ab94b244848af6f51ec8f9fc35]), partition=RANGE (key) PARTITION 1965493458 <= VALUES < 2001891485
I20260709 13:02:24.666020  8564 tablet_service.cc:1917] Received RequestConsensusVote() RPC: tablet_id: "bfe3784f4f7c48cba70191db7ddd1fdd" candidate_uuid: "35ade53690354241940148ff03fd3143" candidate_term: 1 candidate_status { last_received { term: 0 index: 0 } } ignore_live_leader: false dest_uuid: "cc052d3030b442ec944912e94dbbe7d2" is_pre_election: true
I20260709 13:02:24.666419  8552 data_dirs.cc:400] Could only allocate 1 dirs of requested 3 for tablet 8ce117d33efd411db40f042f83b4f157. 1 dirs total, 0 dirs full, 0 dirs failed
W20260709 13:02:24.667552  8676 leader_election.cc:343] T bfe3784f4f7c48cba70191db7ddd1fdd P 35ade53690354241940148ff03fd3143 [CANDIDATE]: Term 1 pre-election: Tablet error from VoteRequest() call to peer cc052d3030b442ec944912e94dbbe7d2 (127.7.52.65:35659): Illegal state: must be running to vote when last-logged opid is not known
I20260709 13:02:24.668028  8676 leader_election.cc:304] T bfe3784f4f7c48cba70191db7ddd1fdd P 35ade53690354241940148ff03fd3143 [CANDIDATE]: Term 1 pre-election: Election decided. Result: candidate lost. Election summary: received 3 responses out of 3 voters: 1 yes votes; 2 no votes. yes voters: 35ade53690354241940148ff03fd3143; no voters: 4574e3cf25ce432a9c2541e9b52c836b, cc052d3030b442ec944912e94dbbe7d2
I20260709 13:02:24.668278  8545 tablet_service.cc:1511] Processing CreateTablet for tablet 1d93b700b02f4ecd98b72a99e631772c (DEFAULT_TABLE table=test-workload [id=0578f6ab94b244848af6f51ec8f9fc35]), partition=RANGE (key) PARTITION 1856299377 <= VALUES < 1892697404
I20260709 13:02:24.669155  8767 raft_consensus.cc:2749] T bfe3784f4f7c48cba70191db7ddd1fdd P 35ade53690354241940148ff03fd3143 [term 0 FOLLOWER]: Leader pre-election lost for term 1. Reason: could not achieve majority
I20260709 13:02:24.670866  8549 data_dirs.cc:400] Could only allocate 1 dirs of requested 3 for tablet adbe7bc290bb48318cf82851d3bcac03. 1 dirs total, 0 dirs full, 0 dirs failed
I20260709 13:02:24.674536  8545 data_dirs.cc:400] Could only allocate 1 dirs of requested 3 for tablet 1d93b700b02f4ecd98b72a99e631772c. 1 dirs total, 0 dirs full, 0 dirs failed
I20260709 13:02:24.678562  8548 tablet_service.cc:1511] Processing CreateTablet for tablet 61db0f7e9fcb4f22bf2b57f227e6b5e4 (DEFAULT_TABLE table=test-workload [id=0578f6ab94b244848af6f51ec8f9fc35]), partition=RANGE (key) PARTITION 1783503323 <= VALUES < 1819901350
I20260709 13:02:24.684538  8548 data_dirs.cc:400] Could only allocate 1 dirs of requested 3 for tablet 61db0f7e9fcb4f22bf2b57f227e6b5e4. 1 dirs total, 0 dirs full, 0 dirs failed
I20260709 13:02:24.680706  8550 tablet_service.cc:1511] Processing CreateTablet for tablet 2668b26be0fb448db7f6429205d36179 (DEFAULT_TABLE table=test-workload [id=0578f6ab94b244848af6f51ec8f9fc35]), partition=RANGE (key) PARTITION 1819901350 <= VALUES < 1856299377
I20260709 13:02:24.688367  8550 data_dirs.cc:400] Could only allocate 1 dirs of requested 3 for tablet 2668b26be0fb448db7f6429205d36179. 1 dirs total, 0 dirs full, 0 dirs failed
I20260709 13:02:24.688412  8547 tablet_service.cc:1511] Processing CreateTablet for tablet 4ea54f698292431cbeeb030eeaf90d57 (DEFAULT_TABLE table=test-workload [id=0578f6ab94b244848af6f51ec8f9fc35]), partition=RANGE (key) PARTITION 1929095431 <= VALUES < 1965493458
I20260709 13:02:24.689680  8547 data_dirs.cc:400] Could only allocate 1 dirs of requested 3 for tablet 4ea54f698292431cbeeb030eeaf90d57. 1 dirs total, 0 dirs full, 0 dirs failed
I20260709 13:02:24.694941  8695 tablet_service.cc:1511] Processing CreateTablet for tablet 85fc9c1566b64267b60f34485d1ad3ca (DEFAULT_TABLE table=test-workload [id=0578f6ab94b244848af6f51ec8f9fc35]), partition=RANGE (key) PARTITION 2001891485 <= VALUES < 2038289512
I20260709 13:02:24.682447  8754 tablet_bootstrap.cc:492] T 3a12ae270bd64a4f84c4ae5ad8bed8be P 4574e3cf25ce432a9c2541e9b52c836b: Bootstrap starting.
I20260709 13:02:24.682775  8554 tablet_service.cc:1511] Processing CreateTablet for tablet 3ffdab58d3164c7b8423cd9731d1417f (DEFAULT_TABLE table=test-workload [id=0578f6ab94b244848af6f51ec8f9fc35]), partition=RANGE (key) PARTITION 1892697404 <= VALUES < 1929095431
I20260709 13:02:24.701000  8554 data_dirs.cc:400] Could only allocate 1 dirs of requested 3 for tablet 3ffdab58d3164c7b8423cd9731d1417f. 1 dirs total, 0 dirs full, 0 dirs failed
I20260709 13:02:24.654140  8753 ts_tablet_manager.cc:1434] T 01f627148b9b425381912e7ea528946f P cc052d3030b442ec944912e94dbbe7d2: Time spent starting tablet: real 0.060s	user 0.007s	sys 0.000s
I20260709 13:02:24.709113  8761 raft_consensus.cc:493] T ea4e21ccb4a64d608ae69658f5517d21 P 4574e3cf25ce432a9c2541e9b52c836b [term 0 FOLLOWER]: Starting pre-election (no leader contacted us within the election timeout)
I20260709 13:02:24.681879  8700 data_dirs.cc:400] Could only allocate 1 dirs of requested 3 for tablet 61db0f7e9fcb4f22bf2b57f227e6b5e4. 1 dirs total, 0 dirs full, 0 dirs failed
I20260709 13:02:24.709584  8761 raft_consensus.cc:515] T ea4e21ccb4a64d608ae69658f5517d21 P 4574e3cf25ce432a9c2541e9b52c836b [term 0 FOLLOWER]: Starting pre-election with config: opid_index: -1 OBSOLETE_local: false peers { permanent_uuid: "cc052d3030b442ec944912e94dbbe7d2" member_type: VOTER last_known_addr { host: "127.7.52.65" port: 35659 } } peers { permanent_uuid: "4574e3cf25ce432a9c2541e9b52c836b" member_type: VOTER last_known_addr { host: "127.7.52.66" port: 42629 } } peers { permanent_uuid: "35ade53690354241940148ff03fd3143" member_type: VOTER last_known_addr { host: "127.7.52.67" port: 39195 } }
I20260709 13:02:24.710492  8696 data_dirs.cc:400] Could only allocate 1 dirs of requested 3 for tablet 92f4daafd0d7447ca09de52938b8da07. 1 dirs total, 0 dirs full, 0 dirs failed
I20260709 13:02:24.712008  8761 leader_election.cc:290] T ea4e21ccb4a64d608ae69658f5517d21 P 4574e3cf25ce432a9c2541e9b52c836b [CANDIDATE]: Term 1 pre-election: Requested pre-vote from peers cc052d3030b442ec944912e94dbbe7d2 (127.7.52.65:35659), 35ade53690354241940148ff03fd3143 (127.7.52.67:39195)
I20260709 13:02:24.705153  8623 tablet_service.cc:1511] Processing CreateTablet for tablet 85fc9c1566b64267b60f34485d1ad3ca (DEFAULT_TABLE table=test-workload [id=0578f6ab94b244848af6f51ec8f9fc35]), partition=RANGE (key) PARTITION 2001891485 <= VALUES < 2038289512
I20260709 13:02:24.714267  8712 tablet_service.cc:1917] Received RequestConsensusVote() RPC: tablet_id: "ea4e21ccb4a64d608ae69658f5517d21" candidate_uuid: "4574e3cf25ce432a9c2541e9b52c836b" candidate_term: 1 candidate_status { last_received { term: 0 index: 0 } } ignore_live_leader: false dest_uuid: "35ade53690354241940148ff03fd3143" is_pre_election: true
W20260709 13:02:24.715723  8602 leader_election.cc:343] T ea4e21ccb4a64d608ae69658f5517d21 P 4574e3cf25ce432a9c2541e9b52c836b [CANDIDATE]: Term 1 pre-election: Tablet error from VoteRequest() call to peer 35ade53690354241940148ff03fd3143 (127.7.52.67:39195): Illegal state: must be running to vote when last-logged opid is not known
I20260709 13:02:24.716794  8623 data_dirs.cc:400] Could only allocate 1 dirs of requested 3 for tablet 85fc9c1566b64267b60f34485d1ad3ca. 1 dirs total, 0 dirs full, 0 dirs failed
I20260709 13:02:24.717406  8754 tablet_bootstrap.cc:654] T 3a12ae270bd64a4f84c4ae5ad8bed8be P 4574e3cf25ce432a9c2541e9b52c836b: Neither blocks nor log segments found. Creating new log.
I20260709 13:02:24.718573  8564 tablet_service.cc:1917] Received RequestConsensusVote() RPC: tablet_id: "ea4e21ccb4a64d608ae69658f5517d21" candidate_uuid: "4574e3cf25ce432a9c2541e9b52c836b" candidate_term: 1 candidate_status { last_received { term: 0 index: 0 } } ignore_live_leader: false dest_uuid: "cc052d3030b442ec944912e94dbbe7d2" is_pre_election: true
I20260709 13:02:24.718916  8702 data_dirs.cc:400] Could only allocate 1 dirs of requested 3 for tablet 4ea54f698292431cbeeb030eeaf90d57. 1 dirs total, 0 dirs full, 0 dirs failed
W20260709 13:02:24.720122  8602 leader_election.cc:343] T ea4e21ccb4a64d608ae69658f5517d21 P 4574e3cf25ce432a9c2541e9b52c836b [CANDIDATE]: Term 1 pre-election: Tablet error from VoteRequest() call to peer cc052d3030b442ec944912e94dbbe7d2 (127.7.52.65:35659): Illegal state: must be running to vote when last-logged opid is not known
I20260709 13:02:24.720541  8602 leader_election.cc:304] T ea4e21ccb4a64d608ae69658f5517d21 P 4574e3cf25ce432a9c2541e9b52c836b [CANDIDATE]: Term 1 pre-election: Election decided. Result: candidate lost. Election summary: received 3 responses out of 3 voters: 1 yes votes; 2 no votes. yes voters: 4574e3cf25ce432a9c2541e9b52c836b; no voters: 35ade53690354241940148ff03fd3143, cc052d3030b442ec944912e94dbbe7d2
I20260709 13:02:24.721596  8761 raft_consensus.cc:2749] T ea4e21ccb4a64d608ae69658f5517d21 P 4574e3cf25ce432a9c2541e9b52c836b [term 0 FOLLOWER]: Leader pre-election lost for term 1. Reason: could not achieve majority
I20260709 13:02:24.699446  8553 tablet_service.cc:1511] Processing CreateTablet for tablet 92f4daafd0d7447ca09de52938b8da07 (DEFAULT_TABLE table=test-workload [id=0578f6ab94b244848af6f51ec8f9fc35]), partition=RANGE (key) PARTITION 1965493458 <= VALUES < 2001891485
I20260709 13:02:24.734493  8553 data_dirs.cc:400] Could only allocate 1 dirs of requested 3 for tablet 92f4daafd0d7447ca09de52938b8da07. 1 dirs total, 0 dirs full, 0 dirs failed
I20260709 13:02:24.735674  8628 tablet_service.cc:1511] Processing CreateTablet for tablet ceece3d5a0e84c0fa93b233dc3a6ab47 (DEFAULT_TABLE table=test-workload [id=0578f6ab94b244848af6f51ec8f9fc35]), partition=RANGE (key) PARTITION 2038289512 <= VALUES < 2074687539
I20260709 13:02:24.736953  8628 data_dirs.cc:400] Could only allocate 1 dirs of requested 3 for tablet ceece3d5a0e84c0fa93b233dc3a6ab47. 1 dirs total, 0 dirs full, 0 dirs failed
I20260709 13:02:24.727433  8753 tablet_bootstrap.cc:492] T bfe3784f4f7c48cba70191db7ddd1fdd P cc052d3030b442ec944912e94dbbe7d2: Bootstrap starting.
I20260709 13:02:24.731419  8695 data_dirs.cc:400] Could only allocate 1 dirs of requested 3 for tablet 85fc9c1566b64267b60f34485d1ad3ca. 1 dirs total, 0 dirs full, 0 dirs failed
I20260709 13:02:24.752168  8698 data_dirs.cc:400] Could only allocate 1 dirs of requested 3 for tablet 3ffdab58d3164c7b8423cd9731d1417f. 1 dirs total, 0 dirs full, 0 dirs failed
I20260709 13:02:24.753312  8551 tablet_service.cc:1511] Processing CreateTablet for tablet ceece3d5a0e84c0fa93b233dc3a6ab47 (DEFAULT_TABLE table=test-workload [id=0578f6ab94b244848af6f51ec8f9fc35]), partition=RANGE (key) PARTITION 2038289512 <= VALUES < 2074687539
I20260709 13:02:24.754665  8551 data_dirs.cc:400] Could only allocate 1 dirs of requested 3 for tablet ceece3d5a0e84c0fa93b233dc3a6ab47. 1 dirs total, 0 dirs full, 0 dirs failed
I20260709 13:02:24.772255  8699 tablet_service.cc:1511] Processing CreateTablet for tablet ceece3d5a0e84c0fa93b233dc3a6ab47 (DEFAULT_TABLE table=test-workload [id=0578f6ab94b244848af6f51ec8f9fc35]), partition=RANGE (key) PARTITION 2038289512 <= VALUES < 2074687539
I20260709 13:02:24.774916  8620 tablet_service.cc:1511] Processing CreateTablet for tablet 3fe24f3fcf3841fabc502a9d0c10d752 (DEFAULT_TABLE table=test-workload [id=0578f6ab94b244848af6f51ec8f9fc35]), partition=RANGE (key) PARTITION 2074687539 <= VALUES < 2111085566
I20260709 13:02:24.777357  8620 data_dirs.cc:400] Could only allocate 1 dirs of requested 3 for tablet 3fe24f3fcf3841fabc502a9d0c10d752. 1 dirs total, 0 dirs full, 0 dirs failed
I20260709 13:02:24.779234  8545 tablet_service.cc:1511] Processing CreateTablet for tablet 3fe24f3fcf3841fabc502a9d0c10d752 (DEFAULT_TABLE table=test-workload [id=0578f6ab94b244848af6f51ec8f9fc35]), partition=RANGE (key) PARTITION 2074687539 <= VALUES < 2111085566
I20260709 13:02:24.780653  8545 data_dirs.cc:400] Could only allocate 1 dirs of requested 3 for tablet 3fe24f3fcf3841fabc502a9d0c10d752. 1 dirs total, 0 dirs full, 0 dirs failed
I20260709 13:02:24.777357  8699 data_dirs.cc:400] Could only allocate 1 dirs of requested 3 for tablet ceece3d5a0e84c0fa93b233dc3a6ab47. 1 dirs total, 0 dirs full, 0 dirs failed
I20260709 13:02:24.775732  8697 tablet_service.cc:1511] Processing CreateTablet for tablet 3fe24f3fcf3841fabc502a9d0c10d752 (DEFAULT_TABLE table=test-workload [id=0578f6ab94b244848af6f51ec8f9fc35]), partition=RANGE (key) PARTITION 2074687539 <= VALUES < 2111085566
I20260709 13:02:24.757606  8753 tablet_bootstrap.cc:654] T bfe3784f4f7c48cba70191db7ddd1fdd P cc052d3030b442ec944912e94dbbe7d2: Neither blocks nor log segments found. Creating new log.
I20260709 13:02:24.794277  8697 data_dirs.cc:400] Could only allocate 1 dirs of requested 3 for tablet 3fe24f3fcf3841fabc502a9d0c10d752. 1 dirs total, 0 dirs full, 0 dirs failed
I20260709 13:02:24.803800  8754 tablet_bootstrap.cc:492] T 3a12ae270bd64a4f84c4ae5ad8bed8be P 4574e3cf25ce432a9c2541e9b52c836b: No bootstrap required, opened a new log
I20260709 13:02:24.804307  8754 ts_tablet_manager.cc:1403] T 3a12ae270bd64a4f84c4ae5ad8bed8be P 4574e3cf25ce432a9c2541e9b52c836b: Time spent bootstrapping tablet: real 0.122s	user 0.000s	sys 0.010s
I20260709 13:02:24.807319  8622 tablet_service.cc:1511] Processing CreateTablet for tablet 95c7324cba56434b8e0b55bc32baec66 (DEFAULT_TABLE table=test-workload [id=0578f6ab94b244848af6f51ec8f9fc35]), partition=RANGE (key) PARTITION 2111085566 <= VALUES
I20260709 13:02:24.808692  8622 data_dirs.cc:400] Could only allocate 1 dirs of requested 3 for tablet 95c7324cba56434b8e0b55bc32baec66. 1 dirs total, 0 dirs full, 0 dirs failed
I20260709 13:02:24.811358  8552 tablet_service.cc:1511] Processing CreateTablet for tablet 95c7324cba56434b8e0b55bc32baec66 (DEFAULT_TABLE table=test-workload [id=0578f6ab94b244848af6f51ec8f9fc35]), partition=RANGE (key) PARTITION 2111085566 <= VALUES
I20260709 13:02:24.816504  8552 data_dirs.cc:400] Could only allocate 1 dirs of requested 3 for tablet 95c7324cba56434b8e0b55bc32baec66. 1 dirs total, 0 dirs full, 0 dirs failed
I20260709 13:02:24.814508  8702 tablet_service.cc:1511] Processing CreateTablet for tablet 95c7324cba56434b8e0b55bc32baec66 (DEFAULT_TABLE table=test-workload [id=0578f6ab94b244848af6f51ec8f9fc35]), partition=RANGE (key) PARTITION 2111085566 <= VALUES
I20260709 13:02:24.807263  8754 raft_consensus.cc:359] T 3a12ae270bd64a4f84c4ae5ad8bed8be P 4574e3cf25ce432a9c2541e9b52c836b [term 0 FOLLOWER]: Replica starting. Triggering 0 pending ops. Active config: opid_index: -1 OBSOLETE_local: false peers { permanent_uuid: "cc052d3030b442ec944912e94dbbe7d2" member_type: VOTER last_known_addr { host: "127.7.52.65" port: 35659 } } peers { permanent_uuid: "4574e3cf25ce432a9c2541e9b52c836b" member_type: VOTER last_known_addr { host: "127.7.52.66" port: 42629 } } peers { permanent_uuid: "35ade53690354241940148ff03fd3143" member_type: VOTER last_known_addr { host: "127.7.52.67" port: 39195 } }
I20260709 13:02:24.819631  8754 raft_consensus.cc:385] T 3a12ae270bd64a4f84c4ae5ad8bed8be P 4574e3cf25ce432a9c2541e9b52c836b [term 0 FOLLOWER]: Consensus starting up: Expiring failure detector timer to make a prompt election more likely
I20260709 13:02:24.820024  8754 raft_consensus.cc:740] T 3a12ae270bd64a4f84c4ae5ad8bed8be P 4574e3cf25ce432a9c2541e9b52c836b [term 0 FOLLOWER]: Becoming Follower/Learner. State: Replica: 4574e3cf25ce432a9c2541e9b52c836b, State: Initialized, Role: FOLLOWER
I20260709 13:02:24.822147  8702 data_dirs.cc:400] Could only allocate 1 dirs of requested 3 for tablet 95c7324cba56434b8e0b55bc32baec66. 1 dirs total, 0 dirs full, 0 dirs failed
I20260709 13:02:24.820930  8754 consensus_queue.cc:260] T 3a12ae270bd64a4f84c4ae5ad8bed8be P 4574e3cf25ce432a9c2541e9b52c836b [NON_LEADER]: Queue going to NON_LEADER mode. State: All replicated index: 0, Majority replicated index: 0, Committed index: 0, Last appended: 0.0, Last appended by leader: 0, Current term: 0, Majority size: -1, State: 0, Mode: NON_LEADER, active raft config: opid_index: -1 OBSOLETE_local: false peers { permanent_uuid: "cc052d3030b442ec944912e94dbbe7d2" member_type: VOTER last_known_addr { host: "127.7.52.65" port: 35659 } } peers { permanent_uuid: "4574e3cf25ce432a9c2541e9b52c836b" member_type: VOTER last_known_addr { host: "127.7.52.66" port: 42629 } } peers { permanent_uuid: "35ade53690354241940148ff03fd3143" member_type: VOTER last_known_addr { host: "127.7.52.67" port: 39195 } }
I20260709 13:02:24.836181  8754 ts_tablet_manager.cc:1434] T 3a12ae270bd64a4f84c4ae5ad8bed8be P 4574e3cf25ce432a9c2541e9b52c836b: Time spent starting tablet: real 0.032s	user 0.000s	sys 0.011s
I20260709 13:02:24.838915  8754 tablet_bootstrap.cc:492] T 56ee2d727890458aa6886a2571325cf8 P 4574e3cf25ce432a9c2541e9b52c836b: Bootstrap starting.
I20260709 13:02:24.849701  8754 tablet_bootstrap.cc:654] T 56ee2d727890458aa6886a2571325cf8 P 4574e3cf25ce432a9c2541e9b52c836b: Neither blocks nor log segments found. Creating new log.
I20260709 13:02:24.786059  8546 tablet_service.cc:1511] Processing CreateTablet for tablet 85fc9c1566b64267b60f34485d1ad3ca (DEFAULT_TABLE table=test-workload [id=0578f6ab94b244848af6f51ec8f9fc35]), partition=RANGE (key) PARTITION 2001891485 <= VALUES < 2038289512
I20260709 13:02:24.855983  8546 data_dirs.cc:400] Could only allocate 1 dirs of requested 3 for tablet 85fc9c1566b64267b60f34485d1ad3ca. 1 dirs total, 0 dirs full, 0 dirs failed
I20260709 13:02:24.876780  8753 tablet_bootstrap.cc:492] T bfe3784f4f7c48cba70191db7ddd1fdd P cc052d3030b442ec944912e94dbbe7d2: No bootstrap required, opened a new log
I20260709 13:02:24.877270  8753 ts_tablet_manager.cc:1403] T bfe3784f4f7c48cba70191db7ddd1fdd P cc052d3030b442ec944912e94dbbe7d2: Time spent bootstrapping tablet: real 0.150s	user 0.013s	sys 0.001s
I20260709 13:02:24.880136  8753 raft_consensus.cc:359] T bfe3784f4f7c48cba70191db7ddd1fdd P cc052d3030b442ec944912e94dbbe7d2 [term 0 FOLLOWER]: Replica starting. Triggering 0 pending ops. Active config: opid_index: -1 OBSOLETE_local: false peers { permanent_uuid: "cc052d3030b442ec944912e94dbbe7d2" member_type: VOTER last_known_addr { host: "127.7.52.65" port: 35659 } } peers { permanent_uuid: "4574e3cf25ce432a9c2541e9b52c836b" member_type: VOTER last_known_addr { host: "127.7.52.66" port: 42629 } } peers { permanent_uuid: "35ade53690354241940148ff03fd3143" member_type: VOTER last_known_addr { host: "127.7.52.67" port: 39195 } }
I20260709 13:02:24.880838  8753 raft_consensus.cc:385] T bfe3784f4f7c48cba70191db7ddd1fdd P cc052d3030b442ec944912e94dbbe7d2 [term 0 FOLLOWER]: Consensus starting up: Expiring failure detector timer to make a prompt election more likely
I20260709 13:02:24.881152  8753 raft_consensus.cc:740] T bfe3784f4f7c48cba70191db7ddd1fdd P cc052d3030b442ec944912e94dbbe7d2 [term 0 FOLLOWER]: Becoming Follower/Learner. State: Replica: cc052d3030b442ec944912e94dbbe7d2, State: Initialized, Role: FOLLOWER
I20260709 13:02:24.882047  8754 tablet_bootstrap.cc:492] T 56ee2d727890458aa6886a2571325cf8 P 4574e3cf25ce432a9c2541e9b52c836b: No bootstrap required, opened a new log
I20260709 13:02:24.882602  8754 ts_tablet_manager.cc:1403] T 56ee2d727890458aa6886a2571325cf8 P 4574e3cf25ce432a9c2541e9b52c836b: Time spent bootstrapping tablet: real 0.044s	user 0.009s	sys 0.002s
I20260709 13:02:24.882067  8753 consensus_queue.cc:260] T bfe3784f4f7c48cba70191db7ddd1fdd P cc052d3030b442ec944912e94dbbe7d2 [NON_LEADER]: Queue going to NON_LEADER mode. State: All replicated index: 0, Majority replicated index: 0, Committed index: 0, Last appended: 0.0, Last appended by leader: 0, Current term: 0, Majority size: -1, State: 0, Mode: NON_LEADER, active raft config: opid_index: -1 OBSOLETE_local: false peers { permanent_uuid: "cc052d3030b442ec944912e94dbbe7d2" member_type: VOTER last_known_addr { host: "127.7.52.65" port: 35659 } } peers { permanent_uuid: "4574e3cf25ce432a9c2541e9b52c836b" member_type: VOTER last_known_addr { host: "127.7.52.66" port: 42629 } } peers { permanent_uuid: "35ade53690354241940148ff03fd3143" member_type: VOTER last_known_addr { host: "127.7.52.67" port: 39195 } }
I20260709 13:02:24.885532  8754 raft_consensus.cc:359] T 56ee2d727890458aa6886a2571325cf8 P 4574e3cf25ce432a9c2541e9b52c836b [term 0 FOLLOWER]: Replica starting. Triggering 0 pending ops. Active config: opid_index: -1 OBSOLETE_local: false peers { permanent_uuid: "cc052d3030b442ec944912e94dbbe7d2" member_type: VOTER last_known_addr { host: "127.7.52.65" port: 35659 } } peers { permanent_uuid: "4574e3cf25ce432a9c2541e9b52c836b" member_type: VOTER last_known_addr { host: "127.7.52.66" port: 42629 } } peers { permanent_uuid: "35ade53690354241940148ff03fd3143" member_type: VOTER last_known_addr { host: "127.7.52.67" port: 39195 } }
I20260709 13:02:24.886257  8754 raft_consensus.cc:385] T 56ee2d727890458aa6886a2571325cf8 P 4574e3cf25ce432a9c2541e9b52c836b [term 0 FOLLOWER]: Consensus starting up: Expiring failure detector timer to make a prompt election more likely
I20260709 13:02:24.886538  8756 tablet_bootstrap.cc:492] T 4ca667a6c7ca40868e7fe95f0ec8fdee P 35ade53690354241940148ff03fd3143: No bootstrap required, opened a new log
I20260709 13:02:24.886991  8756 ts_tablet_manager.cc:1403] T 4ca667a6c7ca40868e7fe95f0ec8fdee P 35ade53690354241940148ff03fd3143: Time spent bootstrapping tablet: real 0.291s	user 0.017s	sys 0.043s
I20260709 13:02:24.890252  8753 ts_tablet_manager.cc:1434] T bfe3784f4f7c48cba70191db7ddd1fdd P cc052d3030b442ec944912e94dbbe7d2: Time spent starting tablet: real 0.013s	user 0.002s	sys 0.005s
I20260709 13:02:24.886547  8754 raft_consensus.cc:740] T 56ee2d727890458aa6886a2571325cf8 P 4574e3cf25ce432a9c2541e9b52c836b [term 0 FOLLOWER]: Becoming Follower/Learner. State: Replica: 4574e3cf25ce432a9c2541e9b52c836b, State: Initialized, Role: FOLLOWER
I20260709 13:02:24.891390  8753 tablet_bootstrap.cc:492] T 62f65ee7d340453d86ec2919f34ef700 P cc052d3030b442ec944912e94dbbe7d2: Bootstrap starting.
I20260709 13:02:24.889868  8756 raft_consensus.cc:359] T 4ca667a6c7ca40868e7fe95f0ec8fdee P 35ade53690354241940148ff03fd3143 [term 0 FOLLOWER]: Replica starting. Triggering 0 pending ops. Active config: opid_index: -1 OBSOLETE_local: false peers { permanent_uuid: "cc052d3030b442ec944912e94dbbe7d2" member_type: VOTER last_known_addr { host: "127.7.52.65" port: 35659 } } peers { permanent_uuid: "4574e3cf25ce432a9c2541e9b52c836b" member_type: VOTER last_known_addr { host: "127.7.52.66" port: 42629 } } peers { permanent_uuid: "35ade53690354241940148ff03fd3143" member_type: VOTER last_known_addr { host: "127.7.52.67" port: 39195 } }
I20260709 13:02:24.892606  8761 raft_consensus.cc:493] T 3a12ae270bd64a4f84c4ae5ad8bed8be P 4574e3cf25ce432a9c2541e9b52c836b [term 0 FOLLOWER]: Starting pre-election (no leader contacted us within the election timeout)
I20260709 13:02:24.893226  8761 raft_consensus.cc:515] T 3a12ae270bd64a4f84c4ae5ad8bed8be P 4574e3cf25ce432a9c2541e9b52c836b [term 0 FOLLOWER]: Starting pre-election with config: opid_index: -1 OBSOLETE_local: false peers { permanent_uuid: "cc052d3030b442ec944912e94dbbe7d2" member_type: VOTER last_known_addr { host: "127.7.52.65" port: 35659 } } peers { permanent_uuid: "4574e3cf25ce432a9c2541e9b52c836b" member_type: VOTER last_known_addr { host: "127.7.52.66" port: 42629 } } peers { permanent_uuid: "35ade53690354241940148ff03fd3143" member_type: VOTER last_known_addr { host: "127.7.52.67" port: 39195 } }
I20260709 13:02:24.895289  8761 leader_election.cc:290] T 3a12ae270bd64a4f84c4ae5ad8bed8be P 4574e3cf25ce432a9c2541e9b52c836b [CANDIDATE]: Term 1 pre-election: Requested pre-vote from peers cc052d3030b442ec944912e94dbbe7d2 (127.7.52.65:35659), 35ade53690354241940148ff03fd3143 (127.7.52.67:39195)
I20260709 13:02:24.891896  8754 consensus_queue.cc:260] T 56ee2d727890458aa6886a2571325cf8 P 4574e3cf25ce432a9c2541e9b52c836b [NON_LEADER]: Queue going to NON_LEADER mode. State: All replicated index: 0, Majority replicated index: 0, Committed index: 0, Last appended: 0.0, Last appended by leader: 0, Current term: 0, Majority size: -1, State: 0, Mode: NON_LEADER, active raft config: opid_index: -1 OBSOLETE_local: false peers { permanent_uuid: "cc052d3030b442ec944912e94dbbe7d2" member_type: VOTER last_known_addr { host: "127.7.52.65" port: 35659 } } peers { permanent_uuid: "4574e3cf25ce432a9c2541e9b52c836b" member_type: VOTER last_known_addr { host: "127.7.52.66" port: 42629 } } peers { permanent_uuid: "35ade53690354241940148ff03fd3143" member_type: VOTER last_known_addr { host: "127.7.52.67" port: 39195 } }
I20260709 13:02:24.896032  8564 tablet_service.cc:1917] Received RequestConsensusVote() RPC: tablet_id: "3a12ae270bd64a4f84c4ae5ad8bed8be" candidate_uuid: "4574e3cf25ce432a9c2541e9b52c836b" candidate_term: 1 candidate_status { last_received { term: 0 index: 0 } } ignore_live_leader: false dest_uuid: "cc052d3030b442ec944912e94dbbe7d2" is_pre_election: true
I20260709 13:02:24.897619  8712 tablet_service.cc:1917] Received RequestConsensusVote() RPC: tablet_id: "3a12ae270bd64a4f84c4ae5ad8bed8be" candidate_uuid: "4574e3cf25ce432a9c2541e9b52c836b" candidate_term: 1 candidate_status { last_received { term: 0 index: 0 } } ignore_live_leader: false dest_uuid: "35ade53690354241940148ff03fd3143" is_pre_election: true
I20260709 13:02:24.898379  8753 tablet_bootstrap.cc:654] T 62f65ee7d340453d86ec2919f34ef700 P cc052d3030b442ec944912e94dbbe7d2: Neither blocks nor log segments found. Creating new log.
I20260709 13:02:24.892628  8756 raft_consensus.cc:385] T 4ca667a6c7ca40868e7fe95f0ec8fdee P 35ade53690354241940148ff03fd3143 [term 0 FOLLOWER]: Consensus starting up: Expiring failure detector timer to make a prompt election more likely
W20260709 13:02:24.899153  8602 leader_election.cc:343] T 3a12ae270bd64a4f84c4ae5ad8bed8be P 4574e3cf25ce432a9c2541e9b52c836b [CANDIDATE]: Term 1 pre-election: Tablet error from VoteRequest() call to peer 35ade53690354241940148ff03fd3143 (127.7.52.67:39195): Illegal state: must be running to vote when last-logged opid is not known
I20260709 13:02:24.899540  8756 raft_consensus.cc:740] T 4ca667a6c7ca40868e7fe95f0ec8fdee P 35ade53690354241940148ff03fd3143 [term 0 FOLLOWER]: Becoming Follower/Learner. State: Replica: 35ade53690354241940148ff03fd3143, State: Initialized, Role: FOLLOWER
W20260709 13:02:24.900419  8602 leader_election.cc:343] T 3a12ae270bd64a4f84c4ae5ad8bed8be P 4574e3cf25ce432a9c2541e9b52c836b [CANDIDATE]: Term 1 pre-election: Tablet error from VoteRequest() call to peer cc052d3030b442ec944912e94dbbe7d2 (127.7.52.65:35659): Illegal state: must be running to vote when last-logged opid is not known
I20260709 13:02:24.900322  8756 consensus_queue.cc:260] T 4ca667a6c7ca40868e7fe95f0ec8fdee P 35ade53690354241940148ff03fd3143 [NON_LEADER]: Queue going to NON_LEADER mode. State: All replicated index: 0, Majority replicated index: 0, Committed index: 0, Last appended: 0.0, Last appended by leader: 0, Current term: 0, Majority size: -1, State: 0, Mode: NON_LEADER, active raft config: opid_index: -1 OBSOLETE_local: false peers { permanent_uuid: "cc052d3030b442ec944912e94dbbe7d2" member_type: VOTER last_known_addr { host: "127.7.52.65" port: 35659 } } peers { permanent_uuid: "4574e3cf25ce432a9c2541e9b52c836b" member_type: VOTER last_known_addr { host: "127.7.52.66" port: 42629 } } peers { permanent_uuid: "35ade53690354241940148ff03fd3143" member_type: VOTER last_known_addr { host: "127.7.52.67" port: 39195 } }
I20260709 13:02:24.900846  8602 leader_election.cc:304] T 3a12ae270bd64a4f84c4ae5ad8bed8be P 4574e3cf25ce432a9c2541e9b52c836b [CANDIDATE]: Term 1 pre-election: Election decided. Result: candidate lost. Election summary: received 3 responses out of 3 voters: 1 yes votes; 2 no votes. yes voters: 4574e3cf25ce432a9c2541e9b52c836b; no voters: 35ade53690354241940148ff03fd3143, cc052d3030b442ec944912e94dbbe7d2
I20260709 13:02:24.901535  8761 raft_consensus.cc:2749] T 3a12ae270bd64a4f84c4ae5ad8bed8be P 4574e3cf25ce432a9c2541e9b52c836b [term 0 FOLLOWER]: Leader pre-election lost for term 1. Reason: could not achieve majority
I20260709 13:02:24.903960  8756 ts_tablet_manager.cc:1434] T 4ca667a6c7ca40868e7fe95f0ec8fdee P 35ade53690354241940148ff03fd3143: Time spent starting tablet: real 0.017s	user 0.002s	sys 0.004s
I20260709 13:02:24.904850  8753 tablet_bootstrap.cc:492] T 62f65ee7d340453d86ec2919f34ef700 P cc052d3030b442ec944912e94dbbe7d2: No bootstrap required, opened a new log
I20260709 13:02:24.905066  8754 ts_tablet_manager.cc:1434] T 56ee2d727890458aa6886a2571325cf8 P 4574e3cf25ce432a9c2541e9b52c836b: Time spent starting tablet: real 0.022s	user 0.003s	sys 0.004s
I20260709 13:02:24.905427  8753 ts_tablet_manager.cc:1403] T 62f65ee7d340453d86ec2919f34ef700 P cc052d3030b442ec944912e94dbbe7d2: Time spent bootstrapping tablet: real 0.014s	user 0.010s	sys 0.004s
I20260709 13:02:24.905841  8756 tablet_bootstrap.cc:492] T 01f627148b9b425381912e7ea528946f P 35ade53690354241940148ff03fd3143: Bootstrap starting.
I20260709 13:02:24.906154  8754 tablet_bootstrap.cc:492] T 4ca667a6c7ca40868e7fe95f0ec8fdee P 4574e3cf25ce432a9c2541e9b52c836b: Bootstrap starting.
I20260709 13:02:24.908563  8753 raft_consensus.cc:359] T 62f65ee7d340453d86ec2919f34ef700 P cc052d3030b442ec944912e94dbbe7d2 [term 0 FOLLOWER]: Replica starting. Triggering 0 pending ops. Active config: opid_index: -1 OBSOLETE_local: false peers { permanent_uuid: "cc052d3030b442ec944912e94dbbe7d2" member_type: VOTER last_known_addr { host: "127.7.52.65" port: 35659 } } peers { permanent_uuid: "4574e3cf25ce432a9c2541e9b52c836b" member_type: VOTER last_known_addr { host: "127.7.52.66" port: 42629 } } peers { permanent_uuid: "35ade53690354241940148ff03fd3143" member_type: VOTER last_known_addr { host: "127.7.52.67" port: 39195 } }
I20260709 13:02:24.909343  8753 raft_consensus.cc:385] T 62f65ee7d340453d86ec2919f34ef700 P cc052d3030b442ec944912e94dbbe7d2 [term 0 FOLLOWER]: Consensus starting up: Expiring failure detector timer to make a prompt election more likely
I20260709 13:02:24.909708  8753 raft_consensus.cc:740] T 62f65ee7d340453d86ec2919f34ef700 P cc052d3030b442ec944912e94dbbe7d2 [term 0 FOLLOWER]: Becoming Follower/Learner. State: Replica: cc052d3030b442ec944912e94dbbe7d2, State: Initialized, Role: FOLLOWER
I20260709 13:02:24.910647  8753 consensus_queue.cc:260] T 62f65ee7d340453d86ec2919f34ef700 P cc052d3030b442ec944912e94dbbe7d2 [NON_LEADER]: Queue going to NON_LEADER mode. State: All replicated index: 0, Majority replicated index: 0, Committed index: 0, Last appended: 0.0, Last appended by leader: 0, Current term: 0, Majority size: -1, State: 0, Mode: NON_LEADER, active raft config: opid_index: -1 OBSOLETE_local: false peers { permanent_uuid: "cc052d3030b442ec944912e94dbbe7d2" member_type: VOTER last_known_addr { host: "127.7.52.65" port: 35659 } } peers { permanent_uuid: "4574e3cf25ce432a9c2541e9b52c836b" member_type: VOTER last_known_addr { host: "127.7.52.66" port: 42629 } } peers { permanent_uuid: "35ade53690354241940148ff03fd3143" member_type: VOTER last_known_addr { host: "127.7.52.67" port: 39195 } }
I20260709 13:02:24.912798  8754 tablet_bootstrap.cc:654] T 4ca667a6c7ca40868e7fe95f0ec8fdee P 4574e3cf25ce432a9c2541e9b52c836b: Neither blocks nor log segments found. Creating new log.
I20260709 13:02:24.914515  8756 tablet_bootstrap.cc:654] T 01f627148b9b425381912e7ea528946f P 35ade53690354241940148ff03fd3143: Neither blocks nor log segments found. Creating new log.
I20260709 13:02:24.916693  8753 ts_tablet_manager.cc:1434] T 62f65ee7d340453d86ec2919f34ef700 P cc052d3030b442ec944912e94dbbe7d2: Time spent starting tablet: real 0.011s	user 0.005s	sys 0.000s
I20260709 13:02:24.918092  8753 tablet_bootstrap.cc:492] T 48f8b47960e14724b146255f4419de10 P cc052d3030b442ec944912e94dbbe7d2: Bootstrap starting.
I20260709 13:02:24.923287  8756 tablet_bootstrap.cc:492] T 01f627148b9b425381912e7ea528946f P 35ade53690354241940148ff03fd3143: No bootstrap required, opened a new log
I20260709 13:02:24.923861  8756 ts_tablet_manager.cc:1403] T 01f627148b9b425381912e7ea528946f P 35ade53690354241940148ff03fd3143: Time spent bootstrapping tablet: real 0.018s	user 0.015s	sys 0.000s
I20260709 13:02:24.925702  8753 tablet_bootstrap.cc:654] T 48f8b47960e14724b146255f4419de10 P cc052d3030b442ec944912e94dbbe7d2: Neither blocks nor log segments found. Creating new log.
I20260709 13:02:24.932912  8756 raft_consensus.cc:359] T 01f627148b9b425381912e7ea528946f P 35ade53690354241940148ff03fd3143 [term 0 FOLLOWER]: Replica starting. Triggering 0 pending ops. Active config: opid_index: -1 OBSOLETE_local: false peers { permanent_uuid: "cc052d3030b442ec944912e94dbbe7d2" member_type: VOTER last_known_addr { host: "127.7.52.65" port: 35659 } } peers { permanent_uuid: "4574e3cf25ce432a9c2541e9b52c836b" member_type: VOTER last_known_addr { host: "127.7.52.66" port: 42629 } } peers { permanent_uuid: "35ade53690354241940148ff03fd3143" member_type: VOTER last_known_addr { host: "127.7.52.67" port: 39195 } }
I20260709 13:02:24.933560  8756 raft_consensus.cc:385] T 01f627148b9b425381912e7ea528946f P 35ade53690354241940148ff03fd3143 [term 0 FOLLOWER]: Consensus starting up: Expiring failure detector timer to make a prompt election more likely
I20260709 13:02:24.933836  8756 raft_consensus.cc:740] T 01f627148b9b425381912e7ea528946f P 35ade53690354241940148ff03fd3143 [term 0 FOLLOWER]: Becoming Follower/Learner. State: Replica: 35ade53690354241940148ff03fd3143, State: Initialized, Role: FOLLOWER
I20260709 13:02:24.934553  8756 consensus_queue.cc:260] T 01f627148b9b425381912e7ea528946f P 35ade53690354241940148ff03fd3143 [NON_LEADER]: Queue going to NON_LEADER mode. State: All replicated index: 0, Majority replicated index: 0, Committed index: 0, Last appended: 0.0, Last appended by leader: 0, Current term: 0, Majority size: -1, State: 0, Mode: NON_LEADER, active raft config: opid_index: -1 OBSOLETE_local: false peers { permanent_uuid: "cc052d3030b442ec944912e94dbbe7d2" member_type: VOTER last_known_addr { host: "127.7.52.65" port: 35659 } } peers { permanent_uuid: "4574e3cf25ce432a9c2541e9b52c836b" member_type: VOTER last_known_addr { host: "127.7.52.66" port: 42629 } } peers { permanent_uuid: "35ade53690354241940148ff03fd3143" member_type: VOTER last_known_addr { host: "127.7.52.67" port: 39195 } }
I20260709 13:02:24.936379  8756 ts_tablet_manager.cc:1434] T 01f627148b9b425381912e7ea528946f P 35ade53690354241940148ff03fd3143: Time spent starting tablet: real 0.012s	user 0.004s	sys 0.000s
I20260709 13:02:24.937373  8756 tablet_bootstrap.cc:492] T 3a12ae270bd64a4f84c4ae5ad8bed8be P 35ade53690354241940148ff03fd3143: Bootstrap starting.
I20260709 13:02:24.938651  8754 tablet_bootstrap.cc:492] T 4ca667a6c7ca40868e7fe95f0ec8fdee P 4574e3cf25ce432a9c2541e9b52c836b: No bootstrap required, opened a new log
I20260709 13:02:24.939304  8754 ts_tablet_manager.cc:1403] T 4ca667a6c7ca40868e7fe95f0ec8fdee P 4574e3cf25ce432a9c2541e9b52c836b: Time spent bootstrapping tablet: real 0.033s	user 0.011s	sys 0.016s
I20260709 13:02:24.943905  8756 tablet_bootstrap.cc:654] T 3a12ae270bd64a4f84c4ae5ad8bed8be P 35ade53690354241940148ff03fd3143: Neither blocks nor log segments found. Creating new log.
I20260709 13:02:24.944280  8753 tablet_bootstrap.cc:492] T 48f8b47960e14724b146255f4419de10 P cc052d3030b442ec944912e94dbbe7d2: No bootstrap required, opened a new log
I20260709 13:02:24.944788  8753 ts_tablet_manager.cc:1403] T 48f8b47960e14724b146255f4419de10 P cc052d3030b442ec944912e94dbbe7d2: Time spent bootstrapping tablet: real 0.027s	user 0.009s	sys 0.017s
I20260709 13:02:24.945508  8754 raft_consensus.cc:359] T 4ca667a6c7ca40868e7fe95f0ec8fdee P 4574e3cf25ce432a9c2541e9b52c836b [term 0 FOLLOWER]: Replica starting. Triggering 0 pending ops. Active config: opid_index: -1 OBSOLETE_local: false peers { permanent_uuid: "cc052d3030b442ec944912e94dbbe7d2" member_type: VOTER last_known_addr { host: "127.7.52.65" port: 35659 } } peers { permanent_uuid: "4574e3cf25ce432a9c2541e9b52c836b" member_type: VOTER last_known_addr { host: "127.7.52.66" port: 42629 } } peers { permanent_uuid: "35ade53690354241940148ff03fd3143" member_type: VOTER last_known_addr { host: "127.7.52.67" port: 39195 } }
I20260709 13:02:24.946257  8754 raft_consensus.cc:385] T 4ca667a6c7ca40868e7fe95f0ec8fdee P 4574e3cf25ce432a9c2541e9b52c836b [term 0 FOLLOWER]: Consensus starting up: Expiring failure detector timer to make a prompt election more likely
I20260709 13:02:24.946550  8754 raft_consensus.cc:740] T 4ca667a6c7ca40868e7fe95f0ec8fdee P 4574e3cf25ce432a9c2541e9b52c836b [term 0 FOLLOWER]: Becoming Follower/Learner. State: Replica: 4574e3cf25ce432a9c2541e9b52c836b, State: Initialized, Role: FOLLOWER
I20260709 13:02:24.947489  8754 consensus_queue.cc:260] T 4ca667a6c7ca40868e7fe95f0ec8fdee P 4574e3cf25ce432a9c2541e9b52c836b [NON_LEADER]: Queue going to NON_LEADER mode. State: All replicated index: 0, Majority replicated index: 0, Committed index: 0, Last appended: 0.0, Last appended by leader: 0, Current term: 0, Majority size: -1, State: 0, Mode: NON_LEADER, active raft config: opid_index: -1 OBSOLETE_local: false peers { permanent_uuid: "cc052d3030b442ec944912e94dbbe7d2" member_type: VOTER last_known_addr { host: "127.7.52.65" port: 35659 } } peers { permanent_uuid: "4574e3cf25ce432a9c2541e9b52c836b" member_type: VOTER last_known_addr { host: "127.7.52.66" port: 42629 } } peers { permanent_uuid: "35ade53690354241940148ff03fd3143" member_type: VOTER last_known_addr { host: "127.7.52.67" port: 39195 } }
I20260709 13:02:24.948155  8756 tablet_bootstrap.cc:492] T 3a12ae270bd64a4f84c4ae5ad8bed8be P 35ade53690354241940148ff03fd3143: No bootstrap required, opened a new log
I20260709 13:02:24.947892  8753 raft_consensus.cc:359] T 48f8b47960e14724b146255f4419de10 P cc052d3030b442ec944912e94dbbe7d2 [term 0 FOLLOWER]: Replica starting. Triggering 0 pending ops. Active config: opid_index: -1 OBSOLETE_local: false peers { permanent_uuid: "cc052d3030b442ec944912e94dbbe7d2" member_type: VOTER last_known_addr { host: "127.7.52.65" port: 35659 } } peers { permanent_uuid: "4574e3cf25ce432a9c2541e9b52c836b" member_type: VOTER last_known_addr { host: "127.7.52.66" port: 42629 } } peers { permanent_uuid: "35ade53690354241940148ff03fd3143" member_type: VOTER last_known_addr { host: "127.7.52.67" port: 39195 } }
I20260709 13:02:24.948529  8753 raft_consensus.cc:385] T 48f8b47960e14724b146255f4419de10 P cc052d3030b442ec944912e94dbbe7d2 [term 0 FOLLOWER]: Consensus starting up: Expiring failure detector timer to make a prompt election more likely
I20260709 13:02:24.948632  8756 ts_tablet_manager.cc:1403] T 3a12ae270bd64a4f84c4ae5ad8bed8be P 35ade53690354241940148ff03fd3143: Time spent bootstrapping tablet: real 0.011s	user 0.009s	sys 0.000s
I20260709 13:02:24.948877  8753 raft_consensus.cc:740] T 48f8b47960e14724b146255f4419de10 P cc052d3030b442ec944912e94dbbe7d2 [term 0 FOLLOWER]: Becoming Follower/Learner. State: Replica: cc052d3030b442ec944912e94dbbe7d2, State: Initialized, Role: FOLLOWER
I20260709 13:02:24.949702  8754 ts_tablet_manager.cc:1434] T 4ca667a6c7ca40868e7fe95f0ec8fdee P 4574e3cf25ce432a9c2541e9b52c836b: Time spent starting tablet: real 0.010s	user 0.006s	sys 0.000s
I20260709 13:02:24.949695  8753 consensus_queue.cc:260] T 48f8b47960e14724b146255f4419de10 P cc052d3030b442ec944912e94dbbe7d2 [NON_LEADER]: Queue going to NON_LEADER mode. State: All replicated index: 0, Majority replicated index: 0, Committed index: 0, Last appended: 0.0, Last appended by leader: 0, Current term: 0, Majority size: -1, State: 0, Mode: NON_LEADER, active raft config: opid_index: -1 OBSOLETE_local: false peers { permanent_uuid: "cc052d3030b442ec944912e94dbbe7d2" member_type: VOTER last_known_addr { host: "127.7.52.65" port: 35659 } } peers { permanent_uuid: "4574e3cf25ce432a9c2541e9b52c836b" member_type: VOTER last_known_addr { host: "127.7.52.66" port: 42629 } } peers { permanent_uuid: "35ade53690354241940148ff03fd3143" member_type: VOTER last_known_addr { host: "127.7.52.67" port: 39195 } }
I20260709 13:02:24.951064  8754 tablet_bootstrap.cc:492] T bfe3784f4f7c48cba70191db7ddd1fdd P 4574e3cf25ce432a9c2541e9b52c836b: Bootstrap starting.
I20260709 13:02:24.951965  8756 raft_consensus.cc:359] T 3a12ae270bd64a4f84c4ae5ad8bed8be P 35ade53690354241940148ff03fd3143 [term 0 FOLLOWER]: Replica starting. Triggering 0 pending ops. Active config: opid_index: -1 OBSOLETE_local: false peers { permanent_uuid: "cc052d3030b442ec944912e94dbbe7d2" member_type: VOTER last_known_addr { host: "127.7.52.65" port: 35659 } } peers { permanent_uuid: "4574e3cf25ce432a9c2541e9b52c836b" member_type: VOTER last_known_addr { host: "127.7.52.66" port: 42629 } } peers { permanent_uuid: "35ade53690354241940148ff03fd3143" member_type: VOTER last_known_addr { host: "127.7.52.67" port: 39195 } }
I20260709 13:02:24.952656  8756 raft_consensus.cc:385] T 3a12ae270bd64a4f84c4ae5ad8bed8be P 35ade53690354241940148ff03fd3143 [term 0 FOLLOWER]: Consensus starting up: Expiring failure detector timer to make a prompt election more likely
I20260709 13:02:24.952927  8756 raft_consensus.cc:740] T 3a12ae270bd64a4f84c4ae5ad8bed8be P 35ade53690354241940148ff03fd3143 [term 0 FOLLOWER]: Becoming Follower/Learner. State: Replica: 35ade53690354241940148ff03fd3143, State: Initialized, Role: FOLLOWER
I20260709 13:02:24.953724  8756 consensus_queue.cc:260] T 3a12ae270bd64a4f84c4ae5ad8bed8be P 35ade53690354241940148ff03fd3143 [NON_LEADER]: Queue going to NON_LEADER mode. State: All replicated index: 0, Majority replicated index: 0, Committed index: 0, Last appended: 0.0, Last appended by leader: 0, Current term: 0, Majority size: -1, State: 0, Mode: NON_LEADER, active raft config: opid_index: -1 OBSOLETE_local: false peers { permanent_uuid: "cc052d3030b442ec944912e94dbbe7d2" member_type: VOTER last_known_addr { host: "127.7.52.65" port: 35659 } } peers { permanent_uuid: "4574e3cf25ce432a9c2541e9b52c836b" member_type: VOTER last_known_addr { host: "127.7.52.66" port: 42629 } } peers { permanent_uuid: "35ade53690354241940148ff03fd3143" member_type: VOTER last_known_addr { host: "127.7.52.67" port: 39195 } }
I20260709 13:02:24.955735  8753 ts_tablet_manager.cc:1434] T 48f8b47960e14724b146255f4419de10 P cc052d3030b442ec944912e94dbbe7d2: Time spent starting tablet: real 0.011s	user 0.002s	sys 0.003s
I20260709 13:02:24.956265  8756 ts_tablet_manager.cc:1434] T 3a12ae270bd64a4f84c4ae5ad8bed8be P 35ade53690354241940148ff03fd3143: Time spent starting tablet: real 0.007s	user 0.007s	sys 0.000s
I20260709 13:02:24.956810  8753 tablet_bootstrap.cc:492] T c13ac7f0a2c34c17bf2883610f860a9f P cc052d3030b442ec944912e94dbbe7d2: Bootstrap starting.
I20260709 13:02:24.957366  8756 tablet_bootstrap.cc:492] T 56ee2d727890458aa6886a2571325cf8 P 35ade53690354241940148ff03fd3143: Bootstrap starting.
I20260709 13:02:24.957996  8754 tablet_bootstrap.cc:654] T bfe3784f4f7c48cba70191db7ddd1fdd P 4574e3cf25ce432a9c2541e9b52c836b: Neither blocks nor log segments found. Creating new log.
I20260709 13:02:24.964090  8756 tablet_bootstrap.cc:654] T 56ee2d727890458aa6886a2571325cf8 P 35ade53690354241940148ff03fd3143: Neither blocks nor log segments found. Creating new log.
I20260709 13:02:24.964668  8753 tablet_bootstrap.cc:654] T c13ac7f0a2c34c17bf2883610f860a9f P cc052d3030b442ec944912e94dbbe7d2: Neither blocks nor log segments found. Creating new log.
I20260709 13:02:24.978540  8753 tablet_bootstrap.cc:492] T c13ac7f0a2c34c17bf2883610f860a9f P cc052d3030b442ec944912e94dbbe7d2: No bootstrap required, opened a new log
I20260709 13:02:24.979322  8753 ts_tablet_manager.cc:1403] T c13ac7f0a2c34c17bf2883610f860a9f P cc052d3030b442ec944912e94dbbe7d2: Time spent bootstrapping tablet: real 0.023s	user 0.013s	sys 0.008s
I20260709 13:02:24.979337  8756 tablet_bootstrap.cc:492] T 56ee2d727890458aa6886a2571325cf8 P 35ade53690354241940148ff03fd3143: No bootstrap required, opened a new log
I20260709 13:02:24.980654  8756 ts_tablet_manager.cc:1403] T 56ee2d727890458aa6886a2571325cf8 P 35ade53690354241940148ff03fd3143: Time spent bootstrapping tablet: real 0.023s	user 0.018s	sys 0.000s
I20260709 13:02:24.982635  8753 raft_consensus.cc:359] T c13ac7f0a2c34c17bf2883610f860a9f P cc052d3030b442ec944912e94dbbe7d2 [term 0 FOLLOWER]: Replica starting. Triggering 0 pending ops. Active config: opid_index: -1 OBSOLETE_local: false peers { permanent_uuid: "cc052d3030b442ec944912e94dbbe7d2" member_type: VOTER last_known_addr { host: "127.7.52.65" port: 35659 } } peers { permanent_uuid: "4574e3cf25ce432a9c2541e9b52c836b" member_type: VOTER last_known_addr { host: "127.7.52.66" port: 42629 } } peers { permanent_uuid: "35ade53690354241940148ff03fd3143" member_type: VOTER last_known_addr { host: "127.7.52.67" port: 39195 } }
I20260709 13:02:24.983098  8754 tablet_bootstrap.cc:492] T bfe3784f4f7c48cba70191db7ddd1fdd P 4574e3cf25ce432a9c2541e9b52c836b: No bootstrap required, opened a new log
I20260709 13:02:24.983426  8753 raft_consensus.cc:385] T c13ac7f0a2c34c17bf2883610f860a9f P cc052d3030b442ec944912e94dbbe7d2 [term 0 FOLLOWER]: Consensus starting up: Expiring failure detector timer to make a prompt election more likely
I20260709 13:02:24.983162  8756 raft_consensus.cc:359] T 56ee2d727890458aa6886a2571325cf8 P 35ade53690354241940148ff03fd3143 [term 0 FOLLOWER]: Replica starting. Triggering 0 pending ops. Active config: opid_index: -1 OBSOLETE_local: false peers { permanent_uuid: "cc052d3030b442ec944912e94dbbe7d2" member_type: VOTER last_known_addr { host: "127.7.52.65" port: 35659 } } peers { permanent_uuid: "4574e3cf25ce432a9c2541e9b52c836b" member_type: VOTER last_known_addr { host: "127.7.52.66" port: 42629 } } peers { permanent_uuid: "35ade53690354241940148ff03fd3143" member_type: VOTER last_known_addr { host: "127.7.52.67" port: 39195 } }
I20260709 13:02:24.983655  8754 ts_tablet_manager.cc:1403] T bfe3784f4f7c48cba70191db7ddd1fdd P 4574e3cf25ce432a9c2541e9b52c836b: Time spent bootstrapping tablet: real 0.033s	user 0.014s	sys 0.017s
I20260709 13:02:24.983783  8753 raft_consensus.cc:740] T c13ac7f0a2c34c17bf2883610f860a9f P cc052d3030b442ec944912e94dbbe7d2 [term 0 FOLLOWER]: Becoming Follower/Learner. State: Replica: cc052d3030b442ec944912e94dbbe7d2, State: Initialized, Role: FOLLOWER
I20260709 13:02:24.984002  8756 raft_consensus.cc:385] T 56ee2d727890458aa6886a2571325cf8 P 35ade53690354241940148ff03fd3143 [term 0 FOLLOWER]: Consensus starting up: Expiring failure detector timer to make a prompt election more likely
I20260709 13:02:24.984360  8756 raft_consensus.cc:740] T 56ee2d727890458aa6886a2571325cf8 P 35ade53690354241940148ff03fd3143 [term 0 FOLLOWER]: Becoming Follower/Learner. State: Replica: 35ade53690354241940148ff03fd3143, State: Initialized, Role: FOLLOWER
