W20260709 13:01:54.999768  7282 system_unsync_time.cc:38] NTP support is disabled. Clock error bounds will not be accurate. This configuration is not suitable for distributed clusters.
I20260709 13:01:54.999891  7282 hybrid_clock.cc:648] HybridClock initialized: now 1783602114999880 us; error 0 us; skew 500 ppm
I20260709 13:01:55.000326  7282 server_base.cc:861] Flag tcmalloc_max_total_thread_cache_bytes is not working since tcmalloc is not enabled.
I20260709 13:01:55.002451  7282 webserver.cc:533] Webserver started at http://127.7.28.130:39163/ using document root <none> and password file <none>
I20260709 13:01:55.002957  7282 fs_manager.cc:362] Metadata directory not provided
I20260709 13:01:55.003167  7282 fs_manager.cc:368] Using write-ahead log directory (fs_wal_dir) as metadata directory
I20260709 13:01:55.003460  7282 server_base.cc:909] This appears to be a new deployment of Kudu; creating new FS layout
I20260709 13:01:55.004842  7282 fs_manager.cc:1068] Generated new instance metadata in path /tmp/dist-test-taskJFJOle/test-tmp/auto_leader_rebalancer-test.0.LeaderRebalancerTest.AddTserver.1783602092550256-7282-0/minicluster-data/ts-1-root/instance:
uuid: "b98cd1406a1049799a3862d9a9baa278"
format_stamp: "Formatted at 2026-07-09 13:01:55 on dist-test-slave-5qcg"
I20260709 13:01:55.004961  8402 heartbeater.cc:344] Connected to a master server at 127.7.28.190:46513
I20260709 13:01:55.005367  8402 heartbeater.cc:461] Registering TS with master...
I20260709 13:01:55.005988  8402 heartbeater.cc:507] Master 127.7.28.190:46513 requested a full tablet report, sending...
I20260709 13:01:55.007830  8275 ts_manager.cc:194] Registered new tserver with Master: df16a3636ee14ca69714b635d557b118 (127.7.28.129:41513)
I20260709 13:01:55.010084  8275 master_service.cc:502] Signed X509 certificate for tserver {username='slave'} at 127.0.0.1:60218
I20260709 13:01:55.010475  7282 fs_manager.cc:696] Time spent creating directory manager: real 0.005s	user 0.006s	sys 0.001s
I20260709 13:01:55.014199  8414 log_block_manager.cc:4127] Time spent loading block containers with low live blocks: real 0.000s	user 0.000s	sys 0.000s
I20260709 13:01:55.014880  7282 fs_manager.cc:730] Time spent opening block manager: real 0.002s	user 0.002s	sys 0.000s
I20260709 13:01:55.015218  7282 fs_manager.cc:647] Opened local filesystem: /tmp/dist-test-taskJFJOle/test-tmp/auto_leader_rebalancer-test.0.LeaderRebalancerTest.AddTserver.1783602092550256-7282-0/minicluster-data/ts-1-root
uuid: "b98cd1406a1049799a3862d9a9baa278"
format_stamp: "Formatted at 2026-07-09 13:01:55 on dist-test-slave-5qcg"
I20260709 13:01:55.015476  7282 fs_report.cc:389] FS layout report
--------------------
wal directory: /tmp/dist-test-taskJFJOle/test-tmp/auto_leader_rebalancer-test.0.LeaderRebalancerTest.AddTserver.1783602092550256-7282-0/minicluster-data/ts-1-root
metadata directory: /tmp/dist-test-taskJFJOle/test-tmp/auto_leader_rebalancer-test.0.LeaderRebalancerTest.AddTserver.1783602092550256-7282-0/minicluster-data/ts-1-root
1 data directories: /tmp/dist-test-taskJFJOle/test-tmp/auto_leader_rebalancer-test.0.LeaderRebalancerTest.AddTserver.1783602092550256-7282-0/minicluster-data/ts-1-root/data
Total live blocks: 0
Total live bytes: 0
Total live bytes (after alignment): 0
Total number of LBM containers: 0 (0 full)
Did not check for missing blocks
Did not check for orphaned blocks
Total full LBM containers with extra space: 0 (0 repaired)
Total full LBM container extra space in bytes: 0 (0 repaired)
Total incomplete LBM containers: 0 (0 repaired)
Total LBM partial records: 0 (0 repaired)
Total corrupted LBM metadata records in RocksDB: 0 (0 repaired)
I20260709 13:01:55.037431  7282 rpc_server.cc:225] running with OpenSSL 1.1.1  11 Sep 2018
I20260709 13:01:55.038551  7282 kserver.cc:163] Server-wide thread pool size limit: 3276
I20260709 13:01:55.039927  7282 txn_system_client.cc:432] TxnSystemClient initialization is disabled...
I20260709 13:01:55.041923  7282 ts_tablet_manager.cc:585] Loaded tablet metadata (0 total tablets, 0 live tablets)
I20260709 13:01:55.042128  7282 ts_tablet_manager.cc:531] Time spent load tablet metadata: real 0.000s	user 0.000s	sys 0.000s
I20260709 13:01:55.042362  7282 ts_tablet_manager.cc:616] Registered 0 tablets
I20260709 13:01:55.042529  7282 ts_tablet_manager.cc:595] Time spent register tablets: real 0.000s	user 0.000s	sys 0.000s
I20260709 13:01:55.078059  7282 rpc_server.cc:307] RPC server started. Bound to: 127.7.28.130:34785
I20260709 13:01:55.078145  8476 acceptor_pool.cc:272] collecting diagnostics on the listening RPC socket 127.7.28.130:34785 every 8 connection(s)
I20260709 13:01:55.082336  7282 file_cache.cc:504] Constructed file cache file cache with capacity 419430
W20260709 13:01:55.088572  8480 instance_detector.cc:116] could not retrieve AWS instance metadata: Network error: curl error: HTTP response code said error: The requested URL returned error: 404
W20260709 13:01:55.090631  8481 instance_detector.cc:116] could not retrieve Azure instance metadata: Network error: curl error: HTTP response code said error: The requested URL returned error: 404
W20260709 13:01:55.093497  8483 instance_detector.cc:116] could not retrieve OpenStack instance metadata: Network error: curl error: HTTP response code said error: The requested URL returned error: 404
I20260709 13:01:55.094213  7282 server_base.cc:1061] running on GCE node
I20260709 13:01:55.094447  8477 heartbeater.cc:344] Connected to a master server at 127.7.28.190:46513
I20260709 13:01:55.094803  8477 heartbeater.cc:461] Registering TS with master...
I20260709 13:01:55.095088  7282 hybrid_clock.cc:584] initializing the hybrid clock with 'system_unsync' time source
W20260709 13:01:55.095310  7282 system_unsync_time.cc:38] NTP support is disabled. Clock error bounds will not be accurate. This configuration is not suitable for distributed clusters.
I20260709 13:01:55.095511  8477 heartbeater.cc:507] Master 127.7.28.190:46513 requested a full tablet report, sending...
I20260709 13:01:55.095639  7282 hybrid_clock.cc:648] HybridClock initialized: now 1783602115095622 us; error 0 us; skew 500 ppm
I20260709 13:01:55.096410  7282 server_base.cc:861] Flag tcmalloc_max_total_thread_cache_bytes is not working since tcmalloc is not enabled.
I20260709 13:01:55.097638  8275 ts_manager.cc:194] Registered new tserver with Master: b98cd1406a1049799a3862d9a9baa278 (127.7.28.130:34785)
I20260709 13:01:55.098809  7282 webserver.cc:533] Webserver started at http://127.7.28.131:34095/ using document root <none> and password file <none>
I20260709 13:01:55.099185  8275 master_service.cc:502] Signed X509 certificate for tserver {username='slave'} at 127.0.0.1:60230
I20260709 13:01:55.099337  7282 fs_manager.cc:362] Metadata directory not provided
I20260709 13:01:55.099619  7282 fs_manager.cc:368] Using write-ahead log directory (fs_wal_dir) as metadata directory
I20260709 13:01:55.099869  7282 server_base.cc:909] This appears to be a new deployment of Kudu; creating new FS layout
I20260709 13:01:55.101293  7282 fs_manager.cc:1068] Generated new instance metadata in path /tmp/dist-test-taskJFJOle/test-tmp/auto_leader_rebalancer-test.0.LeaderRebalancerTest.AddTserver.1783602092550256-7282-0/minicluster-data/ts-2-root/instance:
uuid: "7ef52ae07032468192ffc48bdf3a983b"
format_stamp: "Formatted at 2026-07-09 13:01:55 on dist-test-slave-5qcg"
I20260709 13:01:55.105120  7282 fs_manager.cc:696] Time spent creating directory manager: real 0.003s	user 0.006s	sys 0.000s
I20260709 13:01:55.107838  8488 log_block_manager.cc:4127] Time spent loading block containers with low live blocks: real 0.000s	user 0.000s	sys 0.000s
I20260709 13:01:55.108579  7282 fs_manager.cc:730] Time spent opening block manager: real 0.002s	user 0.000s	sys 0.003s
I20260709 13:01:55.108844  7282 fs_manager.cc:647] Opened local filesystem: /tmp/dist-test-taskJFJOle/test-tmp/auto_leader_rebalancer-test.0.LeaderRebalancerTest.AddTserver.1783602092550256-7282-0/minicluster-data/ts-2-root
uuid: "7ef52ae07032468192ffc48bdf3a983b"
format_stamp: "Formatted at 2026-07-09 13:01:55 on dist-test-slave-5qcg"
I20260709 13:01:55.109100  7282 fs_report.cc:389] FS layout report
--------------------
wal directory: /tmp/dist-test-taskJFJOle/test-tmp/auto_leader_rebalancer-test.0.LeaderRebalancerTest.AddTserver.1783602092550256-7282-0/minicluster-data/ts-2-root
metadata directory: /tmp/dist-test-taskJFJOle/test-tmp/auto_leader_rebalancer-test.0.LeaderRebalancerTest.AddTserver.1783602092550256-7282-0/minicluster-data/ts-2-root
1 data directories: /tmp/dist-test-taskJFJOle/test-tmp/auto_leader_rebalancer-test.0.LeaderRebalancerTest.AddTserver.1783602092550256-7282-0/minicluster-data/ts-2-root/data
Total live blocks: 0
Total live bytes: 0
Total live bytes (after alignment): 0
Total number of LBM containers: 0 (0 full)
Did not check for missing blocks
Did not check for orphaned blocks
Total full LBM containers with extra space: 0 (0 repaired)
Total full LBM container extra space in bytes: 0 (0 repaired)
Total incomplete LBM containers: 0 (0 repaired)
Total LBM partial records: 0 (0 repaired)
Total corrupted LBM metadata records in RocksDB: 0 (0 repaired)
I20260709 13:01:55.131338  7282 rpc_server.cc:225] running with OpenSSL 1.1.1  11 Sep 2018
I20260709 13:01:55.132300  7282 kserver.cc:163] Server-wide thread pool size limit: 3276
I20260709 13:01:55.133744  7282 txn_system_client.cc:432] TxnSystemClient initialization is disabled...
I20260709 13:01:55.135610  7282 ts_tablet_manager.cc:585] Loaded tablet metadata (0 total tablets, 0 live tablets)
I20260709 13:01:55.135761  7282 ts_tablet_manager.cc:531] Time spent load tablet metadata: real 0.000s	user 0.000s	sys 0.000s
I20260709 13:01:55.136010  7282 ts_tablet_manager.cc:616] Registered 0 tablets
I20260709 13:01:55.136152  7282 ts_tablet_manager.cc:595] Time spent register tablets: real 0.000s	user 0.000s	sys 0.000s
I20260709 13:01:55.170819  7282 rpc_server.cc:307] RPC server started. Bound to: 127.7.28.131:36849
I20260709 13:01:55.170895  8550 acceptor_pool.cc:272] collecting diagnostics on the listening RPC socket 127.7.28.131:36849 every 8 connection(s)
I20260709 13:01:55.182394  8551 heartbeater.cc:344] Connected to a master server at 127.7.28.190:46513
I20260709 13:01:55.182643  8551 heartbeater.cc:461] Registering TS with master...
I20260709 13:01:55.183219  8551 heartbeater.cc:507] Master 127.7.28.190:46513 requested a full tablet report, sending...
I20260709 13:01:55.184660  8275 ts_manager.cc:194] Registered new tserver with Master: 7ef52ae07032468192ffc48bdf3a983b (127.7.28.131:36849)
I20260709 13:01:55.185477  7282 internal_mini_cluster.cc:371] 3 TS(s) registered with all masters after 0.011908179s
I20260709 13:01:55.185750  8275 master_service.cc:502] Signed X509 certificate for tserver {username='slave'} at 127.0.0.1:60236
I20260709 13:01:55.206854  8275 catalog_manager.cc:2283] Servicing CreateTable request from {username='slave'} at 127.0.0.1:60240:
name: "test-workload"
schema {
  columns {
    name: "key"
    type: INT32
    is_key: true
    is_nullable: false
    encoding: AUTO_ENCODING
    compression: DEFAULT_COMPRESSION
    cfile_block_size: 0
    immutable: false
  }
  columns {
    name: "int_val"
    type: INT32
    is_key: false
    is_nullable: false
    encoding: AUTO_ENCODING
    compression: DEFAULT_COMPRESSION
    cfile_block_size: 0
    immutable: false
  }
  columns {
    name: "string_val"
    type: STRING
    is_key: false
    is_nullable: true
    encoding: AUTO_ENCODING
    compression: DEFAULT_COMPRESSION
    cfile_block_size: 0
    immutable: false
  }
}
num_replicas: 3
split_rows_range_bounds {
  rows: "\004\001\000\313c+\002\004\001\000\226\307V\004\004\001\000a+\202\006\004\001\000,\217\255\010\004\001\000\367\362\330\n\004\001\000\302V\004\r\004\001\000\215\272/\017\004\001\000X\036[\021\004\001\000#\202\206\023\004\001\000\356\345\261\025\004\001\000\271I\335\027\004\001\000\204\255\010\032\004\001\000O\0214\034\004\001\000\032u_\036\004\001\000\345\330\212 \004\001\000\260<\266\"\004\001\000{\240\341$\004\001\000F\004\r\'\004\001\000\021h8)\004\001\000\334\313c+\004\001\000\247/\217-\004\001\000r\223\272/\004\001\000=\367\3451\004\001\000\010[\0214\004\001\000\323\276<6\004\001\000\236\"h8\004\001\000i\206\223:\004\001\0004\352\276<\004\001\000\377M\352>\004\001\000\312\261\025A\004\001\000\225\025AC\004\001\000`ylE\004\001\000+\335\227G\004\001\000\366@\303I\004\001\000\301\244\356K\004\001\000\214\010\032N\004\001\000WlEP\004\001\000\"\320pR\004\001\000\3553\234T\004\001\000\270\227\307V\004\001\000\203\373\362X\004\001\000N_\036[\004\001\000\031\303I]\004\001\000\344&u_\004\001\000\257\212\240a\004\001\000z\356\313c\004\001\000ER\367e\004\001\000\020\266\"h\004\001\000\333\031Nj\004\001\000\246}yl\004\001\000q\341\244n\004\001\000<E\320p\004\001\000\007\251\373r\004\001\000\322\014\'u\004\001\000\235pRw\004\001\000h\324}y\004\001\00038\251{\004\001\000\376\233\324}""\004\001\000\313c+\002\004\001\000\226\307V\004\004\001\000a+\202\006\004\001\000,\217\255\010\004\001\000\367\362\330\n\004\001\000\302V\004\r\004\001\000\215\272/\017\004\001\000X\036[\021\004\001\000#\202\206\023\004\001\000\356\345\261\025\004\001\000\271I\335\027\004\001\000\204\255\010\032\004\001\000O\0214\034\004\001\000\032u_\036\004\001\000\345\330\212 \004\001\000\260<\266\"\004\001\000{\240\341$\004\001\000F\004\r\'\004\001\000\021h8)\004\001\000\334\313c+\004\001\000\247/\217-\004\001\000r\223\272/\004\001\000=\367\3451\004\001\000\010[\0214\004\001\000\323\276<6\004\001\000\236\"h8\004\001\000i\206\223:\004\001\0004\352\276<\004\001\000\377M\352>\004\001\000\312\261\025A\004\001\000\225\025AC\004\001\000`ylE\004\001\000+\335\227G\004\001\000\366@\303I\004\001\000\301\244\356K\004\001\000\214\010\032N\004\001\000WlEP\004\001\000\"\320pR\004\001\000\3553\234T\004\001\000\270\227\307V\004\001\000\203\373\362X\004\001\000N_\036[\004\001\000\031\303I]\004\001\000\344&u_\004\001\000\257\212\240a\004\001\000z\356\313c\004\001\000ER\367e\004\001\000\020\266\"h\004\001\000\333\031Nj\004\001\000\246}yl\004\001\000q\341\244n\004\001\000<E\320p\004\001\000\007\251\373r\004\001\000\322\014\'u\004\001\000\235pRw\004\001\000h\324}y\004\001\00038\251{\004\001\000\376\233\324}"
  indirect_data: """"
}
partition_schema {
  range_schema {
    columns {
      name: "key"
    }
  }
}
W20260709 13:01:55.212483  8275 catalog_manager.cc:7077] The number of live tablet servers is not enough to re-replicate a tablet replica of the newly created table test-workload in case of a server failure: 4 tablet servers would be needed, 3 are available. Consider bringing up more tablet servers.
I20260709 13:01:55.388621  8367 tablet_service.cc:1511] Processing CreateTablet for tablet 8e147f5f281d47c2977a7af26a4c44e8 (DEFAULT_TABLE table=test-workload [id=faf6d8c2440a469fa8c1bdca6ed45274]), partition=RANGE (key) PARTITION VALUES < 36398027
I20260709 13:01:55.389984  8367 data_dirs.cc:400] Could only allocate 1 dirs of requested 3 for tablet 8e147f5f281d47c2977a7af26a4c44e8. 1 dirs total, 0 dirs full, 0 dirs failed
I20260709 13:01:55.391158  8365 tablet_service.cc:1511] Processing CreateTablet for tablet c713be58778644a188905eef68456a51 (DEFAULT_TABLE table=test-workload [id=faf6d8c2440a469fa8c1bdca6ed45274]), partition=RANGE (key) PARTITION 72796054 <= VALUES < 109194081
I20260709 13:01:55.392345  8365 data_dirs.cc:400] Could only allocate 1 dirs of requested 3 for tablet c713be58778644a188905eef68456a51. 1 dirs total, 0 dirs full, 0 dirs failed
I20260709 13:01:55.395592  8366 tablet_service.cc:1511] Processing CreateTablet for tablet fb85487c222349a7be2b3a664983ddc1 (DEFAULT_TABLE table=test-workload [id=faf6d8c2440a469fa8c1bdca6ed45274]), partition=RANGE (key) PARTITION 36398027 <= VALUES < 72796054
I20260709 13:01:55.396720  8366 data_dirs.cc:400] Could only allocate 1 dirs of requested 3 for tablet fb85487c222349a7be2b3a664983ddc1. 1 dirs total, 0 dirs full, 0 dirs failed
I20260709 13:01:55.397256  8516 tablet_service.cc:1511] Processing CreateTablet for tablet 8e147f5f281d47c2977a7af26a4c44e8 (DEFAULT_TABLE table=test-workload [id=faf6d8c2440a469fa8c1bdca6ed45274]), partition=RANGE (key) PARTITION VALUES < 36398027
I20260709 13:01:55.398417  8516 data_dirs.cc:400] Could only allocate 1 dirs of requested 3 for tablet 8e147f5f281d47c2977a7af26a4c44e8. 1 dirs total, 0 dirs full, 0 dirs failed
I20260709 13:01:55.400055  8512 tablet_service.cc:1511] Processing CreateTablet for tablet 216c2a0e81ae4833a4a8bc2c843f3597 (DEFAULT_TABLE table=test-workload [id=faf6d8c2440a469fa8c1bdca6ed45274]), partition=RANGE (key) PARTITION 145592108 <= VALUES < 181990135
I20260709 13:01:55.401193  8512 data_dirs.cc:400] Could only allocate 1 dirs of requested 3 for tablet 216c2a0e81ae4833a4a8bc2c843f3597. 1 dirs total, 0 dirs full, 0 dirs failed
I20260709 13:01:55.404014  8515 tablet_service.cc:1511] Processing CreateTablet for tablet fb85487c222349a7be2b3a664983ddc1 (DEFAULT_TABLE table=test-workload [id=faf6d8c2440a469fa8c1bdca6ed45274]), partition=RANGE (key) PARTITION 36398027 <= VALUES < 72796054
I20260709 13:01:55.405236  8515 data_dirs.cc:400] Could only allocate 1 dirs of requested 3 for tablet fb85487c222349a7be2b3a664983ddc1. 1 dirs total, 0 dirs full, 0 dirs failed
I20260709 13:01:55.407980  8514 tablet_service.cc:1511] Processing CreateTablet for tablet c713be58778644a188905eef68456a51 (DEFAULT_TABLE table=test-workload [id=faf6d8c2440a469fa8c1bdca6ed45274]), partition=RANGE (key) PARTITION 72796054 <= VALUES < 109194081
I20260709 13:01:55.408375  8364 tablet_service.cc:1511] Processing CreateTablet for tablet 36575eb6e71f4d14912b5300ab126ea1 (DEFAULT_TABLE table=test-workload [id=faf6d8c2440a469fa8c1bdca6ed45274]), partition=RANGE (key) PARTITION 109194081 <= VALUES < 145592108
I20260709 13:01:55.409204  8514 data_dirs.cc:400] Could only allocate 1 dirs of requested 3 for tablet c713be58778644a188905eef68456a51. 1 dirs total, 0 dirs full, 0 dirs failed
I20260709 13:01:55.409590  8364 data_dirs.cc:400] Could only allocate 1 dirs of requested 3 for tablet 36575eb6e71f4d14912b5300ab126ea1. 1 dirs total, 0 dirs full, 0 dirs failed
I20260709 13:01:55.404019  8513 tablet_service.cc:1511] Processing CreateTablet for tablet 36575eb6e71f4d14912b5300ab126ea1 (DEFAULT_TABLE table=test-workload [id=faf6d8c2440a469fa8c1bdca6ed45274]), partition=RANGE (key) PARTITION 109194081 <= VALUES < 145592108
I20260709 13:01:55.412168  8513 data_dirs.cc:400] Could only allocate 1 dirs of requested 3 for tablet 36575eb6e71f4d14912b5300ab126ea1. 1 dirs total, 0 dirs full, 0 dirs failed
I20260709 13:01:55.413964  8511 tablet_service.cc:1511] Processing CreateTablet for tablet 02d4ed7f6a034456af5e332419d46591 (DEFAULT_TABLE table=test-workload [id=faf6d8c2440a469fa8c1bdca6ed45274]), partition=RANGE (key) PARTITION 181990135 <= VALUES < 218388162
I20260709 13:01:55.415941  8510 tablet_service.cc:1511] Processing CreateTablet for tablet 022145f64a854e95b25378b3bb462e7a (DEFAULT_TABLE table=test-workload [id=faf6d8c2440a469fa8c1bdca6ed45274]), partition=RANGE (key) PARTITION 218388162 <= VALUES < 254786189
I20260709 13:01:55.417903  8508 tablet_service.cc:1511] Processing CreateTablet for tablet 1f33539dd04f42ae9118bddcb785bc37 (DEFAULT_TABLE table=test-workload [id=faf6d8c2440a469fa8c1bdca6ed45274]), partition=RANGE (key) PARTITION 291184216 <= VALUES < 327582243
I20260709 13:01:55.419965  8509 tablet_service.cc:1511] Processing CreateTablet for tablet 0f3276cf037846b680c5130dc47fa749 (DEFAULT_TABLE table=test-workload [id=faf6d8c2440a469fa8c1bdca6ed45274]), partition=RANGE (key) PARTITION 254786189 <= VALUES < 291184216
I20260709 13:01:55.421844  8507 tablet_service.cc:1511] Processing CreateTablet for tablet 690ef6ed2f8140d1849250bc3a4baf9c (DEFAULT_TABLE table=test-workload [id=faf6d8c2440a469fa8c1bdca6ed45274]), partition=RANGE (key) PARTITION 327582243 <= VALUES < 363980270
I20260709 13:01:55.423242  8511 data_dirs.cc:400] Could only allocate 1 dirs of requested 3 for tablet 02d4ed7f6a034456af5e332419d46591. 1 dirs total, 0 dirs full, 0 dirs failed
I20260709 13:01:55.427178  8509 data_dirs.cc:400] Could only allocate 1 dirs of requested 3 for tablet 0f3276cf037846b680c5130dc47fa749. 1 dirs total, 0 dirs full, 0 dirs failed
I20260709 13:01:55.430745  8510 data_dirs.cc:400] Could only allocate 1 dirs of requested 3 for tablet 022145f64a854e95b25378b3bb462e7a. 1 dirs total, 0 dirs full, 0 dirs failed
I20260709 13:01:55.434368  8508 data_dirs.cc:400] Could only allocate 1 dirs of requested 3 for tablet 1f33539dd04f42ae9118bddcb785bc37. 1 dirs total, 0 dirs full, 0 dirs failed
I20260709 13:01:55.435173  8507 data_dirs.cc:400] Could only allocate 1 dirs of requested 3 for tablet 690ef6ed2f8140d1849250bc3a4baf9c. 1 dirs total, 0 dirs full, 0 dirs failed
I20260709 13:01:55.451498  8567 tablet_bootstrap.cc:492] T 8e147f5f281d47c2977a7af26a4c44e8 P 7ef52ae07032468192ffc48bdf3a983b: Bootstrap starting.
I20260709 13:01:55.458418  8567 tablet_bootstrap.cc:654] T 8e147f5f281d47c2977a7af26a4c44e8 P 7ef52ae07032468192ffc48bdf3a983b: Neither blocks nor log segments found. Creating new log.
I20260709 13:01:55.458480  8514 tablet_service.cc:1511] Processing CreateTablet for tablet 81c4b61803664a68860ce3d1fbf61409 (DEFAULT_TABLE table=test-workload [id=faf6d8c2440a469fa8c1bdca6ed45274]), partition=RANGE (key) PARTITION 363980270 <= VALUES < 400378297
I20260709 13:01:55.460763  8515 tablet_service.cc:1511] Processing CreateTablet for tablet e4e7985d90fa4365a9fa8384c2e5fa64 (DEFAULT_TABLE table=test-workload [id=faf6d8c2440a469fa8c1bdca6ed45274]), partition=RANGE (key) PARTITION 400378297 <= VALUES < 436776324
I20260709 13:01:55.465019  8361 tablet_service.cc:1511] Processing CreateTablet for tablet 022145f64a854e95b25378b3bb462e7a (DEFAULT_TABLE table=test-workload [id=faf6d8c2440a469fa8c1bdca6ed45274]), partition=RANGE (key) PARTITION 218388162 <= VALUES < 254786189
I20260709 13:01:55.466311  8361 data_dirs.cc:400] Could only allocate 1 dirs of requested 3 for tablet 022145f64a854e95b25378b3bb462e7a. 1 dirs total, 0 dirs full, 0 dirs failed
I20260709 13:01:55.468127  8360 tablet_service.cc:1511] Processing CreateTablet for tablet 0f3276cf037846b680c5130dc47fa749 (DEFAULT_TABLE table=test-workload [id=faf6d8c2440a469fa8c1bdca6ed45274]), partition=RANGE (key) PARTITION 254786189 <= VALUES < 291184216
I20260709 13:01:55.469770  8360 data_dirs.cc:400] Could only allocate 1 dirs of requested 3 for tablet 0f3276cf037846b680c5130dc47fa749. 1 dirs total, 0 dirs full, 0 dirs failed
I20260709 13:01:55.472210  8359 tablet_service.cc:1511] Processing CreateTablet for tablet 1f33539dd04f42ae9118bddcb785bc37 (DEFAULT_TABLE table=test-workload [id=faf6d8c2440a469fa8c1bdca6ed45274]), partition=RANGE (key) PARTITION 291184216 <= VALUES < 327582243
I20260709 13:01:55.473748  8567 tablet_bootstrap.cc:492] T 8e147f5f281d47c2977a7af26a4c44e8 P 7ef52ae07032468192ffc48bdf3a983b: No bootstrap required, opened a new log
I20260709 13:01:55.474184  8567 ts_tablet_manager.cc:1403] T 8e147f5f281d47c2977a7af26a4c44e8 P 7ef52ae07032468192ffc48bdf3a983b: Time spent bootstrapping tablet: real 0.023s	user 0.003s	sys 0.006s
I20260709 13:01:55.475106  8358 tablet_service.cc:1511] Processing CreateTablet for tablet 690ef6ed2f8140d1849250bc3a4baf9c (DEFAULT_TABLE table=test-workload [id=faf6d8c2440a469fa8c1bdca6ed45274]), partition=RANGE (key) PARTITION 327582243 <= VALUES < 363980270
I20260709 13:01:55.461031  8363 tablet_service.cc:1511] Processing CreateTablet for tablet 216c2a0e81ae4833a4a8bc2c843f3597 (DEFAULT_TABLE table=test-workload [id=faf6d8c2440a469fa8c1bdca6ed45274]), partition=RANGE (key) PARTITION 145592108 <= VALUES < 181990135
I20260709 13:01:55.476770  8567 raft_consensus.cc:359] T 8e147f5f281d47c2977a7af26a4c44e8 P 7ef52ae07032468192ffc48bdf3a983b [term 0 FOLLOWER]: Replica starting. Triggering 0 pending ops. Active config: opid_index: -1 OBSOLETE_local: false peers { permanent_uuid: "df16a3636ee14ca69714b635d557b118" member_type: VOTER last_known_addr { host: "127.7.28.129" port: 41513 } } peers { permanent_uuid: "7ef52ae07032468192ffc48bdf3a983b" member_type: VOTER last_known_addr { host: "127.7.28.131" port: 36849 } } peers { permanent_uuid: "b98cd1406a1049799a3862d9a9baa278" member_type: VOTER last_known_addr { host: "127.7.28.130" port: 34785 } }
I20260709 13:01:55.477530  8567 raft_consensus.cc:385] T 8e147f5f281d47c2977a7af26a4c44e8 P 7ef52ae07032468192ffc48bdf3a983b [term 0 FOLLOWER]: Consensus starting up: Expiring failure detector timer to make a prompt election more likely
I20260709 13:01:55.477830  8567 raft_consensus.cc:740] T 8e147f5f281d47c2977a7af26a4c44e8 P 7ef52ae07032468192ffc48bdf3a983b [term 0 FOLLOWER]: Becoming Follower/Learner. State: Replica: 7ef52ae07032468192ffc48bdf3a983b, State: Initialized, Role: FOLLOWER
I20260709 13:01:55.478657  8567 consensus_queue.cc:260] T 8e147f5f281d47c2977a7af26a4c44e8 P 7ef52ae07032468192ffc48bdf3a983b [NON_LEADER]: Queue going to NON_LEADER mode. State: All replicated index: 0, Majority replicated index: 0, Committed index: 0, Last appended: 0.0, Last appended by leader: 0, Current term: 0, Majority size: -1, State: 0, Mode: NON_LEADER, active raft config: opid_index: -1 OBSOLETE_local: false peers { permanent_uuid: "df16a3636ee14ca69714b635d557b118" member_type: VOTER last_known_addr { host: "127.7.28.129" port: 41513 } } peers { permanent_uuid: "7ef52ae07032468192ffc48bdf3a983b" member_type: VOTER last_known_addr { host: "127.7.28.131" port: 36849 } } peers { permanent_uuid: "b98cd1406a1049799a3862d9a9baa278" member_type: VOTER last_known_addr { host: "127.7.28.130" port: 34785 } }
I20260709 13:01:55.483345  8359 data_dirs.cc:400] Could only allocate 1 dirs of requested 3 for tablet 1f33539dd04f42ae9118bddcb785bc37. 1 dirs total, 0 dirs full, 0 dirs failed
I20260709 13:01:55.486981  8358 data_dirs.cc:400] Could only allocate 1 dirs of requested 3 for tablet 690ef6ed2f8140d1849250bc3a4baf9c. 1 dirs total, 0 dirs full, 0 dirs failed
I20260709 13:01:55.489571  8363 data_dirs.cc:400] Could only allocate 1 dirs of requested 3 for tablet 216c2a0e81ae4833a4a8bc2c843f3597. 1 dirs total, 0 dirs full, 0 dirs failed
I20260709 13:01:55.492926  8514 data_dirs.cc:400] Could only allocate 1 dirs of requested 3 for tablet 81c4b61803664a68860ce3d1fbf61409. 1 dirs total, 0 dirs full, 0 dirs failed
I20260709 13:01:55.494271  8515 data_dirs.cc:400] Could only allocate 1 dirs of requested 3 for tablet e4e7985d90fa4365a9fa8384c2e5fa64. 1 dirs total, 0 dirs full, 0 dirs failed
I20260709 13:01:55.463063  8516 tablet_service.cc:1511] Processing CreateTablet for tablet ea0e8613019c4dbca4e51115c7b112b1 (DEFAULT_TABLE table=test-workload [id=faf6d8c2440a469fa8c1bdca6ed45274]), partition=RANGE (key) PARTITION 436776324 <= VALUES < 473174351
I20260709 13:01:55.463161  8362 tablet_service.cc:1511] Processing CreateTablet for tablet 02d4ed7f6a034456af5e332419d46591 (DEFAULT_TABLE table=test-workload [id=faf6d8c2440a469fa8c1bdca6ed45274]), partition=RANGE (key) PARTITION 181990135 <= VALUES < 218388162
I20260709 13:01:55.515172  8551 heartbeater.cc:499] Master 127.7.28.190:46513 was elected leader, sending a full tablet report...
I20260709 13:01:55.524818  8362 data_dirs.cc:400] Could only allocate 1 dirs of requested 3 for tablet 02d4ed7f6a034456af5e332419d46591. 1 dirs total, 0 dirs full, 0 dirs failed
I20260709 13:01:55.532485  8511 tablet_service.cc:1511] Processing CreateTablet for tablet 7ecd763249d24daf9fc965ba3324c0b2 (DEFAULT_TABLE table=test-workload [id=faf6d8c2440a469fa8c1bdca6ed45274]), partition=RANGE (key) PARTITION 473174351 <= VALUES < 509572378
I20260709 13:01:55.535900  8515 tablet_service.cc:1511] Processing CreateTablet for tablet bca31b4d40b04fe99cf9f2f42beaeacb (DEFAULT_TABLE table=test-workload [id=faf6d8c2440a469fa8c1bdca6ed45274]), partition=RANGE (key) PARTITION 509572378 <= VALUES < 545970405
I20260709 13:01:55.544150  8510 tablet_service.cc:1511] Processing CreateTablet for tablet e356539f33c543c0a7c11699db7ef3a6 (DEFAULT_TABLE table=test-workload [id=faf6d8c2440a469fa8c1bdca6ed45274]), partition=RANGE (key) PARTITION 545970405 <= VALUES < 582368432
I20260709 13:01:55.551798  8567 ts_tablet_manager.cc:1434] T 8e147f5f281d47c2977a7af26a4c44e8 P 7ef52ae07032468192ffc48bdf3a983b: Time spent starting tablet: real 0.077s	user 0.009s	sys 0.005s
I20260709 13:01:55.558046  8567 tablet_bootstrap.cc:492] T c713be58778644a188905eef68456a51 P 7ef52ae07032468192ffc48bdf3a983b: Bootstrap starting.
I20260709 13:01:55.562309  8362 tablet_service.cc:1511] Processing CreateTablet for tablet bca31b4d40b04fe99cf9f2f42beaeacb (DEFAULT_TABLE table=test-workload [id=faf6d8c2440a469fa8c1bdca6ed45274]), partition=RANGE (key) PARTITION 509572378 <= VALUES < 545970405
I20260709 13:01:55.556599  8364 tablet_service.cc:1511] Processing CreateTablet for tablet ea0e8613019c4dbca4e51115c7b112b1 (DEFAULT_TABLE table=test-workload [id=faf6d8c2440a469fa8c1bdca6ed45274]), partition=RANGE (key) PARTITION 436776324 <= VALUES < 473174351
I20260709 13:01:55.565234  8364 data_dirs.cc:400] Could only allocate 1 dirs of requested 3 for tablet ea0e8613019c4dbca4e51115c7b112b1. 1 dirs total, 0 dirs full, 0 dirs failed
I20260709 13:01:55.563251  8516 data_dirs.cc:400] Could only allocate 1 dirs of requested 3 for tablet ea0e8613019c4dbca4e51115c7b112b1. 1 dirs total, 0 dirs full, 0 dirs failed
I20260709 13:01:55.573835  8509 tablet_service.cc:1511] Processing CreateTablet for tablet a6cf00e1e28540a0ad407016361409b1 (DEFAULT_TABLE table=test-workload [id=faf6d8c2440a469fa8c1bdca6ed45274]), partition=RANGE (key) PARTITION 618766459 <= VALUES < 655164486
I20260709 13:01:55.563719  8507 tablet_service.cc:1511] Processing CreateTablet for tablet 9d864b8881ff47ff9459d5dd49fbe88e (DEFAULT_TABLE table=test-workload [id=faf6d8c2440a469fa8c1bdca6ed45274]), partition=RANGE (key) PARTITION 582368432 <= VALUES < 618766459
I20260709 13:01:55.556835  8360 tablet_service.cc:1511] Processing CreateTablet for tablet 7ecd763249d24daf9fc965ba3324c0b2 (DEFAULT_TABLE table=test-workload [id=faf6d8c2440a469fa8c1bdca6ed45274]), partition=RANGE (key) PARTITION 473174351 <= VALUES < 509572378
I20260709 13:01:55.563953  8366 tablet_service.cc:1511] Processing CreateTablet for tablet 81c4b61803664a68860ce3d1fbf61409 (DEFAULT_TABLE table=test-workload [id=faf6d8c2440a469fa8c1bdca6ed45274]), partition=RANGE (key) PARTITION 363980270 <= VALUES < 400378297
I20260709 13:01:55.550824  8361 tablet_service.cc:1511] Processing CreateTablet for tablet e4e7985d90fa4365a9fa8384c2e5fa64 (DEFAULT_TABLE table=test-workload [id=faf6d8c2440a469fa8c1bdca6ed45274]), partition=RANGE (key) PARTITION 400378297 <= VALUES < 436776324
I20260709 13:01:55.576711  8515 data_dirs.cc:400] Could only allocate 1 dirs of requested 3 for tablet bca31b4d40b04fe99cf9f2f42beaeacb. 1 dirs total, 0 dirs full, 0 dirs failed
I20260709 13:01:55.577620  8362 data_dirs.cc:400] Could only allocate 1 dirs of requested 3 for tablet bca31b4d40b04fe99cf9f2f42beaeacb. 1 dirs total, 0 dirs full, 0 dirs failed
W20260709 13:01:55.578073  8261 outbound_call.cc:321] RPC callback for RPC call kudu.tserver.TabletServerAdminService.CreateTablet -> {remote=127.7.28.131:36849, user_credentials={real_user=slave}} blocked reactor thread for 46418.2us
I20260709 13:01:55.578866  8361 data_dirs.cc:400] Could only allocate 1 dirs of requested 3 for tablet e4e7985d90fa4365a9fa8384c2e5fa64. 1 dirs total, 0 dirs full, 0 dirs failed
I20260709 13:01:55.579257  8511 data_dirs.cc:400] Could only allocate 1 dirs of requested 3 for tablet 7ecd763249d24daf9fc965ba3324c0b2. 1 dirs total, 0 dirs full, 0 dirs failed
I20260709 13:01:55.581864  8509 data_dirs.cc:400] Could only allocate 1 dirs of requested 3 for tablet a6cf00e1e28540a0ad407016361409b1. 1 dirs total, 0 dirs full, 0 dirs failed
I20260709 13:01:55.585141  8567 tablet_bootstrap.cc:654] T c713be58778644a188905eef68456a51 P 7ef52ae07032468192ffc48bdf3a983b: Neither blocks nor log segments found. Creating new log.
I20260709 13:01:55.586390  8359 tablet_service.cc:1511] Processing CreateTablet for tablet e356539f33c543c0a7c11699db7ef3a6 (DEFAULT_TABLE table=test-workload [id=faf6d8c2440a469fa8c1bdca6ed45274]), partition=RANGE (key) PARTITION 545970405 <= VALUES < 582368432
I20260709 13:01:55.587586  8359 data_dirs.cc:400] Could only allocate 1 dirs of requested 3 for tablet e356539f33c543c0a7c11699db7ef3a6. 1 dirs total, 0 dirs full, 0 dirs failed
I20260709 13:01:55.595346  8366 data_dirs.cc:400] Could only allocate 1 dirs of requested 3 for tablet 81c4b61803664a68860ce3d1fbf61409. 1 dirs total, 0 dirs full, 0 dirs failed
I20260709 13:01:55.600215  8367 tablet_service.cc:1511] Processing CreateTablet for tablet 9d864b8881ff47ff9459d5dd49fbe88e (DEFAULT_TABLE table=test-workload [id=faf6d8c2440a469fa8c1bdca6ed45274]), partition=RANGE (key) PARTITION 582368432 <= VALUES < 618766459
I20260709 13:01:55.602403  8360 data_dirs.cc:400] Could only allocate 1 dirs of requested 3 for tablet 7ecd763249d24daf9fc965ba3324c0b2. 1 dirs total, 0 dirs full, 0 dirs failed
I20260709 13:01:55.615223  8365 tablet_service.cc:1511] Processing CreateTablet for tablet ec025fb5d1fb4331b19f26b9ada8739d (DEFAULT_TABLE table=test-workload [id=faf6d8c2440a469fa8c1bdca6ed45274]), partition=RANGE (key) PARTITION 800756594 <= VALUES < 837154621
I20260709 13:01:55.616333  8365 data_dirs.cc:400] Could only allocate 1 dirs of requested 3 for tablet ec025fb5d1fb4331b19f26b9ada8739d. 1 dirs total, 0 dirs full, 0 dirs failed
I20260709 13:01:55.622475  8509 tablet_service.cc:1511] Processing CreateTablet for tablet a53bc5d42476451cba7cb252b8e0c533 (DEFAULT_TABLE table=test-workload [id=faf6d8c2440a469fa8c1bdca6ed45274]), partition=RANGE (key) PARTITION 655164486 <= VALUES < 691562513
I20260709 13:01:55.624833  8439 tablet_service.cc:1511] Processing CreateTablet for tablet 36575eb6e71f4d14912b5300ab126ea1 (DEFAULT_TABLE table=test-workload [id=faf6d8c2440a469fa8c1bdca6ed45274]), partition=RANGE (key) PARTITION 109194081 <= VALUES < 145592108
I20260709 13:01:55.625674  8516 tablet_service.cc:1511] Processing CreateTablet for tablet 868c1210fc0b447f9a5b443dba9270af (DEFAULT_TABLE table=test-workload [id=faf6d8c2440a469fa8c1bdca6ed45274]), partition=RANGE (key) PARTITION 691562513 <= VALUES < 727960540
I20260709 13:01:55.626032  8439 data_dirs.cc:400] Could only allocate 1 dirs of requested 3 for tablet 36575eb6e71f4d14912b5300ab126ea1. 1 dirs total, 0 dirs full, 0 dirs failed
I20260709 13:01:55.627692  8438 tablet_service.cc:1511] Processing CreateTablet for tablet 216c2a0e81ae4833a4a8bc2c843f3597 (DEFAULT_TABLE table=test-workload [id=faf6d8c2440a469fa8c1bdca6ed45274]), partition=RANGE (key) PARTITION 145592108 <= VALUES < 181990135
I20260709 13:01:55.627998  8442 tablet_service.cc:1511] Processing CreateTablet for tablet 8e147f5f281d47c2977a7af26a4c44e8 (DEFAULT_TABLE table=test-workload [id=faf6d8c2440a469fa8c1bdca6ed45274]), partition=RANGE (key) PARTITION VALUES < 36398027
I20260709 13:01:55.628893  8438 data_dirs.cc:400] Could only allocate 1 dirs of requested 3 for tablet 216c2a0e81ae4833a4a8bc2c843f3597. 1 dirs total, 0 dirs full, 0 dirs failed
I20260709 13:01:55.630055  8441 tablet_service.cc:1511] Processing CreateTablet for tablet fb85487c222349a7be2b3a664983ddc1 (DEFAULT_TABLE table=test-workload [id=faf6d8c2440a469fa8c1bdca6ed45274]), partition=RANGE (key) PARTITION 36398027 <= VALUES < 72796054
I20260709 13:01:55.633700  8442 data_dirs.cc:400] Could only allocate 1 dirs of requested 3 for tablet 8e147f5f281d47c2977a7af26a4c44e8. 1 dirs total, 0 dirs full, 0 dirs failed
I20260709 13:01:55.633397  8437 tablet_service.cc:1511] Processing CreateTablet for tablet 02d4ed7f6a034456af5e332419d46591 (DEFAULT_TABLE table=test-workload [id=faf6d8c2440a469fa8c1bdca6ed45274]), partition=RANGE (key) PARTITION 181990135 <= VALUES < 218388162
I20260709 13:01:55.634660  8437 data_dirs.cc:400] Could only allocate 1 dirs of requested 3 for tablet 02d4ed7f6a034456af5e332419d46591. 1 dirs total, 0 dirs full, 0 dirs failed
I20260709 13:01:55.633394  8440 tablet_service.cc:1511] Processing CreateTablet for tablet c713be58778644a188905eef68456a51 (DEFAULT_TABLE table=test-workload [id=faf6d8c2440a469fa8c1bdca6ed45274]), partition=RANGE (key) PARTITION 72796054 <= VALUES < 109194081
I20260709 13:01:55.636101  8440 data_dirs.cc:400] Could only allocate 1 dirs of requested 3 for tablet c713be58778644a188905eef68456a51. 1 dirs total, 0 dirs full, 0 dirs failed
I20260709 13:01:55.643004  8514 tablet_service.cc:1511] Processing CreateTablet for tablet cd84b2306f7f434494f25239e32d8fec (DEFAULT_TABLE table=test-workload [id=faf6d8c2440a469fa8c1bdca6ed45274]), partition=RANGE (key) PARTITION 727960540 <= VALUES < 764358567
I20260709 13:01:55.647836  8436 tablet_service.cc:1511] Processing CreateTablet for tablet 022145f64a854e95b25378b3bb462e7a (DEFAULT_TABLE table=test-workload [id=faf6d8c2440a469fa8c1bdca6ed45274]), partition=RANGE (key) PARTITION 218388162 <= VALUES < 254786189
I20260709 13:01:55.647892  8358 tablet_service.cc:1511] Processing CreateTablet for tablet a6cf00e1e28540a0ad407016361409b1 (DEFAULT_TABLE table=test-workload [id=faf6d8c2440a469fa8c1bdca6ed45274]), partition=RANGE (key) PARTITION 618766459 <= VALUES < 655164486
I20260709 13:01:55.649940  8434 tablet_service.cc:1511] Processing CreateTablet for tablet 1f33539dd04f42ae9118bddcb785bc37 (DEFAULT_TABLE table=test-workload [id=faf6d8c2440a469fa8c1bdca6ed45274]), partition=RANGE (key) PARTITION 291184216 <= VALUES < 327582243
I20260709 13:01:55.652752  8433 tablet_service.cc:1511] Processing CreateTablet for tablet 690ef6ed2f8140d1849250bc3a4baf9c (DEFAULT_TABLE table=test-workload [id=faf6d8c2440a469fa8c1bdca6ed45274]), partition=RANGE (key) PARTITION 327582243 <= VALUES < 363980270
I20260709 13:01:55.654186  8515 tablet_service.cc:1511] Processing CreateTablet for tablet 6d73317a3d2946be91452425e862b0d3 (DEFAULT_TABLE table=test-workload [id=faf6d8c2440a469fa8c1bdca6ed45274]), partition=RANGE (key) PARTITION 764358567 <= VALUES < 800756594
I20260709 13:01:55.656328  8441 data_dirs.cc:400] Could only allocate 1 dirs of requested 3 for tablet fb85487c222349a7be2b3a664983ddc1. 1 dirs total, 0 dirs full, 0 dirs failed
I20260709 13:01:55.663193  8433 data_dirs.cc:400] Could only allocate 1 dirs of requested 3 for tablet 690ef6ed2f8140d1849250bc3a4baf9c. 1 dirs total, 0 dirs full, 0 dirs failed
I20260709 13:01:55.663516  8361 tablet_service.cc:1511] Processing CreateTablet for tablet a53bc5d42476451cba7cb252b8e0c533 (DEFAULT_TABLE table=test-workload [id=faf6d8c2440a469fa8c1bdca6ed45274]), partition=RANGE (key) PARTITION 655164486 <= VALUES < 691562513
I20260709 13:01:55.651422  8364 tablet_service.cc:1511] Processing CreateTablet for tablet 868c1210fc0b447f9a5b443dba9270af (DEFAULT_TABLE table=test-workload [id=faf6d8c2440a469fa8c1bdca6ed45274]), partition=RANGE (key) PARTITION 691562513 <= VALUES < 727960540
I20260709 13:01:55.667212  8436 data_dirs.cc:400] Could only allocate 1 dirs of requested 3 for tablet 022145f64a854e95b25378b3bb462e7a. 1 dirs total, 0 dirs full, 0 dirs failed
I20260709 13:01:55.651784  8435 tablet_service.cc:1511] Processing CreateTablet for tablet 0f3276cf037846b680c5130dc47fa749 (DEFAULT_TABLE table=test-workload [id=faf6d8c2440a469fa8c1bdca6ed45274]), partition=RANGE (key) PARTITION 254786189 <= VALUES < 291184216
I20260709 13:01:55.671268  8434 data_dirs.cc:400] Could only allocate 1 dirs of requested 3 for tablet 1f33539dd04f42ae9118bddcb785bc37. 1 dirs total, 0 dirs full, 0 dirs failed
I20260709 13:01:55.672101  8435 data_dirs.cc:400] Could only allocate 1 dirs of requested 3 for tablet 0f3276cf037846b680c5130dc47fa749. 1 dirs total, 0 dirs full, 0 dirs failed
I20260709 13:01:55.667204  8367 data_dirs.cc:400] Could only allocate 1 dirs of requested 3 for tablet 9d864b8881ff47ff9459d5dd49fbe88e. 1 dirs total, 0 dirs full, 0 dirs failed
I20260709 13:01:55.677688  8510 data_dirs.cc:400] Could only allocate 1 dirs of requested 3 for tablet e356539f33c543c0a7c11699db7ef3a6. 1 dirs total, 0 dirs full, 0 dirs failed
I20260709 13:01:55.693254  8512 tablet_service.cc:1511] Processing CreateTablet for tablet b811221559ff461294702ed8c7b37a41 (DEFAULT_TABLE table=test-workload [id=faf6d8c2440a469fa8c1bdca6ed45274]), partition=RANGE (key) PARTITION 837154621 <= VALUES < 873552648
I20260709 13:01:55.694424  8512 data_dirs.cc:400] Could only allocate 1 dirs of requested 3 for tablet b811221559ff461294702ed8c7b37a41. 1 dirs total, 0 dirs full, 0 dirs failed
I20260709 13:01:55.695067  8514 data_dirs.cc:400] Could only allocate 1 dirs of requested 3 for tablet cd84b2306f7f434494f25239e32d8fec. 1 dirs total, 0 dirs full, 0 dirs failed
I20260709 13:01:55.696230  8516 data_dirs.cc:400] Could only allocate 1 dirs of requested 3 for tablet 868c1210fc0b447f9a5b443dba9270af. 1 dirs total, 0 dirs full, 0 dirs failed
I20260709 13:01:55.699180  8515 data_dirs.cc:400] Could only allocate 1 dirs of requested 3 for tablet 6d73317a3d2946be91452425e862b0d3. 1 dirs total, 0 dirs full, 0 dirs failed
I20260709 13:01:55.699215  8566 tablet_bootstrap.cc:492] T 8e147f5f281d47c2977a7af26a4c44e8 P df16a3636ee14ca69714b635d557b118: Bootstrap starting.
I20260709 13:01:55.701747  8361 data_dirs.cc:400] Could only allocate 1 dirs of requested 3 for tablet a53bc5d42476451cba7cb252b8e0c533. 1 dirs total, 0 dirs full, 0 dirs failed
I20260709 13:01:55.711261  8436 tablet_service.cc:1511] Processing CreateTablet for tablet 81c4b61803664a68860ce3d1fbf61409 (DEFAULT_TABLE table=test-workload [id=faf6d8c2440a469fa8c1bdca6ed45274]), partition=RANGE (key) PARTITION 363980270 <= VALUES < 400378297
I20260709 13:01:55.712317  8436 data_dirs.cc:400] Could only allocate 1 dirs of requested 3 for tablet 81c4b61803664a68860ce3d1fbf61409. 1 dirs total, 0 dirs full, 0 dirs failed
I20260709 13:01:55.715622  8440 tablet_service.cc:1511] Processing CreateTablet for tablet e4e7985d90fa4365a9fa8384c2e5fa64 (DEFAULT_TABLE table=test-workload [id=faf6d8c2440a469fa8c1bdca6ed45274]), partition=RANGE (key) PARTITION 400378297 <= VALUES < 436776324
I20260709 13:01:55.716684  8440 data_dirs.cc:400] Could only allocate 1 dirs of requested 3 for tablet e4e7985d90fa4365a9fa8384c2e5fa64. 1 dirs total, 0 dirs full, 0 dirs failed
I20260709 13:01:55.710117  8359 tablet_service.cc:1511] Processing CreateTablet for tablet b811221559ff461294702ed8c7b37a41 (DEFAULT_TABLE table=test-workload [id=faf6d8c2440a469fa8c1bdca6ed45274]), partition=RANGE (key) PARTITION 837154621 <= VALUES < 873552648
I20260709 13:01:55.717828  8359 data_dirs.cc:400] Could only allocate 1 dirs of requested 3 for tablet b811221559ff461294702ed8c7b37a41. 1 dirs total, 0 dirs full, 0 dirs failed
I20260709 13:01:55.719812  8567 tablet_bootstrap.cc:492] T c713be58778644a188905eef68456a51 P 7ef52ae07032468192ffc48bdf3a983b: No bootstrap required, opened a new log
I20260709 13:01:55.720279  8567 ts_tablet_manager.cc:1403] T c713be58778644a188905eef68456a51 P 7ef52ae07032468192ffc48bdf3a983b: Time spent bootstrapping tablet: real 0.162s	user 0.013s	sys 0.014s
I20260709 13:01:55.720636  8508 tablet_service.cc:1511] Processing CreateTablet for tablet ec025fb5d1fb4331b19f26b9ada8739d (DEFAULT_TABLE table=test-workload [id=faf6d8c2440a469fa8c1bdca6ed45274]), partition=RANGE (key) PARTITION 800756594 <= VALUES < 837154621
I20260709 13:01:55.722101  8362 tablet_service.cc:1511] Processing CreateTablet for tablet 6d73317a3d2946be91452425e862b0d3 (DEFAULT_TABLE table=test-workload [id=faf6d8c2440a469fa8c1bdca6ed45274]), partition=RANGE (key) PARTITION 764358567 <= VALUES < 800756594
I20260709 13:01:55.723274  8362 data_dirs.cc:400] Could only allocate 1 dirs of requested 3 for tablet 6d73317a3d2946be91452425e862b0d3. 1 dirs total, 0 dirs full, 0 dirs failed
I20260709 13:01:55.727385  8436 tablet_service.cc:1511] Processing CreateTablet for tablet ea0e8613019c4dbca4e51115c7b112b1 (DEFAULT_TABLE table=test-workload [id=faf6d8c2440a469fa8c1bdca6ed45274]), partition=RANGE (key) PARTITION 436776324 <= VALUES < 473174351
I20260709 13:01:55.727746  8513 tablet_service.cc:1511] Processing CreateTablet for tablet dc059bb5f7d44bbda458e22af98aca71 (DEFAULT_TABLE table=test-workload [id=faf6d8c2440a469fa8c1bdca6ed45274]), partition=RANGE (key) PARTITION 873552648 <= VALUES < 909950675
I20260709 13:01:55.728518  8436 data_dirs.cc:400] Could only allocate 1 dirs of requested 3 for tablet ea0e8613019c4dbca4e51115c7b112b1. 1 dirs total, 0 dirs full, 0 dirs failed
I20260709 13:01:55.704730  8509 data_dirs.cc:400] Could only allocate 1 dirs of requested 3 for tablet a53bc5d42476451cba7cb252b8e0c533. 1 dirs total, 0 dirs full, 0 dirs failed
I20260709 13:01:55.734072  8507 data_dirs.cc:400] Could only allocate 1 dirs of requested 3 for tablet 9d864b8881ff47ff9459d5dd49fbe88e. 1 dirs total, 0 dirs full, 0 dirs failed
I20260709 13:01:55.734624  8364 data_dirs.cc:400] Could only allocate 1 dirs of requested 3 for tablet 868c1210fc0b447f9a5b443dba9270af. 1 dirs total, 0 dirs full, 0 dirs failed
I20260709 13:01:55.739164  8508 data_dirs.cc:400] Could only allocate 1 dirs of requested 3 for tablet ec025fb5d1fb4331b19f26b9ada8739d. 1 dirs total, 0 dirs full, 0 dirs failed
I20260709 13:01:55.742626  8436 tablet_service.cc:1511] Processing CreateTablet for tablet 7ecd763249d24daf9fc965ba3324c0b2 (DEFAULT_TABLE table=test-workload [id=faf6d8c2440a469fa8c1bdca6ed45274]), partition=RANGE (key) PARTITION 473174351 <= VALUES < 509572378
I20260709 13:01:55.743736  8436 data_dirs.cc:400] Could only allocate 1 dirs of requested 3 for tablet 7ecd763249d24daf9fc965ba3324c0b2. 1 dirs total, 0 dirs full, 0 dirs failed
I20260709 13:01:55.745203  8440 tablet_service.cc:1511] Processing CreateTablet for tablet bca31b4d40b04fe99cf9f2f42beaeacb (DEFAULT_TABLE table=test-workload [id=faf6d8c2440a469fa8c1bdca6ed45274]), partition=RANGE (key) PARTITION 509572378 <= VALUES < 545970405
I20260709 13:01:55.745395  8360 tablet_service.cc:1511] Processing CreateTablet for tablet dc059bb5f7d44bbda458e22af98aca71 (DEFAULT_TABLE table=test-workload [id=faf6d8c2440a469fa8c1bdca6ed45274]), partition=RANGE (key) PARTITION 873552648 <= VALUES < 909950675
I20260709 13:01:55.746393  8440 data_dirs.cc:400] Could only allocate 1 dirs of requested 3 for tablet bca31b4d40b04fe99cf9f2f42beaeacb. 1 dirs total, 0 dirs full, 0 dirs failed
I20260709 13:01:55.746651  8360 data_dirs.cc:400] Could only allocate 1 dirs of requested 3 for tablet dc059bb5f7d44bbda458e22af98aca71. 1 dirs total, 0 dirs full, 0 dirs failed
I20260709 13:01:55.748653  8437 tablet_service.cc:1511] Processing CreateTablet for tablet e356539f33c543c0a7c11699db7ef3a6 (DEFAULT_TABLE table=test-workload [id=faf6d8c2440a469fa8c1bdca6ed45274]), partition=RANGE (key) PARTITION 545970405 <= VALUES < 582368432
I20260709 13:01:55.749822  8437 data_dirs.cc:400] Could only allocate 1 dirs of requested 3 for tablet e356539f33c543c0a7c11699db7ef3a6. 1 dirs total, 0 dirs full, 0 dirs failed
I20260709 13:01:55.750882  8571 tablet_bootstrap.cc:492] T 36575eb6e71f4d14912b5300ab126ea1 P b98cd1406a1049799a3862d9a9baa278: Bootstrap starting.
I20260709 13:01:55.722849  8567 raft_consensus.cc:359] T c713be58778644a188905eef68456a51 P 7ef52ae07032468192ffc48bdf3a983b [term 0 FOLLOWER]: Replica starting. Triggering 0 pending ops. Active config: opid_index: -1 OBSOLETE_local: false peers { permanent_uuid: "df16a3636ee14ca69714b635d557b118" member_type: VOTER last_known_addr { host: "127.7.28.129" port: 41513 } } peers { permanent_uuid: "b98cd1406a1049799a3862d9a9baa278" member_type: VOTER last_known_addr { host: "127.7.28.130" port: 34785 } } peers { permanent_uuid: "7ef52ae07032468192ffc48bdf3a983b" member_type: VOTER last_known_addr { host: "127.7.28.131" port: 36849 } }
I20260709 13:01:55.751684  8567 raft_consensus.cc:385] T c713be58778644a188905eef68456a51 P 7ef52ae07032468192ffc48bdf3a983b [term 0 FOLLOWER]: Consensus starting up: Expiring failure detector timer to make a prompt election more likely
I20260709 13:01:55.752012  8567 raft_consensus.cc:740] T c713be58778644a188905eef68456a51 P 7ef52ae07032468192ffc48bdf3a983b [term 0 FOLLOWER]: Becoming Follower/Learner. State: Replica: 7ef52ae07032468192ffc48bdf3a983b, State: Initialized, Role: FOLLOWER
I20260709 13:01:55.752872  8567 consensus_queue.cc:260] T c713be58778644a188905eef68456a51 P 7ef52ae07032468192ffc48bdf3a983b [NON_LEADER]: Queue going to NON_LEADER mode. State: All replicated index: 0, Majority replicated index: 0, Committed index: 0, Last appended: 0.0, Last appended by leader: 0, Current term: 0, Majority size: -1, State: 0, Mode: NON_LEADER, active raft config: opid_index: -1 OBSOLETE_local: false peers { permanent_uuid: "df16a3636ee14ca69714b635d557b118" member_type: VOTER last_known_addr { host: "127.7.28.129" port: 41513 } } peers { permanent_uuid: "b98cd1406a1049799a3862d9a9baa278" member_type: VOTER last_known_addr { host: "127.7.28.130" port: 34785 } } peers { permanent_uuid: "7ef52ae07032468192ffc48bdf3a983b" member_type: VOTER last_known_addr { host: "127.7.28.131" port: 36849 } }
I20260709 13:01:55.753891  8513 data_dirs.cc:400] Could only allocate 1 dirs of requested 3 for tablet dc059bb5f7d44bbda458e22af98aca71. 1 dirs total, 0 dirs full, 0 dirs failed
I20260709 13:01:55.754802  8567 ts_tablet_manager.cc:1434] T c713be58778644a188905eef68456a51 P 7ef52ae07032468192ffc48bdf3a983b: Time spent starting tablet: real 0.034s	user 0.006s	sys 0.000s
I20260709 13:01:55.755613  8567 tablet_bootstrap.cc:492] T fb85487c222349a7be2b3a664983ddc1 P 7ef52ae07032468192ffc48bdf3a983b: Bootstrap starting.
I20260709 13:01:55.759228  8358 data_dirs.cc:400] Could only allocate 1 dirs of requested 3 for tablet a6cf00e1e28540a0ad407016361409b1. 1 dirs total, 0 dirs full, 0 dirs failed
