I20260709 13:01:45.859639  8095 raft_consensus.cc:385] T e9afc6288a1b42c8af410b71bf606d24 P 07d934b82ebc44aa9fffc518b2c8e166 [term 0 FOLLOWER]: Consensus starting up: Expiring failure detector timer to make a prompt election more likely
I20260709 13:01:45.860062  8095 raft_consensus.cc:740] T e9afc6288a1b42c8af410b71bf606d24 P 07d934b82ebc44aa9fffc518b2c8e166 [term 0 FOLLOWER]: Becoming Follower/Learner. State: Replica: 07d934b82ebc44aa9fffc518b2c8e166, State: Initialized, Role: FOLLOWER
I20260709 13:01:45.861094  8095 consensus_queue.cc:260] T e9afc6288a1b42c8af410b71bf606d24 P 07d934b82ebc44aa9fffc518b2c8e166 [NON_LEADER]: Queue going to NON_LEADER mode. State: All replicated index: 0, Majority replicated index: 0, Committed index: 0, Last appended: 0.0, Last appended by leader: 0, Current term: 0, Majority size: -1, State: 0, Mode: NON_LEADER, active raft config: opid_index: -1 OBSOLETE_local: false peers { permanent_uuid: "2dc3e50c7bcd4476a13010be1168bba3" member_type: VOTER last_known_addr { host: "127.7.28.129" port: 46313 } } peers { permanent_uuid: "f7a9330b82a84d16b10f4cac228d887e" member_type: VOTER last_known_addr { host: "127.7.28.130" port: 44367 } } peers { permanent_uuid: "07d934b82ebc44aa9fffc518b2c8e166" member_type: VOTER last_known_addr { host: "127.7.28.131" port: 41429 } }
I20260709 13:01:45.863196  8102 tablet_bootstrap.cc:654] T 848dfbbcdb304939af3f92c0fc8d049a P f7a9330b82a84d16b10f4cac228d887e: Neither blocks nor log segments found. Creating new log.
I20260709 13:01:45.863731  8095 ts_tablet_manager.cc:1434] T e9afc6288a1b42c8af410b71bf606d24 P 07d934b82ebc44aa9fffc518b2c8e166: Time spent starting tablet: real 0.008s	user 0.006s	sys 0.000s
I20260709 13:01:45.864845  8095 tablet_bootstrap.cc:492] T f4d2dd7b08dc4415a9ee47925e682229 P 07d934b82ebc44aa9fffc518b2c8e166: Bootstrap starting.
W20260709 13:01:45.867372  7851 auto_rebalancer.cc:288] Could not retrieve cluster info: Service unavailable: Tablet not running
I20260709 13:01:45.870860  8095 tablet_bootstrap.cc:654] T f4d2dd7b08dc4415a9ee47925e682229 P 07d934b82ebc44aa9fffc518b2c8e166: Neither blocks nor log segments found. Creating new log.
I20260709 13:01:45.873860  8102 tablet_bootstrap.cc:492] T 848dfbbcdb304939af3f92c0fc8d049a P f7a9330b82a84d16b10f4cac228d887e: No bootstrap required, opened a new log
I20260709 13:01:45.874321  8102 ts_tablet_manager.cc:1403] T 848dfbbcdb304939af3f92c0fc8d049a P f7a9330b82a84d16b10f4cac228d887e: Time spent bootstrapping tablet: real 0.018s	user 0.016s	sys 0.000s
I20260709 13:01:45.877005  8102 raft_consensus.cc:359] T 848dfbbcdb304939af3f92c0fc8d049a P f7a9330b82a84d16b10f4cac228d887e [term 0 FOLLOWER]: Replica starting. Triggering 0 pending ops. Active config: opid_index: -1 OBSOLETE_local: false peers { permanent_uuid: "2dc3e50c7bcd4476a13010be1168bba3" member_type: VOTER last_known_addr { host: "127.7.28.129" port: 46313 } } peers { permanent_uuid: "f7a9330b82a84d16b10f4cac228d887e" member_type: VOTER last_known_addr { host: "127.7.28.130" port: 44367 } } peers { permanent_uuid: "07d934b82ebc44aa9fffc518b2c8e166" member_type: VOTER last_known_addr { host: "127.7.28.131" port: 41429 } }
I20260709 13:01:45.877772  8102 raft_consensus.cc:385] T 848dfbbcdb304939af3f92c0fc8d049a P f7a9330b82a84d16b10f4cac228d887e [term 0 FOLLOWER]: Consensus starting up: Expiring failure detector timer to make a prompt election more likely
I20260709 13:01:45.878077  8102 raft_consensus.cc:740] T 848dfbbcdb304939af3f92c0fc8d049a P f7a9330b82a84d16b10f4cac228d887e [term 0 FOLLOWER]: Becoming Follower/Learner. State: Replica: f7a9330b82a84d16b10f4cac228d887e, State: Initialized, Role: FOLLOWER
I20260709 13:01:45.879000  8102 consensus_queue.cc:260] T 848dfbbcdb304939af3f92c0fc8d049a P f7a9330b82a84d16b10f4cac228d887e [NON_LEADER]: Queue going to NON_LEADER mode. State: All replicated index: 0, Majority replicated index: 0, Committed index: 0, Last appended: 0.0, Last appended by leader: 0, Current term: 0, Majority size: -1, State: 0, Mode: NON_LEADER, active raft config: opid_index: -1 OBSOLETE_local: false peers { permanent_uuid: "2dc3e50c7bcd4476a13010be1168bba3" member_type: VOTER last_known_addr { host: "127.7.28.129" port: 46313 } } peers { permanent_uuid: "f7a9330b82a84d16b10f4cac228d887e" member_type: VOTER last_known_addr { host: "127.7.28.130" port: 44367 } } peers { permanent_uuid: "07d934b82ebc44aa9fffc518b2c8e166" member_type: VOTER last_known_addr { host: "127.7.28.131" port: 41429 } }
I20260709 13:01:45.884497  8102 ts_tablet_manager.cc:1434] T 848dfbbcdb304939af3f92c0fc8d049a P f7a9330b82a84d16b10f4cac228d887e: Time spent starting tablet: real 0.010s	user 0.002s	sys 0.003s
I20260709 13:01:45.885433  8102 tablet_bootstrap.cc:492] T e9afc6288a1b42c8af410b71bf606d24 P f7a9330b82a84d16b10f4cac228d887e: Bootstrap starting.
I20260709 13:01:45.891438  8096 raft_consensus.cc:697] T 930293612229497fbdb6cd3a8209f385 P 2dc3e50c7bcd4476a13010be1168bba3 [term 1 LEADER]: Becoming Leader. State: Replica: 2dc3e50c7bcd4476a13010be1168bba3, State: Running, Role: LEADER
I20260709 13:01:45.893101  8095 tablet_bootstrap.cc:492] T f4d2dd7b08dc4415a9ee47925e682229 P 07d934b82ebc44aa9fffc518b2c8e166: No bootstrap required, opened a new log
I20260709 13:01:45.893482  8095 ts_tablet_manager.cc:1403] T f4d2dd7b08dc4415a9ee47925e682229 P 07d934b82ebc44aa9fffc518b2c8e166: Time spent bootstrapping tablet: real 0.029s	user 0.017s	sys 0.009s
I20260709 13:01:45.892611  8096 consensus_queue.cc:237] T 930293612229497fbdb6cd3a8209f385 P 2dc3e50c7bcd4476a13010be1168bba3 [LEADER]: Queue going to LEADER mode. State: All replicated index: 0, Majority replicated index: 0, Committed index: 0, Last appended: 0.0, Last appended by leader: 0, Current term: 1, Majority size: 2, State: 0, Mode: LEADER, active raft config: opid_index: -1 OBSOLETE_local: false peers { permanent_uuid: "2dc3e50c7bcd4476a13010be1168bba3" member_type: VOTER last_known_addr { host: "127.7.28.129" port: 46313 } } peers { permanent_uuid: "f7a9330b82a84d16b10f4cac228d887e" member_type: VOTER last_known_addr { host: "127.7.28.130" port: 44367 } } peers { permanent_uuid: "07d934b82ebc44aa9fffc518b2c8e166" member_type: VOTER last_known_addr { host: "127.7.28.131" port: 41429 } }
I20260709 13:01:45.895323  8095 raft_consensus.cc:359] T f4d2dd7b08dc4415a9ee47925e682229 P 07d934b82ebc44aa9fffc518b2c8e166 [term 0 FOLLOWER]: Replica starting. Triggering 0 pending ops. Active config: opid_index: -1 OBSOLETE_local: false peers { permanent_uuid: "2dc3e50c7bcd4476a13010be1168bba3" member_type: VOTER last_known_addr { host: "127.7.28.129" port: 46313 } } peers { permanent_uuid: "07d934b82ebc44aa9fffc518b2c8e166" member_type: VOTER last_known_addr { host: "127.7.28.131" port: 41429 } } peers { permanent_uuid: "f7a9330b82a84d16b10f4cac228d887e" member_type: VOTER last_known_addr { host: "127.7.28.130" port: 44367 } }
I20260709 13:01:45.895845  8095 raft_consensus.cc:385] T f4d2dd7b08dc4415a9ee47925e682229 P 07d934b82ebc44aa9fffc518b2c8e166 [term 0 FOLLOWER]: Consensus starting up: Expiring failure detector timer to make a prompt election more likely
I20260709 13:01:45.896050  8095 raft_consensus.cc:740] T f4d2dd7b08dc4415a9ee47925e682229 P 07d934b82ebc44aa9fffc518b2c8e166 [term 0 FOLLOWER]: Becoming Follower/Learner. State: Replica: 07d934b82ebc44aa9fffc518b2c8e166, State: Initialized, Role: FOLLOWER
I20260709 13:01:45.896612  8095 consensus_queue.cc:260] T f4d2dd7b08dc4415a9ee47925e682229 P 07d934b82ebc44aa9fffc518b2c8e166 [NON_LEADER]: Queue going to NON_LEADER mode. State: All replicated index: 0, Majority replicated index: 0, Committed index: 0, Last appended: 0.0, Last appended by leader: 0, Current term: 0, Majority size: -1, State: 0, Mode: NON_LEADER, active raft config: opid_index: -1 OBSOLETE_local: false peers { permanent_uuid: "2dc3e50c7bcd4476a13010be1168bba3" member_type: VOTER last_known_addr { host: "127.7.28.129" port: 46313 } } peers { permanent_uuid: "07d934b82ebc44aa9fffc518b2c8e166" member_type: VOTER last_known_addr { host: "127.7.28.131" port: 41429 } } peers { permanent_uuid: "f7a9330b82a84d16b10f4cac228d887e" member_type: VOTER last_known_addr { host: "127.7.28.130" port: 44367 } }
I20260709 13:01:45.898156  8095 ts_tablet_manager.cc:1434] T f4d2dd7b08dc4415a9ee47925e682229 P 07d934b82ebc44aa9fffc518b2c8e166: Time spent starting tablet: real 0.004s	user 0.000s	sys 0.003s
I20260709 13:01:45.898979  8102 tablet_bootstrap.cc:654] T e9afc6288a1b42c8af410b71bf606d24 P f7a9330b82a84d16b10f4cac228d887e: Neither blocks nor log segments found. Creating new log.
I20260709 13:01:45.901086  8092 tablet_bootstrap.cc:492] T 5eafc730f15341c798ae16ce03bb1695 P 2dc3e50c7bcd4476a13010be1168bba3: No bootstrap required, opened a new log
I20260709 13:01:45.901499  8092 ts_tablet_manager.cc:1403] T 5eafc730f15341c798ae16ce03bb1695 P 2dc3e50c7bcd4476a13010be1168bba3: Time spent bootstrapping tablet: real 0.066s	user 0.035s	sys 0.027s
I20260709 13:01:45.903995  8092 raft_consensus.cc:359] T 5eafc730f15341c798ae16ce03bb1695 P 2dc3e50c7bcd4476a13010be1168bba3 [term 0 FOLLOWER]: Replica starting. Triggering 0 pending ops. Active config: opid_index: -1 OBSOLETE_local: false peers { permanent_uuid: "2dc3e50c7bcd4476a13010be1168bba3" member_type: VOTER last_known_addr { host: "127.7.28.129" port: 46313 } } peers { permanent_uuid: "f7a9330b82a84d16b10f4cac228d887e" member_type: VOTER last_known_addr { host: "127.7.28.130" port: 44367 } } peers { permanent_uuid: "07d934b82ebc44aa9fffc518b2c8e166" member_type: VOTER last_known_addr { host: "127.7.28.131" port: 41429 } }
I20260709 13:01:45.904790  8092 raft_consensus.cc:385] T 5eafc730f15341c798ae16ce03bb1695 P 2dc3e50c7bcd4476a13010be1168bba3 [term 0 FOLLOWER]: Consensus starting up: Expiring failure detector timer to make a prompt election more likely
I20260709 13:01:45.905118  8092 raft_consensus.cc:740] T 5eafc730f15341c798ae16ce03bb1695 P 2dc3e50c7bcd4476a13010be1168bba3 [term 0 FOLLOWER]: Becoming Follower/Learner. State: Replica: 2dc3e50c7bcd4476a13010be1168bba3, State: Initialized, Role: FOLLOWER
I20260709 13:01:45.905916  8092 consensus_queue.cc:260] T 5eafc730f15341c798ae16ce03bb1695 P 2dc3e50c7bcd4476a13010be1168bba3 [NON_LEADER]: Queue going to NON_LEADER mode. State: All replicated index: 0, Majority replicated index: 0, Committed index: 0, Last appended: 0.0, Last appended by leader: 0, Current term: 0, Majority size: -1, State: 0, Mode: NON_LEADER, active raft config: opid_index: -1 OBSOLETE_local: false peers { permanent_uuid: "2dc3e50c7bcd4476a13010be1168bba3" member_type: VOTER last_known_addr { host: "127.7.28.129" port: 46313 } } peers { permanent_uuid: "f7a9330b82a84d16b10f4cac228d887e" member_type: VOTER last_known_addr { host: "127.7.28.130" port: 44367 } } peers { permanent_uuid: "07d934b82ebc44aa9fffc518b2c8e166" member_type: VOTER last_known_addr { host: "127.7.28.131" port: 41429 } }
I20260709 13:01:45.907701  8092 ts_tablet_manager.cc:1434] T 5eafc730f15341c798ae16ce03bb1695 P 2dc3e50c7bcd4476a13010be1168bba3: Time spent starting tablet: real 0.006s	user 0.006s	sys 0.001s
I20260709 13:01:45.908730  8092 tablet_bootstrap.cc:492] T bdac7553698e4eca8e2ec430b958d337 P 2dc3e50c7bcd4476a13010be1168bba3: Bootstrap starting.
I20260709 13:01:45.912061  7800 catalog_manager.cc:5697] T 930293612229497fbdb6cd3a8209f385 P 2dc3e50c7bcd4476a13010be1168bba3 reported cstate change: term changed from 0 to 1, leader changed from <none> to 2dc3e50c7bcd4476a13010be1168bba3 (127.7.28.129). New cstate: current_term: 1 leader_uuid: "2dc3e50c7bcd4476a13010be1168bba3" committed_config { opid_index: -1 OBSOLETE_local: false peers { permanent_uuid: "2dc3e50c7bcd4476a13010be1168bba3" member_type: VOTER last_known_addr { host: "127.7.28.129" port: 46313 } health_report { overall_health: HEALTHY } } peers { permanent_uuid: "f7a9330b82a84d16b10f4cac228d887e" member_type: VOTER last_known_addr { host: "127.7.28.130" port: 44367 } health_report { overall_health: UNKNOWN } } peers { permanent_uuid: "07d934b82ebc44aa9fffc518b2c8e166" member_type: VOTER last_known_addr { host: "127.7.28.131" port: 41429 } health_report { overall_health: UNKNOWN } } }
I20260709 13:01:45.913379  8102 tablet_bootstrap.cc:492] T e9afc6288a1b42c8af410b71bf606d24 P f7a9330b82a84d16b10f4cac228d887e: No bootstrap required, opened a new log
I20260709 13:01:45.913828  8102 ts_tablet_manager.cc:1403] T e9afc6288a1b42c8af410b71bf606d24 P f7a9330b82a84d16b10f4cac228d887e: Time spent bootstrapping tablet: real 0.029s	user 0.010s	sys 0.011s
I20260709 13:01:45.914090  8092 tablet_bootstrap.cc:654] T bdac7553698e4eca8e2ec430b958d337 P 2dc3e50c7bcd4476a13010be1168bba3: Neither blocks nor log segments found. Creating new log.
I20260709 13:01:45.915071  8109 raft_consensus.cc:493] T c7738731cfd949538233082062a76315 P f7a9330b82a84d16b10f4cac228d887e [term 0 FOLLOWER]: Starting pre-election (no leader contacted us within the election timeout)
I20260709 13:01:45.915498  8109 raft_consensus.cc:515] T c7738731cfd949538233082062a76315 P f7a9330b82a84d16b10f4cac228d887e [term 0 FOLLOWER]: Starting pre-election with config: opid_index: -1 OBSOLETE_local: false peers { permanent_uuid: "2dc3e50c7bcd4476a13010be1168bba3" member_type: VOTER last_known_addr { host: "127.7.28.129" port: 46313 } } peers { permanent_uuid: "f7a9330b82a84d16b10f4cac228d887e" member_type: VOTER last_known_addr { host: "127.7.28.130" port: 44367 } } peers { permanent_uuid: "07d934b82ebc44aa9fffc518b2c8e166" member_type: VOTER last_known_addr { host: "127.7.28.131" port: 41429 } }
I20260709 13:01:45.916095  8102 raft_consensus.cc:359] T e9afc6288a1b42c8af410b71bf606d24 P f7a9330b82a84d16b10f4cac228d887e [term 0 FOLLOWER]: Replica starting. Triggering 0 pending ops. Active config: opid_index: -1 OBSOLETE_local: false peers { permanent_uuid: "2dc3e50c7bcd4476a13010be1168bba3" member_type: VOTER last_known_addr { host: "127.7.28.129" port: 46313 } } peers { permanent_uuid: "f7a9330b82a84d16b10f4cac228d887e" member_type: VOTER last_known_addr { host: "127.7.28.130" port: 44367 } } peers { permanent_uuid: "07d934b82ebc44aa9fffc518b2c8e166" member_type: VOTER last_known_addr { host: "127.7.28.131" port: 41429 } }
I20260709 13:01:45.916680  8102 raft_consensus.cc:385] T e9afc6288a1b42c8af410b71bf606d24 P f7a9330b82a84d16b10f4cac228d887e [term 0 FOLLOWER]: Consensus starting up: Expiring failure detector timer to make a prompt election more likely
I20260709 13:01:45.916915  8102 raft_consensus.cc:740] T e9afc6288a1b42c8af410b71bf606d24 P f7a9330b82a84d16b10f4cac228d887e [term 0 FOLLOWER]: Becoming Follower/Learner. State: Replica: f7a9330b82a84d16b10f4cac228d887e, State: Initialized, Role: FOLLOWER
I20260709 13:01:45.917580  8109 leader_election.cc:290] T c7738731cfd949538233082062a76315 P f7a9330b82a84d16b10f4cac228d887e [CANDIDATE]: Term 1 pre-election: Requested pre-vote from peers 2dc3e50c7bcd4476a13010be1168bba3 (127.7.28.129:46313), 07d934b82ebc44aa9fffc518b2c8e166 (127.7.28.131:41429)
I20260709 13:01:45.917542  8102 consensus_queue.cc:260] T e9afc6288a1b42c8af410b71bf606d24 P f7a9330b82a84d16b10f4cac228d887e [NON_LEADER]: Queue going to NON_LEADER mode. State: All replicated index: 0, Majority replicated index: 0, Committed index: 0, Last appended: 0.0, Last appended by leader: 0, Current term: 0, Majority size: -1, State: 0, Mode: NON_LEADER, active raft config: opid_index: -1 OBSOLETE_local: false peers { permanent_uuid: "2dc3e50c7bcd4476a13010be1168bba3" member_type: VOTER last_known_addr { host: "127.7.28.129" port: 46313 } } peers { permanent_uuid: "f7a9330b82a84d16b10f4cac228d887e" member_type: VOTER last_known_addr { host: "127.7.28.130" port: 44367 } } peers { permanent_uuid: "07d934b82ebc44aa9fffc518b2c8e166" member_type: VOTER last_known_addr { host: "127.7.28.131" port: 41429 } }
I20260709 13:01:45.919407  8102 ts_tablet_manager.cc:1434] T e9afc6288a1b42c8af410b71bf606d24 P f7a9330b82a84d16b10f4cac228d887e: Time spent starting tablet: real 0.005s	user 0.005s	sys 0.000s
I20260709 13:01:45.919724  8054 tablet_service.cc:1917] Received RequestConsensusVote() RPC: tablet_id: "c7738731cfd949538233082062a76315" candidate_uuid: "f7a9330b82a84d16b10f4cac228d887e" candidate_term: 1 candidate_status { last_received { term: 0 index: 0 } } ignore_live_leader: false dest_uuid: "07d934b82ebc44aa9fffc518b2c8e166" is_pre_election: true
I20260709 13:01:45.920492  8054 raft_consensus.cc:2468] T c7738731cfd949538233082062a76315 P 07d934b82ebc44aa9fffc518b2c8e166 [term 0 FOLLOWER]: Leader pre-election vote request: Granting yes vote for candidate f7a9330b82a84d16b10f4cac228d887e in term 0.
I20260709 13:01:45.922307  8114 raft_consensus.cc:493] T e9afc6288a1b42c8af410b71bf606d24 P f7a9330b82a84d16b10f4cac228d887e [term 0 FOLLOWER]: Starting pre-election (no leader contacted us within the election timeout)
I20260709 13:01:45.923759  7904 tablet_service.cc:1917] Received RequestConsensusVote() RPC: tablet_id: "c7738731cfd949538233082062a76315" candidate_uuid: "f7a9330b82a84d16b10f4cac228d887e" candidate_term: 1 candidate_status { last_received { term: 0 index: 0 } } ignore_live_leader: false dest_uuid: "2dc3e50c7bcd4476a13010be1168bba3" is_pre_election: true
I20260709 13:01:45.924341  7904 raft_consensus.cc:2468] T c7738731cfd949538233082062a76315 P 2dc3e50c7bcd4476a13010be1168bba3 [term 0 FOLLOWER]: Leader pre-election vote request: Granting yes vote for candidate f7a9330b82a84d16b10f4cac228d887e in term 0.
I20260709 13:01:45.922873  8114 raft_consensus.cc:515] T e9afc6288a1b42c8af410b71bf606d24 P f7a9330b82a84d16b10f4cac228d887e [term 0 FOLLOWER]: Starting pre-election with config: opid_index: -1 OBSOLETE_local: false peers { permanent_uuid: "2dc3e50c7bcd4476a13010be1168bba3" member_type: VOTER last_known_addr { host: "127.7.28.129" port: 46313 } } peers { permanent_uuid: "f7a9330b82a84d16b10f4cac228d887e" member_type: VOTER last_known_addr { host: "127.7.28.130" port: 44367 } } peers { permanent_uuid: "07d934b82ebc44aa9fffc518b2c8e166" member_type: VOTER last_known_addr { host: "127.7.28.131" port: 41429 } }
I20260709 13:01:45.925740  8102 tablet_bootstrap.cc:492] T c046604bfe494c6aa028f81cd3e27645 P f7a9330b82a84d16b10f4cac228d887e: Bootstrap starting.
I20260709 13:01:45.927425  8114 leader_election.cc:290] T e9afc6288a1b42c8af410b71bf606d24 P f7a9330b82a84d16b10f4cac228d887e [CANDIDATE]: Term 1 pre-election: Requested pre-vote from peers 2dc3e50c7bcd4476a13010be1168bba3 (127.7.28.129:46313), 07d934b82ebc44aa9fffc518b2c8e166 (127.7.28.131:41429)
I20260709 13:01:45.924180  7946 leader_election.cc:304] T c7738731cfd949538233082062a76315 P f7a9330b82a84d16b10f4cac228d887e [CANDIDATE]: Term 1 pre-election: Election decided. Result: candidate won. Election summary: received 2 responses out of 3 voters: 2 yes votes; 0 no votes. yes voters: 07d934b82ebc44aa9fffc518b2c8e166, f7a9330b82a84d16b10f4cac228d887e; no voters: 
I20260709 13:01:45.929075  7904 tablet_service.cc:1917] Received RequestConsensusVote() RPC: tablet_id: "e9afc6288a1b42c8af410b71bf606d24" candidate_uuid: "f7a9330b82a84d16b10f4cac228d887e" candidate_term: 1 candidate_status { last_received { term: 0 index: 0 } } ignore_live_leader: false dest_uuid: "2dc3e50c7bcd4476a13010be1168bba3" is_pre_election: true
I20260709 13:01:45.929651  7904 raft_consensus.cc:2468] T e9afc6288a1b42c8af410b71bf606d24 P 2dc3e50c7bcd4476a13010be1168bba3 [term 0 FOLLOWER]: Leader pre-election vote request: Granting yes vote for candidate f7a9330b82a84d16b10f4cac228d887e in term 0.
I20260709 13:01:45.931811  8102 tablet_bootstrap.cc:654] T c046604bfe494c6aa028f81cd3e27645 P f7a9330b82a84d16b10f4cac228d887e: Neither blocks nor log segments found. Creating new log.
I20260709 13:01:45.933621  7944 leader_election.cc:304] T e9afc6288a1b42c8af410b71bf606d24 P f7a9330b82a84d16b10f4cac228d887e [CANDIDATE]: Term 1 pre-election: Election decided. Result: candidate won. Election summary: received 2 responses out of 3 voters: 2 yes votes; 0 no votes. yes voters: 2dc3e50c7bcd4476a13010be1168bba3, f7a9330b82a84d16b10f4cac228d887e; no voters: 
I20260709 13:01:45.933898  8054 tablet_service.cc:1917] Received RequestConsensusVote() RPC: tablet_id: "e9afc6288a1b42c8af410b71bf606d24" candidate_uuid: "f7a9330b82a84d16b10f4cac228d887e" candidate_term: 1 candidate_status { last_received { term: 0 index: 0 } } ignore_live_leader: false dest_uuid: "07d934b82ebc44aa9fffc518b2c8e166" is_pre_election: true
I20260709 13:01:45.934675  8054 raft_consensus.cc:2468] T e9afc6288a1b42c8af410b71bf606d24 P 07d934b82ebc44aa9fffc518b2c8e166 [term 0 FOLLOWER]: Leader pre-election vote request: Granting yes vote for candidate f7a9330b82a84d16b10f4cac228d887e in term 0.
I20260709 13:01:45.935806  8115 raft_consensus.cc:2804] T c7738731cfd949538233082062a76315 P f7a9330b82a84d16b10f4cac228d887e [term 0 FOLLOWER]: Leader pre-election won for term 1
I20260709 13:01:45.936266  8115 raft_consensus.cc:493] T c7738731cfd949538233082062a76315 P f7a9330b82a84d16b10f4cac228d887e [term 0 FOLLOWER]: Starting leader election (no leader contacted us within the election timeout)
I20260709 13:01:45.936638  8115 raft_consensus.cc:3060] T c7738731cfd949538233082062a76315 P f7a9330b82a84d16b10f4cac228d887e [term 0 FOLLOWER]: Advancing to term 1
I20260709 13:01:45.939567  8109 raft_consensus.cc:2804] T e9afc6288a1b42c8af410b71bf606d24 P f7a9330b82a84d16b10f4cac228d887e [term 0 FOLLOWER]: Leader pre-election won for term 1
I20260709 13:01:45.939998  8109 raft_consensus.cc:493] T e9afc6288a1b42c8af410b71bf606d24 P f7a9330b82a84d16b10f4cac228d887e [term 0 FOLLOWER]: Starting leader election (no leader contacted us within the election timeout)
I20260709 13:01:45.940374  8109 raft_consensus.cc:3060] T e9afc6288a1b42c8af410b71bf606d24 P f7a9330b82a84d16b10f4cac228d887e [term 0 FOLLOWER]: Advancing to term 1
I20260709 13:01:45.946177  8115 raft_consensus.cc:515] T c7738731cfd949538233082062a76315 P f7a9330b82a84d16b10f4cac228d887e [term 1 FOLLOWER]: Starting leader election with config: opid_index: -1 OBSOLETE_local: false peers { permanent_uuid: "2dc3e50c7bcd4476a13010be1168bba3" member_type: VOTER last_known_addr { host: "127.7.28.129" port: 46313 } } peers { permanent_uuid: "f7a9330b82a84d16b10f4cac228d887e" member_type: VOTER last_known_addr { host: "127.7.28.130" port: 44367 } } peers { permanent_uuid: "07d934b82ebc44aa9fffc518b2c8e166" member_type: VOTER last_known_addr { host: "127.7.28.131" port: 41429 } }
I20260709 13:01:45.949394  7904 tablet_service.cc:1917] Received RequestConsensusVote() RPC: tablet_id: "c7738731cfd949538233082062a76315" candidate_uuid: "f7a9330b82a84d16b10f4cac228d887e" candidate_term: 1 candidate_status { last_received { term: 0 index: 0 } } ignore_live_leader: false dest_uuid: "2dc3e50c7bcd4476a13010be1168bba3"
I20260709 13:01:45.949306  8109 raft_consensus.cc:515] T e9afc6288a1b42c8af410b71bf606d24 P f7a9330b82a84d16b10f4cac228d887e [term 1 FOLLOWER]: Starting leader election with config: opid_index: -1 OBSOLETE_local: false peers { permanent_uuid: "2dc3e50c7bcd4476a13010be1168bba3" member_type: VOTER last_known_addr { host: "127.7.28.129" port: 46313 } } peers { permanent_uuid: "f7a9330b82a84d16b10f4cac228d887e" member_type: VOTER last_known_addr { host: "127.7.28.130" port: 44367 } } peers { permanent_uuid: "07d934b82ebc44aa9fffc518b2c8e166" member_type: VOTER last_known_addr { host: "127.7.28.131" port: 41429 } }
I20260709 13:01:45.950170  7904 raft_consensus.cc:3060] T c7738731cfd949538233082062a76315 P 2dc3e50c7bcd4476a13010be1168bba3 [term 0 FOLLOWER]: Advancing to term 1
I20260709 13:01:45.958529  7904 raft_consensus.cc:2468] T c7738731cfd949538233082062a76315 P 2dc3e50c7bcd4476a13010be1168bba3 [term 1 FOLLOWER]: Leader election vote request: Granting yes vote for candidate f7a9330b82a84d16b10f4cac228d887e in term 1.
I20260709 13:01:45.960817  8054 tablet_service.cc:1917] Received RequestConsensusVote() RPC: tablet_id: "c7738731cfd949538233082062a76315" candidate_uuid: "f7a9330b82a84d16b10f4cac228d887e" candidate_term: 1 candidate_status { last_received { term: 0 index: 0 } } ignore_live_leader: false dest_uuid: "07d934b82ebc44aa9fffc518b2c8e166"
I20260709 13:01:45.961975  8054 raft_consensus.cc:3060] T c7738731cfd949538233082062a76315 P 07d934b82ebc44aa9fffc518b2c8e166 [term 0 FOLLOWER]: Advancing to term 1
I20260709 13:01:45.962234  8109 leader_election.cc:290] T e9afc6288a1b42c8af410b71bf606d24 P f7a9330b82a84d16b10f4cac228d887e [CANDIDATE]: Term 1 election: Requested vote from peers 2dc3e50c7bcd4476a13010be1168bba3 (127.7.28.129:46313), 07d934b82ebc44aa9fffc518b2c8e166 (127.7.28.131:41429)
I20260709 13:01:45.963960  7905 tablet_service.cc:1917] Received RequestConsensusVote() RPC: tablet_id: "e9afc6288a1b42c8af410b71bf606d24" candidate_uuid: "f7a9330b82a84d16b10f4cac228d887e" candidate_term: 1 candidate_status { last_received { term: 0 index: 0 } } ignore_live_leader: false dest_uuid: "2dc3e50c7bcd4476a13010be1168bba3"
I20260709 13:01:45.964433  7905 raft_consensus.cc:3060] T e9afc6288a1b42c8af410b71bf606d24 P 2dc3e50c7bcd4476a13010be1168bba3 [term 0 FOLLOWER]: Advancing to term 1
I20260709 13:01:45.965013  8102 tablet_bootstrap.cc:492] T c046604bfe494c6aa028f81cd3e27645 P f7a9330b82a84d16b10f4cac228d887e: No bootstrap required, opened a new log
I20260709 13:01:45.964903  8053 tablet_service.cc:1917] Received RequestConsensusVote() RPC: tablet_id: "e9afc6288a1b42c8af410b71bf606d24" candidate_uuid: "f7a9330b82a84d16b10f4cac228d887e" candidate_term: 1 candidate_status { last_received { term: 0 index: 0 } } ignore_live_leader: false dest_uuid: "07d934b82ebc44aa9fffc518b2c8e166"
I20260709 13:01:45.965512  8102 ts_tablet_manager.cc:1403] T c046604bfe494c6aa028f81cd3e27645 P f7a9330b82a84d16b10f4cac228d887e: Time spent bootstrapping tablet: real 0.040s	user 0.019s	sys 0.016s
I20260709 13:01:45.965723  8053 raft_consensus.cc:3060] T e9afc6288a1b42c8af410b71bf606d24 P 07d934b82ebc44aa9fffc518b2c8e166 [term 0 FOLLOWER]: Advancing to term 1
I20260709 13:01:45.967952  8102 raft_consensus.cc:359] T c046604bfe494c6aa028f81cd3e27645 P f7a9330b82a84d16b10f4cac228d887e [term 0 FOLLOWER]: Replica starting. Triggering 0 pending ops. Active config: opid_index: -1 OBSOLETE_local: false peers { permanent_uuid: "2dc3e50c7bcd4476a13010be1168bba3" member_type: VOTER last_known_addr { host: "127.7.28.129" port: 46313 } } peers { permanent_uuid: "f7a9330b82a84d16b10f4cac228d887e" member_type: VOTER last_known_addr { host: "127.7.28.130" port: 44367 } } peers { permanent_uuid: "07d934b82ebc44aa9fffc518b2c8e166" member_type: VOTER last_known_addr { host: "127.7.28.131" port: 41429 } }
I20260709 13:01:45.968639  8102 raft_consensus.cc:385] T c046604bfe494c6aa028f81cd3e27645 P f7a9330b82a84d16b10f4cac228d887e [term 0 FOLLOWER]: Consensus starting up: Expiring failure detector timer to make a prompt election more likely
I20260709 13:01:45.968899  8102 raft_consensus.cc:740] T c046604bfe494c6aa028f81cd3e27645 P f7a9330b82a84d16b10f4cac228d887e [term 0 FOLLOWER]: Becoming Follower/Learner. State: Replica: f7a9330b82a84d16b10f4cac228d887e, State: Initialized, Role: FOLLOWER
I20260709 13:01:45.969568  8102 consensus_queue.cc:260] T c046604bfe494c6aa028f81cd3e27645 P f7a9330b82a84d16b10f4cac228d887e [NON_LEADER]: Queue going to NON_LEADER mode. State: All replicated index: 0, Majority replicated index: 0, Committed index: 0, Last appended: 0.0, Last appended by leader: 0, Current term: 0, Majority size: -1, State: 0, Mode: NON_LEADER, active raft config: opid_index: -1 OBSOLETE_local: false peers { permanent_uuid: "2dc3e50c7bcd4476a13010be1168bba3" member_type: VOTER last_known_addr { host: "127.7.28.129" port: 46313 } } peers { permanent_uuid: "f7a9330b82a84d16b10f4cac228d887e" member_type: VOTER last_known_addr { host: "127.7.28.130" port: 44367 } } peers { permanent_uuid: "07d934b82ebc44aa9fffc518b2c8e166" member_type: VOTER last_known_addr { host: "127.7.28.131" port: 41429 } }
I20260709 13:01:45.961347  8115 leader_election.cc:290] T c7738731cfd949538233082062a76315 P f7a9330b82a84d16b10f4cac228d887e [CANDIDATE]: Term 1 election: Requested vote from peers 2dc3e50c7bcd4476a13010be1168bba3 (127.7.28.129:46313), 07d934b82ebc44aa9fffc518b2c8e166 (127.7.28.131:41429)
I20260709 13:01:45.971864  7905 raft_consensus.cc:2468] T e9afc6288a1b42c8af410b71bf606d24 P 2dc3e50c7bcd4476a13010be1168bba3 [term 1 FOLLOWER]: Leader election vote request: Granting yes vote for candidate f7a9330b82a84d16b10f4cac228d887e in term 1.
I20260709 13:01:45.972623  8102 ts_tablet_manager.cc:1434] T c046604bfe494c6aa028f81cd3e27645 P f7a9330b82a84d16b10f4cac228d887e: Time spent starting tablet: real 0.007s	user 0.006s	sys 0.001s
I20260709 13:01:45.973577  8102 tablet_bootstrap.cc:492] T 930293612229497fbdb6cd3a8209f385 P f7a9330b82a84d16b10f4cac228d887e: Bootstrap starting.
I20260709 13:01:45.977125  8092 tablet_bootstrap.cc:492] T bdac7553698e4eca8e2ec430b958d337 P 2dc3e50c7bcd4476a13010be1168bba3: No bootstrap required, opened a new log
I20260709 13:01:45.977627  8092 ts_tablet_manager.cc:1403] T bdac7553698e4eca8e2ec430b958d337 P 2dc3e50c7bcd4476a13010be1168bba3: Time spent bootstrapping tablet: real 0.069s	user 0.029s	sys 0.031s
I20260709 13:01:45.978222  8053 raft_consensus.cc:2468] T e9afc6288a1b42c8af410b71bf606d24 P 07d934b82ebc44aa9fffc518b2c8e166 [term 1 FOLLOWER]: Leader election vote request: Granting yes vote for candidate f7a9330b82a84d16b10f4cac228d887e in term 1.
I20260709 13:01:45.979321  8102 tablet_bootstrap.cc:654] T 930293612229497fbdb6cd3a8209f385 P f7a9330b82a84d16b10f4cac228d887e: Neither blocks nor log segments found. Creating new log.
I20260709 13:01:45.979282  7946 leader_election.cc:304] T e9afc6288a1b42c8af410b71bf606d24 P f7a9330b82a84d16b10f4cac228d887e [CANDIDATE]: Term 1 election: Election decided. Result: candidate won. Election summary: received 2 responses out of 3 voters: 2 yes votes; 0 no votes. yes voters: 07d934b82ebc44aa9fffc518b2c8e166, f7a9330b82a84d16b10f4cac228d887e; no voters: 
I20260709 13:01:45.980373  8092 raft_consensus.cc:359] T bdac7553698e4eca8e2ec430b958d337 P 2dc3e50c7bcd4476a13010be1168bba3 [term 0 FOLLOWER]: Replica starting. Triggering 0 pending ops. Active config: opid_index: -1 OBSOLETE_local: false peers { permanent_uuid: "2dc3e50c7bcd4476a13010be1168bba3" member_type: VOTER last_known_addr { host: "127.7.28.129" port: 46313 } } peers { permanent_uuid: "f7a9330b82a84d16b10f4cac228d887e" member_type: VOTER last_known_addr { host: "127.7.28.130" port: 44367 } } peers { permanent_uuid: "07d934b82ebc44aa9fffc518b2c8e166" member_type: VOTER last_known_addr { host: "127.7.28.131" port: 41429 } }
I20260709 13:01:45.981017  8092 raft_consensus.cc:385] T bdac7553698e4eca8e2ec430b958d337 P 2dc3e50c7bcd4476a13010be1168bba3 [term 0 FOLLOWER]: Consensus starting up: Expiring failure detector timer to make a prompt election more likely
I20260709 13:01:45.981310  8092 raft_consensus.cc:740] T bdac7553698e4eca8e2ec430b958d337 P 2dc3e50c7bcd4476a13010be1168bba3 [term 0 FOLLOWER]: Becoming Follower/Learner. State: Replica: 2dc3e50c7bcd4476a13010be1168bba3, State: Initialized, Role: FOLLOWER
I20260709 13:01:45.981900  8092 consensus_queue.cc:260] T bdac7553698e4eca8e2ec430b958d337 P 2dc3e50c7bcd4476a13010be1168bba3 [NON_LEADER]: Queue going to NON_LEADER mode. State: All replicated index: 0, Majority replicated index: 0, Committed index: 0, Last appended: 0.0, Last appended by leader: 0, Current term: 0, Majority size: -1, State: 0, Mode: NON_LEADER, active raft config: opid_index: -1 OBSOLETE_local: false peers { permanent_uuid: "2dc3e50c7bcd4476a13010be1168bba3" member_type: VOTER last_known_addr { host: "127.7.28.129" port: 46313 } } peers { permanent_uuid: "f7a9330b82a84d16b10f4cac228d887e" member_type: VOTER last_known_addr { host: "127.7.28.130" port: 44367 } } peers { permanent_uuid: "07d934b82ebc44aa9fffc518b2c8e166" member_type: VOTER last_known_addr { host: "127.7.28.131" port: 41429 } }
I20260709 13:01:45.982532  8054 raft_consensus.cc:2468] T c7738731cfd949538233082062a76315 P 07d934b82ebc44aa9fffc518b2c8e166 [term 1 FOLLOWER]: Leader election vote request: Granting yes vote for candidate f7a9330b82a84d16b10f4cac228d887e in term 1.
I20260709 13:01:45.983376  7944 leader_election.cc:304] T c7738731cfd949538233082062a76315 P f7a9330b82a84d16b10f4cac228d887e [CANDIDATE]: Term 1 election: Election decided. Result: candidate won. Election summary: received 2 responses out of 3 voters: 2 yes votes; 0 no votes. yes voters: 2dc3e50c7bcd4476a13010be1168bba3, f7a9330b82a84d16b10f4cac228d887e; no voters: 
I20260709 13:01:45.985289  8109 raft_consensus.cc:2804] T c7738731cfd949538233082062a76315 P f7a9330b82a84d16b10f4cac228d887e [term 1 FOLLOWER]: Leader election won for term 1
I20260709 13:01:45.985708  8109 raft_consensus.cc:697] T c7738731cfd949538233082062a76315 P f7a9330b82a84d16b10f4cac228d887e [term 1 LEADER]: Becoming Leader. State: Replica: f7a9330b82a84d16b10f4cac228d887e, State: Running, Role: LEADER
I20260709 13:01:45.986433  8109 consensus_queue.cc:237] T c7738731cfd949538233082062a76315 P f7a9330b82a84d16b10f4cac228d887e [LEADER]: Queue going to LEADER mode. State: All replicated index: 0, Majority replicated index: 0, Committed index: 0, Last appended: 0.0, Last appended by leader: 0, Current term: 1, Majority size: 2, State: 0, Mode: LEADER, active raft config: opid_index: -1 OBSOLETE_local: false peers { permanent_uuid: "2dc3e50c7bcd4476a13010be1168bba3" member_type: VOTER last_known_addr { host: "127.7.28.129" port: 46313 } } peers { permanent_uuid: "f7a9330b82a84d16b10f4cac228d887e" member_type: VOTER last_known_addr { host: "127.7.28.130" port: 44367 } } peers { permanent_uuid: "07d934b82ebc44aa9fffc518b2c8e166" member_type: VOTER last_known_addr { host: "127.7.28.131" port: 41429 } }
I20260709 13:01:45.983793  8092 ts_tablet_manager.cc:1434] T bdac7553698e4eca8e2ec430b958d337 P 2dc3e50c7bcd4476a13010be1168bba3: Time spent starting tablet: real 0.006s	user 0.005s	sys 0.000s
I20260709 13:01:45.984161  8115 raft_consensus.cc:2804] T e9afc6288a1b42c8af410b71bf606d24 P f7a9330b82a84d16b10f4cac228d887e [term 1 FOLLOWER]: Leader election won for term 1
I20260709 13:01:45.990599  8115 raft_consensus.cc:697] T e9afc6288a1b42c8af410b71bf606d24 P f7a9330b82a84d16b10f4cac228d887e [term 1 LEADER]: Becoming Leader. State: Replica: f7a9330b82a84d16b10f4cac228d887e, State: Running, Role: LEADER
I20260709 13:01:45.991317  8102 tablet_bootstrap.cc:492] T 930293612229497fbdb6cd3a8209f385 P f7a9330b82a84d16b10f4cac228d887e: No bootstrap required, opened a new log
I20260709 13:01:45.991693  8102 ts_tablet_manager.cc:1403] T 930293612229497fbdb6cd3a8209f385 P f7a9330b82a84d16b10f4cac228d887e: Time spent bootstrapping tablet: real 0.018s	user 0.013s	sys 0.003s
I20260709 13:01:45.991597  8115 consensus_queue.cc:237] T e9afc6288a1b42c8af410b71bf606d24 P f7a9330b82a84d16b10f4cac228d887e [LEADER]: Queue going to LEADER mode. State: All replicated index: 0, Majority replicated index: 0, Committed index: 0, Last appended: 0.0, Last appended by leader: 0, Current term: 1, Majority size: 2, State: 0, Mode: LEADER, active raft config: opid_index: -1 OBSOLETE_local: false peers { permanent_uuid: "2dc3e50c7bcd4476a13010be1168bba3" member_type: VOTER last_known_addr { host: "127.7.28.129" port: 46313 } } peers { permanent_uuid: "f7a9330b82a84d16b10f4cac228d887e" member_type: VOTER last_known_addr { host: "127.7.28.130" port: 44367 } } peers { permanent_uuid: "07d934b82ebc44aa9fffc518b2c8e166" member_type: VOTER last_known_addr { host: "127.7.28.131" port: 41429 } }
I20260709 13:01:45.994271  8102 raft_consensus.cc:359] T 930293612229497fbdb6cd3a8209f385 P f7a9330b82a84d16b10f4cac228d887e [term 0 FOLLOWER]: Replica starting. Triggering 0 pending ops. Active config: opid_index: -1 OBSOLETE_local: false peers { permanent_uuid: "2dc3e50c7bcd4476a13010be1168bba3" member_type: VOTER last_known_addr { host: "127.7.28.129" port: 46313 } } peers { permanent_uuid: "f7a9330b82a84d16b10f4cac228d887e" member_type: VOTER last_known_addr { host: "127.7.28.130" port: 44367 } } peers { permanent_uuid: "07d934b82ebc44aa9fffc518b2c8e166" member_type: VOTER last_known_addr { host: "127.7.28.131" port: 41429 } }
I20260709 13:01:45.995194  8102 raft_consensus.cc:385] T 930293612229497fbdb6cd3a8209f385 P f7a9330b82a84d16b10f4cac228d887e [term 0 FOLLOWER]: Consensus starting up: Expiring failure detector timer to make a prompt election more likely
I20260709 13:01:45.995530  8102 raft_consensus.cc:740] T 930293612229497fbdb6cd3a8209f385 P f7a9330b82a84d16b10f4cac228d887e [term 0 FOLLOWER]: Becoming Follower/Learner. State: Replica: f7a9330b82a84d16b10f4cac228d887e, State: Initialized, Role: FOLLOWER
I20260709 13:01:45.996232  8102 consensus_queue.cc:260] T 930293612229497fbdb6cd3a8209f385 P f7a9330b82a84d16b10f4cac228d887e [NON_LEADER]: Queue going to NON_LEADER mode. State: All replicated index: 0, Majority replicated index: 0, Committed index: 0, Last appended: 0.0, Last appended by leader: 0, Current term: 0, Majority size: -1, State: 0, Mode: NON_LEADER, active raft config: opid_index: -1 OBSOLETE_local: false peers { permanent_uuid: "2dc3e50c7bcd4476a13010be1168bba3" member_type: VOTER last_known_addr { host: "127.7.28.129" port: 46313 } } peers { permanent_uuid: "f7a9330b82a84d16b10f4cac228d887e" member_type: VOTER last_known_addr { host: "127.7.28.130" port: 44367 } } peers { permanent_uuid: "07d934b82ebc44aa9fffc518b2c8e166" member_type: VOTER last_known_addr { host: "127.7.28.131" port: 41429 } }
I20260709 13:01:45.997741  8102 ts_tablet_manager.cc:1434] T 930293612229497fbdb6cd3a8209f385 P f7a9330b82a84d16b10f4cac228d887e: Time spent starting tablet: real 0.006s	user 0.004s	sys 0.001s
I20260709 13:01:46.003671  7800 catalog_manager.cc:5697] T c7738731cfd949538233082062a76315 P f7a9330b82a84d16b10f4cac228d887e reported cstate change: term changed from 0 to 1, leader changed from <none> to f7a9330b82a84d16b10f4cac228d887e (127.7.28.130). New cstate: current_term: 1 leader_uuid: "f7a9330b82a84d16b10f4cac228d887e" committed_config { opid_index: -1 OBSOLETE_local: false peers { permanent_uuid: "2dc3e50c7bcd4476a13010be1168bba3" member_type: VOTER last_known_addr { host: "127.7.28.129" port: 46313 } health_report { overall_health: UNKNOWN } } peers { permanent_uuid: "f7a9330b82a84d16b10f4cac228d887e" member_type: VOTER last_known_addr { host: "127.7.28.130" port: 44367 } health_report { overall_health: HEALTHY } } peers { permanent_uuid: "07d934b82ebc44aa9fffc518b2c8e166" member_type: VOTER last_known_addr { host: "127.7.28.131" port: 41429 } health_report { overall_health: UNKNOWN } } }
I20260709 13:01:46.010392  8096 raft_consensus.cc:493] T c046604bfe494c6aa028f81cd3e27645 P 2dc3e50c7bcd4476a13010be1168bba3 [term 0 FOLLOWER]: Starting pre-election (no leader contacted us within the election timeout)
I20260709 13:01:46.010763  8096 raft_consensus.cc:515] T c046604bfe494c6aa028f81cd3e27645 P 2dc3e50c7bcd4476a13010be1168bba3 [term 0 FOLLOWER]: Starting pre-election with config: opid_index: -1 OBSOLETE_local: false peers { permanent_uuid: "2dc3e50c7bcd4476a13010be1168bba3" member_type: VOTER last_known_addr { host: "127.7.28.129" port: 46313 } } peers { permanent_uuid: "f7a9330b82a84d16b10f4cac228d887e" member_type: VOTER last_known_addr { host: "127.7.28.130" port: 44367 } } peers { permanent_uuid: "07d934b82ebc44aa9fffc518b2c8e166" member_type: VOTER last_known_addr { host: "127.7.28.131" port: 41429 } }
I20260709 13:01:46.012502  8096 leader_election.cc:290] T c046604bfe494c6aa028f81cd3e27645 P 2dc3e50c7bcd4476a13010be1168bba3 [CANDIDATE]: Term 1 pre-election: Requested pre-vote from peers f7a9330b82a84d16b10f4cac228d887e (127.7.28.130:44367), 07d934b82ebc44aa9fffc518b2c8e166 (127.7.28.131:41429)
I20260709 13:01:46.013093  7979 tablet_service.cc:1917] Received RequestConsensusVote() RPC: tablet_id: "c046604bfe494c6aa028f81cd3e27645" candidate_uuid: "2dc3e50c7bcd4476a13010be1168bba3" candidate_term: 1 candidate_status { last_received { term: 0 index: 0 } } ignore_live_leader: false dest_uuid: "f7a9330b82a84d16b10f4cac228d887e" is_pre_election: true
I20260709 13:01:46.013654  7979 raft_consensus.cc:2468] T c046604bfe494c6aa028f81cd3e27645 P f7a9330b82a84d16b10f4cac228d887e [term 0 FOLLOWER]: Leader pre-election vote request: Granting yes vote for candidate 2dc3e50c7bcd4476a13010be1168bba3 in term 0.
I20260709 13:01:46.013854  8054 tablet_service.cc:1917] Received RequestConsensusVote() RPC: tablet_id: "c046604bfe494c6aa028f81cd3e27645" candidate_uuid: "2dc3e50c7bcd4476a13010be1168bba3" candidate_term: 1 candidate_status { last_received { term: 0 index: 0 } } ignore_live_leader: false dest_uuid: "07d934b82ebc44aa9fffc518b2c8e166" is_pre_election: true
I20260709 13:01:46.014416  8054 raft_consensus.cc:2468] T c046604bfe494c6aa028f81cd3e27645 P 07d934b82ebc44aa9fffc518b2c8e166 [term 0 FOLLOWER]: Leader pre-election vote request: Granting yes vote for candidate 2dc3e50c7bcd4476a13010be1168bba3 in term 0.
I20260709 13:01:46.014619  7871 leader_election.cc:304] T c046604bfe494c6aa028f81cd3e27645 P 2dc3e50c7bcd4476a13010be1168bba3 [CANDIDATE]: Term 1 pre-election: Election decided. Result: candidate won. Election summary: received 2 responses out of 3 voters: 2 yes votes; 0 no votes. yes voters: 2dc3e50c7bcd4476a13010be1168bba3, f7a9330b82a84d16b10f4cac228d887e; no voters: 
I20260709 13:01:46.015322  8096 raft_consensus.cc:2804] T c046604bfe494c6aa028f81cd3e27645 P 2dc3e50c7bcd4476a13010be1168bba3 [term 0 FOLLOWER]: Leader pre-election won for term 1
I20260709 13:01:46.015645  8096 raft_consensus.cc:493] T c046604bfe494c6aa028f81cd3e27645 P 2dc3e50c7bcd4476a13010be1168bba3 [term 0 FOLLOWER]: Starting leader election (no leader contacted us within the election timeout)
I20260709 13:01:46.015065  7800 catalog_manager.cc:5697] T e9afc6288a1b42c8af410b71bf606d24 P f7a9330b82a84d16b10f4cac228d887e reported cstate change: term changed from 0 to 1, leader changed from <none> to f7a9330b82a84d16b10f4cac228d887e (127.7.28.130). New cstate: current_term: 1 leader_uuid: "f7a9330b82a84d16b10f4cac228d887e" committed_config { opid_index: -1 OBSOLETE_local: false peers { permanent_uuid: "2dc3e50c7bcd4476a13010be1168bba3" member_type: VOTER last_known_addr { host: "127.7.28.129" port: 46313 } health_report { overall_health: UNKNOWN } } peers { permanent_uuid: "f7a9330b82a84d16b10f4cac228d887e" member_type: VOTER last_known_addr { host: "127.7.28.130" port: 44367 } health_report { overall_health: HEALTHY } } peers { permanent_uuid: "07d934b82ebc44aa9fffc518b2c8e166" member_type: VOTER last_known_addr { host: "127.7.28.131" port: 41429 } health_report { overall_health: UNKNOWN } } }
I20260709 13:01:46.016040  8096 raft_consensus.cc:3060] T c046604bfe494c6aa028f81cd3e27645 P 2dc3e50c7bcd4476a13010be1168bba3 [term 0 FOLLOWER]: Advancing to term 1
I20260709 13:01:46.021303  8096 raft_consensus.cc:515] T c046604bfe494c6aa028f81cd3e27645 P 2dc3e50c7bcd4476a13010be1168bba3 [term 1 FOLLOWER]: Starting leader election with config: opid_index: -1 OBSOLETE_local: false peers { permanent_uuid: "2dc3e50c7bcd4476a13010be1168bba3" member_type: VOTER last_known_addr { host: "127.7.28.129" port: 46313 } } peers { permanent_uuid: "f7a9330b82a84d16b10f4cac228d887e" member_type: VOTER last_known_addr { host: "127.7.28.130" port: 44367 } } peers { permanent_uuid: "07d934b82ebc44aa9fffc518b2c8e166" member_type: VOTER last_known_addr { host: "127.7.28.131" port: 41429 } }
I20260709 13:01:46.023512  8096 leader_election.cc:290] T c046604bfe494c6aa028f81cd3e27645 P 2dc3e50c7bcd4476a13010be1168bba3 [CANDIDATE]: Term 1 election: Requested vote from peers f7a9330b82a84d16b10f4cac228d887e (127.7.28.130:44367), 07d934b82ebc44aa9fffc518b2c8e166 (127.7.28.131:41429)
I20260709 13:01:46.023710  7979 tablet_service.cc:1917] Received RequestConsensusVote() RPC: tablet_id: "c046604bfe494c6aa028f81cd3e27645" candidate_uuid: "2dc3e50c7bcd4476a13010be1168bba3" candidate_term: 1 candidate_status { last_received { term: 0 index: 0 } } ignore_live_leader: false dest_uuid: "f7a9330b82a84d16b10f4cac228d887e"
I20260709 13:01:46.024027  8054 tablet_service.cc:1917] Received RequestConsensusVote() RPC: tablet_id: "c046604bfe494c6aa028f81cd3e27645" candidate_uuid: "2dc3e50c7bcd4476a13010be1168bba3" candidate_term: 1 candidate_status { last_received { term: 0 index: 0 } } ignore_live_leader: false dest_uuid: "07d934b82ebc44aa9fffc518b2c8e166"
I20260709 13:01:46.024269  7979 raft_consensus.cc:3060] T c046604bfe494c6aa028f81cd3e27645 P f7a9330b82a84d16b10f4cac228d887e [term 0 FOLLOWER]: Advancing to term 1
I20260709 13:01:46.024516  8054 raft_consensus.cc:3060] T c046604bfe494c6aa028f81cd3e27645 P 07d934b82ebc44aa9fffc518b2c8e166 [term 0 FOLLOWER]: Advancing to term 1
I20260709 13:01:46.030655  8054 raft_consensus.cc:2468] T c046604bfe494c6aa028f81cd3e27645 P 07d934b82ebc44aa9fffc518b2c8e166 [term 1 FOLLOWER]: Leader election vote request: Granting yes vote for candidate 2dc3e50c7bcd4476a13010be1168bba3 in term 1.
I20260709 13:01:46.030658  7979 raft_consensus.cc:2468] T c046604bfe494c6aa028f81cd3e27645 P f7a9330b82a84d16b10f4cac228d887e [term 1 FOLLOWER]: Leader election vote request: Granting yes vote for candidate 2dc3e50c7bcd4476a13010be1168bba3 in term 1.
I20260709 13:01:46.031800  7871 leader_election.cc:304] T c046604bfe494c6aa028f81cd3e27645 P 2dc3e50c7bcd4476a13010be1168bba3 [CANDIDATE]: Term 1 election: Election decided. Result: candidate won. Election summary: received 2 responses out of 3 voters: 2 yes votes; 0 no votes. yes voters: 2dc3e50c7bcd4476a13010be1168bba3, f7a9330b82a84d16b10f4cac228d887e; no voters: 
I20260709 13:01:46.032382  8096 raft_consensus.cc:2804] T c046604bfe494c6aa028f81cd3e27645 P 2dc3e50c7bcd4476a13010be1168bba3 [term 1 FOLLOWER]: Leader election won for term 1
I20260709 13:01:46.032801  8096 raft_consensus.cc:697] T c046604bfe494c6aa028f81cd3e27645 P 2dc3e50c7bcd4476a13010be1168bba3 [term 1 LEADER]: Becoming Leader. State: Replica: 2dc3e50c7bcd4476a13010be1168bba3, State: Running, Role: LEADER
I20260709 13:01:46.033362  8096 consensus_queue.cc:237] T c046604bfe494c6aa028f81cd3e27645 P 2dc3e50c7bcd4476a13010be1168bba3 [LEADER]: Queue going to LEADER mode. State: All replicated index: 0, Majority replicated index: 0, Committed index: 0, Last appended: 0.0, Last appended by leader: 0, Current term: 1, Majority size: 2, State: 0, Mode: LEADER, active raft config: opid_index: -1 OBSOLETE_local: false peers { permanent_uuid: "2dc3e50c7bcd4476a13010be1168bba3" member_type: VOTER last_known_addr { host: "127.7.28.129" port: 46313 } } peers { permanent_uuid: "f7a9330b82a84d16b10f4cac228d887e" member_type: VOTER last_known_addr { host: "127.7.28.130" port: 44367 } } peers { permanent_uuid: "07d934b82ebc44aa9fffc518b2c8e166" member_type: VOTER last_known_addr { host: "127.7.28.131" port: 41429 } }
I20260709 13:01:46.039747  7800 catalog_manager.cc:5697] T c046604bfe494c6aa028f81cd3e27645 P 2dc3e50c7bcd4476a13010be1168bba3 reported cstate change: term changed from 0 to 1, leader changed from <none> to 2dc3e50c7bcd4476a13010be1168bba3 (127.7.28.129). New cstate: current_term: 1 leader_uuid: "2dc3e50c7bcd4476a13010be1168bba3" committed_config { opid_index: -1 OBSOLETE_local: false peers { permanent_uuid: "2dc3e50c7bcd4476a13010be1168bba3" member_type: VOTER last_known_addr { host: "127.7.28.129" port: 46313 } health_report { overall_health: HEALTHY } } peers { permanent_uuid: "f7a9330b82a84d16b10f4cac228d887e" member_type: VOTER last_known_addr { host: "127.7.28.130" port: 44367 } health_report { overall_health: UNKNOWN } } peers { permanent_uuid: "07d934b82ebc44aa9fffc518b2c8e166" member_type: VOTER last_known_addr { host: "127.7.28.131" port: 41429 } health_report { overall_health: UNKNOWN } } }
I20260709 13:01:46.044420  8099 raft_consensus.cc:493] T 848dfbbcdb304939af3f92c0fc8d049a P 07d934b82ebc44aa9fffc518b2c8e166 [term 0 FOLLOWER]: Starting pre-election (no leader contacted us within the election timeout)
I20260709 13:01:46.044780  8099 raft_consensus.cc:515] T 848dfbbcdb304939af3f92c0fc8d049a P 07d934b82ebc44aa9fffc518b2c8e166 [term 0 FOLLOWER]: Starting pre-election with config: opid_index: -1 OBSOLETE_local: false peers { permanent_uuid: "2dc3e50c7bcd4476a13010be1168bba3" member_type: VOTER last_known_addr { host: "127.7.28.129" port: 46313 } } peers { permanent_uuid: "f7a9330b82a84d16b10f4cac228d887e" member_type: VOTER last_known_addr { host: "127.7.28.130" port: 44367 } } peers { permanent_uuid: "07d934b82ebc44aa9fffc518b2c8e166" member_type: VOTER last_known_addr { host: "127.7.28.131" port: 41429 } }
I20260709 13:01:46.046763  8099 leader_election.cc:290] T 848dfbbcdb304939af3f92c0fc8d049a P 07d934b82ebc44aa9fffc518b2c8e166 [CANDIDATE]: Term 1 pre-election: Requested pre-vote from peers 2dc3e50c7bcd4476a13010be1168bba3 (127.7.28.129:46313), f7a9330b82a84d16b10f4cac228d887e (127.7.28.130:44367)
I20260709 13:01:46.047278  7905 tablet_service.cc:1917] Received RequestConsensusVote() RPC: tablet_id: "848dfbbcdb304939af3f92c0fc8d049a" candidate_uuid: "07d934b82ebc44aa9fffc518b2c8e166" candidate_term: 1 candidate_status { last_received { term: 0 index: 0 } } ignore_live_leader: false dest_uuid: "2dc3e50c7bcd4476a13010be1168bba3" is_pre_election: true
I20260709 13:01:46.047609  7979 tablet_service.cc:1917] Received RequestConsensusVote() RPC: tablet_id: "848dfbbcdb304939af3f92c0fc8d049a" candidate_uuid: "07d934b82ebc44aa9fffc518b2c8e166" candidate_term: 1 candidate_status { last_received { term: 0 index: 0 } } ignore_live_leader: false dest_uuid: "f7a9330b82a84d16b10f4cac228d887e" is_pre_election: true
I20260709 13:01:46.047814  7905 raft_consensus.cc:2468] T 848dfbbcdb304939af3f92c0fc8d049a P 2dc3e50c7bcd4476a13010be1168bba3 [term 0 FOLLOWER]: Leader pre-election vote request: Granting yes vote for candidate 07d934b82ebc44aa9fffc518b2c8e166 in term 0.
