I20260709 13:01:53.408444  9639 raft_consensus.cc:740] T 5be8bc04e28444a78ee05c5d597ff466 P f9b9871c612c4a33a9480edd041764ea [term 0 FOLLOWER]: Becoming Follower/Learner. State: Replica: f9b9871c612c4a33a9480edd041764ea, State: Initialized, Role: FOLLOWER
I20260709 13:01:53.409315  9639 consensus_queue.cc:260] T 5be8bc04e28444a78ee05c5d597ff466 P f9b9871c612c4a33a9480edd041764ea [NON_LEADER]: Queue going to NON_LEADER mode. State: All replicated index: 0, Majority replicated index: 0, Committed index: 0, Last appended: 0.0, Last appended by leader: 0, Current term: 0, Majority size: -1, State: 0, Mode: NON_LEADER, active raft config: opid_index: -1 OBSOLETE_local: false peers { permanent_uuid: "f9b9871c612c4a33a9480edd041764ea" member_type: VOTER last_known_addr { host: "127.8.38.1" port: 42435 } } peers { permanent_uuid: "b8e705471c4045aa9defad6913683072" member_type: VOTER last_known_addr { host: "127.8.38.2" port: 43507 } } peers { permanent_uuid: "60569f025e904529a8ce04d47f071934" member_type: VOTER last_known_addr { host: "127.8.38.3" port: 35081 } }
I20260709 13:01:53.411291  9640 tablet_bootstrap.cc:492] T cc258462ed034ec29196b49914e8ea4a P 60569f025e904529a8ce04d47f071934: No bootstrap required, opened a new log
I20260709 13:01:53.411738  9640 ts_tablet_manager.cc:1403] T cc258462ed034ec29196b49914e8ea4a P 60569f025e904529a8ce04d47f071934: Time spent bootstrapping tablet: real 0.048s	user 0.024s	sys 0.016s
I20260709 13:01:53.413547  9649 leader_election.cc:290] T 61eec6ffc2884681a76c2ba9d681a44d P f9b9871c612c4a33a9480edd041764ea [CANDIDATE]: Term 1 election: Requested vote from peers b8e705471c4045aa9defad6913683072 (127.8.38.2:43507), 60569f025e904529a8ce04d47f071934 (127.8.38.3:35081)
I20260709 13:01:53.414036  9644 raft_consensus.cc:493] T 444b76ba19c840138465496856007e1f P 60569f025e904529a8ce04d47f071934 [term 0 FOLLOWER]: Starting pre-election (no leader contacted us within the election timeout)
I20260709 13:01:53.414480  9644 raft_consensus.cc:515] T 444b76ba19c840138465496856007e1f P 60569f025e904529a8ce04d47f071934 [term 0 FOLLOWER]: Starting pre-election with config: opid_index: -1 OBSOLETE_local: false peers { permanent_uuid: "f9b9871c612c4a33a9480edd041764ea" member_type: VOTER last_known_addr { host: "127.8.38.1" port: 42435 } } peers { permanent_uuid: "b8e705471c4045aa9defad6913683072" member_type: VOTER last_known_addr { host: "127.8.38.2" port: 43507 } } peers { permanent_uuid: "60569f025e904529a8ce04d47f071934" member_type: VOTER last_known_addr { host: "127.8.38.3" port: 35081 } }
I20260709 13:01:53.414798  9525 tablet_service.cc:1917] Received RequestConsensusVote() RPC: tablet_id: "61eec6ffc2884681a76c2ba9d681a44d" candidate_uuid: "f9b9871c612c4a33a9480edd041764ea" candidate_term: 1 candidate_status { last_received { term: 0 index: 0 } } ignore_live_leader: false dest_uuid: "b8e705471c4045aa9defad6913683072"
I20260709 13:01:53.415828  9525 raft_consensus.cc:3060] T 61eec6ffc2884681a76c2ba9d681a44d P b8e705471c4045aa9defad6913683072 [term 0 FOLLOWER]: Advancing to term 1
I20260709 13:01:53.411266  9675 raft_consensus.cc:515] T cc258462ed034ec29196b49914e8ea4a P f9b9871c612c4a33a9480edd041764ea [term 1 FOLLOWER]: Starting leader election with config: opid_index: -1 OBSOLETE_local: false peers { permanent_uuid: "f9b9871c612c4a33a9480edd041764ea" member_type: VOTER last_known_addr { host: "127.8.38.1" port: 42435 } } peers { permanent_uuid: "b8e705471c4045aa9defad6913683072" member_type: VOTER last_known_addr { host: "127.8.38.2" port: 43507 } } peers { permanent_uuid: "60569f025e904529a8ce04d47f071934" member_type: VOTER last_known_addr { host: "127.8.38.3" port: 35081 } }
I20260709 13:01:53.416437  9644 leader_election.cc:290] T 444b76ba19c840138465496856007e1f P 60569f025e904529a8ce04d47f071934 [CANDIDATE]: Term 1 pre-election: Requested pre-vote from peers f9b9871c612c4a33a9480edd041764ea (127.8.38.1:42435), b8e705471c4045aa9defad6913683072 (127.8.38.2:43507)
I20260709 13:01:53.417367  9598 tablet_service.cc:1917] Received RequestConsensusVote() RPC: tablet_id: "61eec6ffc2884681a76c2ba9d681a44d" candidate_uuid: "f9b9871c612c4a33a9480edd041764ea" candidate_term: 1 candidate_status { last_received { term: 0 index: 0 } } ignore_live_leader: false dest_uuid: "60569f025e904529a8ce04d47f071934"
I20260709 13:01:53.418154  9598 raft_consensus.cc:3060] T 61eec6ffc2884681a76c2ba9d681a44d P 60569f025e904529a8ce04d47f071934 [term 0 FOLLOWER]: Advancing to term 1
I20260709 13:01:53.418587  9449 tablet_service.cc:1917] Received RequestConsensusVote() RPC: tablet_id: "444b76ba19c840138465496856007e1f" candidate_uuid: "60569f025e904529a8ce04d47f071934" candidate_term: 1 candidate_status { last_received { term: 0 index: 0 } } ignore_live_leader: false dest_uuid: "f9b9871c612c4a33a9480edd041764ea" is_pre_election: true
I20260709 13:01:53.407545  9642 tablet_bootstrap.cc:492] T 0d21654290f24603b2294f0f2d5facfd P b8e705471c4045aa9defad6913683072: No bootstrap required, opened a new log
I20260709 13:01:53.406867  9677 leader_election.cc:290] T 61eec6ffc2884681a76c2ba9d681a44d P f9b9871c612c4a33a9480edd041764ea [CANDIDATE]: Term 1 pre-election: Requested pre-vote from peers b8e705471c4045aa9defad6913683072 (127.8.38.2:43507), 60569f025e904529a8ce04d47f071934 (127.8.38.3:35081)
I20260709 13:01:53.419783  9642 ts_tablet_manager.cc:1403] T 0d21654290f24603b2294f0f2d5facfd P b8e705471c4045aa9defad6913683072: Time spent bootstrapping tablet: real 0.046s	user 0.012s	sys 0.000s
I20260709 13:01:53.420938  9524 tablet_service.cc:1917] Received RequestConsensusVote() RPC: tablet_id: "444b76ba19c840138465496856007e1f" candidate_uuid: "60569f025e904529a8ce04d47f071934" candidate_term: 1 candidate_status { last_received { term: 0 index: 0 } } ignore_live_leader: false dest_uuid: "b8e705471c4045aa9defad6913683072" is_pre_election: true
W20260709 13:01:53.422041  9563 leader_election.cc:343] T 444b76ba19c840138465496856007e1f P 60569f025e904529a8ce04d47f071934 [CANDIDATE]: Term 1 pre-election: Tablet error from VoteRequest() call to peer f9b9871c612c4a33a9480edd041764ea (127.8.38.1:42435): Illegal state: must be running to vote when last-logged opid is not known
I20260709 13:01:53.422746  9642 raft_consensus.cc:359] T 0d21654290f24603b2294f0f2d5facfd P b8e705471c4045aa9defad6913683072 [term 0 FOLLOWER]: Replica starting. Triggering 0 pending ops. Active config: opid_index: -1 OBSOLETE_local: false peers { permanent_uuid: "f9b9871c612c4a33a9480edd041764ea" member_type: VOTER last_known_addr { host: "127.8.38.1" port: 42435 } } peers { permanent_uuid: "b8e705471c4045aa9defad6913683072" member_type: VOTER last_known_addr { host: "127.8.38.2" port: 43507 } } peers { permanent_uuid: "60569f025e904529a8ce04d47f071934" member_type: VOTER last_known_addr { host: "127.8.38.3" port: 35081 } }
I20260709 13:01:53.423460  9642 raft_consensus.cc:385] T 0d21654290f24603b2294f0f2d5facfd P b8e705471c4045aa9defad6913683072 [term 0 FOLLOWER]: Consensus starting up: Expiring failure detector timer to make a prompt election more likely
I20260709 13:01:53.423744  9642 raft_consensus.cc:740] T 0d21654290f24603b2294f0f2d5facfd P b8e705471c4045aa9defad6913683072 [term 0 FOLLOWER]: Becoming Follower/Learner. State: Replica: b8e705471c4045aa9defad6913683072, State: Initialized, Role: FOLLOWER
I20260709 13:01:53.415122  9640 raft_consensus.cc:359] T cc258462ed034ec29196b49914e8ea4a P 60569f025e904529a8ce04d47f071934 [term 0 FOLLOWER]: Replica starting. Triggering 0 pending ops. Active config: opid_index: -1 OBSOLETE_local: false peers { permanent_uuid: "f9b9871c612c4a33a9480edd041764ea" member_type: VOTER last_known_addr { host: "127.8.38.1" port: 42435 } } peers { permanent_uuid: "b8e705471c4045aa9defad6913683072" member_type: VOTER last_known_addr { host: "127.8.38.2" port: 43507 } } peers { permanent_uuid: "60569f025e904529a8ce04d47f071934" member_type: VOTER last_known_addr { host: "127.8.38.3" port: 35081 } }
W20260709 13:01:53.425549  9564 leader_election.cc:343] T 444b76ba19c840138465496856007e1f P 60569f025e904529a8ce04d47f071934 [CANDIDATE]: Term 1 pre-election: Tablet error from VoteRequest() call to peer b8e705471c4045aa9defad6913683072 (127.8.38.2:43507): Illegal state: must be running to vote when last-logged opid is not known
I20260709 13:01:53.425889  9640 raft_consensus.cc:385] T cc258462ed034ec29196b49914e8ea4a P 60569f025e904529a8ce04d47f071934 [term 0 FOLLOWER]: Consensus starting up: Expiring failure detector timer to make a prompt election more likely
I20260709 13:01:53.426213  9640 raft_consensus.cc:740] T cc258462ed034ec29196b49914e8ea4a P 60569f025e904529a8ce04d47f071934 [term 0 FOLLOWER]: Becoming Follower/Learner. State: Replica: 60569f025e904529a8ce04d47f071934, State: Initialized, Role: FOLLOWER
I20260709 13:01:53.426057  9564 leader_election.cc:304] T 444b76ba19c840138465496856007e1f P 60569f025e904529a8ce04d47f071934 [CANDIDATE]: Term 1 pre-election: Election decided. Result: candidate lost. Election summary: received 3 responses out of 3 voters: 1 yes votes; 2 no votes. yes voters: 60569f025e904529a8ce04d47f071934; no voters: b8e705471c4045aa9defad6913683072, f9b9871c612c4a33a9480edd041764ea
I20260709 13:01:53.426980  9640 consensus_queue.cc:260] T cc258462ed034ec29196b49914e8ea4a P 60569f025e904529a8ce04d47f071934 [NON_LEADER]: Queue going to NON_LEADER mode. State: All replicated index: 0, Majority replicated index: 0, Committed index: 0, Last appended: 0.0, Last appended by leader: 0, Current term: 0, Majority size: -1, State: 0, Mode: NON_LEADER, active raft config: opid_index: -1 OBSOLETE_local: false peers { permanent_uuid: "f9b9871c612c4a33a9480edd041764ea" member_type: VOTER last_known_addr { host: "127.8.38.1" port: 42435 } } peers { permanent_uuid: "b8e705471c4045aa9defad6913683072" member_type: VOTER last_known_addr { host: "127.8.38.2" port: 43507 } } peers { permanent_uuid: "60569f025e904529a8ce04d47f071934" member_type: VOTER last_known_addr { host: "127.8.38.3" port: 35081 } }
I20260709 13:01:53.407160  9599 tablet_service.cc:1917] Received RequestConsensusVote() RPC: tablet_id: "61eec6ffc2884681a76c2ba9d681a44d" candidate_uuid: "f9b9871c612c4a33a9480edd041764ea" candidate_term: 1 candidate_status { last_received { term: 0 index: 0 } } ignore_live_leader: false dest_uuid: "60569f025e904529a8ce04d47f071934" is_pre_election: true
I20260709 13:01:53.428038  9669 raft_consensus.cc:2749] T 444b76ba19c840138465496856007e1f P 60569f025e904529a8ce04d47f071934 [term 0 FOLLOWER]: Leader pre-election lost for term 1. Reason: could not achieve majority
I20260709 13:01:53.431849  9525 raft_consensus.cc:2468] T 61eec6ffc2884681a76c2ba9d681a44d P b8e705471c4045aa9defad6913683072 [term 1 FOLLOWER]: Leader election vote request: Granting yes vote for candidate f9b9871c612c4a33a9480edd041764ea in term 1.
I20260709 13:01:53.432844  9642 consensus_queue.cc:260] T 0d21654290f24603b2294f0f2d5facfd P b8e705471c4045aa9defad6913683072 [NON_LEADER]: Queue going to NON_LEADER mode. State: All replicated index: 0, Majority replicated index: 0, Committed index: 0, Last appended: 0.0, Last appended by leader: 0, Current term: 0, Majority size: -1, State: 0, Mode: NON_LEADER, active raft config: opid_index: -1 OBSOLETE_local: false peers { permanent_uuid: "f9b9871c612c4a33a9480edd041764ea" member_type: VOTER last_known_addr { host: "127.8.38.1" port: 42435 } } peers { permanent_uuid: "b8e705471c4045aa9defad6913683072" member_type: VOTER last_known_addr { host: "127.8.38.2" port: 43507 } } peers { permanent_uuid: "60569f025e904529a8ce04d47f071934" member_type: VOTER last_known_addr { host: "127.8.38.3" port: 35081 } }
I20260709 13:01:53.433133  9415 leader_election.cc:304] T 61eec6ffc2884681a76c2ba9d681a44d P f9b9871c612c4a33a9480edd041764ea [CANDIDATE]: Term 1 election: Election decided. Result: candidate won. Election summary: received 2 responses out of 3 voters: 2 yes votes; 0 no votes. yes voters: b8e705471c4045aa9defad6913683072, f9b9871c612c4a33a9480edd041764ea; no voters: 
I20260709 13:01:53.433974  9677 raft_consensus.cc:2804] T 61eec6ffc2884681a76c2ba9d681a44d P f9b9871c612c4a33a9480edd041764ea [term 1 FOLLOWER]: Leader election won for term 1
I20260709 13:01:53.434413  9677 raft_consensus.cc:697] T 61eec6ffc2884681a76c2ba9d681a44d P f9b9871c612c4a33a9480edd041764ea [term 1 LEADER]: Becoming Leader. State: Replica: f9b9871c612c4a33a9480edd041764ea, State: Running, Role: LEADER
I20260709 13:01:53.435371  9642 ts_tablet_manager.cc:1434] T 0d21654290f24603b2294f0f2d5facfd P b8e705471c4045aa9defad6913683072: Time spent starting tablet: real 0.015s	user 0.006s	sys 0.000s
I20260709 13:01:53.435173  9677 consensus_queue.cc:237] T 61eec6ffc2884681a76c2ba9d681a44d P f9b9871c612c4a33a9480edd041764ea [LEADER]: Queue going to LEADER mode. State: All replicated index: 0, Majority replicated index: 0, Committed index: 0, Last appended: 0.0, Last appended by leader: 0, Current term: 1, Majority size: 2, State: 0, Mode: LEADER, active raft config: opid_index: -1 OBSOLETE_local: false peers { permanent_uuid: "f9b9871c612c4a33a9480edd041764ea" member_type: VOTER last_known_addr { host: "127.8.38.1" port: 42435 } } peers { permanent_uuid: "b8e705471c4045aa9defad6913683072" member_type: VOTER last_known_addr { host: "127.8.38.2" port: 43507 } } peers { permanent_uuid: "60569f025e904529a8ce04d47f071934" member_type: VOTER last_known_addr { host: "127.8.38.3" port: 35081 } }
I20260709 13:01:53.436489  9640 ts_tablet_manager.cc:1434] T cc258462ed034ec29196b49914e8ea4a P 60569f025e904529a8ce04d47f071934: Time spent starting tablet: real 0.024s	user 0.004s	sys 0.003s
I20260709 13:01:53.438618  9640 tablet_bootstrap.cc:492] T 5969d3e482c24b1db148249e01ffeacd P 60569f025e904529a8ce04d47f071934: Bootstrap starting.
W20260709 13:01:53.439349  9563 consensus_peers.cc:597] T 6d690419184643779e7ffe87727fb421 P 60569f025e904529a8ce04d47f071934 -> Peer f9b9871c612c4a33a9480edd041764ea (127.8.38.1:42435): Couldn't send request to peer f9b9871c612c4a33a9480edd041764ea. Error code: TABLET_NOT_RUNNING (12). Status: Illegal state: Tablet not RUNNING: INITIALIZED. This is attempt 1: this message will repeat every 5th retry.
I20260709 13:01:53.440824  9598 raft_consensus.cc:2468] T 61eec6ffc2884681a76c2ba9d681a44d P 60569f025e904529a8ce04d47f071934 [term 1 FOLLOWER]: Leader election vote request: Granting yes vote for candidate f9b9871c612c4a33a9480edd041764ea in term 1.
I20260709 13:01:53.441038  9642 tablet_bootstrap.cc:492] T 5969d3e482c24b1db148249e01ffeacd P b8e705471c4045aa9defad6913683072: Bootstrap starting.
I20260709 13:01:53.443307  9525 tablet_service.cc:1917] Received RequestConsensusVote() RPC: tablet_id: "cc258462ed034ec29196b49914e8ea4a" candidate_uuid: "f9b9871c612c4a33a9480edd041764ea" candidate_term: 1 candidate_status { last_received { term: 0 index: 0 } } ignore_live_leader: false dest_uuid: "b8e705471c4045aa9defad6913683072"
I20260709 13:01:53.443886  9525 raft_consensus.cc:3060] T cc258462ed034ec29196b49914e8ea4a P b8e705471c4045aa9defad6913683072 [term 0 FOLLOWER]: Advancing to term 1
I20260709 13:01:53.448617  9675 leader_election.cc:290] T cc258462ed034ec29196b49914e8ea4a P f9b9871c612c4a33a9480edd041764ea [CANDIDATE]: Term 1 election: Requested vote from peers b8e705471c4045aa9defad6913683072 (127.8.38.2:43507), 60569f025e904529a8ce04d47f071934 (127.8.38.3:35081)
I20260709 13:01:53.447109  9642 tablet_bootstrap.cc:654] T 5969d3e482c24b1db148249e01ffeacd P b8e705471c4045aa9defad6913683072: Neither blocks nor log segments found. Creating new log.
I20260709 13:01:53.452289  9640 tablet_bootstrap.cc:654] T 5969d3e482c24b1db148249e01ffeacd P 60569f025e904529a8ce04d47f071934: Neither blocks nor log segments found. Creating new log.
I20260709 13:01:53.458799  9525 raft_consensus.cc:2468] T cc258462ed034ec29196b49914e8ea4a P b8e705471c4045aa9defad6913683072 [term 1 FOLLOWER]: Leader election vote request: Granting yes vote for candidate f9b9871c612c4a33a9480edd041764ea in term 1.
I20260709 13:01:53.460021  9415 leader_election.cc:304] T cc258462ed034ec29196b49914e8ea4a P f9b9871c612c4a33a9480edd041764ea [CANDIDATE]: Term 1 election: Election decided. Result: candidate won. Election summary: received 2 responses out of 3 voters: 2 yes votes; 0 no votes. yes voters: b8e705471c4045aa9defad6913683072, f9b9871c612c4a33a9480edd041764ea; no voters: 
I20260709 13:01:53.460724  9675 raft_consensus.cc:2804] T cc258462ed034ec29196b49914e8ea4a P f9b9871c612c4a33a9480edd041764ea [term 1 FOLLOWER]: Leader election won for term 1
I20260709 13:01:53.461197  9675 raft_consensus.cc:697] T cc258462ed034ec29196b49914e8ea4a P f9b9871c612c4a33a9480edd041764ea [term 1 LEADER]: Becoming Leader. State: Replica: f9b9871c612c4a33a9480edd041764ea, State: Running, Role: LEADER
I20260709 13:01:53.462112  9675 consensus_queue.cc:237] T cc258462ed034ec29196b49914e8ea4a P f9b9871c612c4a33a9480edd041764ea [LEADER]: Queue going to LEADER mode. State: All replicated index: 0, Majority replicated index: 0, Committed index: 0, Last appended: 0.0, Last appended by leader: 0, Current term: 1, Majority size: 2, State: 0, Mode: LEADER, active raft config: opid_index: -1 OBSOLETE_local: false peers { permanent_uuid: "f9b9871c612c4a33a9480edd041764ea" member_type: VOTER last_known_addr { host: "127.8.38.1" port: 42435 } } peers { permanent_uuid: "b8e705471c4045aa9defad6913683072" member_type: VOTER last_known_addr { host: "127.8.38.2" port: 43507 } } peers { permanent_uuid: "60569f025e904529a8ce04d47f071934" member_type: VOTER last_known_addr { host: "127.8.38.3" port: 35081 } }
I20260709 13:01:53.467964  9640 tablet_bootstrap.cc:492] T 5969d3e482c24b1db148249e01ffeacd P 60569f025e904529a8ce04d47f071934: No bootstrap required, opened a new log
I20260709 13:01:53.468508  9640 ts_tablet_manager.cc:1403] T 5969d3e482c24b1db148249e01ffeacd P 60569f025e904529a8ce04d47f071934: Time spent bootstrapping tablet: real 0.030s	user 0.008s	sys 0.000s
I20260709 13:01:53.468829  9598 tablet_service.cc:1917] Received RequestConsensusVote() RPC: tablet_id: "cc258462ed034ec29196b49914e8ea4a" candidate_uuid: "f9b9871c612c4a33a9480edd041764ea" candidate_term: 1 candidate_status { last_received { term: 0 index: 0 } } ignore_live_leader: false dest_uuid: "60569f025e904529a8ce04d47f071934"
I20260709 13:01:53.469537  9598 raft_consensus.cc:3060] T cc258462ed034ec29196b49914e8ea4a P 60569f025e904529a8ce04d47f071934 [term 0 FOLLOWER]: Advancing to term 1
I20260709 13:01:53.471184  9640 raft_consensus.cc:359] T 5969d3e482c24b1db148249e01ffeacd P 60569f025e904529a8ce04d47f071934 [term 0 FOLLOWER]: Replica starting. Triggering 0 pending ops. Active config: opid_index: -1 OBSOLETE_local: false peers { permanent_uuid: "60569f025e904529a8ce04d47f071934" member_type: VOTER last_known_addr { host: "127.8.38.3" port: 35081 } } peers { permanent_uuid: "b8e705471c4045aa9defad6913683072" member_type: VOTER last_known_addr { host: "127.8.38.2" port: 43507 } } peers { permanent_uuid: "f9b9871c612c4a33a9480edd041764ea" member_type: VOTER last_known_addr { host: "127.8.38.1" port: 42435 } }
I20260709 13:01:53.471843  9640 raft_consensus.cc:385] T 5969d3e482c24b1db148249e01ffeacd P 60569f025e904529a8ce04d47f071934 [term 0 FOLLOWER]: Consensus starting up: Expiring failure detector timer to make a prompt election more likely
I20260709 13:01:53.472121  9640 raft_consensus.cc:740] T 5969d3e482c24b1db148249e01ffeacd P 60569f025e904529a8ce04d47f071934 [term 0 FOLLOWER]: Becoming Follower/Learner. State: Replica: 60569f025e904529a8ce04d47f071934, State: Initialized, Role: FOLLOWER
I20260709 13:01:53.473309  9640 consensus_queue.cc:260] T 5969d3e482c24b1db148249e01ffeacd P 60569f025e904529a8ce04d47f071934 [NON_LEADER]: Queue going to NON_LEADER mode. State: All replicated index: 0, Majority replicated index: 0, Committed index: 0, Last appended: 0.0, Last appended by leader: 0, Current term: 0, Majority size: -1, State: 0, Mode: NON_LEADER, active raft config: opid_index: -1 OBSOLETE_local: false peers { permanent_uuid: "60569f025e904529a8ce04d47f071934" member_type: VOTER last_known_addr { host: "127.8.38.3" port: 35081 } } peers { permanent_uuid: "b8e705471c4045aa9defad6913683072" member_type: VOTER last_known_addr { host: "127.8.38.2" port: 43507 } } peers { permanent_uuid: "f9b9871c612c4a33a9480edd041764ea" member_type: VOTER last_known_addr { host: "127.8.38.1" port: 42435 } }
I20260709 13:01:53.478200  9640 ts_tablet_manager.cc:1434] T 5969d3e482c24b1db148249e01ffeacd P 60569f025e904529a8ce04d47f071934: Time spent starting tablet: real 0.009s	user 0.008s	sys 0.000s
I20260709 13:01:53.479149  9640 tablet_bootstrap.cc:492] T e813e67c0d3740b3a6949be779143834 P 60569f025e904529a8ce04d47f071934: Bootstrap starting.
I20260709 13:01:53.484912  9640 tablet_bootstrap.cc:654] T e813e67c0d3740b3a6949be779143834 P 60569f025e904529a8ce04d47f071934: Neither blocks nor log segments found. Creating new log.
I20260709 13:01:53.494997  9598 raft_consensus.cc:2468] T cc258462ed034ec29196b49914e8ea4a P 60569f025e904529a8ce04d47f071934 [term 1 FOLLOWER]: Leader election vote request: Granting yes vote for candidate f9b9871c612c4a33a9480edd041764ea in term 1.
I20260709 13:01:53.499125  9639 ts_tablet_manager.cc:1434] T 5be8bc04e28444a78ee05c5d597ff466 P f9b9871c612c4a33a9480edd041764ea: Time spent starting tablet: real 0.101s	user 0.015s	sys 0.033s
I20260709 13:01:53.499938  9639 tablet_bootstrap.cc:492] T 0d21654290f24603b2294f0f2d5facfd P f9b9871c612c4a33a9480edd041764ea: Bootstrap starting.
I20260709 13:01:53.500097  9642 tablet_bootstrap.cc:492] T 5969d3e482c24b1db148249e01ffeacd P b8e705471c4045aa9defad6913683072: No bootstrap required, opened a new log
I20260709 13:01:53.500568  9642 ts_tablet_manager.cc:1403] T 5969d3e482c24b1db148249e01ffeacd P b8e705471c4045aa9defad6913683072: Time spent bootstrapping tablet: real 0.060s	user 0.014s	sys 0.032s
I20260709 13:01:53.500321  9348 catalog_manager.cc:5697] T 61eec6ffc2884681a76c2ba9d681a44d P f9b9871c612c4a33a9480edd041764ea reported cstate change: term changed from 0 to 1, leader changed from <none> to f9b9871c612c4a33a9480edd041764ea (127.8.38.1). New cstate: current_term: 1 leader_uuid: "f9b9871c612c4a33a9480edd041764ea" committed_config { opid_index: -1 OBSOLETE_local: false peers { permanent_uuid: "f9b9871c612c4a33a9480edd041764ea" member_type: VOTER last_known_addr { host: "127.8.38.1" port: 42435 } health_report { overall_health: HEALTHY } } peers { permanent_uuid: "b8e705471c4045aa9defad6913683072" member_type: VOTER last_known_addr { host: "127.8.38.2" port: 43507 } health_report { overall_health: UNKNOWN } } peers { permanent_uuid: "60569f025e904529a8ce04d47f071934" member_type: VOTER last_known_addr { host: "127.8.38.3" port: 35081 } health_report { overall_health: UNKNOWN } } }
I20260709 13:01:53.503345  9642 raft_consensus.cc:359] T 5969d3e482c24b1db148249e01ffeacd P b8e705471c4045aa9defad6913683072 [term 0 FOLLOWER]: Replica starting. Triggering 0 pending ops. Active config: opid_index: -1 OBSOLETE_local: false peers { permanent_uuid: "60569f025e904529a8ce04d47f071934" member_type: VOTER last_known_addr { host: "127.8.38.3" port: 35081 } } peers { permanent_uuid: "b8e705471c4045aa9defad6913683072" member_type: VOTER last_known_addr { host: "127.8.38.2" port: 43507 } } peers { permanent_uuid: "f9b9871c612c4a33a9480edd041764ea" member_type: VOTER last_known_addr { host: "127.8.38.1" port: 42435 } }
I20260709 13:01:53.504045  9640 tablet_bootstrap.cc:492] T e813e67c0d3740b3a6949be779143834 P 60569f025e904529a8ce04d47f071934: No bootstrap required, opened a new log
I20260709 13:01:53.504001  9642 raft_consensus.cc:385] T 5969d3e482c24b1db148249e01ffeacd P b8e705471c4045aa9defad6913683072 [term 0 FOLLOWER]: Consensus starting up: Expiring failure detector timer to make a prompt election more likely
I20260709 13:01:53.504436  9642 raft_consensus.cc:740] T 5969d3e482c24b1db148249e01ffeacd P b8e705471c4045aa9defad6913683072 [term 0 FOLLOWER]: Becoming Follower/Learner. State: Replica: b8e705471c4045aa9defad6913683072, State: Initialized, Role: FOLLOWER
I20260709 13:01:53.504559  9640 ts_tablet_manager.cc:1403] T e813e67c0d3740b3a6949be779143834 P 60569f025e904529a8ce04d47f071934: Time spent bootstrapping tablet: real 0.026s	user 0.016s	sys 0.003s
I20260709 13:01:53.504918  9639 tablet_bootstrap.cc:654] T 0d21654290f24603b2294f0f2d5facfd P f9b9871c612c4a33a9480edd041764ea: Neither blocks nor log segments found. Creating new log.
I20260709 13:01:53.505259  9642 consensus_queue.cc:260] T 5969d3e482c24b1db148249e01ffeacd P b8e705471c4045aa9defad6913683072 [NON_LEADER]: Queue going to NON_LEADER mode. State: All replicated index: 0, Majority replicated index: 0, Committed index: 0, Last appended: 0.0, Last appended by leader: 0, Current term: 0, Majority size: -1, State: 0, Mode: NON_LEADER, active raft config: opid_index: -1 OBSOLETE_local: false peers { permanent_uuid: "60569f025e904529a8ce04d47f071934" member_type: VOTER last_known_addr { host: "127.8.38.3" port: 35081 } } peers { permanent_uuid: "b8e705471c4045aa9defad6913683072" member_type: VOTER last_known_addr { host: "127.8.38.2" port: 43507 } } peers { permanent_uuid: "f9b9871c612c4a33a9480edd041764ea" member_type: VOTER last_known_addr { host: "127.8.38.1" port: 42435 } }
I20260709 13:01:53.507015  9640 raft_consensus.cc:359] T e813e67c0d3740b3a6949be779143834 P 60569f025e904529a8ce04d47f071934 [term 0 FOLLOWER]: Replica starting. Triggering 0 pending ops. Active config: opid_index: -1 OBSOLETE_local: false peers { permanent_uuid: "f9b9871c612c4a33a9480edd041764ea" member_type: VOTER last_known_addr { host: "127.8.38.1" port: 42435 } } peers { permanent_uuid: "b8e705471c4045aa9defad6913683072" member_type: VOTER last_known_addr { host: "127.8.38.2" port: 43507 } } peers { permanent_uuid: "60569f025e904529a8ce04d47f071934" member_type: VOTER last_known_addr { host: "127.8.38.3" port: 35081 } }
I20260709 13:01:53.507602  9640 raft_consensus.cc:385] T e813e67c0d3740b3a6949be779143834 P 60569f025e904529a8ce04d47f071934 [term 0 FOLLOWER]: Consensus starting up: Expiring failure detector timer to make a prompt election more likely
I20260709 13:01:53.507855  9640 raft_consensus.cc:740] T e813e67c0d3740b3a6949be779143834 P 60569f025e904529a8ce04d47f071934 [term 0 FOLLOWER]: Becoming Follower/Learner. State: Replica: 60569f025e904529a8ce04d47f071934, State: Initialized, Role: FOLLOWER
I20260709 13:01:53.508569  9640 consensus_queue.cc:260] T e813e67c0d3740b3a6949be779143834 P 60569f025e904529a8ce04d47f071934 [NON_LEADER]: Queue going to NON_LEADER mode. State: All replicated index: 0, Majority replicated index: 0, Committed index: 0, Last appended: 0.0, Last appended by leader: 0, Current term: 0, Majority size: -1, State: 0, Mode: NON_LEADER, active raft config: opid_index: -1 OBSOLETE_local: false peers { permanent_uuid: "f9b9871c612c4a33a9480edd041764ea" member_type: VOTER last_known_addr { host: "127.8.38.1" port: 42435 } } peers { permanent_uuid: "b8e705471c4045aa9defad6913683072" member_type: VOTER last_known_addr { host: "127.8.38.2" port: 43507 } } peers { permanent_uuid: "60569f025e904529a8ce04d47f071934" member_type: VOTER last_known_addr { host: "127.8.38.3" port: 35081 } }
I20260709 13:01:53.514191  9642 ts_tablet_manager.cc:1434] T 5969d3e482c24b1db148249e01ffeacd P b8e705471c4045aa9defad6913683072: Time spent starting tablet: real 0.013s	user 0.009s	sys 0.000s
I20260709 13:01:53.517575  9345 catalog_manager.cc:5697] T cc258462ed034ec29196b49914e8ea4a P f9b9871c612c4a33a9480edd041764ea reported cstate change: term changed from 0 to 1, leader changed from <none> to f9b9871c612c4a33a9480edd041764ea (127.8.38.1). New cstate: current_term: 1 leader_uuid: "f9b9871c612c4a33a9480edd041764ea" committed_config { opid_index: -1 OBSOLETE_local: false peers { permanent_uuid: "f9b9871c612c4a33a9480edd041764ea" member_type: VOTER last_known_addr { host: "127.8.38.1" port: 42435 } health_report { overall_health: HEALTHY } } peers { permanent_uuid: "b8e705471c4045aa9defad6913683072" member_type: VOTER last_known_addr { host: "127.8.38.2" port: 43507 } health_report { overall_health: UNKNOWN } } peers { permanent_uuid: "60569f025e904529a8ce04d47f071934" member_type: VOTER last_known_addr { host: "127.8.38.3" port: 35081 } health_report { overall_health: UNKNOWN } } }
I20260709 13:01:53.518610  9640 ts_tablet_manager.cc:1434] T e813e67c0d3740b3a6949be779143834 P 60569f025e904529a8ce04d47f071934: Time spent starting tablet: real 0.014s	user 0.005s	sys 0.000s
I20260709 13:01:53.521728  9642 tablet_bootstrap.cc:492] T c5bfce38f0b64e6b9c684c78bc6036bf P b8e705471c4045aa9defad6913683072: Bootstrap starting.
I20260709 13:01:53.526835  9640 tablet_bootstrap.cc:492] T 69ebcb1ea34d46e589c0b22ad1eb3754 P 60569f025e904529a8ce04d47f071934: Bootstrap starting.
I20260709 13:01:53.528152  9642 tablet_bootstrap.cc:654] T c5bfce38f0b64e6b9c684c78bc6036bf P b8e705471c4045aa9defad6913683072: Neither blocks nor log segments found. Creating new log.
I20260709 13:01:53.532812  9640 tablet_bootstrap.cc:654] T 69ebcb1ea34d46e589c0b22ad1eb3754 P 60569f025e904529a8ce04d47f071934: Neither blocks nor log segments found. Creating new log.
I20260709 13:01:53.534107  9639 tablet_bootstrap.cc:492] T 0d21654290f24603b2294f0f2d5facfd P f9b9871c612c4a33a9480edd041764ea: No bootstrap required, opened a new log
I20260709 13:01:53.534467  9639 ts_tablet_manager.cc:1403] T 0d21654290f24603b2294f0f2d5facfd P f9b9871c612c4a33a9480edd041764ea: Time spent bootstrapping tablet: real 0.035s	user 0.014s	sys 0.017s
I20260709 13:01:53.535073  9642 tablet_bootstrap.cc:492] T c5bfce38f0b64e6b9c684c78bc6036bf P b8e705471c4045aa9defad6913683072: No bootstrap required, opened a new log
I20260709 13:01:53.535548  9642 ts_tablet_manager.cc:1403] T c5bfce38f0b64e6b9c684c78bc6036bf P b8e705471c4045aa9defad6913683072: Time spent bootstrapping tablet: real 0.014s	user 0.005s	sys 0.007s
I20260709 13:01:53.536607  9639 raft_consensus.cc:359] T 0d21654290f24603b2294f0f2d5facfd P f9b9871c612c4a33a9480edd041764ea [term 0 FOLLOWER]: Replica starting. Triggering 0 pending ops. Active config: opid_index: -1 OBSOLETE_local: false peers { permanent_uuid: "f9b9871c612c4a33a9480edd041764ea" member_type: VOTER last_known_addr { host: "127.8.38.1" port: 42435 } } peers { permanent_uuid: "b8e705471c4045aa9defad6913683072" member_type: VOTER last_known_addr { host: "127.8.38.2" port: 43507 } } peers { permanent_uuid: "60569f025e904529a8ce04d47f071934" member_type: VOTER last_known_addr { host: "127.8.38.3" port: 35081 } }
I20260709 13:01:53.537086  9639 raft_consensus.cc:385] T 0d21654290f24603b2294f0f2d5facfd P f9b9871c612c4a33a9480edd041764ea [term 0 FOLLOWER]: Consensus starting up: Expiring failure detector timer to make a prompt election more likely
I20260709 13:01:53.537287  9639 raft_consensus.cc:740] T 0d21654290f24603b2294f0f2d5facfd P f9b9871c612c4a33a9480edd041764ea [term 0 FOLLOWER]: Becoming Follower/Learner. State: Replica: f9b9871c612c4a33a9480edd041764ea, State: Initialized, Role: FOLLOWER
I20260709 13:01:53.537503  9640 tablet_bootstrap.cc:492] T 69ebcb1ea34d46e589c0b22ad1eb3754 P 60569f025e904529a8ce04d47f071934: No bootstrap required, opened a new log
I20260709 13:01:53.537950  9640 ts_tablet_manager.cc:1403] T 69ebcb1ea34d46e589c0b22ad1eb3754 P 60569f025e904529a8ce04d47f071934: Time spent bootstrapping tablet: real 0.011s	user 0.011s	sys 0.000s
I20260709 13:01:53.537807  9642 raft_consensus.cc:359] T c5bfce38f0b64e6b9c684c78bc6036bf P b8e705471c4045aa9defad6913683072 [term 0 FOLLOWER]: Replica starting. Triggering 0 pending ops. Active config: opid_index: -1 OBSOLETE_local: false peers { permanent_uuid: "f9b9871c612c4a33a9480edd041764ea" member_type: VOTER last_known_addr { host: "127.8.38.1" port: 42435 } } peers { permanent_uuid: "b8e705471c4045aa9defad6913683072" member_type: VOTER last_known_addr { host: "127.8.38.2" port: 43507 } } peers { permanent_uuid: "60569f025e904529a8ce04d47f071934" member_type: VOTER last_known_addr { host: "127.8.38.3" port: 35081 } }
I20260709 13:01:53.537868  9639 consensus_queue.cc:260] T 0d21654290f24603b2294f0f2d5facfd P f9b9871c612c4a33a9480edd041764ea [NON_LEADER]: Queue going to NON_LEADER mode. State: All replicated index: 0, Majority replicated index: 0, Committed index: 0, Last appended: 0.0, Last appended by leader: 0, Current term: 0, Majority size: -1, State: 0, Mode: NON_LEADER, active raft config: opid_index: -1 OBSOLETE_local: false peers { permanent_uuid: "f9b9871c612c4a33a9480edd041764ea" member_type: VOTER last_known_addr { host: "127.8.38.1" port: 42435 } } peers { permanent_uuid: "b8e705471c4045aa9defad6913683072" member_type: VOTER last_known_addr { host: "127.8.38.2" port: 43507 } } peers { permanent_uuid: "60569f025e904529a8ce04d47f071934" member_type: VOTER last_known_addr { host: "127.8.38.3" port: 35081 } }
I20260709 13:01:53.538502  9642 raft_consensus.cc:385] T c5bfce38f0b64e6b9c684c78bc6036bf P b8e705471c4045aa9defad6913683072 [term 0 FOLLOWER]: Consensus starting up: Expiring failure detector timer to make a prompt election more likely
I20260709 13:01:53.538785  9642 raft_consensus.cc:740] T c5bfce38f0b64e6b9c684c78bc6036bf P b8e705471c4045aa9defad6913683072 [term 0 FOLLOWER]: Becoming Follower/Learner. State: Replica: b8e705471c4045aa9defad6913683072, State: Initialized, Role: FOLLOWER
I20260709 13:01:53.539466  9642 consensus_queue.cc:260] T c5bfce38f0b64e6b9c684c78bc6036bf P b8e705471c4045aa9defad6913683072 [NON_LEADER]: Queue going to NON_LEADER mode. State: All replicated index: 0, Majority replicated index: 0, Committed index: 0, Last appended: 0.0, Last appended by leader: 0, Current term: 0, Majority size: -1, State: 0, Mode: NON_LEADER, active raft config: opid_index: -1 OBSOLETE_local: false peers { permanent_uuid: "f9b9871c612c4a33a9480edd041764ea" member_type: VOTER last_known_addr { host: "127.8.38.1" port: 42435 } } peers { permanent_uuid: "b8e705471c4045aa9defad6913683072" member_type: VOTER last_known_addr { host: "127.8.38.2" port: 43507 } } peers { permanent_uuid: "60569f025e904529a8ce04d47f071934" member_type: VOTER last_known_addr { host: "127.8.38.3" port: 35081 } }
I20260709 13:01:53.540457  9640 raft_consensus.cc:359] T 69ebcb1ea34d46e589c0b22ad1eb3754 P 60569f025e904529a8ce04d47f071934 [term 0 FOLLOWER]: Replica starting. Triggering 0 pending ops. Active config: opid_index: -1 OBSOLETE_local: false peers { permanent_uuid: "f9b9871c612c4a33a9480edd041764ea" member_type: VOTER last_known_addr { host: "127.8.38.1" port: 42435 } } peers { permanent_uuid: "b8e705471c4045aa9defad6913683072" member_type: VOTER last_known_addr { host: "127.8.38.2" port: 43507 } } peers { permanent_uuid: "60569f025e904529a8ce04d47f071934" member_type: VOTER last_known_addr { host: "127.8.38.3" port: 35081 } }
I20260709 13:01:53.541065  9640 raft_consensus.cc:385] T 69ebcb1ea34d46e589c0b22ad1eb3754 P 60569f025e904529a8ce04d47f071934 [term 0 FOLLOWER]: Consensus starting up: Expiring failure detector timer to make a prompt election more likely
I20260709 13:01:53.541306  9640 raft_consensus.cc:740] T 69ebcb1ea34d46e589c0b22ad1eb3754 P 60569f025e904529a8ce04d47f071934 [term 0 FOLLOWER]: Becoming Follower/Learner. State: Replica: 60569f025e904529a8ce04d47f071934, State: Initialized, Role: FOLLOWER
I20260709 13:01:53.541967  9640 consensus_queue.cc:260] T 69ebcb1ea34d46e589c0b22ad1eb3754 P 60569f025e904529a8ce04d47f071934 [NON_LEADER]: Queue going to NON_LEADER mode. State: All replicated index: 0, Majority replicated index: 0, Committed index: 0, Last appended: 0.0, Last appended by leader: 0, Current term: 0, Majority size: -1, State: 0, Mode: NON_LEADER, active raft config: opid_index: -1 OBSOLETE_local: false peers { permanent_uuid: "f9b9871c612c4a33a9480edd041764ea" member_type: VOTER last_known_addr { host: "127.8.38.1" port: 42435 } } peers { permanent_uuid: "b8e705471c4045aa9defad6913683072" member_type: VOTER last_known_addr { host: "127.8.38.2" port: 43507 } } peers { permanent_uuid: "60569f025e904529a8ce04d47f071934" member_type: VOTER last_known_addr { host: "127.8.38.3" port: 35081 } }
I20260709 13:01:53.542719  9639 ts_tablet_manager.cc:1434] T 0d21654290f24603b2294f0f2d5facfd P f9b9871c612c4a33a9480edd041764ea: Time spent starting tablet: real 0.008s	user 0.002s	sys 0.003s
I20260709 13:01:53.543732  9639 tablet_bootstrap.cc:492] T a8f03dfa80814ea7be614eddd3dc1898 P f9b9871c612c4a33a9480edd041764ea: Bootstrap starting.
I20260709 13:01:53.545953  9642 ts_tablet_manager.cc:1434] T c5bfce38f0b64e6b9c684c78bc6036bf P b8e705471c4045aa9defad6913683072: Time spent starting tablet: real 0.010s	user 0.006s	sys 0.001s
I20260709 13:01:53.546794  9642 tablet_bootstrap.cc:492] T 9b063df2df114f4ca0204f35daefc7c5 P b8e705471c4045aa9defad6913683072: Bootstrap starting.
I20260709 13:01:53.549703  9644 consensus_queue.cc:1048] T 6d690419184643779e7ffe87727fb421 P 60569f025e904529a8ce04d47f071934 [LEADER]: Connected to new peer: Peer: permanent_uuid: "b8e705471c4045aa9defad6913683072" member_type: VOTER last_known_addr { host: "127.8.38.2" port: 43507 }, Status: LMP_MISMATCH, Last received: 0.0, Next index: 1, Last known committed idx: 0, Time since last communication: 0.000s
I20260709 13:01:53.551606  9639 tablet_bootstrap.cc:654] T a8f03dfa80814ea7be614eddd3dc1898 P f9b9871c612c4a33a9480edd041764ea: Neither blocks nor log segments found. Creating new log.
I20260709 13:01:53.551954  9642 tablet_bootstrap.cc:654] T 9b063df2df114f4ca0204f35daefc7c5 P b8e705471c4045aa9defad6913683072: Neither blocks nor log segments found. Creating new log.
I20260709 13:01:53.562402  9640 ts_tablet_manager.cc:1434] T 69ebcb1ea34d46e589c0b22ad1eb3754 P 60569f025e904529a8ce04d47f071934: Time spent starting tablet: real 0.024s	user 0.005s	sys 0.000s
I20260709 13:01:53.563297  9642 tablet_bootstrap.cc:492] T 9b063df2df114f4ca0204f35daefc7c5 P b8e705471c4045aa9defad6913683072: No bootstrap required, opened a new log
I20260709 13:01:53.563354  9640 tablet_bootstrap.cc:492] T ba5f500ecf0a41abab9133352ca83339 P 60569f025e904529a8ce04d47f071934: Bootstrap starting.
I20260709 13:01:53.563813  9642 ts_tablet_manager.cc:1403] T 9b063df2df114f4ca0204f35daefc7c5 P b8e705471c4045aa9defad6913683072: Time spent bootstrapping tablet: real 0.017s	user 0.006s	sys 0.008s
I20260709 13:01:53.563237  9639 tablet_bootstrap.cc:492] T a8f03dfa80814ea7be614eddd3dc1898 P f9b9871c612c4a33a9480edd041764ea: No bootstrap required, opened a new log
I20260709 13:01:53.564854  9639 ts_tablet_manager.cc:1403] T a8f03dfa80814ea7be614eddd3dc1898 P f9b9871c612c4a33a9480edd041764ea: Time spent bootstrapping tablet: real 0.021s	user 0.013s	sys 0.003s
I20260709 13:01:53.566241  9642 raft_consensus.cc:359] T 9b063df2df114f4ca0204f35daefc7c5 P b8e705471c4045aa9defad6913683072 [term 0 FOLLOWER]: Replica starting. Triggering 0 pending ops. Active config: opid_index: -1 OBSOLETE_local: false peers { permanent_uuid: "f9b9871c612c4a33a9480edd041764ea" member_type: VOTER last_known_addr { host: "127.8.38.1" port: 42435 } } peers { permanent_uuid: "b8e705471c4045aa9defad6913683072" member_type: VOTER last_known_addr { host: "127.8.38.2" port: 43507 } } peers { permanent_uuid: "60569f025e904529a8ce04d47f071934" member_type: VOTER last_known_addr { host: "127.8.38.3" port: 35081 } }
I20260709 13:01:53.566871  9642 raft_consensus.cc:385] T 9b063df2df114f4ca0204f35daefc7c5 P b8e705471c4045aa9defad6913683072 [term 0 FOLLOWER]: Consensus starting up: Expiring failure detector timer to make a prompt election more likely
I20260709 13:01:53.567126  9642 raft_consensus.cc:740] T 9b063df2df114f4ca0204f35daefc7c5 P b8e705471c4045aa9defad6913683072 [term 0 FOLLOWER]: Becoming Follower/Learner. State: Replica: b8e705471c4045aa9defad6913683072, State: Initialized, Role: FOLLOWER
I20260709 13:01:53.567373  9639 raft_consensus.cc:359] T a8f03dfa80814ea7be614eddd3dc1898 P f9b9871c612c4a33a9480edd041764ea [term 0 FOLLOWER]: Replica starting. Triggering 0 pending ops. Active config: opid_index: -1 OBSOLETE_local: false peers { permanent_uuid: "f9b9871c612c4a33a9480edd041764ea" member_type: VOTER last_known_addr { host: "127.8.38.1" port: 42435 } } peers { permanent_uuid: "b8e705471c4045aa9defad6913683072" member_type: VOTER last_known_addr { host: "127.8.38.2" port: 43507 } } peers { permanent_uuid: "60569f025e904529a8ce04d47f071934" member_type: VOTER last_known_addr { host: "127.8.38.3" port: 35081 } }
I20260709 13:01:53.568081  9639 raft_consensus.cc:385] T a8f03dfa80814ea7be614eddd3dc1898 P f9b9871c612c4a33a9480edd041764ea [term 0 FOLLOWER]: Consensus starting up: Expiring failure detector timer to make a prompt election more likely
I20260709 13:01:53.567935  9642 consensus_queue.cc:260] T 9b063df2df114f4ca0204f35daefc7c5 P b8e705471c4045aa9defad6913683072 [NON_LEADER]: Queue going to NON_LEADER mode. State: All replicated index: 0, Majority replicated index: 0, Committed index: 0, Last appended: 0.0, Last appended by leader: 0, Current term: 0, Majority size: -1, State: 0, Mode: NON_LEADER, active raft config: opid_index: -1 OBSOLETE_local: false peers { permanent_uuid: "f9b9871c612c4a33a9480edd041764ea" member_type: VOTER last_known_addr { host: "127.8.38.1" port: 42435 } } peers { permanent_uuid: "b8e705471c4045aa9defad6913683072" member_type: VOTER last_known_addr { host: "127.8.38.2" port: 43507 } } peers { permanent_uuid: "60569f025e904529a8ce04d47f071934" member_type: VOTER last_known_addr { host: "127.8.38.3" port: 35081 } }
I20260709 13:01:53.568372  9639 raft_consensus.cc:740] T a8f03dfa80814ea7be614eddd3dc1898 P f9b9871c612c4a33a9480edd041764ea [term 0 FOLLOWER]: Becoming Follower/Learner. State: Replica: f9b9871c612c4a33a9480edd041764ea, State: Initialized, Role: FOLLOWER
I20260709 13:01:53.569208  9639 consensus_queue.cc:260] T a8f03dfa80814ea7be614eddd3dc1898 P f9b9871c612c4a33a9480edd041764ea [NON_LEADER]: Queue going to NON_LEADER mode. State: All replicated index: 0, Majority replicated index: 0, Committed index: 0, Last appended: 0.0, Last appended by leader: 0, Current term: 0, Majority size: -1, State: 0, Mode: NON_LEADER, active raft config: opid_index: -1 OBSOLETE_local: false peers { permanent_uuid: "f9b9871c612c4a33a9480edd041764ea" member_type: VOTER last_known_addr { host: "127.8.38.1" port: 42435 } } peers { permanent_uuid: "b8e705471c4045aa9defad6913683072" member_type: VOTER last_known_addr { host: "127.8.38.2" port: 43507 } } peers { permanent_uuid: "60569f025e904529a8ce04d47f071934" member_type: VOTER last_known_addr { host: "127.8.38.3" port: 35081 } }
I20260709 13:01:53.570261  9642 ts_tablet_manager.cc:1434] T 9b063df2df114f4ca0204f35daefc7c5 P b8e705471c4045aa9defad6913683072: Time spent starting tablet: real 0.006s	user 0.006s	sys 0.001s
I20260709 13:01:53.571125  9642 tablet_bootstrap.cc:492] T fd31f4fffd624ad78ef39dc8050da9bf P b8e705471c4045aa9defad6913683072: Bootstrap starting.
I20260709 13:01:53.573949  9640 tablet_bootstrap.cc:654] T ba5f500ecf0a41abab9133352ca83339 P 60569f025e904529a8ce04d47f071934: Neither blocks nor log segments found. Creating new log.
I20260709 13:01:53.576238  9639 ts_tablet_manager.cc:1434] T a8f03dfa80814ea7be614eddd3dc1898 P f9b9871c612c4a33a9480edd041764ea: Time spent starting tablet: real 0.011s	user 0.005s	sys 0.000s
I20260709 13:01:53.577127  9639 tablet_bootstrap.cc:492] T 65eb59e775024bfa9c225675346dbcc2 P f9b9871c612c4a33a9480edd041764ea: Bootstrap starting.
I20260709 13:01:53.584285  9642 tablet_bootstrap.cc:654] T fd31f4fffd624ad78ef39dc8050da9bf P b8e705471c4045aa9defad6913683072: Neither blocks nor log segments found. Creating new log.
I20260709 13:01:53.593389  9639 tablet_bootstrap.cc:654] T 65eb59e775024bfa9c225675346dbcc2 P f9b9871c612c4a33a9480edd041764ea: Neither blocks nor log segments found. Creating new log.
I20260709 13:01:53.595798  9642 tablet_bootstrap.cc:492] T fd31f4fffd624ad78ef39dc8050da9bf P b8e705471c4045aa9defad6913683072: No bootstrap required, opened a new log
I20260709 13:01:53.596354  9642 ts_tablet_manager.cc:1403] T fd31f4fffd624ad78ef39dc8050da9bf P b8e705471c4045aa9defad6913683072: Time spent bootstrapping tablet: real 0.025s	user 0.015s	sys 0.000s
I20260709 13:01:53.598871  9677 raft_consensus.cc:493] T 0d21654290f24603b2294f0f2d5facfd P f9b9871c612c4a33a9480edd041764ea [term 0 FOLLOWER]: Starting pre-election (no leader contacted us within the election timeout)
I20260709 13:01:53.598984  9642 raft_consensus.cc:359] T fd31f4fffd624ad78ef39dc8050da9bf P b8e705471c4045aa9defad6913683072 [term 0 FOLLOWER]: Replica starting. Triggering 0 pending ops. Active config: opid_index: -1 OBSOLETE_local: false peers { permanent_uuid: "f9b9871c612c4a33a9480edd041764ea" member_type: VOTER last_known_addr { host: "127.8.38.1" port: 42435 } } peers { permanent_uuid: "b8e705471c4045aa9defad6913683072" member_type: VOTER last_known_addr { host: "127.8.38.2" port: 43507 } } peers { permanent_uuid: "60569f025e904529a8ce04d47f071934" member_type: VOTER last_known_addr { host: "127.8.38.3" port: 35081 } }
I20260709 13:01:53.599747  9642 raft_consensus.cc:385] T fd31f4fffd624ad78ef39dc8050da9bf P b8e705471c4045aa9defad6913683072 [term 0 FOLLOWER]: Consensus starting up: Expiring failure detector timer to make a prompt election more likely
I20260709 13:01:53.599400  9677 raft_consensus.cc:515] T 0d21654290f24603b2294f0f2d5facfd P f9b9871c612c4a33a9480edd041764ea [term 0 FOLLOWER]: Starting pre-election with config: opid_index: -1 OBSOLETE_local: false peers { permanent_uuid: "f9b9871c612c4a33a9480edd041764ea" member_type: VOTER last_known_addr { host: "127.8.38.1" port: 42435 } } peers { permanent_uuid: "b8e705471c4045aa9defad6913683072" member_type: VOTER last_known_addr { host: "127.8.38.2" port: 43507 } } peers { permanent_uuid: "60569f025e904529a8ce04d47f071934" member_type: VOTER last_known_addr { host: "127.8.38.3" port: 35081 } }
I20260709 13:01:53.600024  9642 raft_consensus.cc:740] T fd31f4fffd624ad78ef39dc8050da9bf P b8e705471c4045aa9defad6913683072 [term 0 FOLLOWER]: Becoming Follower/Learner. State: Replica: b8e705471c4045aa9defad6913683072, State: Initialized, Role: FOLLOWER
I20260709 13:01:53.600874  9642 consensus_queue.cc:260] T fd31f4fffd624ad78ef39dc8050da9bf P b8e705471c4045aa9defad6913683072 [NON_LEADER]: Queue going to NON_LEADER mode. State: All replicated index: 0, Majority replicated index: 0, Committed index: 0, Last appended: 0.0, Last appended by leader: 0, Current term: 0, Majority size: -1, State: 0, Mode: NON_LEADER, active raft config: opid_index: -1 OBSOLETE_local: false peers { permanent_uuid: "f9b9871c612c4a33a9480edd041764ea" member_type: VOTER last_known_addr { host: "127.8.38.1" port: 42435 } } peers { permanent_uuid: "b8e705471c4045aa9defad6913683072" member_type: VOTER last_known_addr { host: "127.8.38.2" port: 43507 } } peers { permanent_uuid: "60569f025e904529a8ce04d47f071934" member_type: VOTER last_known_addr { host: "127.8.38.3" port: 35081 } }
I20260709 13:01:53.601629  9677 leader_election.cc:290] T 0d21654290f24603b2294f0f2d5facfd P f9b9871c612c4a33a9480edd041764ea [CANDIDATE]: Term 1 pre-election: Requested pre-vote from peers b8e705471c4045aa9defad6913683072 (127.8.38.2:43507), 60569f025e904529a8ce04d47f071934 (127.8.38.3:35081)
I20260709 13:01:53.603314  9598 tablet_service.cc:1917] Received RequestConsensusVote() RPC: tablet_id: "0d21654290f24603b2294f0f2d5facfd" candidate_uuid: "f9b9871c612c4a33a9480edd041764ea" candidate_term: 1 candidate_status { last_received { term: 0 index: 0 } } ignore_live_leader: false dest_uuid: "60569f025e904529a8ce04d47f071934" is_pre_election: true
I20260709 13:01:53.603843  9525 tablet_service.cc:1917] Received RequestConsensusVote() RPC: tablet_id: "0d21654290f24603b2294f0f2d5facfd" candidate_uuid: "f9b9871c612c4a33a9480edd041764ea" candidate_term: 1 candidate_status { last_received { term: 0 index: 0 } } ignore_live_leader: false dest_uuid: "b8e705471c4045aa9defad6913683072" is_pre_election: true
I20260709 13:01:53.603885  9598 raft_consensus.cc:2468] T 0d21654290f24603b2294f0f2d5facfd P 60569f025e904529a8ce04d47f071934 [term 0 FOLLOWER]: Leader pre-election vote request: Granting yes vote for candidate f9b9871c612c4a33a9480edd041764ea in term 0.
I20260709 13:01:53.604473  9525 raft_consensus.cc:2468] T 0d21654290f24603b2294f0f2d5facfd P b8e705471c4045aa9defad6913683072 [term 0 FOLLOWER]: Leader pre-election vote request: Granting yes vote for candidate f9b9871c612c4a33a9480edd041764ea in term 0.
I20260709 13:01:53.604600  9642 ts_tablet_manager.cc:1434] T fd31f4fffd624ad78ef39dc8050da9bf P b8e705471c4045aa9defad6913683072: Time spent starting tablet: real 0.008s	user 0.006s	sys 0.002s
I20260709 13:01:53.605434  9414 leader_election.cc:304] T 0d21654290f24603b2294f0f2d5facfd P f9b9871c612c4a33a9480edd041764ea [CANDIDATE]: Term 1 pre-election: Election decided. Result: candidate won. Election summary: received 2 responses out of 3 voters: 2 yes votes; 0 no votes. yes voters: 60569f025e904529a8ce04d47f071934, f9b9871c612c4a33a9480edd041764ea; no voters: 
I20260709 13:01:53.606369  9642 tablet_bootstrap.cc:492] T a89ce3cb309746f19ba60690bff3a6d4 P b8e705471c4045aa9defad6913683072: Bootstrap starting.
I20260709 13:01:53.606678  9677 raft_consensus.cc:2804] T 0d21654290f24603b2294f0f2d5facfd P f9b9871c612c4a33a9480edd041764ea [term 0 FOLLOWER]: Leader pre-election won for term 1
I20260709 13:01:53.607060  9677 raft_consensus.cc:493] T 0d21654290f24603b2294f0f2d5facfd P f9b9871c612c4a33a9480edd041764ea [term 0 FOLLOWER]: Starting leader election (no leader contacted us within the election timeout)
I20260709 13:01:53.607295  9639 tablet_bootstrap.cc:492] T 65eb59e775024bfa9c225675346dbcc2 P f9b9871c612c4a33a9480edd041764ea: No bootstrap required, opened a new log
I20260709 13:01:53.607388  9677 raft_consensus.cc:3060] T 0d21654290f24603b2294f0f2d5facfd P f9b9871c612c4a33a9480edd041764ea [term 0 FOLLOWER]: Advancing to term 1
