I20260709 12:57:03.744246  1729 raft_consensus.cc:740] T 116acadda0184620b8b19d4b60e3e95e P 40fdf9960bc84a8daa5edd4ef73e1659 [term 0 FOLLOWER]: Becoming Follower/Learner. State: Replica: 40fdf9960bc84a8daa5edd4ef73e1659, State: Initialized, Role: FOLLOWER
I20260709 12:57:03.744860  1729 consensus_queue.cc:260] T 116acadda0184620b8b19d4b60e3e95e P 40fdf9960bc84a8daa5edd4ef73e1659 [NON_LEADER]: Queue going to NON_LEADER mode. State: All replicated index: 0, Majority replicated index: 0, Committed index: 0, Last appended: 0.0, Last appended by leader: 0, Current term: 0, Majority size: -1, State: 0, Mode: NON_LEADER, active raft config: opid_index: -1 OBSOLETE_local: false peers { permanent_uuid: "40fdf9960bc84a8daa5edd4ef73e1659" member_type: VOTER last_known_addr { host: "127.0.107.193" port: 45607 } } peers { permanent_uuid: "43678c1f917b4553b1c847b76c0f9940" member_type: VOTER last_known_addr { host: "127.0.107.194" port: 41135 } } peers { permanent_uuid: "02a83d96c729409f90ae56a594e71f94" member_type: VOTER last_known_addr { host: "127.0.107.195" port: 34031 } }
I20260709 12:57:03.746637  1731 raft_consensus.cc:359] T 6547aa680d22441d9769704a01657785 P 02a83d96c729409f90ae56a594e71f94 [term 0 FOLLOWER]: Replica starting. Triggering 0 pending ops. Active config: opid_index: -1 OBSOLETE_local: false peers { permanent_uuid: "40fdf9960bc84a8daa5edd4ef73e1659" member_type: VOTER last_known_addr { host: "127.0.107.193" port: 45607 } } peers { permanent_uuid: "43678c1f917b4553b1c847b76c0f9940" member_type: VOTER last_known_addr { host: "127.0.107.194" port: 41135 } } peers { permanent_uuid: "02a83d96c729409f90ae56a594e71f94" member_type: VOTER last_known_addr { host: "127.0.107.195" port: 34031 } }
I20260709 12:57:03.747126  1729 ts_tablet_manager.cc:1434] T 116acadda0184620b8b19d4b60e3e95e P 40fdf9960bc84a8daa5edd4ef73e1659: Time spent starting tablet: real 0.007s	user 0.007s	sys 0.000s
I20260709 12:57:03.747393  1731 raft_consensus.cc:385] T 6547aa680d22441d9769704a01657785 P 02a83d96c729409f90ae56a594e71f94 [term 0 FOLLOWER]: Consensus starting up: Expiring failure detector timer to make a prompt election more likely
I20260709 12:57:03.747727  1731 raft_consensus.cc:740] T 6547aa680d22441d9769704a01657785 P 02a83d96c729409f90ae56a594e71f94 [term 0 FOLLOWER]: Becoming Follower/Learner. State: Replica: 02a83d96c729409f90ae56a594e71f94, State: Initialized, Role: FOLLOWER
I20260709 12:57:03.748040  1729 tablet_bootstrap.cc:492] T e418df97813c4c2393ecb2417764e011 P 40fdf9960bc84a8daa5edd4ef73e1659: Bootstrap starting.
I20260709 12:57:03.740881  1435 catalog_manager.cc:5697] T 0ddb829f870e44588da7c32556a19064 P 02a83d96c729409f90ae56a594e71f94 reported cstate change: term changed from 0 to 1, leader changed from <none> to 02a83d96c729409f90ae56a594e71f94 (127.0.107.195). New cstate: current_term: 1 leader_uuid: "02a83d96c729409f90ae56a594e71f94" committed_config { opid_index: -1 OBSOLETE_local: false peers { permanent_uuid: "40fdf9960bc84a8daa5edd4ef73e1659" member_type: VOTER last_known_addr { host: "127.0.107.193" port: 45607 } health_report { overall_health: UNKNOWN } } peers { permanent_uuid: "43678c1f917b4553b1c847b76c0f9940" member_type: VOTER last_known_addr { host: "127.0.107.194" port: 41135 } health_report { overall_health: UNKNOWN } } peers { permanent_uuid: "02a83d96c729409f90ae56a594e71f94" member_type: VOTER last_known_addr { host: "127.0.107.195" port: 34031 } health_report { overall_health: HEALTHY } } }
I20260709 12:57:03.748492  1731 consensus_queue.cc:260] T 6547aa680d22441d9769704a01657785 P 02a83d96c729409f90ae56a594e71f94 [NON_LEADER]: Queue going to NON_LEADER mode. State: All replicated index: 0, Majority replicated index: 0, Committed index: 0, Last appended: 0.0, Last appended by leader: 0, Current term: 0, Majority size: -1, State: 0, Mode: NON_LEADER, active raft config: opid_index: -1 OBSOLETE_local: false peers { permanent_uuid: "40fdf9960bc84a8daa5edd4ef73e1659" member_type: VOTER last_known_addr { host: "127.0.107.193" port: 45607 } } peers { permanent_uuid: "43678c1f917b4553b1c847b76c0f9940" member_type: VOTER last_known_addr { host: "127.0.107.194" port: 41135 } } peers { permanent_uuid: "02a83d96c729409f90ae56a594e71f94" member_type: VOTER last_known_addr { host: "127.0.107.195" port: 34031 } }
I20260709 12:57:03.750959  1731 ts_tablet_manager.cc:1434] T 6547aa680d22441d9769704a01657785 P 02a83d96c729409f90ae56a594e71f94: Time spent starting tablet: real 0.007s	user 0.006s	sys 0.000s
I20260709 12:57:03.752367  1731 tablet_bootstrap.cc:492] T 10e5ace545374656a06316fcbf6427fc P 02a83d96c729409f90ae56a594e71f94: Bootstrap starting.
I20260709 12:57:03.759976  1729 tablet_bootstrap.cc:654] T e418df97813c4c2393ecb2417764e011 P 40fdf9960bc84a8daa5edd4ef73e1659: Neither blocks nor log segments found. Creating new log.
I20260709 12:57:03.762873  1731 tablet_bootstrap.cc:654] T 10e5ace545374656a06316fcbf6427fc P 02a83d96c729409f90ae56a594e71f94: Neither blocks nor log segments found. Creating new log.
I20260709 12:57:03.779028  1972 raft_consensus.cc:493] T 116acadda0184620b8b19d4b60e3e95e P 02a83d96c729409f90ae56a594e71f94 [term 0 FOLLOWER]: Starting pre-election (no leader contacted us within the election timeout)
I20260709 12:57:03.779752  1972 raft_consensus.cc:515] T 116acadda0184620b8b19d4b60e3e95e P 02a83d96c729409f90ae56a594e71f94 [term 0 FOLLOWER]: Starting pre-election with config: opid_index: -1 OBSOLETE_local: false peers { permanent_uuid: "40fdf9960bc84a8daa5edd4ef73e1659" member_type: VOTER last_known_addr { host: "127.0.107.193" port: 45607 } } peers { permanent_uuid: "43678c1f917b4553b1c847b76c0f9940" member_type: VOTER last_known_addr { host: "127.0.107.194" port: 41135 } } peers { permanent_uuid: "02a83d96c729409f90ae56a594e71f94" member_type: VOTER last_known_addr { host: "127.0.107.195" port: 34031 } }
I20260709 12:57:03.782325  1972 leader_election.cc:290] T 116acadda0184620b8b19d4b60e3e95e P 02a83d96c729409f90ae56a594e71f94 [CANDIDATE]: Term 1 pre-election: Requested pre-vote from peers 40fdf9960bc84a8daa5edd4ef73e1659 (127.0.107.193:45607), 43678c1f917b4553b1c847b76c0f9940 (127.0.107.194:41135)
I20260709 12:57:03.783922  1536 tablet_service.cc:1917] Received RequestConsensusVote() RPC: tablet_id: "116acadda0184620b8b19d4b60e3e95e" candidate_uuid: "02a83d96c729409f90ae56a594e71f94" candidate_term: 1 candidate_status { last_received { term: 0 index: 0 } } ignore_live_leader: false dest_uuid: "40fdf9960bc84a8daa5edd4ef73e1659" is_pre_election: true
I20260709 12:57:03.786415  1536 raft_consensus.cc:2468] T 116acadda0184620b8b19d4b60e3e95e P 40fdf9960bc84a8daa5edd4ef73e1659 [term 0 FOLLOWER]: Leader pre-election vote request: Granting yes vote for candidate 02a83d96c729409f90ae56a594e71f94 in term 0.
I20260709 12:57:03.788448  1607 tablet_service.cc:1917] Received RequestConsensusVote() RPC: tablet_id: "116acadda0184620b8b19d4b60e3e95e" candidate_uuid: "02a83d96c729409f90ae56a594e71f94" candidate_term: 1 candidate_status { last_received { term: 0 index: 0 } } ignore_live_leader: false dest_uuid: "43678c1f917b4553b1c847b76c0f9940" is_pre_election: true
I20260709 12:57:03.788657  1653 leader_election.cc:304] T 116acadda0184620b8b19d4b60e3e95e P 02a83d96c729409f90ae56a594e71f94 [CANDIDATE]: Term 1 pre-election: Election decided. Result: candidate won. Election summary: received 2 responses out of 3 voters: 2 yes votes; 0 no votes. yes voters: 02a83d96c729409f90ae56a594e71f94, 40fdf9960bc84a8daa5edd4ef73e1659; no voters: 
I20260709 12:57:03.790346  1987 raft_consensus.cc:2804] T 116acadda0184620b8b19d4b60e3e95e P 02a83d96c729409f90ae56a594e71f94 [term 0 FOLLOWER]: Leader pre-election won for term 1
I20260709 12:57:03.790701  1987 raft_consensus.cc:493] T 116acadda0184620b8b19d4b60e3e95e P 02a83d96c729409f90ae56a594e71f94 [term 0 FOLLOWER]: Starting leader election (no leader contacted us within the election timeout)
I20260709 12:57:03.790997  1987 raft_consensus.cc:3060] T 116acadda0184620b8b19d4b60e3e95e P 02a83d96c729409f90ae56a594e71f94 [term 0 FOLLOWER]: Advancing to term 1
I20260709 12:57:03.796360  1684 raft_consensus.cc:2468] T fd09f89930084d1d9b1f60cb4c8c2725 P 02a83d96c729409f90ae56a594e71f94 [term 1 FOLLOWER]: Leader election vote request: Granting yes vote for candidate 40fdf9960bc84a8daa5edd4ef73e1659 in term 1.
W20260709 12:57:03.799925  1653 leader_election.cc:343] T 116acadda0184620b8b19d4b60e3e95e P 02a83d96c729409f90ae56a594e71f94 [CANDIDATE]: Term 1 pre-election: Tablet error from VoteRequest() call to peer 43678c1f917b4553b1c847b76c0f9940 (127.0.107.194:41135): Illegal state: must be running to vote when last-logged opid is not known
I20260709 12:57:03.801587  1895 consensus_queue.cc:1048] T 342d72c96e7e4202aa4e01460bff5c35 P 02a83d96c729409f90ae56a594e71f94 [LEADER]: Connected to new peer: Peer: permanent_uuid: "43678c1f917b4553b1c847b76c0f9940" member_type: VOTER last_known_addr { host: "127.0.107.194" port: 41135 }, Status: LMP_MISMATCH, Last received: 0.0, Next index: 1, Last known committed idx: 0, Time since last communication: 0.000s
I20260709 12:57:03.802561  1953 raft_consensus.cc:493] T 342d72c96e7e4202aa4e01460bff5c35 P 43678c1f917b4553b1c847b76c0f9940 [term 1 FOLLOWER]: Starting pre-election (no leader contacted us within the election timeout)
I20260709 12:57:03.803038  1953 raft_consensus.cc:515] T 342d72c96e7e4202aa4e01460bff5c35 P 43678c1f917b4553b1c847b76c0f9940 [term 1 FOLLOWER]: Starting pre-election with config: opid_index: -1 OBSOLETE_local: false peers { permanent_uuid: "40fdf9960bc84a8daa5edd4ef73e1659" member_type: VOTER last_known_addr { host: "127.0.107.193" port: 45607 } } peers { permanent_uuid: "43678c1f917b4553b1c847b76c0f9940" member_type: VOTER last_known_addr { host: "127.0.107.194" port: 41135 } } peers { permanent_uuid: "02a83d96c729409f90ae56a594e71f94" member_type: VOTER last_known_addr { host: "127.0.107.195" port: 34031 } }
I20260709 12:57:03.810206  1436 catalog_manager.cc:5697] T fd09f89930084d1d9b1f60cb4c8c2725 P 40fdf9960bc84a8daa5edd4ef73e1659 reported cstate change: term changed from 0 to 1, leader changed from <none> to 40fdf9960bc84a8daa5edd4ef73e1659 (127.0.107.193). New cstate: current_term: 1 leader_uuid: "40fdf9960bc84a8daa5edd4ef73e1659" committed_config { opid_index: -1 OBSOLETE_local: false peers { permanent_uuid: "40fdf9960bc84a8daa5edd4ef73e1659" member_type: VOTER last_known_addr { host: "127.0.107.193" port: 45607 } health_report { overall_health: HEALTHY } } peers { permanent_uuid: "43678c1f917b4553b1c847b76c0f9940" member_type: VOTER last_known_addr { host: "127.0.107.194" port: 41135 } health_report { overall_health: UNKNOWN } } peers { permanent_uuid: "02a83d96c729409f90ae56a594e71f94" member_type: VOTER last_known_addr { host: "127.0.107.195" port: 34031 } health_report { overall_health: UNKNOWN } } }
I20260709 12:57:03.812383  1436 catalog_manager.cc:5697] T 8fabe7e41bfb44b4a63990e9d1f1d48d P 40fdf9960bc84a8daa5edd4ef73e1659 reported cstate change: term changed from 0 to 1, leader changed from <none> to 40fdf9960bc84a8daa5edd4ef73e1659 (127.0.107.193). New cstate: current_term: 1 leader_uuid: "40fdf9960bc84a8daa5edd4ef73e1659" committed_config { opid_index: -1 OBSOLETE_local: false peers { permanent_uuid: "40fdf9960bc84a8daa5edd4ef73e1659" member_type: VOTER last_known_addr { host: "127.0.107.193" port: 45607 } health_report { overall_health: HEALTHY } } peers { permanent_uuid: "43678c1f917b4553b1c847b76c0f9940" member_type: VOTER last_known_addr { host: "127.0.107.194" port: 41135 } health_report { overall_health: UNKNOWN } } peers { permanent_uuid: "02a83d96c729409f90ae56a594e71f94" member_type: VOTER last_known_addr { host: "127.0.107.195" port: 34031 } health_report { overall_health: UNKNOWN } } }
I20260709 12:57:03.815457  1538 tablet_service.cc:1917] Received RequestConsensusVote() RPC: tablet_id: "342d72c96e7e4202aa4e01460bff5c35" candidate_uuid: "43678c1f917b4553b1c847b76c0f9940" candidate_term: 2 candidate_status { last_received { term: 0 index: 0 } } ignore_live_leader: false dest_uuid: "40fdf9960bc84a8daa5edd4ef73e1659" is_pre_election: true
I20260709 12:57:03.824136  1953 leader_election.cc:290] T 342d72c96e7e4202aa4e01460bff5c35 P 43678c1f917b4553b1c847b76c0f9940 [CANDIDATE]: Term 2 pre-election: Requested pre-vote from peers 40fdf9960bc84a8daa5edd4ef73e1659 (127.0.107.193:45607), 02a83d96c729409f90ae56a594e71f94 (127.0.107.195:34031)
I20260709 12:57:03.829841  1684 tablet_service.cc:1917] Received RequestConsensusVote() RPC: tablet_id: "342d72c96e7e4202aa4e01460bff5c35" candidate_uuid: "43678c1f917b4553b1c847b76c0f9940" candidate_term: 2 candidate_status { last_received { term: 0 index: 0 } } ignore_live_leader: false dest_uuid: "02a83d96c729409f90ae56a594e71f94" is_pre_election: true
I20260709 12:57:03.832679  1580 leader_election.cc:304] T 342d72c96e7e4202aa4e01460bff5c35 P 43678c1f917b4553b1c847b76c0f9940 [CANDIDATE]: Term 2 pre-election: Election decided. Result: candidate lost. Election summary: received 3 responses out of 3 voters: 1 yes votes; 2 no votes. yes voters: 43678c1f917b4553b1c847b76c0f9940; no voters: 02a83d96c729409f90ae56a594e71f94, 40fdf9960bc84a8daa5edd4ef73e1659
I20260709 12:57:03.887818  1974 consensus_queue.cc:1048] T c5020ccc979c4fbd92ec1085c3d0c477 P 43678c1f917b4553b1c847b76c0f9940 [LEADER]: Connected to new peer: Peer: permanent_uuid: "02a83d96c729409f90ae56a594e71f94" member_type: VOTER last_known_addr { host: "127.0.107.195" port: 34031 }, Status: LMP_MISMATCH, Last received: 0.0, Next index: 1, Last known committed idx: 0, Time since last communication: 0.001s
I20260709 12:57:03.899012  1687 raft_consensus.cc:2468] T b0581875692f440481910168af805903 P 02a83d96c729409f90ae56a594e71f94 [term 1 FOLLOWER]: Leader election vote request: Granting yes vote for candidate 40fdf9960bc84a8daa5edd4ef73e1659 in term 1.
I20260709 12:57:03.909222  1505 leader_election.cc:304] T b0581875692f440481910168af805903 P 40fdf9960bc84a8daa5edd4ef73e1659 [CANDIDATE]: Term 1 election: Election decided. Result: candidate won. Election summary: received 3 responses out of 3 voters: 2 yes votes; 1 no votes. yes voters: 02a83d96c729409f90ae56a594e71f94, 40fdf9960bc84a8daa5edd4ef73e1659; no voters: 43678c1f917b4553b1c847b76c0f9940
I20260709 12:57:03.919834  1913 consensus_queue.cc:1048] T 1851d597600c46d78f14209c99b4c913 P 02a83d96c729409f90ae56a594e71f94 [LEADER]: Connected to new peer: Peer: permanent_uuid: "43678c1f917b4553b1c847b76c0f9940" member_type: VOTER last_known_addr { host: "127.0.107.194" port: 41135 }, Status: LMP_MISMATCH, Last received: 0.0, Next index: 1, Last known committed idx: 0, Time since last communication: 0.001s
I20260709 12:57:03.922061  1775 raft_consensus.cc:2804] T b0581875692f440481910168af805903 P 40fdf9960bc84a8daa5edd4ef73e1659 [term 1 FOLLOWER]: Leader election won for term 1
I20260709 12:57:03.922789  1775 raft_consensus.cc:697] T b0581875692f440481910168af805903 P 40fdf9960bc84a8daa5edd4ef73e1659 [term 1 LEADER]: Becoming Leader. State: Replica: 40fdf9960bc84a8daa5edd4ef73e1659, State: Running, Role: LEADER
I20260709 12:57:03.923898  1775 consensus_queue.cc:237] T b0581875692f440481910168af805903 P 40fdf9960bc84a8daa5edd4ef73e1659 [LEADER]: Queue going to LEADER mode. State: All replicated index: 0, Majority replicated index: 0, Committed index: 0, Last appended: 0.0, Last appended by leader: 0, Current term: 1, Majority size: 2, State: 0, Mode: LEADER, active raft config: opid_index: -1 OBSOLETE_local: false peers { permanent_uuid: "40fdf9960bc84a8daa5edd4ef73e1659" member_type: VOTER last_known_addr { host: "127.0.107.193" port: 45607 } } peers { permanent_uuid: "43678c1f917b4553b1c847b76c0f9940" member_type: VOTER last_known_addr { host: "127.0.107.194" port: 41135 } } peers { permanent_uuid: "02a83d96c729409f90ae56a594e71f94" member_type: VOTER last_known_addr { host: "127.0.107.195" port: 34031 } }
I20260709 12:57:03.934435  1954 consensus_queue.cc:1048] T c5020ccc979c4fbd92ec1085c3d0c477 P 43678c1f917b4553b1c847b76c0f9940 [LEADER]: Connected to new peer: Peer: permanent_uuid: "40fdf9960bc84a8daa5edd4ef73e1659" member_type: VOTER last_known_addr { host: "127.0.107.193" port: 45607 }, Status: LMP_MISMATCH, Last received: 0.0, Next index: 1, Last known committed idx: 0, Time since last communication: 0.001s
I20260709 12:57:03.943925  1897 consensus_queue.cc:1048] T 1851d597600c46d78f14209c99b4c913 P 02a83d96c729409f90ae56a594e71f94 [LEADER]: Connected to new peer: Peer: permanent_uuid: "40fdf9960bc84a8daa5edd4ef73e1659" member_type: VOTER last_known_addr { host: "127.0.107.193" port: 45607 }, Status: LMP_MISMATCH, Last received: 0.0, Next index: 1, Last known committed idx: 0, Time since last communication: 0.001s
I20260709 12:57:03.964097  1973 consensus_queue.cc:1048] T fd09f89930084d1d9b1f60cb4c8c2725 P 40fdf9960bc84a8daa5edd4ef73e1659 [LEADER]: Connected to new peer: Peer: permanent_uuid: "02a83d96c729409f90ae56a594e71f94" member_type: VOTER last_known_addr { host: "127.0.107.195" port: 34031 }, Status: LMP_MISMATCH, Last received: 0.0, Next index: 1, Last known committed idx: 0, Time since last communication: 0.000s
I20260709 12:57:03.995916  1953 raft_consensus.cc:2749] T 342d72c96e7e4202aa4e01460bff5c35 P 43678c1f917b4553b1c847b76c0f9940 [term 1 FOLLOWER]: Leader pre-election lost for term 2. Reason: could not achieve majority
I20260709 12:57:04.004243  1790 raft_consensus.cc:515] T 1637eb9a3d7c43359dd4af8ff1041d0a P 02a83d96c729409f90ae56a594e71f94 [term 1 FOLLOWER]: Starting leader election with config: opid_index: -1 OBSOLETE_local: false peers { permanent_uuid: "40fdf9960bc84a8daa5edd4ef73e1659" member_type: VOTER last_known_addr { host: "127.0.107.193" port: 45607 } } peers { permanent_uuid: "43678c1f917b4553b1c847b76c0f9940" member_type: VOTER last_known_addr { host: "127.0.107.194" port: 41135 } } peers { permanent_uuid: "02a83d96c729409f90ae56a594e71f94" member_type: VOTER last_known_addr { host: "127.0.107.195" port: 34031 } }
I20260709 12:57:04.006907  1683 raft_consensus.cc:2393] T 1637eb9a3d7c43359dd4af8ff1041d0a P 02a83d96c729409f90ae56a594e71f94 [term 1 FOLLOWER]: Leader pre-election vote request: Denying vote to candidate 40fdf9960bc84a8daa5edd4ef73e1659 in current term 1: Already voted for candidate 02a83d96c729409f90ae56a594e71f94 in this term.
I20260709 12:57:04.009013  1505 leader_election.cc:304] T 1637eb9a3d7c43359dd4af8ff1041d0a P 40fdf9960bc84a8daa5edd4ef73e1659 [CANDIDATE]: Term 1 pre-election: Election decided. Result: candidate lost. Election summary: received 3 responses out of 3 voters: 1 yes votes; 2 no votes. yes voters: 40fdf9960bc84a8daa5edd4ef73e1659; no voters: 02a83d96c729409f90ae56a594e71f94, 43678c1f917b4553b1c847b76c0f9940
I20260709 12:57:04.026376  1973 raft_consensus.cc:3060] T 1637eb9a3d7c43359dd4af8ff1041d0a P 40fdf9960bc84a8daa5edd4ef73e1659 [term 0 FOLLOWER]: Advancing to term 1
I20260709 12:57:04.027357  1781 consensus_queue.cc:1048] T 8fabe7e41bfb44b4a63990e9d1f1d48d P 40fdf9960bc84a8daa5edd4ef73e1659 [LEADER]: Connected to new peer: Peer: permanent_uuid: "43678c1f917b4553b1c847b76c0f9940" member_type: VOTER last_known_addr { host: "127.0.107.194" port: 41135 }, Status: LMP_MISMATCH, Last received: 0.0, Next index: 1, Last known committed idx: 0, Time since last communication: 0.000s
I20260709 12:57:04.019497  1790 leader_election.cc:290] T 1637eb9a3d7c43359dd4af8ff1041d0a P 02a83d96c729409f90ae56a594e71f94 [CANDIDATE]: Term 1 election: Requested vote from peers 40fdf9960bc84a8daa5edd4ef73e1659 (127.0.107.193:45607), 43678c1f917b4553b1c847b76c0f9940 (127.0.107.194:41135)
I20260709 12:57:04.020886  1535 tablet_service.cc:1917] Received RequestConsensusVote() RPC: tablet_id: "1637eb9a3d7c43359dd4af8ff1041d0a" candidate_uuid: "02a83d96c729409f90ae56a594e71f94" candidate_term: 1 candidate_status { last_received { term: 0 index: 0 } } ignore_live_leader: false dest_uuid: "40fdf9960bc84a8daa5edd4ef73e1659"
I20260709 12:57:04.021226  1613 tablet_service.cc:1917] Received RequestConsensusVote() RPC: tablet_id: "1637eb9a3d7c43359dd4af8ff1041d0a" candidate_uuid: "02a83d96c729409f90ae56a594e71f94" candidate_term: 1 candidate_status { last_received { term: 0 index: 0 } } ignore_live_leader: false dest_uuid: "43678c1f917b4553b1c847b76c0f9940"
I20260709 12:57:04.022212  1897 raft_consensus.cc:493] T ea732c05896c463a9746b58de8a0401d P 02a83d96c729409f90ae56a594e71f94 [term 0 FOLLOWER]: Starting pre-election (no leader contacted us within the election timeout)
I20260709 12:57:04.023484  1953 consensus_queue.cc:1048] T fbd1496baaa6442698a53369fa56fe70 P 43678c1f917b4553b1c847b76c0f9940 [LEADER]: Connected to new peer: Peer: permanent_uuid: "40fdf9960bc84a8daa5edd4ef73e1659" member_type: VOTER last_known_addr { host: "127.0.107.193" port: 45607 }, Status: LMP_MISMATCH, Last received: 0.0, Next index: 1, Last known committed idx: 0, Time since last communication: 0.000s
I20260709 12:57:04.034363  1897 raft_consensus.cc:515] T ea732c05896c463a9746b58de8a0401d P 02a83d96c729409f90ae56a594e71f94 [term 0 FOLLOWER]: Starting pre-election with config: opid_index: -1 OBSOLETE_local: false peers { permanent_uuid: "40fdf9960bc84a8daa5edd4ef73e1659" member_type: VOTER last_known_addr { host: "127.0.107.193" port: 45607 } } peers { permanent_uuid: "43678c1f917b4553b1c847b76c0f9940" member_type: VOTER last_known_addr { host: "127.0.107.194" port: 41135 } } peers { permanent_uuid: "02a83d96c729409f90ae56a594e71f94" member_type: VOTER last_known_addr { host: "127.0.107.195" port: 34031 } }
I20260709 12:57:04.039378  1897 leader_election.cc:290] T ea732c05896c463a9746b58de8a0401d P 02a83d96c729409f90ae56a594e71f94 [CANDIDATE]: Term 1 pre-election: Requested pre-vote from peers 40fdf9960bc84a8daa5edd4ef73e1659 (127.0.107.193:45607), 43678c1f917b4553b1c847b76c0f9940 (127.0.107.194:41135)
W20260709 12:57:04.043202  1653 leader_election.cc:343] T 1637eb9a3d7c43359dd4af8ff1041d0a P 02a83d96c729409f90ae56a594e71f94 [CANDIDATE]: Term 1 election: Tablet error from VoteRequest() call to peer 43678c1f917b4553b1c847b76c0f9940 (127.0.107.194:41135): Illegal state: must be running to vote when last-logged opid is not known
I20260709 12:57:04.046934  1613 tablet_service.cc:1917] Received RequestConsensusVote() RPC: tablet_id: "ea732c05896c463a9746b58de8a0401d" candidate_uuid: "02a83d96c729409f90ae56a594e71f94" candidate_term: 1 candidate_status { last_received { term: 0 index: 0 } } ignore_live_leader: false dest_uuid: "43678c1f917b4553b1c847b76c0f9940" is_pre_election: true
W20260709 12:57:04.049468  1653 leader_election.cc:343] T ea732c05896c463a9746b58de8a0401d P 02a83d96c729409f90ae56a594e71f94 [CANDIDATE]: Term 1 pre-election: Tablet error from VoteRequest() call to peer 43678c1f917b4553b1c847b76c0f9940 (127.0.107.194:41135): Illegal state: must be running to vote when last-logged opid is not known
I20260709 12:57:04.051621  1536 tablet_service.cc:1917] Received RequestConsensusVote() RPC: tablet_id: "ea732c05896c463a9746b58de8a0401d" candidate_uuid: "02a83d96c729409f90ae56a594e71f94" candidate_term: 1 candidate_status { last_received { term: 0 index: 0 } } ignore_live_leader: false dest_uuid: "40fdf9960bc84a8daa5edd4ef73e1659" is_pre_election: true
I20260709 12:57:04.074373  1731 tablet_bootstrap.cc:492] T 10e5ace545374656a06316fcbf6427fc P 02a83d96c729409f90ae56a594e71f94: No bootstrap required, opened a new log
I20260709 12:57:04.074865  1731 ts_tablet_manager.cc:1403] T 10e5ace545374656a06316fcbf6427fc P 02a83d96c729409f90ae56a594e71f94: Time spent bootstrapping tablet: real 0.323s	user 0.044s	sys 0.075s
I20260709 12:57:04.065929  1536 raft_consensus.cc:2468] T ea732c05896c463a9746b58de8a0401d P 40fdf9960bc84a8daa5edd4ef73e1659 [term 0 FOLLOWER]: Leader pre-election vote request: Granting yes vote for candidate 02a83d96c729409f90ae56a594e71f94 in term 0.
I20260709 12:57:04.080057  1781 consensus_queue.cc:1048] T fd09f89930084d1d9b1f60cb4c8c2725 P 40fdf9960bc84a8daa5edd4ef73e1659 [LEADER]: Connected to new peer: Peer: permanent_uuid: "43678c1f917b4553b1c847b76c0f9940" member_type: VOTER last_known_addr { host: "127.0.107.194" port: 41135 }, Status: LMP_MISMATCH, Last received: 0.0, Next index: 1, Last known committed idx: 0, Time since last communication: 0.000s
I20260709 12:57:04.080507  1653 leader_election.cc:304] T ea732c05896c463a9746b58de8a0401d P 02a83d96c729409f90ae56a594e71f94 [CANDIDATE]: Term 1 pre-election: Election decided. Result: candidate won. Election summary: received 3 responses out of 3 voters: 2 yes votes; 1 no votes. yes voters: 02a83d96c729409f90ae56a594e71f94, 40fdf9960bc84a8daa5edd4ef73e1659; no voters: 43678c1f917b4553b1c847b76c0f9940
I20260709 12:57:04.082010  1972 raft_consensus.cc:2804] T ea732c05896c463a9746b58de8a0401d P 02a83d96c729409f90ae56a594e71f94 [term 0 FOLLOWER]: Leader pre-election won for term 1
I20260709 12:57:04.082397  1972 raft_consensus.cc:493] T ea732c05896c463a9746b58de8a0401d P 02a83d96c729409f90ae56a594e71f94 [term 0 FOLLOWER]: Starting leader election (no leader contacted us within the election timeout)
I20260709 12:57:04.083161  1972 raft_consensus.cc:3060] T ea732c05896c463a9746b58de8a0401d P 02a83d96c729409f90ae56a594e71f94 [term 0 FOLLOWER]: Advancing to term 1
I20260709 12:57:04.084553  1729 tablet_bootstrap.cc:492] T e418df97813c4c2393ecb2417764e011 P 40fdf9960bc84a8daa5edd4ef73e1659: No bootstrap required, opened a new log
I20260709 12:57:04.084985  1729 ts_tablet_manager.cc:1403] T e418df97813c4c2393ecb2417764e011 P 40fdf9960bc84a8daa5edd4ef73e1659: Time spent bootstrapping tablet: real 0.337s	user 0.104s	sys 0.108s
I20260709 12:57:04.081452  1728 tablet_bootstrap.cc:492] T 0a32f8d9dfed4accb6bfa1da173c173b P 43678c1f917b4553b1c847b76c0f9940: No bootstrap required, opened a new log
I20260709 12:57:04.086632  1728 ts_tablet_manager.cc:1403] T 0a32f8d9dfed4accb6bfa1da173c173b P 43678c1f917b4553b1c847b76c0f9940: Time spent bootstrapping tablet: real 0.357s	user 0.089s	sys 0.136s
I20260709 12:57:04.088917  1729 raft_consensus.cc:359] T e418df97813c4c2393ecb2417764e011 P 40fdf9960bc84a8daa5edd4ef73e1659 [term 0 FOLLOWER]: Replica starting. Triggering 0 pending ops. Active config: opid_index: -1 OBSOLETE_local: false peers { permanent_uuid: "40fdf9960bc84a8daa5edd4ef73e1659" member_type: VOTER last_known_addr { host: "127.0.107.193" port: 45607 } } peers { permanent_uuid: "43678c1f917b4553b1c847b76c0f9940" member_type: VOTER last_known_addr { host: "127.0.107.194" port: 41135 } } peers { permanent_uuid: "02a83d96c729409f90ae56a594e71f94" member_type: VOTER last_known_addr { host: "127.0.107.195" port: 34031 } }
I20260709 12:57:04.089663  1729 raft_consensus.cc:385] T e418df97813c4c2393ecb2417764e011 P 40fdf9960bc84a8daa5edd4ef73e1659 [term 0 FOLLOWER]: Consensus starting up: Expiring failure detector timer to make a prompt election more likely
I20260709 12:57:04.089854  1729 raft_consensus.cc:740] T e418df97813c4c2393ecb2417764e011 P 40fdf9960bc84a8daa5edd4ef73e1659 [term 0 FOLLOWER]: Becoming Follower/Learner. State: Replica: 40fdf9960bc84a8daa5edd4ef73e1659, State: Initialized, Role: FOLLOWER
I20260709 12:57:04.089344  1434 catalog_manager.cc:5697] T b0581875692f440481910168af805903 P 40fdf9960bc84a8daa5edd4ef73e1659 reported cstate change: term changed from 0 to 1, leader changed from <none> to 40fdf9960bc84a8daa5edd4ef73e1659 (127.0.107.193). New cstate: current_term: 1 leader_uuid: "40fdf9960bc84a8daa5edd4ef73e1659" committed_config { opid_index: -1 OBSOLETE_local: false peers { permanent_uuid: "40fdf9960bc84a8daa5edd4ef73e1659" member_type: VOTER last_known_addr { host: "127.0.107.193" port: 45607 } health_report { overall_health: HEALTHY } } peers { permanent_uuid: "43678c1f917b4553b1c847b76c0f9940" member_type: VOTER last_known_addr { host: "127.0.107.194" port: 41135 } health_report { overall_health: UNKNOWN } } peers { permanent_uuid: "02a83d96c729409f90ae56a594e71f94" member_type: VOTER last_known_addr { host: "127.0.107.195" port: 34031 } health_report { overall_health: UNKNOWN } } }
I20260709 12:57:04.095880  1913 consensus_queue.cc:1048] T 0ddb829f870e44588da7c32556a19064 P 02a83d96c729409f90ae56a594e71f94 [LEADER]: Connected to new peer: Peer: permanent_uuid: "40fdf9960bc84a8daa5edd4ef73e1659" member_type: VOTER last_known_addr { host: "127.0.107.193" port: 45607 }, Status: LMP_MISMATCH, Last received: 0.0, Next index: 1, Last known committed idx: 0, Time since last communication: 0.000s
I20260709 12:57:04.096447  1731 raft_consensus.cc:359] T 10e5ace545374656a06316fcbf6427fc P 02a83d96c729409f90ae56a594e71f94 [term 0 FOLLOWER]: Replica starting. Triggering 0 pending ops. Active config: opid_index: -1 OBSOLETE_local: false peers { permanent_uuid: "40fdf9960bc84a8daa5edd4ef73e1659" member_type: VOTER last_known_addr { host: "127.0.107.193" port: 45607 } } peers { permanent_uuid: "43678c1f917b4553b1c847b76c0f9940" member_type: VOTER last_known_addr { host: "127.0.107.194" port: 41135 } } peers { permanent_uuid: "02a83d96c729409f90ae56a594e71f94" member_type: VOTER last_known_addr { host: "127.0.107.195" port: 34031 } }
I20260709 12:57:04.097108  1731 raft_consensus.cc:385] T 10e5ace545374656a06316fcbf6427fc P 02a83d96c729409f90ae56a594e71f94 [term 0 FOLLOWER]: Consensus starting up: Expiring failure detector timer to make a prompt election more likely
I20260709 12:57:04.097361  1731 raft_consensus.cc:740] T 10e5ace545374656a06316fcbf6427fc P 02a83d96c729409f90ae56a594e71f94 [term 0 FOLLOWER]: Becoming Follower/Learner. State: Replica: 02a83d96c729409f90ae56a594e71f94, State: Initialized, Role: FOLLOWER
I20260709 12:57:04.099599  1953 raft_consensus.cc:493] T a29ae64f796746739953c6c282a33cab P 43678c1f917b4553b1c847b76c0f9940 [term 0 FOLLOWER]: Starting pre-election (no leader contacted us within the election timeout)
I20260709 12:57:04.100059  1953 raft_consensus.cc:515] T a29ae64f796746739953c6c282a33cab P 43678c1f917b4553b1c847b76c0f9940 [term 0 FOLLOWER]: Starting pre-election with config: opid_index: -1 OBSOLETE_local: false peers { permanent_uuid: "40fdf9960bc84a8daa5edd4ef73e1659" member_type: VOTER last_known_addr { host: "127.0.107.193" port: 45607 } } peers { permanent_uuid: "43678c1f917b4553b1c847b76c0f9940" member_type: VOTER last_known_addr { host: "127.0.107.194" port: 41135 } } peers { permanent_uuid: "02a83d96c729409f90ae56a594e71f94" member_type: VOTER last_known_addr { host: "127.0.107.195" port: 34031 } }
I20260709 12:57:04.102059  1953 leader_election.cc:290] T a29ae64f796746739953c6c282a33cab P 43678c1f917b4553b1c847b76c0f9940 [CANDIDATE]: Term 1 pre-election: Requested pre-vote from peers 40fdf9960bc84a8daa5edd4ef73e1659 (127.0.107.193:45607), 02a83d96c729409f90ae56a594e71f94 (127.0.107.195:34031)
I20260709 12:57:04.103914  1729 consensus_queue.cc:260] T e418df97813c4c2393ecb2417764e011 P 40fdf9960bc84a8daa5edd4ef73e1659 [NON_LEADER]: Queue going to NON_LEADER mode. State: All replicated index: 0, Majority replicated index: 0, Committed index: 0, Last appended: 0.0, Last appended by leader: 0, Current term: 0, Majority size: -1, State: 0, Mode: NON_LEADER, active raft config: opid_index: -1 OBSOLETE_local: false peers { permanent_uuid: "40fdf9960bc84a8daa5edd4ef73e1659" member_type: VOTER last_known_addr { host: "127.0.107.193" port: 45607 } } peers { permanent_uuid: "43678c1f917b4553b1c847b76c0f9940" member_type: VOTER last_known_addr { host: "127.0.107.194" port: 41135 } } peers { permanent_uuid: "02a83d96c729409f90ae56a594e71f94" member_type: VOTER last_known_addr { host: "127.0.107.195" port: 34031 } }
I20260709 12:57:04.107722  1536 tablet_service.cc:1917] Received RequestConsensusVote() RPC: tablet_id: "a29ae64f796746739953c6c282a33cab" candidate_uuid: "43678c1f917b4553b1c847b76c0f9940" candidate_term: 1 candidate_status { last_received { term: 0 index: 0 } } ignore_live_leader: false dest_uuid: "40fdf9960bc84a8daa5edd4ef73e1659" is_pre_election: true
I20260709 12:57:04.108815  1731 consensus_queue.cc:260] T 10e5ace545374656a06316fcbf6427fc P 02a83d96c729409f90ae56a594e71f94 [NON_LEADER]: Queue going to NON_LEADER mode. State: All replicated index: 0, Majority replicated index: 0, Committed index: 0, Last appended: 0.0, Last appended by leader: 0, Current term: 0, Majority size: -1, State: 0, Mode: NON_LEADER, active raft config: opid_index: -1 OBSOLETE_local: false peers { permanent_uuid: "40fdf9960bc84a8daa5edd4ef73e1659" member_type: VOTER last_known_addr { host: "127.0.107.193" port: 45607 } } peers { permanent_uuid: "43678c1f917b4553b1c847b76c0f9940" member_type: VOTER last_known_addr { host: "127.0.107.194" port: 41135 } } peers { permanent_uuid: "02a83d96c729409f90ae56a594e71f94" member_type: VOTER last_known_addr { host: "127.0.107.195" port: 34031 } }
W20260709 12:57:04.104043  1685 consensus_meta.cc:287] T 572cb60b88d448c6a13c55a561eaad1e P 02a83d96c729409f90ae56a594e71f94: Time spent flushing consensus metadata: real 0.570s	user 0.007s	sys 0.000s
I20260709 12:57:04.111085  1685 raft_consensus.cc:2468] T 572cb60b88d448c6a13c55a561eaad1e P 02a83d96c729409f90ae56a594e71f94 [term 1 FOLLOWER]: Leader election vote request: Granting yes vote for candidate 40fdf9960bc84a8daa5edd4ef73e1659 in term 1.
I20260709 12:57:04.107690  1729 ts_tablet_manager.cc:1434] T e418df97813c4c2393ecb2417764e011 P 40fdf9960bc84a8daa5edd4ef73e1659: Time spent starting tablet: real 0.022s	user 0.004s	sys 0.004s
I20260709 12:57:04.112102  1729 tablet_bootstrap.cc:492] T 6547aa680d22441d9769704a01657785 P 40fdf9960bc84a8daa5edd4ef73e1659: Bootstrap starting.
I20260709 12:57:04.115880  1684 tablet_service.cc:1917] Received RequestConsensusVote() RPC: tablet_id: "a29ae64f796746739953c6c282a33cab" candidate_uuid: "43678c1f917b4553b1c847b76c0f9940" candidate_term: 1 candidate_status { last_received { term: 0 index: 0 } } ignore_live_leader: false dest_uuid: "02a83d96c729409f90ae56a594e71f94" is_pre_election: true
W20260709 12:57:04.117376  1653 consensus_peers.cc:597] T a33d0aec940649cd91ebcbec044653e0 P 02a83d96c729409f90ae56a594e71f94 -> Peer 43678c1f917b4553b1c847b76c0f9940 (127.0.107.194:41135): Couldn't send request to peer 43678c1f917b4553b1c847b76c0f9940. Error code: TABLET_NOT_RUNNING (12). Status: Illegal state: Tablet not RUNNING: INITIALIZED. This is attempt 1: this message will repeat every 5th retry.
I20260709 12:57:04.117376  1505 leader_election.cc:304] T 572cb60b88d448c6a13c55a561eaad1e P 40fdf9960bc84a8daa5edd4ef73e1659 [CANDIDATE]: Term 1 election: Election decided. Result: candidate won. Election summary: received 3 responses out of 3 voters: 2 yes votes; 1 no votes. yes voters: 02a83d96c729409f90ae56a594e71f94, 40fdf9960bc84a8daa5edd4ef73e1659; no voters: 43678c1f917b4553b1c847b76c0f9940
I20260709 12:57:04.118525  1781 raft_consensus.cc:2804] T 572cb60b88d448c6a13c55a561eaad1e P 40fdf9960bc84a8daa5edd4ef73e1659 [term 1 FOLLOWER]: Leader election won for term 1
I20260709 12:57:04.118955  1973 raft_consensus.cc:2749] T 1637eb9a3d7c43359dd4af8ff1041d0a P 40fdf9960bc84a8daa5edd4ef73e1659 [term 1 FOLLOWER]: Leader pre-election lost for term 1. Reason: could not achieve majority
I20260709 12:57:04.119168  1731 ts_tablet_manager.cc:1434] T 10e5ace545374656a06316fcbf6427fc P 02a83d96c729409f90ae56a594e71f94: Time spent starting tablet: real 0.044s	user 0.007s	sys 0.000s
I20260709 12:57:04.119988  1731 tablet_bootstrap.cc:492] T ad5503ccb46541ba9483636899c307ba P 02a83d96c729409f90ae56a594e71f94: Bootstrap starting.
I20260709 12:57:04.118985  1781 raft_consensus.cc:697] T 572cb60b88d448c6a13c55a561eaad1e P 40fdf9960bc84a8daa5edd4ef73e1659 [term 1 LEADER]: Becoming Leader. State: Replica: 40fdf9960bc84a8daa5edd4ef73e1659, State: Running, Role: LEADER
I20260709 12:57:04.128125  1781 consensus_queue.cc:237] T 572cb60b88d448c6a13c55a561eaad1e P 40fdf9960bc84a8daa5edd4ef73e1659 [LEADER]: Queue going to LEADER mode. State: All replicated index: 0, Majority replicated index: 0, Committed index: 0, Last appended: 0.0, Last appended by leader: 0, Current term: 1, Majority size: 2, State: 0, Mode: LEADER, active raft config: opid_index: -1 OBSOLETE_local: false peers { permanent_uuid: "40fdf9960bc84a8daa5edd4ef73e1659" member_type: VOTER last_known_addr { host: "127.0.107.193" port: 45607 } } peers { permanent_uuid: "43678c1f917b4553b1c847b76c0f9940" member_type: VOTER last_known_addr { host: "127.0.107.194" port: 41135 } } peers { permanent_uuid: "02a83d96c729409f90ae56a594e71f94" member_type: VOTER last_known_addr { host: "127.0.107.195" port: 34031 } }
I20260709 12:57:04.151894  1580 leader_election.cc:304] T a29ae64f796746739953c6c282a33cab P 43678c1f917b4553b1c847b76c0f9940 [CANDIDATE]: Term 1 pre-election: Election decided. Result: candidate lost. Election summary: received 3 responses out of 3 voters: 1 yes votes; 2 no votes. yes voters: 43678c1f917b4553b1c847b76c0f9940; no voters: 02a83d96c729409f90ae56a594e71f94, 40fdf9960bc84a8daa5edd4ef73e1659
I20260709 12:57:04.158663  1974 raft_consensus.cc:2749] T a29ae64f796746739953c6c282a33cab P 43678c1f917b4553b1c847b76c0f9940 [term 0 FOLLOWER]: Leader pre-election lost for term 1. Reason: could not achieve majority
I20260709 12:57:04.163976  1728 raft_consensus.cc:359] T 0a32f8d9dfed4accb6bfa1da173c173b P 43678c1f917b4553b1c847b76c0f9940 [term 0 FOLLOWER]: Replica starting. Triggering 0 pending ops. Active config: opid_index: -1 OBSOLETE_local: false peers { permanent_uuid: "40fdf9960bc84a8daa5edd4ef73e1659" member_type: VOTER last_known_addr { host: "127.0.107.193" port: 45607 } } peers { permanent_uuid: "43678c1f917b4553b1c847b76c0f9940" member_type: VOTER last_known_addr { host: "127.0.107.194" port: 41135 } } peers { permanent_uuid: "02a83d96c729409f90ae56a594e71f94" member_type: VOTER last_known_addr { host: "127.0.107.195" port: 34031 } }
I20260709 12:57:04.164927  1728 raft_consensus.cc:385] T 0a32f8d9dfed4accb6bfa1da173c173b P 43678c1f917b4553b1c847b76c0f9940 [term 0 FOLLOWER]: Consensus starting up: Expiring failure detector timer to make a prompt election more likely
I20260709 12:57:04.165264  1728 raft_consensus.cc:740] T 0a32f8d9dfed4accb6bfa1da173c173b P 43678c1f917b4553b1c847b76c0f9940 [term 0 FOLLOWER]: Becoming Follower/Learner. State: Replica: 43678c1f917b4553b1c847b76c0f9940, State: Initialized, Role: FOLLOWER
I20260709 12:57:04.166451  1728 consensus_queue.cc:260] T 0a32f8d9dfed4accb6bfa1da173c173b P 43678c1f917b4553b1c847b76c0f9940 [NON_LEADER]: Queue going to NON_LEADER mode. State: All replicated index: 0, Majority replicated index: 0, Committed index: 0, Last appended: 0.0, Last appended by leader: 0, Current term: 0, Majority size: -1, State: 0, Mode: NON_LEADER, active raft config: opid_index: -1 OBSOLETE_local: false peers { permanent_uuid: "40fdf9960bc84a8daa5edd4ef73e1659" member_type: VOTER last_known_addr { host: "127.0.107.193" port: 45607 } } peers { permanent_uuid: "43678c1f917b4553b1c847b76c0f9940" member_type: VOTER last_known_addr { host: "127.0.107.194" port: 41135 } } peers { permanent_uuid: "02a83d96c729409f90ae56a594e71f94" member_type: VOTER last_known_addr { host: "127.0.107.195" port: 34031 } }
I20260709 12:57:04.172081  1728 ts_tablet_manager.cc:1434] T 0a32f8d9dfed4accb6bfa1da173c173b P 43678c1f917b4553b1c847b76c0f9940: Time spent starting tablet: real 0.085s	user 0.013s	sys 0.017s
I20260709 12:57:04.173285  1728 tablet_bootstrap.cc:492] T e418df97813c4c2393ecb2417764e011 P 43678c1f917b4553b1c847b76c0f9940: Bootstrap starting.
W20260709 12:57:04.214787  1688 consensus_meta.cc:287] T 0a32f8d9dfed4accb6bfa1da173c173b P 02a83d96c729409f90ae56a594e71f94: Time spent flushing consensus metadata: real 0.591s	user 0.010s	sys 0.000s
I20260709 12:57:04.215210  1688 raft_consensus.cc:2468] T 0a32f8d9dfed4accb6bfa1da173c173b P 02a83d96c729409f90ae56a594e71f94 [term 1 FOLLOWER]: Leader election vote request: Granting yes vote for candidate 40fdf9960bc84a8daa5edd4ef73e1659 in term 1.
I20260709 12:57:04.216208  1535 raft_consensus.cc:2468] T 1637eb9a3d7c43359dd4af8ff1041d0a P 40fdf9960bc84a8daa5edd4ef73e1659 [term 1 FOLLOWER]: Leader election vote request: Granting yes vote for candidate 02a83d96c729409f90ae56a594e71f94 in term 1.
W20260709 12:57:04.226709  1653 outbound_call.cc:321] RPC callback for RPC call kudu.consensus.ConsensusService.UpdateConsensus -> {remote=127.0.107.193:45607, user_credentials={real_user=slave}} blocked reactor thread for 64780.7us
I20260709 12:57:04.269357  1953 raft_consensus.cc:493] T 0a32f8d9dfed4accb6bfa1da173c173b P 43678c1f917b4553b1c847b76c0f9940 [term 0 FOLLOWER]: Starting pre-election (no leader contacted us within the election timeout)
I20260709 12:57:04.276016  1953 raft_consensus.cc:515] T 0a32f8d9dfed4accb6bfa1da173c173b P 43678c1f917b4553b1c847b76c0f9940 [term 0 FOLLOWER]: Starting pre-election with config: opid_index: -1 OBSOLETE_local: false peers { permanent_uuid: "40fdf9960bc84a8daa5edd4ef73e1659" member_type: VOTER last_known_addr { host: "127.0.107.193" port: 45607 } } peers { permanent_uuid: "43678c1f917b4553b1c847b76c0f9940" member_type: VOTER last_known_addr { host: "127.0.107.194" port: 41135 } } peers { permanent_uuid: "02a83d96c729409f90ae56a594e71f94" member_type: VOTER last_known_addr { host: "127.0.107.195" port: 34031 } }
I20260709 12:57:04.278000  1953 leader_election.cc:290] T 0a32f8d9dfed4accb6bfa1da173c173b P 43678c1f917b4553b1c847b76c0f9940 [CANDIDATE]: Term 1 pre-election: Requested pre-vote from peers 40fdf9960bc84a8daa5edd4ef73e1659 (127.0.107.193:45607), 02a83d96c729409f90ae56a594e71f94 (127.0.107.195:34031)
I20260709 12:57:04.256520  1906 consensus_queue.cc:1048] T fbd1496baaa6442698a53369fa56fe70 P 43678c1f917b4553b1c847b76c0f9940 [LEADER]: Connected to new peer: Peer: permanent_uuid: "02a83d96c729409f90ae56a594e71f94" member_type: VOTER last_known_addr { host: "127.0.107.195" port: 34031 }, Status: LMP_MISMATCH, Last received: 0.0, Next index: 1, Last known committed idx: 0, Time since last communication: 0.023s
I20260709 12:57:04.277992  2005 consensus_queue.cc:1048] T 8fabe7e41bfb44b4a63990e9d1f1d48d P 40fdf9960bc84a8daa5edd4ef73e1659 [LEADER]: Connected to new peer: Peer: permanent_uuid: "02a83d96c729409f90ae56a594e71f94" member_type: VOTER last_known_addr { host: "127.0.107.195" port: 34031 }, Status: LMP_MISMATCH, Last received: 0.0, Next index: 1, Last known committed idx: 0, Time since last communication: 0.002s
I20260709 12:57:04.291921  1533 tablet_service.cc:1917] Received RequestConsensusVote() RPC: tablet_id: "0a32f8d9dfed4accb6bfa1da173c173b" candidate_uuid: "43678c1f917b4553b1c847b76c0f9940" candidate_term: 1 candidate_status { last_received { term: 0 index: 0 } } ignore_live_leader: false dest_uuid: "40fdf9960bc84a8daa5edd4ef73e1659" is_pre_election: true
I20260709 12:57:04.292850  1533 raft_consensus.cc:2393] T 0a32f8d9dfed4accb6bfa1da173c173b P 40fdf9960bc84a8daa5edd4ef73e1659 [term 1 FOLLOWER]: Leader pre-election vote request: Denying vote to candidate 43678c1f917b4553b1c847b76c0f9940 in current term 1: Already voted for candidate 40fdf9960bc84a8daa5edd4ef73e1659 in this term.
I20260709 12:57:04.300874  1728 tablet_bootstrap.cc:654] T e418df97813c4c2393ecb2417764e011 P 43678c1f917b4553b1c847b76c0f9940: Neither blocks nor log segments found. Creating new log.
I20260709 12:57:04.306824  1614 raft_consensus.cc:3060] T a29ae64f796746739953c6c282a33cab P 43678c1f917b4553b1c847b76c0f9940 [term 0 FOLLOWER]: Advancing to term 1
W20260709 12:57:04.308919  1987 consensus_meta.cc:287] T 116acadda0184620b8b19d4b60e3e95e P 02a83d96c729409f90ae56a594e71f94: Time spent flushing consensus metadata: real 0.518s	user 0.007s	sys 0.001s
I20260709 12:57:04.309314  1987 raft_consensus.cc:515] T 116acadda0184620b8b19d4b60e3e95e P 02a83d96c729409f90ae56a594e71f94 [term 1 FOLLOWER]: Starting leader election with config: opid_index: -1 OBSOLETE_local: false peers { permanent_uuid: "40fdf9960bc84a8daa5edd4ef73e1659" member_type: VOTER last_known_addr { host: "127.0.107.193" port: 45607 } } peers { permanent_uuid: "43678c1f917b4553b1c847b76c0f9940" member_type: VOTER last_known_addr { host: "127.0.107.194" port: 41135 } } peers { permanent_uuid: "02a83d96c729409f90ae56a594e71f94" member_type: VOTER last_known_addr { host: "127.0.107.195" port: 34031 } }
I20260709 12:57:04.309816  1729 tablet_bootstrap.cc:654] T 6547aa680d22441d9769704a01657785 P 40fdf9960bc84a8daa5edd4ef73e1659: Neither blocks nor log segments found. Creating new log.
W20260709 12:57:04.311187  1505 outbound_call.cc:321] RPC callback for RPC call kudu.consensus.ConsensusService.UpdateConsensus -> {remote=127.0.107.195:34031, user_credentials={real_user=slave}} blocked reactor thread for 64649.6us
I20260709 12:57:04.313376  1505 leader_election.cc:304] T 0a32f8d9dfed4accb6bfa1da173c173b P 40fdf9960bc84a8daa5edd4ef73e1659 [CANDIDATE]: Term 1 election: Election decided. Result: candidate won. Election summary: received 3 responses out of 3 voters: 2 yes votes; 1 no votes. yes voters: 02a83d96c729409f90ae56a594e71f94, 40fdf9960bc84a8daa5edd4ef73e1659; no voters: 43678c1f917b4553b1c847b76c0f9940
I20260709 12:57:04.315596  1781 raft_consensus.cc:2804] T 0a32f8d9dfed4accb6bfa1da173c173b P 40fdf9960bc84a8daa5edd4ef73e1659 [term 1 FOLLOWER]: Leader election won for term 1
I20260709 12:57:04.315991  1781 raft_consensus.cc:697] T 0a32f8d9dfed4accb6bfa1da173c173b P 40fdf9960bc84a8daa5edd4ef73e1659 [term 1 LEADER]: Becoming Leader. State: Replica: 40fdf9960bc84a8daa5edd4ef73e1659, State: Running, Role: LEADER
I20260709 12:57:04.316830  1781 consensus_queue.cc:237] T 0a32f8d9dfed4accb6bfa1da173c173b P 40fdf9960bc84a8daa5edd4ef73e1659 [LEADER]: Queue going to LEADER mode. State: All replicated index: 0, Majority replicated index: 0, Committed index: 0, Last appended: 0.0, Last appended by leader: 0, Current term: 1, Majority size: 2, State: 0, Mode: LEADER, active raft config: opid_index: -1 OBSOLETE_local: false peers { permanent_uuid: "40fdf9960bc84a8daa5edd4ef73e1659" member_type: VOTER last_known_addr { host: "127.0.107.193" port: 45607 } } peers { permanent_uuid: "43678c1f917b4553b1c847b76c0f9940" member_type: VOTER last_known_addr { host: "127.0.107.194" port: 41135 } } peers { permanent_uuid: "02a83d96c729409f90ae56a594e71f94" member_type: VOTER last_known_addr { host: "127.0.107.195" port: 34031 } }
I20260709 12:57:04.318586  1533 tablet_service.cc:1917] Received RequestConsensusVote() RPC: tablet_id: "116acadda0184620b8b19d4b60e3e95e" candidate_uuid: "02a83d96c729409f90ae56a594e71f94" candidate_term: 1 candidate_status { last_received { term: 0 index: 0 } } ignore_live_leader: false dest_uuid: "40fdf9960bc84a8daa5edd4ef73e1659"
I20260709 12:57:04.319133  1533 raft_consensus.cc:3060] T 116acadda0184620b8b19d4b60e3e95e P 40fdf9960bc84a8daa5edd4ef73e1659 [term 0 FOLLOWER]: Advancing to term 1
W20260709 12:57:04.321228  1653 consensus_peers.cc:597] T 0ddb829f870e44588da7c32556a19064 P 02a83d96c729409f90ae56a594e71f94 -> Peer 43678c1f917b4553b1c847b76c0f9940 (127.0.107.194:41135): Couldn't send request to peer 43678c1f917b4553b1c847b76c0f9940. Error code: TABLET_NOT_RUNNING (12). Status: Illegal state: Tablet not RUNNING: INITIALIZED. This is attempt 1: this message will repeat every 5th retry.
I20260709 12:57:04.328862  1731 tablet_bootstrap.cc:654] T ad5503ccb46541ba9483636899c307ba P 02a83d96c729409f90ae56a594e71f94: Neither blocks nor log segments found. Creating new log.
I20260709 12:57:04.330461  1987 leader_election.cc:290] T 116acadda0184620b8b19d4b60e3e95e P 02a83d96c729409f90ae56a594e71f94 [CANDIDATE]: Term 1 election: Requested vote from peers 40fdf9960bc84a8daa5edd4ef73e1659 (127.0.107.193:45607), 43678c1f917b4553b1c847b76c0f9940 (127.0.107.194:41135)
I20260709 12:57:04.331446  1607 tablet_service.cc:1917] Received RequestConsensusVote() RPC: tablet_id: "116acadda0184620b8b19d4b60e3e95e" candidate_uuid: "02a83d96c729409f90ae56a594e71f94" candidate_term: 1 candidate_status { last_received { term: 0 index: 0 } } ignore_live_leader: false dest_uuid: "43678c1f917b4553b1c847b76c0f9940"
W20260709 12:57:04.335088  1653 leader_election.cc:343] T 116acadda0184620b8b19d4b60e3e95e P 02a83d96c729409f90ae56a594e71f94 [CANDIDATE]: Term 1 election: Tablet error from VoteRequest() call to peer 43678c1f917b4553b1c847b76c0f9940 (127.0.107.194:41135): Illegal state: must be running to vote when last-logged opid is not known
I20260709 12:57:04.336012  1736 raft_consensus.cc:493] T 6547aa680d22441d9769704a01657785 P 02a83d96c729409f90ae56a594e71f94 [term 0 FOLLOWER]: Starting pre-election (no leader contacted us within the election timeout)
I20260709 12:57:04.336445  1736 raft_consensus.cc:515] T 6547aa680d22441d9769704a01657785 P 02a83d96c729409f90ae56a594e71f94 [term 0 FOLLOWER]: Starting pre-election with config: opid_index: -1 OBSOLETE_local: false peers { permanent_uuid: "40fdf9960bc84a8daa5edd4ef73e1659" member_type: VOTER last_known_addr { host: "127.0.107.193" port: 45607 } } peers { permanent_uuid: "43678c1f917b4553b1c847b76c0f9940" member_type: VOTER last_known_addr { host: "127.0.107.194" port: 41135 } } peers { permanent_uuid: "02a83d96c729409f90ae56a594e71f94" member_type: VOTER last_known_addr { host: "127.0.107.195" port: 34031 } }
I20260709 12:57:04.341964  1736 leader_election.cc:290] T 6547aa680d22441d9769704a01657785 P 02a83d96c729409f90ae56a594e71f94 [CANDIDATE]: Term 1 pre-election: Requested pre-vote from peers 40fdf9960bc84a8daa5edd4ef73e1659 (127.0.107.193:45607), 43678c1f917b4553b1c847b76c0f9940 (127.0.107.194:41135)
I20260709 12:57:04.368688  1653 leader_election.cc:304] T 1637eb9a3d7c43359dd4af8ff1041d0a P 02a83d96c729409f90ae56a594e71f94 [CANDIDATE]: Term 1 election: Election decided. Result: candidate won. Election summary: received 3 responses out of 3 voters: 2 yes votes; 1 no votes. yes voters: 02a83d96c729409f90ae56a594e71f94, 40fdf9960bc84a8daa5edd4ef73e1659; no voters: 43678c1f917b4553b1c847b76c0f9940
I20260709 12:57:04.369756  1728 tablet_bootstrap.cc:492] T e418df97813c4c2393ecb2417764e011 P 43678c1f917b4553b1c847b76c0f9940: No bootstrap required, opened a new log
