I20260709 13:01:25.415148 14054 catalog_manager.cc:5697] T 7f563794e5b44c3ca3886cf9fb99bf42 P f182fa2fd0254cee8876bc8b1d75ad75 reported cstate change: term changed from 1 to 2, leader changed from 60aa1d64327e456fa40f1cff8a9efe6a (127.13.177.129) to f182fa2fd0254cee8876bc8b1d75ad75 (127.13.177.130). New cstate: current_term: 2 leader_uuid: "f182fa2fd0254cee8876bc8b1d75ad75" committed_config { opid_index: -1 OBSOLETE_local: false peers { permanent_uuid: "60aa1d64327e456fa40f1cff8a9efe6a" member_type: VOTER last_known_addr { host: "127.13.177.129" port: 37241 } health_report { overall_health: UNKNOWN } } peers { permanent_uuid: "f182fa2fd0254cee8876bc8b1d75ad75" member_type: VOTER last_known_addr { host: "127.13.177.130" port: 34771 } health_report { overall_health: HEALTHY } } peers { permanent_uuid: "36ae4a97da54427c952e9a6c7002f4f7" member_type: VOTER last_known_addr { host: "127.13.177.131" port: 38331 } health_report { overall_health: UNKNOWN } } }
I20260709 13:01:25.415788 14230 raft_consensus.cc:493] T 16d28736f7b74c0d89ab5bbae8071449 P f182fa2fd0254cee8876bc8b1d75ad75 [term 1 FOLLOWER]: Starting forced leader election (received explicit request)
I20260709 13:01:25.416147 14230 raft_consensus.cc:3060] T 16d28736f7b74c0d89ab5bbae8071449 P f182fa2fd0254cee8876bc8b1d75ad75 [term 1 FOLLOWER]: Advancing to term 2
I20260709 13:01:25.421725 14230 raft_consensus.cc:515] T 16d28736f7b74c0d89ab5bbae8071449 P f182fa2fd0254cee8876bc8b1d75ad75 [term 2 FOLLOWER]: Starting forced leader election with config: opid_index: -1 OBSOLETE_local: false peers { permanent_uuid: "60aa1d64327e456fa40f1cff8a9efe6a" member_type: VOTER last_known_addr { host: "127.13.177.129" port: 37241 } } peers { permanent_uuid: "f182fa2fd0254cee8876bc8b1d75ad75" member_type: VOTER last_known_addr { host: "127.13.177.130" port: 34771 } } peers { permanent_uuid: "36ae4a97da54427c952e9a6c7002f4f7" member_type: VOTER last_known_addr { host: "127.13.177.131" port: 38331 } }
I20260709 13:01:25.423453 14230 leader_election.cc:290] T 16d28736f7b74c0d89ab5bbae8071449 P f182fa2fd0254cee8876bc8b1d75ad75 [CANDIDATE]: Term 2 election: Requested vote from peers 60aa1d64327e456fa40f1cff8a9efe6a (127.13.177.129:37241), 36ae4a97da54427c952e9a6c7002f4f7 (127.13.177.131:38331)
I20260709 13:01:25.424525 14154 tablet_service.cc:1917] Received RequestConsensusVote() RPC: tablet_id: "16d28736f7b74c0d89ab5bbae8071449" candidate_uuid: "f182fa2fd0254cee8876bc8b1d75ad75" candidate_term: 2 candidate_status { last_received { term: 1 index: 1 } } ignore_live_leader: true dest_uuid: "60aa1d64327e456fa40f1cff8a9efe6a"
I20260709 13:01:25.424808 14304 tablet_service.cc:1917] Received RequestConsensusVote() RPC: tablet_id: "16d28736f7b74c0d89ab5bbae8071449" candidate_uuid: "f182fa2fd0254cee8876bc8b1d75ad75" candidate_term: 2 candidate_status { last_received { term: 1 index: 1 } } ignore_live_leader: true dest_uuid: "36ae4a97da54427c952e9a6c7002f4f7"
I20260709 13:01:25.425199 14154 raft_consensus.cc:3060] T 16d28736f7b74c0d89ab5bbae8071449 P 60aa1d64327e456fa40f1cff8a9efe6a [term 1 FOLLOWER]: Advancing to term 2
I20260709 13:01:25.425321 14304 raft_consensus.cc:3055] T 16d28736f7b74c0d89ab5bbae8071449 P 36ae4a97da54427c952e9a6c7002f4f7 [term 1 LEADER]: Stepping down as leader of term 1
I20260709 13:01:25.425688 14304 raft_consensus.cc:740] T 16d28736f7b74c0d89ab5bbae8071449 P 36ae4a97da54427c952e9a6c7002f4f7 [term 1 LEADER]: Becoming Follower/Learner. State: Replica: 36ae4a97da54427c952e9a6c7002f4f7, State: Running, Role: LEADER
I20260709 13:01:25.426460 14304 consensus_queue.cc:260] T 16d28736f7b74c0d89ab5bbae8071449 P 36ae4a97da54427c952e9a6c7002f4f7 [NON_LEADER]: Queue going to NON_LEADER mode. State: All replicated index: 0, Majority replicated index: 1, Committed index: 1, Last appended: 1.1, Last appended by leader: 1, Current term: 1, Majority size: -1, State: 0, Mode: NON_LEADER, active raft config: opid_index: -1 OBSOLETE_local: false peers { permanent_uuid: "60aa1d64327e456fa40f1cff8a9efe6a" member_type: VOTER last_known_addr { host: "127.13.177.129" port: 37241 } } peers { permanent_uuid: "f182fa2fd0254cee8876bc8b1d75ad75" member_type: VOTER last_known_addr { host: "127.13.177.130" port: 34771 } } peers { permanent_uuid: "36ae4a97da54427c952e9a6c7002f4f7" member_type: VOTER last_known_addr { host: "127.13.177.131" port: 38331 } }
I20260709 13:01:25.427361 14449 raft_consensus.cc:993] T 8ad3562865d5405993f16702d17de106 P f182fa2fd0254cee8876bc8b1d75ad75: : Instructing follower 60aa1d64327e456fa40f1cff8a9efe6a to start an election
I20260709 13:01:25.427626 14304 raft_consensus.cc:3060] T 16d28736f7b74c0d89ab5bbae8071449 P 36ae4a97da54427c952e9a6c7002f4f7 [term 1 FOLLOWER]: Advancing to term 2
I20260709 13:01:25.427793 14428 raft_consensus.cc:1081] T 8ad3562865d5405993f16702d17de106 P f182fa2fd0254cee8876bc8b1d75ad75 [term 1 LEADER]: Signalling peer 60aa1d64327e456fa40f1cff8a9efe6a to start an election
I20260709 13:01:25.429399 14156 tablet_service.cc:2044] Received Run Leader Election RPC: tablet_id: "8ad3562865d5405993f16702d17de106"
dest_uuid: "60aa1d64327e456fa40f1cff8a9efe6a"
 from {username='slave'} at 127.0.0.1:35882
I20260709 13:01:25.429988 14156 raft_consensus.cc:493] T 8ad3562865d5405993f16702d17de106 P 60aa1d64327e456fa40f1cff8a9efe6a [term 1 FOLLOWER]: Starting forced leader election (received explicit request)
I20260709 13:01:25.430312 14156 raft_consensus.cc:3060] T 8ad3562865d5405993f16702d17de106 P 60aa1d64327e456fa40f1cff8a9efe6a [term 1 FOLLOWER]: Advancing to term 2
I20260709 13:01:25.431738 14154 raft_consensus.cc:2468] T 16d28736f7b74c0d89ab5bbae8071449 P 60aa1d64327e456fa40f1cff8a9efe6a [term 2 FOLLOWER]: Leader election vote request: Granting yes vote for candidate f182fa2fd0254cee8876bc8b1d75ad75 in term 2.
I20260709 13:01:25.432830 14197 leader_election.cc:304] T 16d28736f7b74c0d89ab5bbae8071449 P f182fa2fd0254cee8876bc8b1d75ad75 [CANDIDATE]: Term 2 election: Election decided. Result: candidate won. Election summary: received 2 responses out of 3 voters: 2 yes votes; 0 no votes. yes voters: 60aa1d64327e456fa40f1cff8a9efe6a, f182fa2fd0254cee8876bc8b1d75ad75; no voters: 
I20260709 13:01:25.433574 14428 raft_consensus.cc:2804] T 16d28736f7b74c0d89ab5bbae8071449 P f182fa2fd0254cee8876bc8b1d75ad75 [term 2 FOLLOWER]: Leader election won for term 2
I20260709 13:01:25.434072 14428 raft_consensus.cc:697] T 16d28736f7b74c0d89ab5bbae8071449 P f182fa2fd0254cee8876bc8b1d75ad75 [term 2 LEADER]: Becoming Leader. State: Replica: f182fa2fd0254cee8876bc8b1d75ad75, State: Running, Role: LEADER
I20260709 13:01:25.434346 14304 raft_consensus.cc:2468] T 16d28736f7b74c0d89ab5bbae8071449 P 36ae4a97da54427c952e9a6c7002f4f7 [term 2 FOLLOWER]: Leader election vote request: Granting yes vote for candidate f182fa2fd0254cee8876bc8b1d75ad75 in term 2.
I20260709 13:01:25.434857 14428 consensus_queue.cc:237] T 16d28736f7b74c0d89ab5bbae8071449 P f182fa2fd0254cee8876bc8b1d75ad75 [LEADER]: Queue going to LEADER mode. State: All replicated index: 0, Majority replicated index: 1, Committed index: 1, Last appended: 1.1, Last appended by leader: 1, Current term: 2, Majority size: 2, State: 0, Mode: LEADER, active raft config: opid_index: -1 OBSOLETE_local: false peers { permanent_uuid: "60aa1d64327e456fa40f1cff8a9efe6a" member_type: VOTER last_known_addr { host: "127.13.177.129" port: 37241 } } peers { permanent_uuid: "f182fa2fd0254cee8876bc8b1d75ad75" member_type: VOTER last_known_addr { host: "127.13.177.130" port: 34771 } } peers { permanent_uuid: "36ae4a97da54427c952e9a6c7002f4f7" member_type: VOTER last_known_addr { host: "127.13.177.131" port: 38331 } }
I20260709 13:01:25.436298 14156 raft_consensus.cc:515] T 8ad3562865d5405993f16702d17de106 P 60aa1d64327e456fa40f1cff8a9efe6a [term 2 FOLLOWER]: Starting forced leader election with config: opid_index: -1 OBSOLETE_local: false peers { permanent_uuid: "60aa1d64327e456fa40f1cff8a9efe6a" member_type: VOTER last_known_addr { host: "127.13.177.129" port: 37241 } } peers { permanent_uuid: "f182fa2fd0254cee8876bc8b1d75ad75" member_type: VOTER last_known_addr { host: "127.13.177.130" port: 34771 } } peers { permanent_uuid: "36ae4a97da54427c952e9a6c7002f4f7" member_type: VOTER last_known_addr { host: "127.13.177.131" port: 38331 } }
I20260709 13:01:25.438591 14156 leader_election.cc:290] T 8ad3562865d5405993f16702d17de106 P 60aa1d64327e456fa40f1cff8a9efe6a [CANDIDATE]: Term 2 election: Requested vote from peers f182fa2fd0254cee8876bc8b1d75ad75 (127.13.177.130:34771), 36ae4a97da54427c952e9a6c7002f4f7 (127.13.177.131:38331)
I20260709 13:01:25.439337 14230 tablet_service.cc:1917] Received RequestConsensusVote() RPC: tablet_id: "8ad3562865d5405993f16702d17de106" candidate_uuid: "60aa1d64327e456fa40f1cff8a9efe6a" candidate_term: 2 candidate_status { last_received { term: 1 index: 1 } } ignore_live_leader: true dest_uuid: "f182fa2fd0254cee8876bc8b1d75ad75"
I20260709 13:01:25.439874 14230 raft_consensus.cc:3055] T 8ad3562865d5405993f16702d17de106 P f182fa2fd0254cee8876bc8b1d75ad75 [term 1 LEADER]: Stepping down as leader of term 1
I20260709 13:01:25.440095 14230 raft_consensus.cc:740] T 8ad3562865d5405993f16702d17de106 P f182fa2fd0254cee8876bc8b1d75ad75 [term 1 LEADER]: Becoming Follower/Learner. State: Replica: f182fa2fd0254cee8876bc8b1d75ad75, State: Running, Role: LEADER
I20260709 13:01:25.440718 14230 consensus_queue.cc:260] T 8ad3562865d5405993f16702d17de106 P f182fa2fd0254cee8876bc8b1d75ad75 [NON_LEADER]: Queue going to NON_LEADER mode. State: All replicated index: 0, Majority replicated index: 1, Committed index: 1, Last appended: 1.1, Last appended by leader: 1, Current term: 1, Majority size: -1, State: 0, Mode: NON_LEADER, active raft config: opid_index: -1 OBSOLETE_local: false peers { permanent_uuid: "60aa1d64327e456fa40f1cff8a9efe6a" member_type: VOTER last_known_addr { host: "127.13.177.129" port: 37241 } } peers { permanent_uuid: "f182fa2fd0254cee8876bc8b1d75ad75" member_type: VOTER last_known_addr { host: "127.13.177.130" port: 34771 } } peers { permanent_uuid: "36ae4a97da54427c952e9a6c7002f4f7" member_type: VOTER last_known_addr { host: "127.13.177.131" port: 38331 } }
I20260709 13:01:25.441777 14230 raft_consensus.cc:3060] T 8ad3562865d5405993f16702d17de106 P f182fa2fd0254cee8876bc8b1d75ad75 [term 1 FOLLOWER]: Advancing to term 2
I20260709 13:01:25.442776 14304 tablet_service.cc:1917] Received RequestConsensusVote() RPC: tablet_id: "8ad3562865d5405993f16702d17de106" candidate_uuid: "60aa1d64327e456fa40f1cff8a9efe6a" candidate_term: 2 candidate_status { last_received { term: 1 index: 1 } } ignore_live_leader: true dest_uuid: "36ae4a97da54427c952e9a6c7002f4f7"
I20260709 13:01:25.442715 14054 catalog_manager.cc:5697] T 16d28736f7b74c0d89ab5bbae8071449 P f182fa2fd0254cee8876bc8b1d75ad75 reported cstate change: term changed from 1 to 2, leader changed from 36ae4a97da54427c952e9a6c7002f4f7 (127.13.177.131) to f182fa2fd0254cee8876bc8b1d75ad75 (127.13.177.130). New cstate: current_term: 2 leader_uuid: "f182fa2fd0254cee8876bc8b1d75ad75" committed_config { opid_index: -1 OBSOLETE_local: false peers { permanent_uuid: "60aa1d64327e456fa40f1cff8a9efe6a" member_type: VOTER last_known_addr { host: "127.13.177.129" port: 37241 } health_report { overall_health: UNKNOWN } } peers { permanent_uuid: "f182fa2fd0254cee8876bc8b1d75ad75" member_type: VOTER last_known_addr { host: "127.13.177.130" port: 34771 } health_report { overall_health: HEALTHY } } peers { permanent_uuid: "36ae4a97da54427c952e9a6c7002f4f7" member_type: VOTER last_known_addr { host: "127.13.177.131" port: 38331 } health_report { overall_health: UNKNOWN } } }
I20260709 13:01:25.443298 14304 raft_consensus.cc:3060] T 8ad3562865d5405993f16702d17de106 P 36ae4a97da54427c952e9a6c7002f4f7 [term 1 FOLLOWER]: Advancing to term 2
I20260709 13:01:25.448165 14230 raft_consensus.cc:2468] T 8ad3562865d5405993f16702d17de106 P f182fa2fd0254cee8876bc8b1d75ad75 [term 2 FOLLOWER]: Leader election vote request: Granting yes vote for candidate 60aa1d64327e456fa40f1cff8a9efe6a in term 2.
I20260709 13:01:25.449924 14304 raft_consensus.cc:2468] T 8ad3562865d5405993f16702d17de106 P 36ae4a97da54427c952e9a6c7002f4f7 [term 2 FOLLOWER]: Leader election vote request: Granting yes vote for candidate 60aa1d64327e456fa40f1cff8a9efe6a in term 2.
I20260709 13:01:25.450300 14123 leader_election.cc:304] T 8ad3562865d5405993f16702d17de106 P 60aa1d64327e456fa40f1cff8a9efe6a [CANDIDATE]: Term 2 election: Election decided. Result: candidate won. Election summary: received 2 responses out of 3 voters: 2 yes votes; 0 no votes. yes voters: 60aa1d64327e456fa40f1cff8a9efe6a, f182fa2fd0254cee8876bc8b1d75ad75; no voters: 
I20260709 13:01:25.451100 14390 raft_consensus.cc:2804] T 8ad3562865d5405993f16702d17de106 P 60aa1d64327e456fa40f1cff8a9efe6a [term 2 FOLLOWER]: Leader election won for term 2
I20260709 13:01:25.451550 14390 raft_consensus.cc:697] T 8ad3562865d5405993f16702d17de106 P 60aa1d64327e456fa40f1cff8a9efe6a [term 2 LEADER]: Becoming Leader. State: Replica: 60aa1d64327e456fa40f1cff8a9efe6a, State: Running, Role: LEADER
I20260709 13:01:25.452363 14390 consensus_queue.cc:237] T 8ad3562865d5405993f16702d17de106 P 60aa1d64327e456fa40f1cff8a9efe6a [LEADER]: Queue going to LEADER mode. State: All replicated index: 0, Majority replicated index: 1, Committed index: 1, Last appended: 1.1, Last appended by leader: 1, Current term: 2, Majority size: 2, State: 0, Mode: LEADER, active raft config: opid_index: -1 OBSOLETE_local: false peers { permanent_uuid: "60aa1d64327e456fa40f1cff8a9efe6a" member_type: VOTER last_known_addr { host: "127.13.177.129" port: 37241 } } peers { permanent_uuid: "f182fa2fd0254cee8876bc8b1d75ad75" member_type: VOTER last_known_addr { host: "127.13.177.130" port: 34771 } } peers { permanent_uuid: "36ae4a97da54427c952e9a6c7002f4f7" member_type: VOTER last_known_addr { host: "127.13.177.131" port: 38331 } }
I20260709 13:01:25.458668 14054 catalog_manager.cc:5697] T 8ad3562865d5405993f16702d17de106 P 60aa1d64327e456fa40f1cff8a9efe6a reported cstate change: term changed from 1 to 2, leader changed from f182fa2fd0254cee8876bc8b1d75ad75 (127.13.177.130) to 60aa1d64327e456fa40f1cff8a9efe6a (127.13.177.129). New cstate: current_term: 2 leader_uuid: "60aa1d64327e456fa40f1cff8a9efe6a" committed_config { opid_index: -1 OBSOLETE_local: false peers { permanent_uuid: "60aa1d64327e456fa40f1cff8a9efe6a" member_type: VOTER last_known_addr { host: "127.13.177.129" port: 37241 } health_report { overall_health: HEALTHY } } peers { permanent_uuid: "f182fa2fd0254cee8876bc8b1d75ad75" member_type: VOTER last_known_addr { host: "127.13.177.130" port: 34771 } health_report { overall_health: UNKNOWN } } peers { permanent_uuid: "36ae4a97da54427c952e9a6c7002f4f7" member_type: VOTER last_known_addr { host: "127.13.177.131" port: 38331 } health_report { overall_health: UNKNOWN } } }
I20260709 13:01:25.691511 14390 raft_consensus.cc:993] T d607dde8a5a347d4b48374a84946959f P 60aa1d64327e456fa40f1cff8a9efe6a: : Instructing follower f182fa2fd0254cee8876bc8b1d75ad75 to start an election
I20260709 13:01:25.691958 14453 raft_consensus.cc:1081] T d607dde8a5a347d4b48374a84946959f P 60aa1d64327e456fa40f1cff8a9efe6a [term 1 LEADER]: Signalling peer f182fa2fd0254cee8876bc8b1d75ad75 to start an election
I20260709 13:01:25.693651 14231 tablet_service.cc:2044] Received Run Leader Election RPC: tablet_id: "d607dde8a5a347d4b48374a84946959f"
dest_uuid: "f182fa2fd0254cee8876bc8b1d75ad75"
 from {username='slave'} at 127.0.0.1:59228
I20260709 13:01:25.694162 14231 raft_consensus.cc:493] T d607dde8a5a347d4b48374a84946959f P f182fa2fd0254cee8876bc8b1d75ad75 [term 1 FOLLOWER]: Starting forced leader election (received explicit request)
I20260709 13:01:25.694528 14231 raft_consensus.cc:3060] T d607dde8a5a347d4b48374a84946959f P f182fa2fd0254cee8876bc8b1d75ad75 [term 1 FOLLOWER]: Advancing to term 2
I20260709 13:01:25.698621 14231 raft_consensus.cc:515] T d607dde8a5a347d4b48374a84946959f P f182fa2fd0254cee8876bc8b1d75ad75 [term 2 FOLLOWER]: Starting forced leader election with config: opid_index: -1 OBSOLETE_local: false peers { permanent_uuid: "60aa1d64327e456fa40f1cff8a9efe6a" member_type: VOTER last_known_addr { host: "127.13.177.129" port: 37241 } } peers { permanent_uuid: "f182fa2fd0254cee8876bc8b1d75ad75" member_type: VOTER last_known_addr { host: "127.13.177.130" port: 34771 } } peers { permanent_uuid: "36ae4a97da54427c952e9a6c7002f4f7" member_type: VOTER last_known_addr { host: "127.13.177.131" port: 38331 } }
I20260709 13:01:25.700541 14231 leader_election.cc:290] T d607dde8a5a347d4b48374a84946959f P f182fa2fd0254cee8876bc8b1d75ad75 [CANDIDATE]: Term 2 election: Requested vote from peers 60aa1d64327e456fa40f1cff8a9efe6a (127.13.177.129:37241), 36ae4a97da54427c952e9a6c7002f4f7 (127.13.177.131:38331)
I20260709 13:01:25.701361 14156 tablet_service.cc:1917] Received RequestConsensusVote() RPC: tablet_id: "d607dde8a5a347d4b48374a84946959f" candidate_uuid: "f182fa2fd0254cee8876bc8b1d75ad75" candidate_term: 2 candidate_status { last_received { term: 1 index: 1 } } ignore_live_leader: true dest_uuid: "60aa1d64327e456fa40f1cff8a9efe6a"
I20260709 13:01:25.702065 14156 raft_consensus.cc:3055] T d607dde8a5a347d4b48374a84946959f P 60aa1d64327e456fa40f1cff8a9efe6a [term 1 LEADER]: Stepping down as leader of term 1
I20260709 13:01:25.702390 14156 raft_consensus.cc:740] T d607dde8a5a347d4b48374a84946959f P 60aa1d64327e456fa40f1cff8a9efe6a [term 1 LEADER]: Becoming Follower/Learner. State: Replica: 60aa1d64327e456fa40f1cff8a9efe6a, State: Running, Role: LEADER
I20260709 13:01:25.702674 14305 tablet_service.cc:1917] Received RequestConsensusVote() RPC: tablet_id: "d607dde8a5a347d4b48374a84946959f" candidate_uuid: "f182fa2fd0254cee8876bc8b1d75ad75" candidate_term: 2 candidate_status { last_received { term: 1 index: 1 } } ignore_live_leader: true dest_uuid: "36ae4a97da54427c952e9a6c7002f4f7"
I20260709 13:01:25.703253 14305 raft_consensus.cc:3060] T d607dde8a5a347d4b48374a84946959f P 36ae4a97da54427c952e9a6c7002f4f7 [term 1 FOLLOWER]: Advancing to term 2
I20260709 13:01:25.703233 14156 consensus_queue.cc:260] T d607dde8a5a347d4b48374a84946959f P 60aa1d64327e456fa40f1cff8a9efe6a [NON_LEADER]: Queue going to NON_LEADER mode. State: All replicated index: 0, Majority replicated index: 1, Committed index: 1, Last appended: 1.1, Last appended by leader: 1, Current term: 1, Majority size: -1, State: 0, Mode: NON_LEADER, active raft config: opid_index: -1 OBSOLETE_local: false peers { permanent_uuid: "60aa1d64327e456fa40f1cff8a9efe6a" member_type: VOTER last_known_addr { host: "127.13.177.129" port: 37241 } } peers { permanent_uuid: "f182fa2fd0254cee8876bc8b1d75ad75" member_type: VOTER last_known_addr { host: "127.13.177.130" port: 34771 } } peers { permanent_uuid: "36ae4a97da54427c952e9a6c7002f4f7" member_type: VOTER last_known_addr { host: "127.13.177.131" port: 38331 } }
I20260709 13:01:25.704280 14156 raft_consensus.cc:3060] T d607dde8a5a347d4b48374a84946959f P 60aa1d64327e456fa40f1cff8a9efe6a [term 1 FOLLOWER]: Advancing to term 2
I20260709 13:01:25.708473 14156 raft_consensus.cc:2468] T d607dde8a5a347d4b48374a84946959f P 60aa1d64327e456fa40f1cff8a9efe6a [term 2 FOLLOWER]: Leader election vote request: Granting yes vote for candidate f182fa2fd0254cee8876bc8b1d75ad75 in term 2.
I20260709 13:01:25.708539 14305 raft_consensus.cc:2468] T d607dde8a5a347d4b48374a84946959f P 36ae4a97da54427c952e9a6c7002f4f7 [term 2 FOLLOWER]: Leader election vote request: Granting yes vote for candidate f182fa2fd0254cee8876bc8b1d75ad75 in term 2.
I20260709 13:01:25.709399 14197 leader_election.cc:304] T d607dde8a5a347d4b48374a84946959f P f182fa2fd0254cee8876bc8b1d75ad75 [CANDIDATE]: Term 2 election: Election decided. Result: candidate won. Election summary: received 2 responses out of 3 voters: 2 yes votes; 0 no votes. yes voters: 60aa1d64327e456fa40f1cff8a9efe6a, f182fa2fd0254cee8876bc8b1d75ad75; no voters: 
I20260709 13:01:25.710122 14428 raft_consensus.cc:2804] T d607dde8a5a347d4b48374a84946959f P f182fa2fd0254cee8876bc8b1d75ad75 [term 2 FOLLOWER]: Leader election won for term 2
I20260709 13:01:25.710580 14428 raft_consensus.cc:697] T d607dde8a5a347d4b48374a84946959f P f182fa2fd0254cee8876bc8b1d75ad75 [term 2 LEADER]: Becoming Leader. State: Replica: f182fa2fd0254cee8876bc8b1d75ad75, State: Running, Role: LEADER
I20260709 13:01:25.711313 14428 consensus_queue.cc:237] T d607dde8a5a347d4b48374a84946959f P f182fa2fd0254cee8876bc8b1d75ad75 [LEADER]: Queue going to LEADER mode. State: All replicated index: 0, Majority replicated index: 1, Committed index: 1, Last appended: 1.1, Last appended by leader: 1, Current term: 2, Majority size: 2, State: 0, Mode: LEADER, active raft config: opid_index: -1 OBSOLETE_local: false peers { permanent_uuid: "60aa1d64327e456fa40f1cff8a9efe6a" member_type: VOTER last_known_addr { host: "127.13.177.129" port: 37241 } } peers { permanent_uuid: "f182fa2fd0254cee8876bc8b1d75ad75" member_type: VOTER last_known_addr { host: "127.13.177.130" port: 34771 } } peers { permanent_uuid: "36ae4a97da54427c952e9a6c7002f4f7" member_type: VOTER last_known_addr { host: "127.13.177.131" port: 38331 } }
I20260709 13:01:25.717177 14054 catalog_manager.cc:5697] T d607dde8a5a347d4b48374a84946959f P f182fa2fd0254cee8876bc8b1d75ad75 reported cstate change: term changed from 1 to 2, leader changed from 60aa1d64327e456fa40f1cff8a9efe6a (127.13.177.129) to f182fa2fd0254cee8876bc8b1d75ad75 (127.13.177.130). New cstate: current_term: 2 leader_uuid: "f182fa2fd0254cee8876bc8b1d75ad75" committed_config { opid_index: -1 OBSOLETE_local: false peers { permanent_uuid: "60aa1d64327e456fa40f1cff8a9efe6a" member_type: VOTER last_known_addr { host: "127.13.177.129" port: 37241 } health_report { overall_health: UNKNOWN } } peers { permanent_uuid: "f182fa2fd0254cee8876bc8b1d75ad75" member_type: VOTER last_known_addr { host: "127.13.177.130" port: 34771 } health_report { overall_health: HEALTHY } } peers { permanent_uuid: "36ae4a97da54427c952e9a6c7002f4f7" member_type: VOTER last_known_addr { host: "127.13.177.131" port: 38331 } health_report { overall_health: UNKNOWN } } }
I20260709 13:01:25.751848 14429 raft_consensus.cc:993] T f56fe0ebb5c34a9d8f1f72dfcd86f44b P 60aa1d64327e456fa40f1cff8a9efe6a: : Instructing follower f182fa2fd0254cee8876bc8b1d75ad75 to start an election
I20260709 13:01:25.752246 14453 raft_consensus.cc:1081] T f56fe0ebb5c34a9d8f1f72dfcd86f44b P 60aa1d64327e456fa40f1cff8a9efe6a [term 2 LEADER]: Signalling peer f182fa2fd0254cee8876bc8b1d75ad75 to start an election
I20260709 13:01:25.753547 14230 tablet_service.cc:2044] Received Run Leader Election RPC: tablet_id: "f56fe0ebb5c34a9d8f1f72dfcd86f44b"
dest_uuid: "f182fa2fd0254cee8876bc8b1d75ad75"
 from {username='slave'} at 127.0.0.1:59228
I20260709 13:01:25.753973 14230 raft_consensus.cc:493] T f56fe0ebb5c34a9d8f1f72dfcd86f44b P f182fa2fd0254cee8876bc8b1d75ad75 [term 2 FOLLOWER]: Starting forced leader election (received explicit request)
I20260709 13:01:25.754398 14230 raft_consensus.cc:3060] T f56fe0ebb5c34a9d8f1f72dfcd86f44b P f182fa2fd0254cee8876bc8b1d75ad75 [term 2 FOLLOWER]: Advancing to term 3
I20260709 13:01:25.758617 14230 raft_consensus.cc:515] T f56fe0ebb5c34a9d8f1f72dfcd86f44b P f182fa2fd0254cee8876bc8b1d75ad75 [term 3 FOLLOWER]: Starting forced leader election with config: opid_index: -1 OBSOLETE_local: false peers { permanent_uuid: "60aa1d64327e456fa40f1cff8a9efe6a" member_type: VOTER last_known_addr { host: "127.13.177.129" port: 37241 } } peers { permanent_uuid: "f182fa2fd0254cee8876bc8b1d75ad75" member_type: VOTER last_known_addr { host: "127.13.177.130" port: 34771 } } peers { permanent_uuid: "36ae4a97da54427c952e9a6c7002f4f7" member_type: VOTER last_known_addr { host: "127.13.177.131" port: 38331 } }
I20260709 13:01:25.760316 14230 leader_election.cc:290] T f56fe0ebb5c34a9d8f1f72dfcd86f44b P f182fa2fd0254cee8876bc8b1d75ad75 [CANDIDATE]: Term 3 election: Requested vote from peers 60aa1d64327e456fa40f1cff8a9efe6a (127.13.177.129:37241), 36ae4a97da54427c952e9a6c7002f4f7 (127.13.177.131:38331)
I20260709 13:01:25.761077 14156 tablet_service.cc:1917] Received RequestConsensusVote() RPC: tablet_id: "f56fe0ebb5c34a9d8f1f72dfcd86f44b" candidate_uuid: "f182fa2fd0254cee8876bc8b1d75ad75" candidate_term: 3 candidate_status { last_received { term: 2 index: 1 } } ignore_live_leader: true dest_uuid: "60aa1d64327e456fa40f1cff8a9efe6a"
I20260709 13:01:25.761359 14305 tablet_service.cc:1917] Received RequestConsensusVote() RPC: tablet_id: "f56fe0ebb5c34a9d8f1f72dfcd86f44b" candidate_uuid: "f182fa2fd0254cee8876bc8b1d75ad75" candidate_term: 3 candidate_status { last_received { term: 2 index: 1 } } ignore_live_leader: true dest_uuid: "36ae4a97da54427c952e9a6c7002f4f7"
I20260709 13:01:25.761662 14156 raft_consensus.cc:3055] T f56fe0ebb5c34a9d8f1f72dfcd86f44b P 60aa1d64327e456fa40f1cff8a9efe6a [term 2 LEADER]: Stepping down as leader of term 2
I20260709 13:01:25.761989 14305 raft_consensus.cc:3060] T f56fe0ebb5c34a9d8f1f72dfcd86f44b P 36ae4a97da54427c952e9a6c7002f4f7 [term 2 FOLLOWER]: Advancing to term 3
I20260709 13:01:25.762017 14156 raft_consensus.cc:740] T f56fe0ebb5c34a9d8f1f72dfcd86f44b P 60aa1d64327e456fa40f1cff8a9efe6a [term 2 LEADER]: Becoming Follower/Learner. State: Replica: 60aa1d64327e456fa40f1cff8a9efe6a, State: Running, Role: LEADER
I20260709 13:01:25.762830 14156 consensus_queue.cc:260] T f56fe0ebb5c34a9d8f1f72dfcd86f44b P 60aa1d64327e456fa40f1cff8a9efe6a [NON_LEADER]: Queue going to NON_LEADER mode. State: All replicated index: 0, Majority replicated index: 1, Committed index: 1, Last appended: 2.1, Last appended by leader: 1, Current term: 2, Majority size: -1, State: 0, Mode: NON_LEADER, active raft config: opid_index: -1 OBSOLETE_local: false peers { permanent_uuid: "60aa1d64327e456fa40f1cff8a9efe6a" member_type: VOTER last_known_addr { host: "127.13.177.129" port: 37241 } } peers { permanent_uuid: "f182fa2fd0254cee8876bc8b1d75ad75" member_type: VOTER last_known_addr { host: "127.13.177.130" port: 34771 } } peers { permanent_uuid: "36ae4a97da54427c952e9a6c7002f4f7" member_type: VOTER last_known_addr { host: "127.13.177.131" port: 38331 } }
I20260709 13:01:25.763757 14156 raft_consensus.cc:3060] T f56fe0ebb5c34a9d8f1f72dfcd86f44b P 60aa1d64327e456fa40f1cff8a9efe6a [term 2 FOLLOWER]: Advancing to term 3
I20260709 13:01:25.766624 14305 raft_consensus.cc:2468] T f56fe0ebb5c34a9d8f1f72dfcd86f44b P 36ae4a97da54427c952e9a6c7002f4f7 [term 3 FOLLOWER]: Leader election vote request: Granting yes vote for candidate f182fa2fd0254cee8876bc8b1d75ad75 in term 3.
I20260709 13:01:25.767668 14198 leader_election.cc:304] T f56fe0ebb5c34a9d8f1f72dfcd86f44b P f182fa2fd0254cee8876bc8b1d75ad75 [CANDIDATE]: Term 3 election: Election decided. Result: candidate won. Election summary: received 2 responses out of 3 voters: 2 yes votes; 0 no votes. yes voters: 36ae4a97da54427c952e9a6c7002f4f7, f182fa2fd0254cee8876bc8b1d75ad75; no voters: 
I20260709 13:01:25.768332 14428 raft_consensus.cc:2804] T f56fe0ebb5c34a9d8f1f72dfcd86f44b P f182fa2fd0254cee8876bc8b1d75ad75 [term 3 FOLLOWER]: Leader election won for term 3
I20260709 13:01:25.768378 14156 raft_consensus.cc:2468] T f56fe0ebb5c34a9d8f1f72dfcd86f44b P 60aa1d64327e456fa40f1cff8a9efe6a [term 3 FOLLOWER]: Leader election vote request: Granting yes vote for candidate f182fa2fd0254cee8876bc8b1d75ad75 in term 3.
I20260709 13:01:25.768906 14428 raft_consensus.cc:697] T f56fe0ebb5c34a9d8f1f72dfcd86f44b P f182fa2fd0254cee8876bc8b1d75ad75 [term 3 LEADER]: Becoming Leader. State: Replica: f182fa2fd0254cee8876bc8b1d75ad75, State: Running, Role: LEADER
I20260709 13:01:25.769744 14428 consensus_queue.cc:237] T f56fe0ebb5c34a9d8f1f72dfcd86f44b P f182fa2fd0254cee8876bc8b1d75ad75 [LEADER]: Queue going to LEADER mode. State: All replicated index: 0, Majority replicated index: 1, Committed index: 1, Last appended: 2.1, Last appended by leader: 1, Current term: 3, Majority size: 2, State: 0, Mode: LEADER, active raft config: opid_index: -1 OBSOLETE_local: false peers { permanent_uuid: "60aa1d64327e456fa40f1cff8a9efe6a" member_type: VOTER last_known_addr { host: "127.13.177.129" port: 37241 } } peers { permanent_uuid: "f182fa2fd0254cee8876bc8b1d75ad75" member_type: VOTER last_known_addr { host: "127.13.177.130" port: 34771 } } peers { permanent_uuid: "36ae4a97da54427c952e9a6c7002f4f7" member_type: VOTER last_known_addr { host: "127.13.177.131" port: 38331 } }
I20260709 13:01:25.775064 14054 catalog_manager.cc:5697] T f56fe0ebb5c34a9d8f1f72dfcd86f44b P f182fa2fd0254cee8876bc8b1d75ad75 reported cstate change: term changed from 2 to 3, leader changed from 60aa1d64327e456fa40f1cff8a9efe6a (127.13.177.129) to f182fa2fd0254cee8876bc8b1d75ad75 (127.13.177.130). New cstate: current_term: 3 leader_uuid: "f182fa2fd0254cee8876bc8b1d75ad75" committed_config { opid_index: -1 OBSOLETE_local: false peers { permanent_uuid: "60aa1d64327e456fa40f1cff8a9efe6a" member_type: VOTER last_known_addr { host: "127.13.177.129" port: 37241 } health_report { overall_health: UNKNOWN } } peers { permanent_uuid: "f182fa2fd0254cee8876bc8b1d75ad75" member_type: VOTER last_known_addr { host: "127.13.177.130" port: 34771 } health_report { overall_health: HEALTHY } } peers { permanent_uuid: "36ae4a97da54427c952e9a6c7002f4f7" member_type: VOTER last_known_addr { host: "127.13.177.131" port: 38331 } health_report { overall_health: UNKNOWN } } }
I20260709 13:01:25.818420 14156 raft_consensus.cc:1275] T 16d28736f7b74c0d89ab5bbae8071449 P 60aa1d64327e456fa40f1cff8a9efe6a [term 2 FOLLOWER]: Refusing update from remote peer f182fa2fd0254cee8876bc8b1d75ad75: Log matching property violated. Preceding OpId in replica: term: 1 index: 1. Preceding OpId from leader: term: 2 index: 2. (index mismatch)
I20260709 13:01:25.819624 14428 consensus_queue.cc:1048] T 16d28736f7b74c0d89ab5bbae8071449 P f182fa2fd0254cee8876bc8b1d75ad75 [LEADER]: Connected to new peer: Peer: permanent_uuid: "60aa1d64327e456fa40f1cff8a9efe6a" member_type: VOTER last_known_addr { host: "127.13.177.129" port: 37241 }, Status: LMP_MISMATCH, Last received: 0.0, Next index: 2, Last known committed idx: 1, Time since last communication: 0.000s
I20260709 13:01:25.828238 14305 raft_consensus.cc:1275] T 16d28736f7b74c0d89ab5bbae8071449 P 36ae4a97da54427c952e9a6c7002f4f7 [term 2 FOLLOWER]: Refusing update from remote peer f182fa2fd0254cee8876bc8b1d75ad75: Log matching property violated. Preceding OpId in replica: term: 1 index: 1. Preceding OpId from leader: term: 2 index: 2. (index mismatch)
I20260709 13:01:25.829734 14428 consensus_queue.cc:1048] T 16d28736f7b74c0d89ab5bbae8071449 P f182fa2fd0254cee8876bc8b1d75ad75 [LEADER]: Connected to new peer: Peer: permanent_uuid: "36ae4a97da54427c952e9a6c7002f4f7" member_type: VOTER last_known_addr { host: "127.13.177.131" port: 38331 }, Status: LMP_MISMATCH, Last received: 0.0, Next index: 2, Last known committed idx: 1, Time since last communication: 0.000s
I20260709 13:01:25.839243 14156 raft_consensus.cc:1275] T 7c4ef565c31d40a6b48eb4b117fc6ec5 P 60aa1d64327e456fa40f1cff8a9efe6a [term 2 FOLLOWER]: Refusing update from remote peer 36ae4a97da54427c952e9a6c7002f4f7: Log matching property violated. Preceding OpId in replica: term: 1 index: 1. Preceding OpId from leader: term: 2 index: 2. (index mismatch)
I20260709 13:01:25.840390 14386 consensus_queue.cc:1048] T 7c4ef565c31d40a6b48eb4b117fc6ec5 P 36ae4a97da54427c952e9a6c7002f4f7 [LEADER]: Connected to new peer: Peer: permanent_uuid: "60aa1d64327e456fa40f1cff8a9efe6a" member_type: VOTER last_known_addr { host: "127.13.177.129" port: 37241 }, Status: LMP_MISMATCH, Last received: 0.0, Next index: 2, Last known committed idx: 1, Time since last communication: 0.000s
I20260709 13:01:25.847636 14305 raft_consensus.cc:1275] T 8ad3562865d5405993f16702d17de106 P 36ae4a97da54427c952e9a6c7002f4f7 [term 2 FOLLOWER]: Refusing update from remote peer 60aa1d64327e456fa40f1cff8a9efe6a: Log matching property violated. Preceding OpId in replica: term: 1 index: 1. Preceding OpId from leader: term: 2 index: 2. (index mismatch)
I20260709 13:01:25.849550 14453 consensus_queue.cc:1048] T 8ad3562865d5405993f16702d17de106 P 60aa1d64327e456fa40f1cff8a9efe6a [LEADER]: Connected to new peer: Peer: permanent_uuid: "36ae4a97da54427c952e9a6c7002f4f7" member_type: VOTER last_known_addr { host: "127.13.177.131" port: 38331 }, Status: LMP_MISMATCH, Last received: 0.0, Next index: 2, Last known committed idx: 1, Time since last communication: 0.000s
I20260709 13:01:25.849869 14230 raft_consensus.cc:1275] T 7c4ef565c31d40a6b48eb4b117fc6ec5 P f182fa2fd0254cee8876bc8b1d75ad75 [term 2 FOLLOWER]: Refusing update from remote peer 36ae4a97da54427c952e9a6c7002f4f7: Log matching property violated. Preceding OpId in replica: term: 1 index: 1. Preceding OpId from leader: term: 2 index: 2. (index mismatch)
I20260709 13:01:25.853144 14444 consensus_queue.cc:1048] T 7c4ef565c31d40a6b48eb4b117fc6ec5 P 36ae4a97da54427c952e9a6c7002f4f7 [LEADER]: Connected to new peer: Peer: permanent_uuid: "f182fa2fd0254cee8876bc8b1d75ad75" member_type: VOTER last_known_addr { host: "127.13.177.130" port: 34771 }, Status: LMP_MISMATCH, Last received: 0.0, Next index: 2, Last known committed idx: 1, Time since last communication: 0.000s
I20260709 13:01:25.863267 14386 raft_consensus.cc:993] T d344d0131c4e40138452b9193f4a5389 P 36ae4a97da54427c952e9a6c7002f4f7: : Instructing follower 60aa1d64327e456fa40f1cff8a9efe6a to start an election
I20260709 13:01:25.863708 14444 raft_consensus.cc:1081] T d344d0131c4e40138452b9193f4a5389 P 36ae4a97da54427c952e9a6c7002f4f7 [term 1 LEADER]: Signalling peer 60aa1d64327e456fa40f1cff8a9efe6a to start an election
I20260709 13:01:25.866840 14230 raft_consensus.cc:1275] T 8ad3562865d5405993f16702d17de106 P f182fa2fd0254cee8876bc8b1d75ad75 [term 2 FOLLOWER]: Refusing update from remote peer 60aa1d64327e456fa40f1cff8a9efe6a: Log matching property violated. Preceding OpId in replica: term: 1 index: 1. Preceding OpId from leader: term: 2 index: 2. (index mismatch)
I20260709 13:01:25.868618 14156 tablet_service.cc:2044] Received Run Leader Election RPC: tablet_id: "d344d0131c4e40138452b9193f4a5389"
dest_uuid: "60aa1d64327e456fa40f1cff8a9efe6a"
 from {username='slave'} at 127.0.0.1:35866
I20260709 13:01:25.869249 14156 raft_consensus.cc:493] T d344d0131c4e40138452b9193f4a5389 P 60aa1d64327e456fa40f1cff8a9efe6a [term 1 FOLLOWER]: Starting forced leader election (received explicit request)
I20260709 13:01:25.869673 14156 raft_consensus.cc:3060] T d344d0131c4e40138452b9193f4a5389 P 60aa1d64327e456fa40f1cff8a9efe6a [term 1 FOLLOWER]: Advancing to term 2
I20260709 13:01:25.871858 14453 consensus_queue.cc:1048] T 8ad3562865d5405993f16702d17de106 P 60aa1d64327e456fa40f1cff8a9efe6a [LEADER]: Connected to new peer: Peer: permanent_uuid: "f182fa2fd0254cee8876bc8b1d75ad75" member_type: VOTER last_known_addr { host: "127.13.177.130" port: 34771 }, Status: LMP_MISMATCH, Last received: 0.0, Next index: 2, Last known committed idx: 1, Time since last communication: 0.000s
I20260709 13:01:25.878587 14156 raft_consensus.cc:515] T d344d0131c4e40138452b9193f4a5389 P 60aa1d64327e456fa40f1cff8a9efe6a [term 2 FOLLOWER]: Starting forced leader election with config: opid_index: -1 OBSOLETE_local: false peers { permanent_uuid: "60aa1d64327e456fa40f1cff8a9efe6a" member_type: VOTER last_known_addr { host: "127.13.177.129" port: 37241 } } peers { permanent_uuid: "f182fa2fd0254cee8876bc8b1d75ad75" member_type: VOTER last_known_addr { host: "127.13.177.130" port: 34771 } } peers { permanent_uuid: "36ae4a97da54427c952e9a6c7002f4f7" member_type: VOTER last_known_addr { host: "127.13.177.131" port: 38331 } }
I20260709 13:01:25.881404 14156 leader_election.cc:290] T d344d0131c4e40138452b9193f4a5389 P 60aa1d64327e456fa40f1cff8a9efe6a [CANDIDATE]: Term 2 election: Requested vote from peers f182fa2fd0254cee8876bc8b1d75ad75 (127.13.177.130:34771), 36ae4a97da54427c952e9a6c7002f4f7 (127.13.177.131:38331)
I20260709 13:01:25.882226 14305 raft_consensus.cc:1275] T 7f563794e5b44c3ca3886cf9fb99bf42 P 36ae4a97da54427c952e9a6c7002f4f7 [term 2 FOLLOWER]: Refusing update from remote peer f182fa2fd0254cee8876bc8b1d75ad75: Log matching property violated. Preceding OpId in replica: term: 1 index: 1. Preceding OpId from leader: term: 2 index: 2. (index mismatch)
I20260709 13:01:25.882681 14230 tablet_service.cc:1917] Received RequestConsensusVote() RPC: tablet_id: "d344d0131c4e40138452b9193f4a5389" candidate_uuid: "60aa1d64327e456fa40f1cff8a9efe6a" candidate_term: 2 candidate_status { last_received { term: 1 index: 1 } } ignore_live_leader: true dest_uuid: "f182fa2fd0254cee8876bc8b1d75ad75"
I20260709 13:01:25.883194 14230 raft_consensus.cc:3060] T d344d0131c4e40138452b9193f4a5389 P f182fa2fd0254cee8876bc8b1d75ad75 [term 1 FOLLOWER]: Advancing to term 2
I20260709 13:01:25.883697 14428 consensus_queue.cc:1048] T 7f563794e5b44c3ca3886cf9fb99bf42 P f182fa2fd0254cee8876bc8b1d75ad75 [LEADER]: Connected to new peer: Peer: permanent_uuid: "36ae4a97da54427c952e9a6c7002f4f7" member_type: VOTER last_known_addr { host: "127.13.177.131" port: 38331 }, Status: LMP_MISMATCH, Last received: 0.0, Next index: 2, Last known committed idx: 1, Time since last communication: 0.000s
I20260709 13:01:25.885725 14305 tablet_service.cc:1917] Received RequestConsensusVote() RPC: tablet_id: "d344d0131c4e40138452b9193f4a5389" candidate_uuid: "60aa1d64327e456fa40f1cff8a9efe6a" candidate_term: 2 candidate_status { last_received { term: 1 index: 1 } } ignore_live_leader: true dest_uuid: "36ae4a97da54427c952e9a6c7002f4f7"
I20260709 13:01:25.886305 14305 raft_consensus.cc:3055] T d344d0131c4e40138452b9193f4a5389 P 36ae4a97da54427c952e9a6c7002f4f7 [term 1 LEADER]: Stepping down as leader of term 1
I20260709 13:01:25.886592 14305 raft_consensus.cc:740] T d344d0131c4e40138452b9193f4a5389 P 36ae4a97da54427c952e9a6c7002f4f7 [term 1 LEADER]: Becoming Follower/Learner. State: Replica: 36ae4a97da54427c952e9a6c7002f4f7, State: Running, Role: LEADER
I20260709 13:01:25.887404 14305 consensus_queue.cc:260] T d344d0131c4e40138452b9193f4a5389 P 36ae4a97da54427c952e9a6c7002f4f7 [NON_LEADER]: Queue going to NON_LEADER mode. State: All replicated index: 0, Majority replicated index: 1, Committed index: 1, Last appended: 1.1, Last appended by leader: 1, Current term: 1, Majority size: -1, State: 0, Mode: NON_LEADER, active raft config: opid_index: -1 OBSOLETE_local: false peers { permanent_uuid: "60aa1d64327e456fa40f1cff8a9efe6a" member_type: VOTER last_known_addr { host: "127.13.177.129" port: 37241 } } peers { permanent_uuid: "f182fa2fd0254cee8876bc8b1d75ad75" member_type: VOTER last_known_addr { host: "127.13.177.130" port: 34771 } } peers { permanent_uuid: "36ae4a97da54427c952e9a6c7002f4f7" member_type: VOTER last_known_addr { host: "127.13.177.131" port: 38331 } }
I20260709 13:01:25.888684 14305 raft_consensus.cc:3060] T d344d0131c4e40138452b9193f4a5389 P 36ae4a97da54427c952e9a6c7002f4f7 [term 1 FOLLOWER]: Advancing to term 2
I20260709 13:01:25.889686 14230 raft_consensus.cc:2468] T d344d0131c4e40138452b9193f4a5389 P f182fa2fd0254cee8876bc8b1d75ad75 [term 2 FOLLOWER]: Leader election vote request: Granting yes vote for candidate 60aa1d64327e456fa40f1cff8a9efe6a in term 2.
I20260709 13:01:25.890561 14123 leader_election.cc:304] T d344d0131c4e40138452b9193f4a5389 P 60aa1d64327e456fa40f1cff8a9efe6a [CANDIDATE]: Term 2 election: Election decided. Result: candidate won. Election summary: received 2 responses out of 3 voters: 2 yes votes; 0 no votes. yes voters: 60aa1d64327e456fa40f1cff8a9efe6a, f182fa2fd0254cee8876bc8b1d75ad75; no voters: 
I20260709 13:01:25.891134 14453 raft_consensus.cc:2804] T d344d0131c4e40138452b9193f4a5389 P 60aa1d64327e456fa40f1cff8a9efe6a [term 2 FOLLOWER]: Leader election won for term 2
I20260709 13:01:25.891518 14453 raft_consensus.cc:697] T d344d0131c4e40138452b9193f4a5389 P 60aa1d64327e456fa40f1cff8a9efe6a [term 2 LEADER]: Becoming Leader. State: Replica: 60aa1d64327e456fa40f1cff8a9efe6a, State: Running, Role: LEADER
I20260709 13:01:25.892257 14453 consensus_queue.cc:237] T d344d0131c4e40138452b9193f4a5389 P 60aa1d64327e456fa40f1cff8a9efe6a [LEADER]: Queue going to LEADER mode. State: All replicated index: 0, Majority replicated index: 1, Committed index: 1, Last appended: 1.1, Last appended by leader: 1, Current term: 2, Majority size: 2, State: 0, Mode: LEADER, active raft config: opid_index: -1 OBSOLETE_local: false peers { permanent_uuid: "60aa1d64327e456fa40f1cff8a9efe6a" member_type: VOTER last_known_addr { host: "127.13.177.129" port: 37241 } } peers { permanent_uuid: "f182fa2fd0254cee8876bc8b1d75ad75" member_type: VOTER last_known_addr { host: "127.13.177.130" port: 34771 } } peers { permanent_uuid: "36ae4a97da54427c952e9a6c7002f4f7" member_type: VOTER last_known_addr { host: "127.13.177.131" port: 38331 } }
I20260709 13:01:25.898023 14305 raft_consensus.cc:2468] T d344d0131c4e40138452b9193f4a5389 P 36ae4a97da54427c952e9a6c7002f4f7 [term 2 FOLLOWER]: Leader election vote request: Granting yes vote for candidate 60aa1d64327e456fa40f1cff8a9efe6a in term 2.
I20260709 13:01:25.899747 14054 catalog_manager.cc:5697] T d344d0131c4e40138452b9193f4a5389 P 60aa1d64327e456fa40f1cff8a9efe6a reported cstate change: term changed from 1 to 2, leader changed from 36ae4a97da54427c952e9a6c7002f4f7 (127.13.177.131) to 60aa1d64327e456fa40f1cff8a9efe6a (127.13.177.129). New cstate: current_term: 2 leader_uuid: "60aa1d64327e456fa40f1cff8a9efe6a" committed_config { opid_index: -1 OBSOLETE_local: false peers { permanent_uuid: "60aa1d64327e456fa40f1cff8a9efe6a" member_type: VOTER last_known_addr { host: "127.13.177.129" port: 37241 } health_report { overall_health: HEALTHY } } peers { permanent_uuid: "f182fa2fd0254cee8876bc8b1d75ad75" member_type: VOTER last_known_addr { host: "127.13.177.130" port: 34771 } health_report { overall_health: UNKNOWN } } peers { permanent_uuid: "36ae4a97da54427c952e9a6c7002f4f7" member_type: VOTER last_known_addr { host: "127.13.177.131" port: 38331 } health_report { overall_health: UNKNOWN } } }
I20260709 13:01:25.903756 14156 raft_consensus.cc:1275] T 7f563794e5b44c3ca3886cf9fb99bf42 P 60aa1d64327e456fa40f1cff8a9efe6a [term 2 FOLLOWER]: Refusing update from remote peer f182fa2fd0254cee8876bc8b1d75ad75: Log matching property violated. Preceding OpId in replica: term: 1 index: 1. Preceding OpId from leader: term: 2 index: 2. (index mismatch)
I20260709 13:01:25.905390 14467 consensus_queue.cc:1048] T 7f563794e5b44c3ca3886cf9fb99bf42 P f182fa2fd0254cee8876bc8b1d75ad75 [LEADER]: Connected to new peer: Peer: permanent_uuid: "60aa1d64327e456fa40f1cff8a9efe6a" member_type: VOTER last_known_addr { host: "127.13.177.129" port: 37241 }, Status: LMP_MISMATCH, Last received: 0.0, Next index: 2, Last known committed idx: 1, Time since last communication: 0.000s
I20260709 13:01:26.102183 14304 raft_consensus.cc:1275] T d607dde8a5a347d4b48374a84946959f P 36ae4a97da54427c952e9a6c7002f4f7 [term 2 FOLLOWER]: Refusing update from remote peer f182fa2fd0254cee8876bc8b1d75ad75: Log matching property violated. Preceding OpId in replica: term: 1 index: 1. Preceding OpId from leader: term: 2 index: 2. (index mismatch)
I20260709 13:01:26.103318 14467 consensus_queue.cc:1048] T d607dde8a5a347d4b48374a84946959f P f182fa2fd0254cee8876bc8b1d75ad75 [LEADER]: Connected to new peer: Peer: permanent_uuid: "36ae4a97da54427c952e9a6c7002f4f7" member_type: VOTER last_known_addr { host: "127.13.177.131" port: 38331 }, Status: LMP_MISMATCH, Last received: 0.0, Next index: 2, Last known committed idx: 1, Time since last communication: 0.000s
I20260709 13:01:26.113169 14156 raft_consensus.cc:1275] T d607dde8a5a347d4b48374a84946959f P 60aa1d64327e456fa40f1cff8a9efe6a [term 2 FOLLOWER]: Refusing update from remote peer f182fa2fd0254cee8876bc8b1d75ad75: Log matching property violated. Preceding OpId in replica: term: 1 index: 1. Preceding OpId from leader: term: 2 index: 2. (index mismatch)
I20260709 13:01:26.114733 14428 consensus_queue.cc:1048] T d607dde8a5a347d4b48374a84946959f P f182fa2fd0254cee8876bc8b1d75ad75 [LEADER]: Connected to new peer: Peer: permanent_uuid: "60aa1d64327e456fa40f1cff8a9efe6a" member_type: VOTER last_known_addr { host: "127.13.177.129" port: 37241 }, Status: LMP_MISMATCH, Last received: 0.0, Next index: 2, Last known committed idx: 1, Time since last communication: 0.000s
I20260709 13:01:26.206414 14304 raft_consensus.cc:1275] T f56fe0ebb5c34a9d8f1f72dfcd86f44b P 36ae4a97da54427c952e9a6c7002f4f7 [term 3 FOLLOWER]: Refusing update from remote peer f182fa2fd0254cee8876bc8b1d75ad75: Log matching property violated. Preceding OpId in replica: term: 2 index: 1. Preceding OpId from leader: term: 3 index: 2. (index mismatch)
I20260709 13:01:26.207607 14428 consensus_queue.cc:1048] T f56fe0ebb5c34a9d8f1f72dfcd86f44b P f182fa2fd0254cee8876bc8b1d75ad75 [LEADER]: Connected to new peer: Peer: permanent_uuid: "36ae4a97da54427c952e9a6c7002f4f7" member_type: VOTER last_known_addr { host: "127.13.177.131" port: 38331 }, Status: LMP_MISMATCH, Last received: 0.0, Next index: 2, Last known committed idx: 1, Time since last communication: 0.000s
I20260709 13:01:26.215740 14156 raft_consensus.cc:1275] T f56fe0ebb5c34a9d8f1f72dfcd86f44b P 60aa1d64327e456fa40f1cff8a9efe6a [term 3 FOLLOWER]: Refusing update from remote peer f182fa2fd0254cee8876bc8b1d75ad75: Log matching property violated. Preceding OpId in replica: term: 2 index: 1. Preceding OpId from leader: term: 3 index: 2. (index mismatch)
I20260709 13:01:26.217133 14467 consensus_queue.cc:1048] T f56fe0ebb5c34a9d8f1f72dfcd86f44b P f182fa2fd0254cee8876bc8b1d75ad75 [LEADER]: Connected to new peer: Peer: permanent_uuid: "60aa1d64327e456fa40f1cff8a9efe6a" member_type: VOTER last_known_addr { host: "127.13.177.129" port: 37241 }, Status: LMP_MISMATCH, Last received: 0.0, Next index: 2, Last known committed idx: 1, Time since last communication: 0.000s
I20260709 13:01:26.322571 14304 raft_consensus.cc:1275] T d344d0131c4e40138452b9193f4a5389 P 36ae4a97da54427c952e9a6c7002f4f7 [term 2 FOLLOWER]: Refusing update from remote peer 60aa1d64327e456fa40f1cff8a9efe6a: Log matching property violated. Preceding OpId in replica: term: 1 index: 1. Preceding OpId from leader: term: 2 index: 2. (index mismatch)
I20260709 13:01:26.323915 14453 consensus_queue.cc:1048] T d344d0131c4e40138452b9193f4a5389 P 60aa1d64327e456fa40f1cff8a9efe6a [LEADER]: Connected to new peer: Peer: permanent_uuid: "36ae4a97da54427c952e9a6c7002f4f7" member_type: VOTER last_known_addr { host: "127.13.177.131" port: 38331 }, Status: LMP_MISMATCH, Last received: 0.0, Next index: 2, Last known committed idx: 1, Time since last communication: 0.000s
I20260709 13:01:26.337846 14230 raft_consensus.cc:1275] T d344d0131c4e40138452b9193f4a5389 P f182fa2fd0254cee8876bc8b1d75ad75 [term 2 FOLLOWER]: Refusing update from remote peer 60aa1d64327e456fa40f1cff8a9efe6a: Log matching property violated. Preceding OpId in replica: term: 1 index: 1. Preceding OpId from leader: term: 2 index: 2. (index mismatch)
I20260709 13:01:26.339141 14474 consensus_queue.cc:1048] T d344d0131c4e40138452b9193f4a5389 P 60aa1d64327e456fa40f1cff8a9efe6a [LEADER]: Connected to new peer: Peer: permanent_uuid: "f182fa2fd0254cee8876bc8b1d75ad75" member_type: VOTER last_known_addr { host: "127.13.177.130" port: 34771 }, Status: LMP_MISMATCH, Last received: 0.0, Next index: 2, Last known committed idx: 1, Time since last communication: 0.000s
I20260709 13:01:28.354611 14022 auto_leader_rebalancer-test.cc:316] The leader distribution is 
I20260709 13:01:28.355497 14022 auto_leader_rebalancer.cc:141] leader rebalance for table test-workload
I20260709 13:01:28.374794 14231 tablet_service.cc:2072] Received LeaderStepDown RPC: tablet_id: "16d28736f7b74c0d89ab5bbae8071449"
dest_uuid: "f182fa2fd0254cee8876bc8b1d75ad75"
mode: GRACEFUL
new_leader_uuid: "36ae4a97da54427c952e9a6c7002f4f7"
 from {username='slave'} at 127.0.0.1:59244
I20260709 13:01:28.375368 14231 raft_consensus.cc:606] T 16d28736f7b74c0d89ab5bbae8071449 P f182fa2fd0254cee8876bc8b1d75ad75 [term 2 LEADER]: Received request to transfer leadership to TS 36ae4a97da54427c952e9a6c7002f4f7
I20260709 13:01:28.385582 14156 tablet_service.cc:2072] Received LeaderStepDown RPC: tablet_id: "d344d0131c4e40138452b9193f4a5389"
dest_uuid: "60aa1d64327e456fa40f1cff8a9efe6a"
mode: GRACEFUL
new_leader_uuid: "36ae4a97da54427c952e9a6c7002f4f7"
 from {username='slave'} at 127.0.0.1:35908
I20260709 13:01:28.386122 14156 raft_consensus.cc:606] T d344d0131c4e40138452b9193f4a5389 P 60aa1d64327e456fa40f1cff8a9efe6a [term 2 LEADER]: Received request to transfer leadership to TS 36ae4a97da54427c952e9a6c7002f4f7
I20260709 13:01:28.387250 14022 auto_leader_rebalancer.cc:452] table: test-workload, leader rebalance finish, leader transfer count: 2
I20260709 13:01:28.387669 14022 auto_leader_rebalancer.cc:527] All tables' leader rebalancing finished this round
I20260709 13:01:28.396575 14479 raft_consensus.cc:993] T 16d28736f7b74c0d89ab5bbae8071449 P f182fa2fd0254cee8876bc8b1d75ad75: : Instructing follower 36ae4a97da54427c952e9a6c7002f4f7 to start an election
I20260709 13:01:28.397006 14467 raft_consensus.cc:1081] T 16d28736f7b74c0d89ab5bbae8071449 P f182fa2fd0254cee8876bc8b1d75ad75 [term 2 LEADER]: Signalling peer 36ae4a97da54427c952e9a6c7002f4f7 to start an election
I20260709 13:01:28.398306 14305 tablet_service.cc:2044] Received Run Leader Election RPC: tablet_id: "16d28736f7b74c0d89ab5bbae8071449"
dest_uuid: "36ae4a97da54427c952e9a6c7002f4f7"
 from {username='slave'} at 127.0.0.1:46012
I20260709 13:01:28.398801 14305 raft_consensus.cc:493] T 16d28736f7b74c0d89ab5bbae8071449 P 36ae4a97da54427c952e9a6c7002f4f7 [term 2 FOLLOWER]: Starting forced leader election (received explicit request)
I20260709 13:01:28.399129 14305 raft_consensus.cc:3060] T 16d28736f7b74c0d89ab5bbae8071449 P 36ae4a97da54427c952e9a6c7002f4f7 [term 2 FOLLOWER]: Advancing to term 3
