I20260709 13:01:51.799980  9182 leader_election.cc:290] T 4a87b4e2eb1f41f29c8dd8edcfb9e8ab P 8cc7e90e5fca483b821bbee11f4cebea [CANDIDATE]: Term 1 election: Requested vote from peers 274b3319cd124f029b0d9665cf3ebe86 (127.7.109.1:40313), 4bc0afe9c66d4ee99bda525a434a0bfc (127.7.109.2:37909)
I20260709 13:01:51.801026  8725 tablet_service.cc:1917] Received RequestConsensusVote() RPC: tablet_id: "4a87b4e2eb1f41f29c8dd8edcfb9e8ab" candidate_uuid: "8cc7e90e5fca483b821bbee11f4cebea" candidate_term: 1 candidate_status { last_received { term: 0 index: 0 } } ignore_live_leader: false dest_uuid: "274b3319cd124f029b0d9665cf3ebe86"
I20260709 13:01:51.801086  8919 raft_consensus.cc:359] T 37eb92edcdc748479c657676053d8d25 P 274b3319cd124f029b0d9665cf3ebe86 [term 0 FOLLOWER]: Replica starting. Triggering 0 pending ops. Active config: opid_index: -1 OBSOLETE_local: false peers { permanent_uuid: "274b3319cd124f029b0d9665cf3ebe86" member_type: VOTER last_known_addr { host: "127.7.109.1" port: 40313 } } peers { permanent_uuid: "4bc0afe9c66d4ee99bda525a434a0bfc" member_type: VOTER last_known_addr { host: "127.7.109.2" port: 37909 } } peers { permanent_uuid: "8cc7e90e5fca483b821bbee11f4cebea" member_type: VOTER last_known_addr { host: "127.7.109.3" port: 41219 } }
I20260709 13:01:51.802251  8803 tablet_service.cc:1917] Received RequestConsensusVote() RPC: tablet_id: "4a87b4e2eb1f41f29c8dd8edcfb9e8ab" candidate_uuid: "8cc7e90e5fca483b821bbee11f4cebea" candidate_term: 1 candidate_status { last_received { term: 0 index: 0 } } ignore_live_leader: false dest_uuid: "4bc0afe9c66d4ee99bda525a434a0bfc"
I20260709 13:01:51.802498  8919 raft_consensus.cc:385] T 37eb92edcdc748479c657676053d8d25 P 274b3319cd124f029b0d9665cf3ebe86 [term 0 FOLLOWER]: Consensus starting up: Expiring failure detector timer to make a prompt election more likely
I20260709 13:01:51.802999  8919 raft_consensus.cc:740] T 37eb92edcdc748479c657676053d8d25 P 274b3319cd124f029b0d9665cf3ebe86 [term 0 FOLLOWER]: Becoming Follower/Learner. State: Replica: 274b3319cd124f029b0d9665cf3ebe86, State: Initialized, Role: FOLLOWER
I20260709 13:01:51.803031  8803 raft_consensus.cc:3060] T 4a87b4e2eb1f41f29c8dd8edcfb9e8ab P 4bc0afe9c66d4ee99bda525a434a0bfc [term 0 FOLLOWER]: Advancing to term 1
W20260709 13:01:51.803339  8840 leader_election.cc:343] T 4a87b4e2eb1f41f29c8dd8edcfb9e8ab P 8cc7e90e5fca483b821bbee11f4cebea [CANDIDATE]: Term 1 election: Tablet error from VoteRequest() call to peer 274b3319cd124f029b0d9665cf3ebe86 (127.7.109.1:40313): Illegal state: must be running to vote when last-logged opid is not known
I20260709 13:01:51.804044  8919 consensus_queue.cc:260] T 37eb92edcdc748479c657676053d8d25 P 274b3319cd124f029b0d9665cf3ebe86 [NON_LEADER]: Queue going to NON_LEADER mode. State: All replicated index: 0, Majority replicated index: 0, Committed index: 0, Last appended: 0.0, Last appended by leader: 0, Current term: 0, Majority size: -1, State: 0, Mode: NON_LEADER, active raft config: opid_index: -1 OBSOLETE_local: false peers { permanent_uuid: "274b3319cd124f029b0d9665cf3ebe86" member_type: VOTER last_known_addr { host: "127.7.109.1" port: 40313 } } peers { permanent_uuid: "4bc0afe9c66d4ee99bda525a434a0bfc" member_type: VOTER last_known_addr { host: "127.7.109.2" port: 37909 } } peers { permanent_uuid: "8cc7e90e5fca483b821bbee11f4cebea" member_type: VOTER last_known_addr { host: "127.7.109.3" port: 41219 } }
I20260709 13:01:51.810829  9121 consensus_queue.cc:1048] T 5876da82cdf84784abfc83b49538dd37 P 8cc7e90e5fca483b821bbee11f4cebea [LEADER]: Connected to new peer: Peer: permanent_uuid: "274b3319cd124f029b0d9665cf3ebe86" member_type: VOTER last_known_addr { host: "127.7.109.1" port: 40313 }, Status: LMP_MISMATCH, Last received: 0.0, Next index: 1, Last known committed idx: 0, Time since last communication: 0.001s
I20260709 13:01:51.812458  8919 ts_tablet_manager.cc:1434] T 37eb92edcdc748479c657676053d8d25 P 274b3319cd124f029b0d9665cf3ebe86: Time spent starting tablet: real 0.014s	user 0.010s	sys 0.001s
I20260709 13:01:51.816032  8803 raft_consensus.cc:2468] T 4a87b4e2eb1f41f29c8dd8edcfb9e8ab P 4bc0afe9c66d4ee99bda525a434a0bfc [term 1 FOLLOWER]: Leader election vote request: Granting yes vote for candidate 8cc7e90e5fca483b821bbee11f4cebea in term 1.
I20260709 13:01:51.818327  8843 leader_election.cc:304] T 4a87b4e2eb1f41f29c8dd8edcfb9e8ab P 8cc7e90e5fca483b821bbee11f4cebea [CANDIDATE]: Term 1 election: Election decided. Result: candidate won. Election summary: received 3 responses out of 3 voters: 2 yes votes; 1 no votes. yes voters: 4bc0afe9c66d4ee99bda525a434a0bfc, 8cc7e90e5fca483b821bbee11f4cebea; no voters: 274b3319cd124f029b0d9665cf3ebe86
I20260709 13:01:51.819141  9121 raft_consensus.cc:2804] T 4a87b4e2eb1f41f29c8dd8edcfb9e8ab P 8cc7e90e5fca483b821bbee11f4cebea [term 1 FOLLOWER]: Leader election won for term 1
I20260709 13:01:51.819653  9121 raft_consensus.cc:697] T 4a87b4e2eb1f41f29c8dd8edcfb9e8ab P 8cc7e90e5fca483b821bbee11f4cebea [term 1 LEADER]: Becoming Leader. State: Replica: 8cc7e90e5fca483b821bbee11f4cebea, State: Running, Role: LEADER
I20260709 13:01:51.820524  9121 consensus_queue.cc:237] T 4a87b4e2eb1f41f29c8dd8edcfb9e8ab P 8cc7e90e5fca483b821bbee11f4cebea [LEADER]: Queue going to LEADER mode. State: All replicated index: 0, Majority replicated index: 0, Committed index: 0, Last appended: 0.0, Last appended by leader: 0, Current term: 1, Majority size: 2, State: 0, Mode: LEADER, active raft config: opid_index: -1 OBSOLETE_local: false peers { permanent_uuid: "274b3319cd124f029b0d9665cf3ebe86" member_type: VOTER last_known_addr { host: "127.7.109.1" port: 40313 } } peers { permanent_uuid: "4bc0afe9c66d4ee99bda525a434a0bfc" member_type: VOTER last_known_addr { host: "127.7.109.2" port: 37909 } } peers { permanent_uuid: "8cc7e90e5fca483b821bbee11f4cebea" member_type: VOTER last_known_addr { host: "127.7.109.3" port: 41219 } }
I20260709 13:01:51.829052  9123 consensus_queue.cc:1048] T 27a5922c93db48198d06b2d1c856261f P 8cc7e90e5fca483b821bbee11f4cebea [LEADER]: Connected to new peer: Peer: permanent_uuid: "4bc0afe9c66d4ee99bda525a434a0bfc" member_type: VOTER last_known_addr { host: "127.7.109.2" port: 37909 }, Status: LMP_MISMATCH, Last received: 0.0, Next index: 1, Last known committed idx: 0, Time since last communication: 0.001s
I20260709 13:01:51.828859  8623 catalog_manager.cc:5697] T e9feada88ea443838c7c244e6cb43533 P 8cc7e90e5fca483b821bbee11f4cebea reported cstate change: term changed from 0 to 1, leader changed from <none> to 8cc7e90e5fca483b821bbee11f4cebea (127.7.109.3). New cstate: current_term: 1 leader_uuid: "8cc7e90e5fca483b821bbee11f4cebea" committed_config { opid_index: -1 OBSOLETE_local: false peers { permanent_uuid: "274b3319cd124f029b0d9665cf3ebe86" member_type: VOTER last_known_addr { host: "127.7.109.1" port: 40313 } health_report { overall_health: UNKNOWN } } peers { permanent_uuid: "4bc0afe9c66d4ee99bda525a434a0bfc" member_type: VOTER last_known_addr { host: "127.7.109.2" port: 37909 } health_report { overall_health: UNKNOWN } } peers { permanent_uuid: "8cc7e90e5fca483b821bbee11f4cebea" member_type: VOTER last_known_addr { host: "127.7.109.3" port: 41219 } health_report { overall_health: HEALTHY } } }
I20260709 13:01:51.832629  8726 raft_consensus.cc:3060] T 01953ea178a2477dad5e67454256834d P 274b3319cd124f029b0d9665cf3ebe86 [term 0 FOLLOWER]: Advancing to term 1
I20260709 13:01:51.835908  8919 tablet_bootstrap.cc:492] T 90638d54173c4d79b4d2a4cb468a7643 P 274b3319cd124f029b0d9665cf3ebe86: Bootstrap starting.
I20260709 13:01:51.829559  8920 tablet_bootstrap.cc:492] T b252e96e61ad41af8f552c2618eae2da P 8cc7e90e5fca483b821bbee11f4cebea: No bootstrap required, opened a new log
I20260709 13:01:51.837814  8920 ts_tablet_manager.cc:1403] T b252e96e61ad41af8f552c2618eae2da P 8cc7e90e5fca483b821bbee11f4cebea: Time spent bootstrapping tablet: real 0.111s	user 0.010s	sys 0.003s
I20260709 13:01:51.845557  8920 raft_consensus.cc:359] T b252e96e61ad41af8f552c2618eae2da P 8cc7e90e5fca483b821bbee11f4cebea [term 0 FOLLOWER]: Replica starting. Triggering 0 pending ops. Active config: opid_index: -1 OBSOLETE_local: false peers { permanent_uuid: "274b3319cd124f029b0d9665cf3ebe86" member_type: VOTER last_known_addr { host: "127.7.109.1" port: 40313 } } peers { permanent_uuid: "4bc0afe9c66d4ee99bda525a434a0bfc" member_type: VOTER last_known_addr { host: "127.7.109.2" port: 37909 } } peers { permanent_uuid: "8cc7e90e5fca483b821bbee11f4cebea" member_type: VOTER last_known_addr { host: "127.7.109.3" port: 41219 } }
I20260709 13:01:51.846450  8920 raft_consensus.cc:385] T b252e96e61ad41af8f552c2618eae2da P 8cc7e90e5fca483b821bbee11f4cebea [term 0 FOLLOWER]: Consensus starting up: Expiring failure detector timer to make a prompt election more likely
I20260709 13:01:51.846834  8920 raft_consensus.cc:740] T b252e96e61ad41af8f552c2618eae2da P 8cc7e90e5fca483b821bbee11f4cebea [term 0 FOLLOWER]: Becoming Follower/Learner. State: Replica: 8cc7e90e5fca483b821bbee11f4cebea, State: Initialized, Role: FOLLOWER
I20260709 13:01:51.857043  8922 tablet_bootstrap.cc:492] T 5e10f235f3be401a89eb68b391211622 P 4bc0afe9c66d4ee99bda525a434a0bfc: No bootstrap required, opened a new log
I20260709 13:01:51.857647  8922 ts_tablet_manager.cc:1403] T 5e10f235f3be401a89eb68b391211622 P 4bc0afe9c66d4ee99bda525a434a0bfc: Time spent bootstrapping tablet: real 0.247s	user 0.038s	sys 0.043s
I20260709 13:01:51.858827  8920 consensus_queue.cc:260] T b252e96e61ad41af8f552c2618eae2da P 8cc7e90e5fca483b821bbee11f4cebea [NON_LEADER]: Queue going to NON_LEADER mode. State: All replicated index: 0, Majority replicated index: 0, Committed index: 0, Last appended: 0.0, Last appended by leader: 0, Current term: 0, Majority size: -1, State: 0, Mode: NON_LEADER, active raft config: opid_index: -1 OBSOLETE_local: false peers { permanent_uuid: "274b3319cd124f029b0d9665cf3ebe86" member_type: VOTER last_known_addr { host: "127.7.109.1" port: 40313 } } peers { permanent_uuid: "4bc0afe9c66d4ee99bda525a434a0bfc" member_type: VOTER last_known_addr { host: "127.7.109.2" port: 37909 } } peers { permanent_uuid: "8cc7e90e5fca483b821bbee11f4cebea" member_type: VOTER last_known_addr { host: "127.7.109.3" port: 41219 } }
I20260709 13:01:51.867050  8940 consensus_queue.cc:1048] T 01953ea178a2477dad5e67454256834d P 4bc0afe9c66d4ee99bda525a434a0bfc [LEADER]: Connected to new peer: Peer: permanent_uuid: "274b3319cd124f029b0d9665cf3ebe86" member_type: VOTER last_known_addr { host: "127.7.109.1" port: 40313 }, Status: LMP_MISMATCH, Last received: 0.0, Next index: 1, Last known committed idx: 0, Time since last communication: 0.009s
I20260709 13:01:51.885361  8920 ts_tablet_manager.cc:1434] T b252e96e61ad41af8f552c2618eae2da P 8cc7e90e5fca483b821bbee11f4cebea: Time spent starting tablet: real 0.047s	user 0.005s	sys 0.004s
I20260709 13:01:51.889407  8920 tablet_bootstrap.cc:492] T 4738826609c54152b3770c10a0511a5f P 8cc7e90e5fca483b821bbee11f4cebea: Bootstrap starting.
I20260709 13:01:51.904316  8922 raft_consensus.cc:359] T 5e10f235f3be401a89eb68b391211622 P 4bc0afe9c66d4ee99bda525a434a0bfc [term 0 FOLLOWER]: Replica starting. Triggering 0 pending ops. Active config: opid_index: -1 OBSOLETE_local: false peers { permanent_uuid: "274b3319cd124f029b0d9665cf3ebe86" member_type: VOTER last_known_addr { host: "127.7.109.1" port: 40313 } } peers { permanent_uuid: "4bc0afe9c66d4ee99bda525a434a0bfc" member_type: VOTER last_known_addr { host: "127.7.109.2" port: 37909 } } peers { permanent_uuid: "8cc7e90e5fca483b821bbee11f4cebea" member_type: VOTER last_known_addr { host: "127.7.109.3" port: 41219 } }
I20260709 13:01:51.905119  8922 raft_consensus.cc:385] T 5e10f235f3be401a89eb68b391211622 P 4bc0afe9c66d4ee99bda525a434a0bfc [term 0 FOLLOWER]: Consensus starting up: Expiring failure detector timer to make a prompt election more likely
I20260709 13:01:51.905412  8922 raft_consensus.cc:740] T 5e10f235f3be401a89eb68b391211622 P 4bc0afe9c66d4ee99bda525a434a0bfc [term 0 FOLLOWER]: Becoming Follower/Learner. State: Replica: 4bc0afe9c66d4ee99bda525a434a0bfc, State: Initialized, Role: FOLLOWER
I20260709 13:01:51.906834  8922 consensus_queue.cc:260] T 5e10f235f3be401a89eb68b391211622 P 4bc0afe9c66d4ee99bda525a434a0bfc [NON_LEADER]: Queue going to NON_LEADER mode. State: All replicated index: 0, Majority replicated index: 0, Committed index: 0, Last appended: 0.0, Last appended by leader: 0, Current term: 0, Majority size: -1, State: 0, Mode: NON_LEADER, active raft config: opid_index: -1 OBSOLETE_local: false peers { permanent_uuid: "274b3319cd124f029b0d9665cf3ebe86" member_type: VOTER last_known_addr { host: "127.7.109.1" port: 40313 } } peers { permanent_uuid: "4bc0afe9c66d4ee99bda525a434a0bfc" member_type: VOTER last_known_addr { host: "127.7.109.2" port: 37909 } } peers { permanent_uuid: "8cc7e90e5fca483b821bbee11f4cebea" member_type: VOTER last_known_addr { host: "127.7.109.3" port: 41219 } }
I20260709 13:01:51.909024  8985 consensus_queue.cc:1048] T 5d9b4484ff4a4a70a9e40d7fae7c164f P 274b3319cd124f029b0d9665cf3ebe86 [LEADER]: Connected to new peer: Peer: permanent_uuid: "8cc7e90e5fca483b821bbee11f4cebea" member_type: VOTER last_known_addr { host: "127.7.109.3" port: 41219 }, Status: LMP_MISMATCH, Last received: 0.0, Next index: 1, Last known committed idx: 0, Time since last communication: 0.001s
I20260709 13:01:51.914685  8623 catalog_manager.cc:5697] T 4a87b4e2eb1f41f29c8dd8edcfb9e8ab P 8cc7e90e5fca483b821bbee11f4cebea reported cstate change: term changed from 0 to 1, leader changed from <none> to 8cc7e90e5fca483b821bbee11f4cebea (127.7.109.3). New cstate: current_term: 1 leader_uuid: "8cc7e90e5fca483b821bbee11f4cebea" committed_config { opid_index: -1 OBSOLETE_local: false peers { permanent_uuid: "274b3319cd124f029b0d9665cf3ebe86" member_type: VOTER last_known_addr { host: "127.7.109.1" port: 40313 } health_report { overall_health: UNKNOWN } } peers { permanent_uuid: "4bc0afe9c66d4ee99bda525a434a0bfc" member_type: VOTER last_known_addr { host: "127.7.109.2" port: 37909 } health_report { overall_health: UNKNOWN } } peers { permanent_uuid: "8cc7e90e5fca483b821bbee11f4cebea" member_type: VOTER last_known_addr { host: "127.7.109.3" port: 41219 } health_report { overall_health: HEALTHY } } }
I20260709 13:01:51.925158  8922 ts_tablet_manager.cc:1434] T 5e10f235f3be401a89eb68b391211622 P 4bc0afe9c66d4ee99bda525a434a0bfc: Time spent starting tablet: real 0.067s	user 0.007s	sys 0.006s
I20260709 13:01:51.926847  8922 tablet_bootstrap.cc:492] T 37eb92edcdc748479c657676053d8d25 P 4bc0afe9c66d4ee99bda525a434a0bfc: Bootstrap starting.
I20260709 13:01:51.895926  9121 consensus_queue.cc:1048] T 5876da82cdf84784abfc83b49538dd37 P 8cc7e90e5fca483b821bbee11f4cebea [LEADER]: Connected to new peer: Peer: permanent_uuid: "4bc0afe9c66d4ee99bda525a434a0bfc" member_type: VOTER last_known_addr { host: "127.7.109.2" port: 37909 }, Status: LMP_MISMATCH, Last received: 0.0, Next index: 1, Last known committed idx: 0, Time since last communication: 0.024s
I20260709 13:01:51.931401  9047 consensus_queue.cc:1048] T 9a6a416213064e02b7fc04e8885e1e63 P 8cc7e90e5fca483b821bbee11f4cebea [LEADER]: Connected to new peer: Peer: permanent_uuid: "4bc0afe9c66d4ee99bda525a434a0bfc" member_type: VOTER last_known_addr { host: "127.7.109.2" port: 37909 }, Status: LMP_MISMATCH, Last received: 0.0, Next index: 1, Last known committed idx: 0, Time since last communication: 0.006s
I20260709 13:01:51.964037  8922 tablet_bootstrap.cc:654] T 37eb92edcdc748479c657676053d8d25 P 4bc0afe9c66d4ee99bda525a434a0bfc: Neither blocks nor log segments found. Creating new log.
I20260709 13:01:51.969353  8919 tablet_bootstrap.cc:654] T 90638d54173c4d79b4d2a4cb468a7643 P 274b3319cd124f029b0d9665cf3ebe86: Neither blocks nor log segments found. Creating new log.
I20260709 13:01:51.979415  9119 consensus_queue.cc:1048] T 5d9b4484ff4a4a70a9e40d7fae7c164f P 274b3319cd124f029b0d9665cf3ebe86 [LEADER]: Connected to new peer: Peer: permanent_uuid: "4bc0afe9c66d4ee99bda525a434a0bfc" member_type: VOTER last_known_addr { host: "127.7.109.2" port: 37909 }, Status: LMP_MISMATCH, Last received: 0.0, Next index: 1, Last known committed idx: 0, Time since last communication: 0.007s
I20260709 13:01:51.990556  8940 raft_consensus.cc:493] T 5e10f235f3be401a89eb68b391211622 P 4bc0afe9c66d4ee99bda525a434a0bfc [term 0 FOLLOWER]: Starting pre-election (no leader contacted us within the election timeout)
I20260709 13:01:51.994772  8920 tablet_bootstrap.cc:654] T 4738826609c54152b3770c10a0511a5f P 8cc7e90e5fca483b821bbee11f4cebea: Neither blocks nor log segments found. Creating new log.
I20260709 13:01:51.994809  8940 raft_consensus.cc:515] T 5e10f235f3be401a89eb68b391211622 P 4bc0afe9c66d4ee99bda525a434a0bfc [term 0 FOLLOWER]: Starting pre-election with config: opid_index: -1 OBSOLETE_local: false peers { permanent_uuid: "274b3319cd124f029b0d9665cf3ebe86" member_type: VOTER last_known_addr { host: "127.7.109.1" port: 40313 } } peers { permanent_uuid: "4bc0afe9c66d4ee99bda525a434a0bfc" member_type: VOTER last_known_addr { host: "127.7.109.2" port: 37909 } } peers { permanent_uuid: "8cc7e90e5fca483b821bbee11f4cebea" member_type: VOTER last_known_addr { host: "127.7.109.3" port: 41219 } }
I20260709 13:01:52.000495  8940 leader_election.cc:290] T 5e10f235f3be401a89eb68b391211622 P 4bc0afe9c66d4ee99bda525a434a0bfc [CANDIDATE]: Term 1 pre-election: Requested pre-vote from peers 274b3319cd124f029b0d9665cf3ebe86 (127.7.109.1:40313), 8cc7e90e5fca483b821bbee11f4cebea (127.7.109.3:41219)
I20260709 13:01:52.000362  9122 consensus_queue.cc:1048] T 9a6a416213064e02b7fc04e8885e1e63 P 8cc7e90e5fca483b821bbee11f4cebea [LEADER]: Connected to new peer: Peer: permanent_uuid: "274b3319cd124f029b0d9665cf3ebe86" member_type: VOTER last_known_addr { host: "127.7.109.1" port: 40313 }, Status: LMP_MISMATCH, Last received: 0.0, Next index: 1, Last known committed idx: 0, Time since last communication: 0.001s
I20260709 13:01:52.000653  9121 consensus_queue.cc:1048] T 27a5922c93db48198d06b2d1c856261f P 8cc7e90e5fca483b821bbee11f4cebea [LEADER]: Connected to new peer: Peer: permanent_uuid: "274b3319cd124f029b0d9665cf3ebe86" member_type: VOTER last_known_addr { host: "127.7.109.1" port: 40313 }, Status: LMP_MISMATCH, Last received: 0.0, Next index: 1, Last known committed idx: 0, Time since last communication: 0.000s
I20260709 13:01:52.004731  8876 tablet_service.cc:1917] Received RequestConsensusVote() RPC: tablet_id: "5e10f235f3be401a89eb68b391211622" candidate_uuid: "4bc0afe9c66d4ee99bda525a434a0bfc" candidate_term: 1 candidate_status { last_received { term: 0 index: 0 } } ignore_live_leader: false dest_uuid: "8cc7e90e5fca483b821bbee11f4cebea" is_pre_election: true
I20260709 13:01:52.005563  8876 raft_consensus.cc:2468] T 5e10f235f3be401a89eb68b391211622 P 8cc7e90e5fca483b821bbee11f4cebea [term 0 FOLLOWER]: Leader pre-election vote request: Granting yes vote for candidate 4bc0afe9c66d4ee99bda525a434a0bfc in term 0.
I20260709 13:01:52.006251  8727 tablet_service.cc:1917] Received RequestConsensusVote() RPC: tablet_id: "5e10f235f3be401a89eb68b391211622" candidate_uuid: "4bc0afe9c66d4ee99bda525a434a0bfc" candidate_term: 1 candidate_status { last_received { term: 0 index: 0 } } ignore_live_leader: false dest_uuid: "274b3319cd124f029b0d9665cf3ebe86" is_pre_election: true
I20260709 13:01:52.008996  8767 leader_election.cc:304] T 5e10f235f3be401a89eb68b391211622 P 4bc0afe9c66d4ee99bda525a434a0bfc [CANDIDATE]: Term 1 pre-election: Election decided. Result: candidate won. Election summary: received 2 responses out of 3 voters: 2 yes votes; 0 no votes. yes voters: 4bc0afe9c66d4ee99bda525a434a0bfc, 8cc7e90e5fca483b821bbee11f4cebea; no voters: 
W20260709 13:01:52.018077  8766 leader_election.cc:343] T 5e10f235f3be401a89eb68b391211622 P 4bc0afe9c66d4ee99bda525a434a0bfc [CANDIDATE]: Term 1 pre-election: Tablet error from VoteRequest() call to peer 274b3319cd124f029b0d9665cf3ebe86 (127.7.109.1:40313): Illegal state: must be running to vote when last-logged opid is not known
I20260709 13:01:52.012388  8940 raft_consensus.cc:2804] T 5e10f235f3be401a89eb68b391211622 P 4bc0afe9c66d4ee99bda525a434a0bfc [term 0 FOLLOWER]: Leader pre-election won for term 1
I20260709 13:01:52.022585  8940 raft_consensus.cc:493] T 5e10f235f3be401a89eb68b391211622 P 4bc0afe9c66d4ee99bda525a434a0bfc [term 0 FOLLOWER]: Starting leader election (no leader contacted us within the election timeout)
I20260709 13:01:52.023221  8940 raft_consensus.cc:3060] T 5e10f235f3be401a89eb68b391211622 P 4bc0afe9c66d4ee99bda525a434a0bfc [term 0 FOLLOWER]: Advancing to term 1
I20260709 13:01:52.047093  8920 tablet_bootstrap.cc:492] T 4738826609c54152b3770c10a0511a5f P 8cc7e90e5fca483b821bbee11f4cebea: No bootstrap required, opened a new log
I20260709 13:01:52.048084  8920 ts_tablet_manager.cc:1403] T 4738826609c54152b3770c10a0511a5f P 8cc7e90e5fca483b821bbee11f4cebea: Time spent bootstrapping tablet: real 0.159s	user 0.014s	sys 0.014s
I20260709 13:01:52.056635  8922 tablet_bootstrap.cc:492] T 37eb92edcdc748479c657676053d8d25 P 4bc0afe9c66d4ee99bda525a434a0bfc: No bootstrap required, opened a new log
I20260709 13:01:52.057384  8922 ts_tablet_manager.cc:1403] T 37eb92edcdc748479c657676053d8d25 P 4bc0afe9c66d4ee99bda525a434a0bfc: Time spent bootstrapping tablet: real 0.131s	user 0.014s	sys 0.007s
I20260709 13:01:52.061623  9182 raft_consensus.cc:493] T b252e96e61ad41af8f552c2618eae2da P 8cc7e90e5fca483b821bbee11f4cebea [term 0 FOLLOWER]: Starting pre-election (no leader contacted us within the election timeout)
I20260709 13:01:52.062426  9182 raft_consensus.cc:515] T b252e96e61ad41af8f552c2618eae2da P 8cc7e90e5fca483b821bbee11f4cebea [term 0 FOLLOWER]: Starting pre-election with config: opid_index: -1 OBSOLETE_local: false peers { permanent_uuid: "274b3319cd124f029b0d9665cf3ebe86" member_type: VOTER last_known_addr { host: "127.7.109.1" port: 40313 } } peers { permanent_uuid: "4bc0afe9c66d4ee99bda525a434a0bfc" member_type: VOTER last_known_addr { host: "127.7.109.2" port: 37909 } } peers { permanent_uuid: "8cc7e90e5fca483b821bbee11f4cebea" member_type: VOTER last_known_addr { host: "127.7.109.3" port: 41219 } }
I20260709 13:01:52.086465  8920 raft_consensus.cc:359] T 4738826609c54152b3770c10a0511a5f P 8cc7e90e5fca483b821bbee11f4cebea [term 0 FOLLOWER]: Replica starting. Triggering 0 pending ops. Active config: opid_index: -1 OBSOLETE_local: false peers { permanent_uuid: "274b3319cd124f029b0d9665cf3ebe86" member_type: VOTER last_known_addr { host: "127.7.109.1" port: 40313 } } peers { permanent_uuid: "4bc0afe9c66d4ee99bda525a434a0bfc" member_type: VOTER last_known_addr { host: "127.7.109.2" port: 37909 } } peers { permanent_uuid: "8cc7e90e5fca483b821bbee11f4cebea" member_type: VOTER last_known_addr { host: "127.7.109.3" port: 41219 } }
I20260709 13:01:52.091688  9182 leader_election.cc:290] T b252e96e61ad41af8f552c2618eae2da P 8cc7e90e5fca483b821bbee11f4cebea [CANDIDATE]: Term 1 pre-election: Requested pre-vote from peers 274b3319cd124f029b0d9665cf3ebe86 (127.7.109.1:40313), 4bc0afe9c66d4ee99bda525a434a0bfc (127.7.109.2:37909)
I20260709 13:01:52.079615  9119 raft_consensus.cc:493] T e9feada88ea443838c7c244e6cb43533 P 274b3319cd124f029b0d9665cf3ebe86 [term 0 FOLLOWER]: Starting pre-election (no leader contacted us within the election timeout)
I20260709 13:01:52.089327  8920 raft_consensus.cc:385] T 4738826609c54152b3770c10a0511a5f P 8cc7e90e5fca483b821bbee11f4cebea [term 0 FOLLOWER]: Consensus starting up: Expiring failure detector timer to make a prompt election more likely
I20260709 13:01:52.097574  8920 raft_consensus.cc:740] T 4738826609c54152b3770c10a0511a5f P 8cc7e90e5fca483b821bbee11f4cebea [term 0 FOLLOWER]: Becoming Follower/Learner. State: Replica: 8cc7e90e5fca483b821bbee11f4cebea, State: Initialized, Role: FOLLOWER
I20260709 13:01:52.098649  8919 tablet_bootstrap.cc:492] T 90638d54173c4d79b4d2a4cb468a7643 P 274b3319cd124f029b0d9665cf3ebe86: No bootstrap required, opened a new log
I20260709 13:01:52.099334  8919 ts_tablet_manager.cc:1403] T 90638d54173c4d79b4d2a4cb468a7643 P 274b3319cd124f029b0d9665cf3ebe86: Time spent bootstrapping tablet: real 0.264s	user 0.015s	sys 0.011s
I20260709 13:01:52.100965  8920 consensus_queue.cc:260] T 4738826609c54152b3770c10a0511a5f P 8cc7e90e5fca483b821bbee11f4cebea [NON_LEADER]: Queue going to NON_LEADER mode. State: All replicated index: 0, Majority replicated index: 0, Committed index: 0, Last appended: 0.0, Last appended by leader: 0, Current term: 0, Majority size: -1, State: 0, Mode: NON_LEADER, active raft config: opid_index: -1 OBSOLETE_local: false peers { permanent_uuid: "274b3319cd124f029b0d9665cf3ebe86" member_type: VOTER last_known_addr { host: "127.7.109.1" port: 40313 } } peers { permanent_uuid: "4bc0afe9c66d4ee99bda525a434a0bfc" member_type: VOTER last_known_addr { host: "127.7.109.2" port: 37909 } } peers { permanent_uuid: "8cc7e90e5fca483b821bbee11f4cebea" member_type: VOTER last_known_addr { host: "127.7.109.3" port: 41219 } }
I20260709 13:01:52.088553  9047 raft_consensus.cc:493] T eb5a4d44d5804a0ebd5915c53385d1bb P 8cc7e90e5fca483b821bbee11f4cebea [term 0 FOLLOWER]: Starting pre-election (no leader contacted us within the election timeout)
I20260709 13:01:52.148644  8919 raft_consensus.cc:359] T 90638d54173c4d79b4d2a4cb468a7643 P 274b3319cd124f029b0d9665cf3ebe86 [term 0 FOLLOWER]: Replica starting. Triggering 0 pending ops. Active config: opid_index: -1 OBSOLETE_local: false peers { permanent_uuid: "274b3319cd124f029b0d9665cf3ebe86" member_type: VOTER last_known_addr { host: "127.7.109.1" port: 40313 } } peers { permanent_uuid: "4bc0afe9c66d4ee99bda525a434a0bfc" member_type: VOTER last_known_addr { host: "127.7.109.2" port: 37909 } } peers { permanent_uuid: "8cc7e90e5fca483b821bbee11f4cebea" member_type: VOTER last_known_addr { host: "127.7.109.3" port: 41219 } }
I20260709 13:01:52.159608  8919 raft_consensus.cc:385] T 90638d54173c4d79b4d2a4cb468a7643 P 274b3319cd124f029b0d9665cf3ebe86 [term 0 FOLLOWER]: Consensus starting up: Expiring failure detector timer to make a prompt election more likely
I20260709 13:01:52.160117  8919 raft_consensus.cc:740] T 90638d54173c4d79b4d2a4cb468a7643 P 274b3319cd124f029b0d9665cf3ebe86 [term 0 FOLLOWER]: Becoming Follower/Learner. State: Replica: 274b3319cd124f029b0d9665cf3ebe86, State: Initialized, Role: FOLLOWER
I20260709 13:01:52.163484  8920 ts_tablet_manager.cc:1434] T 4738826609c54152b3770c10a0511a5f P 8cc7e90e5fca483b821bbee11f4cebea: Time spent starting tablet: real 0.115s	user 0.007s	sys 0.002s
I20260709 13:01:52.133466  9121 consensus_queue.cc:1048] T e9feada88ea443838c7c244e6cb43533 P 8cc7e90e5fca483b821bbee11f4cebea [LEADER]: Connected to new peer: Peer: permanent_uuid: "4bc0afe9c66d4ee99bda525a434a0bfc" member_type: VOTER last_known_addr { host: "127.7.109.2" port: 37909 }, Status: LMP_MISMATCH, Last received: 0.0, Next index: 1, Last known committed idx: 0, Time since last communication: 0.038s
I20260709 13:01:52.171049  8922 raft_consensus.cc:359] T 37eb92edcdc748479c657676053d8d25 P 4bc0afe9c66d4ee99bda525a434a0bfc [term 0 FOLLOWER]: Replica starting. Triggering 0 pending ops. Active config: opid_index: -1 OBSOLETE_local: false peers { permanent_uuid: "274b3319cd124f029b0d9665cf3ebe86" member_type: VOTER last_known_addr { host: "127.7.109.1" port: 40313 } } peers { permanent_uuid: "4bc0afe9c66d4ee99bda525a434a0bfc" member_type: VOTER last_known_addr { host: "127.7.109.2" port: 37909 } } peers { permanent_uuid: "8cc7e90e5fca483b821bbee11f4cebea" member_type: VOTER last_known_addr { host: "127.7.109.3" port: 41219 } }
I20260709 13:01:52.175235  8922 raft_consensus.cc:385] T 37eb92edcdc748479c657676053d8d25 P 4bc0afe9c66d4ee99bda525a434a0bfc [term 0 FOLLOWER]: Consensus starting up: Expiring failure detector timer to make a prompt election more likely
I20260709 13:01:52.165309  8919 consensus_queue.cc:260] T 90638d54173c4d79b4d2a4cb468a7643 P 274b3319cd124f029b0d9665cf3ebe86 [NON_LEADER]: Queue going to NON_LEADER mode. State: All replicated index: 0, Majority replicated index: 0, Committed index: 0, Last appended: 0.0, Last appended by leader: 0, Current term: 0, Majority size: -1, State: 0, Mode: NON_LEADER, active raft config: opid_index: -1 OBSOLETE_local: false peers { permanent_uuid: "274b3319cd124f029b0d9665cf3ebe86" member_type: VOTER last_known_addr { host: "127.7.109.1" port: 40313 } } peers { permanent_uuid: "4bc0afe9c66d4ee99bda525a434a0bfc" member_type: VOTER last_known_addr { host: "127.7.109.2" port: 37909 } } peers { permanent_uuid: "8cc7e90e5fca483b821bbee11f4cebea" member_type: VOTER last_known_addr { host: "127.7.109.3" port: 41219 } }
I20260709 13:01:52.175637  8922 raft_consensus.cc:740] T 37eb92edcdc748479c657676053d8d25 P 4bc0afe9c66d4ee99bda525a434a0bfc [term 0 FOLLOWER]: Becoming Follower/Learner. State: Replica: 4bc0afe9c66d4ee99bda525a434a0bfc, State: Initialized, Role: FOLLOWER
I20260709 13:01:52.176687  8922 consensus_queue.cc:260] T 37eb92edcdc748479c657676053d8d25 P 4bc0afe9c66d4ee99bda525a434a0bfc [NON_LEADER]: Queue going to NON_LEADER mode. State: All replicated index: 0, Majority replicated index: 0, Committed index: 0, Last appended: 0.0, Last appended by leader: 0, Current term: 0, Majority size: -1, State: 0, Mode: NON_LEADER, active raft config: opid_index: -1 OBSOLETE_local: false peers { permanent_uuid: "274b3319cd124f029b0d9665cf3ebe86" member_type: VOTER last_known_addr { host: "127.7.109.1" port: 40313 } } peers { permanent_uuid: "4bc0afe9c66d4ee99bda525a434a0bfc" member_type: VOTER last_known_addr { host: "127.7.109.2" port: 37909 } } peers { permanent_uuid: "8cc7e90e5fca483b821bbee11f4cebea" member_type: VOTER last_known_addr { host: "127.7.109.3" port: 41219 } }
I20260709 13:01:52.107698  8798 tablet_service.cc:1917] Received RequestConsensusVote() RPC: tablet_id: "b252e96e61ad41af8f552c2618eae2da" candidate_uuid: "8cc7e90e5fca483b821bbee11f4cebea" candidate_term: 1 candidate_status { last_received { term: 0 index: 0 } } ignore_live_leader: false dest_uuid: "4bc0afe9c66d4ee99bda525a434a0bfc" is_pre_election: true
I20260709 13:01:52.185591  8920 tablet_bootstrap.cc:492] T 90638d54173c4d79b4d2a4cb468a7643 P 8cc7e90e5fca483b821bbee11f4cebea: Bootstrap starting.
I20260709 13:01:52.101001  9119 raft_consensus.cc:515] T e9feada88ea443838c7c244e6cb43533 P 274b3319cd124f029b0d9665cf3ebe86 [term 0 FOLLOWER]: Starting pre-election with config: opid_index: -1 OBSOLETE_local: false peers { permanent_uuid: "274b3319cd124f029b0d9665cf3ebe86" member_type: VOTER last_known_addr { host: "127.7.109.1" port: 40313 } } peers { permanent_uuid: "4bc0afe9c66d4ee99bda525a434a0bfc" member_type: VOTER last_known_addr { host: "127.7.109.2" port: 37909 } } peers { permanent_uuid: "8cc7e90e5fca483b821bbee11f4cebea" member_type: VOTER last_known_addr { host: "127.7.109.3" port: 41219 } }
I20260709 13:01:52.180112  9040 raft_consensus.cc:493] T 37eb92edcdc748479c657676053d8d25 P 274b3319cd124f029b0d9665cf3ebe86 [term 0 FOLLOWER]: Starting pre-election (no leader contacted us within the election timeout)
I20260709 13:01:52.164636  9047 raft_consensus.cc:515] T eb5a4d44d5804a0ebd5915c53385d1bb P 8cc7e90e5fca483b821bbee11f4cebea [term 0 FOLLOWER]: Starting pre-election with config: opid_index: -1 OBSOLETE_local: false peers { permanent_uuid: "274b3319cd124f029b0d9665cf3ebe86" member_type: VOTER last_known_addr { host: "127.7.109.1" port: 40313 } } peers { permanent_uuid: "4bc0afe9c66d4ee99bda525a434a0bfc" member_type: VOTER last_known_addr { host: "127.7.109.2" port: 37909 } } peers { permanent_uuid: "8cc7e90e5fca483b821bbee11f4cebea" member_type: VOTER last_known_addr { host: "127.7.109.3" port: 41219 } }
I20260709 13:01:52.185738  8940 raft_consensus.cc:515] T 5e10f235f3be401a89eb68b391211622 P 4bc0afe9c66d4ee99bda525a434a0bfc [term 1 FOLLOWER]: Starting leader election with config: opid_index: -1 OBSOLETE_local: false peers { permanent_uuid: "274b3319cd124f029b0d9665cf3ebe86" member_type: VOTER last_known_addr { host: "127.7.109.1" port: 40313 } } peers { permanent_uuid: "4bc0afe9c66d4ee99bda525a434a0bfc" member_type: VOTER last_known_addr { host: "127.7.109.2" port: 37909 } } peers { permanent_uuid: "8cc7e90e5fca483b821bbee11f4cebea" member_type: VOTER last_known_addr { host: "127.7.109.3" port: 41219 } }
I20260709 13:01:52.203171  8727 tablet_service.cc:1917] Received RequestConsensusVote() RPC: tablet_id: "b252e96e61ad41af8f552c2618eae2da" candidate_uuid: "8cc7e90e5fca483b821bbee11f4cebea" candidate_term: 1 candidate_status { last_received { term: 0 index: 0 } } ignore_live_leader: false dest_uuid: "274b3319cd124f029b0d9665cf3ebe86" is_pre_election: true
I20260709 13:01:52.195564  9040 raft_consensus.cc:515] T 37eb92edcdc748479c657676053d8d25 P 274b3319cd124f029b0d9665cf3ebe86 [term 0 FOLLOWER]: Starting pre-election with config: opid_index: -1 OBSOLETE_local: false peers { permanent_uuid: "274b3319cd124f029b0d9665cf3ebe86" member_type: VOTER last_known_addr { host: "127.7.109.1" port: 40313 } } peers { permanent_uuid: "4bc0afe9c66d4ee99bda525a434a0bfc" member_type: VOTER last_known_addr { host: "127.7.109.2" port: 37909 } } peers { permanent_uuid: "8cc7e90e5fca483b821bbee11f4cebea" member_type: VOTER last_known_addr { host: "127.7.109.3" port: 41219 } }
I20260709 13:01:52.212324  8940 leader_election.cc:290] T 5e10f235f3be401a89eb68b391211622 P 4bc0afe9c66d4ee99bda525a434a0bfc [CANDIDATE]: Term 1 election: Requested vote from peers 274b3319cd124f029b0d9665cf3ebe86 (127.7.109.1:40313), 8cc7e90e5fca483b821bbee11f4cebea (127.7.109.3:41219)
I20260709 13:01:52.215716  9119 leader_election.cc:290] T e9feada88ea443838c7c244e6cb43533 P 274b3319cd124f029b0d9665cf3ebe86 [CANDIDATE]: Term 1 pre-election: Requested pre-vote from peers 4bc0afe9c66d4ee99bda525a434a0bfc (127.7.109.2:37909), 8cc7e90e5fca483b821bbee11f4cebea (127.7.109.3:41219)
I20260709 13:01:52.190661  8798 raft_consensus.cc:2468] T b252e96e61ad41af8f552c2618eae2da P 4bc0afe9c66d4ee99bda525a434a0bfc [term 0 FOLLOWER]: Leader pre-election vote request: Granting yes vote for candidate 8cc7e90e5fca483b821bbee11f4cebea in term 0.
I20260709 13:01:52.197616  8922 ts_tablet_manager.cc:1434] T 37eb92edcdc748479c657676053d8d25 P 4bc0afe9c66d4ee99bda525a434a0bfc: Time spent starting tablet: real 0.140s	user 0.011s	sys 0.006s
I20260709 13:01:52.218673  9047 leader_election.cc:290] T eb5a4d44d5804a0ebd5915c53385d1bb P 8cc7e90e5fca483b821bbee11f4cebea [CANDIDATE]: Term 1 pre-election: Requested pre-vote from peers 274b3319cd124f029b0d9665cf3ebe86 (127.7.109.1:40313), 4bc0afe9c66d4ee99bda525a434a0bfc (127.7.109.2:37909)
I20260709 13:01:52.219478  8801 tablet_service.cc:1917] Received RequestConsensusVote() RPC: tablet_id: "eb5a4d44d5804a0ebd5915c53385d1bb" candidate_uuid: "8cc7e90e5fca483b821bbee11f4cebea" candidate_term: 1 candidate_status { last_received { term: 0 index: 0 } } ignore_live_leader: false dest_uuid: "4bc0afe9c66d4ee99bda525a434a0bfc" is_pre_election: true
I20260709 13:01:52.210214  9040 leader_election.cc:290] T 37eb92edcdc748479c657676053d8d25 P 274b3319cd124f029b0d9665cf3ebe86 [CANDIDATE]: Term 1 pre-election: Requested pre-vote from peers 4bc0afe9c66d4ee99bda525a434a0bfc (127.7.109.2:37909), 8cc7e90e5fca483b821bbee11f4cebea (127.7.109.3:41219)
I20260709 13:01:52.257041  8801 raft_consensus.cc:2468] T eb5a4d44d5804a0ebd5915c53385d1bb P 4bc0afe9c66d4ee99bda525a434a0bfc [term 0 FOLLOWER]: Leader pre-election vote request: Granting yes vote for candidate 8cc7e90e5fca483b821bbee11f4cebea in term 0.
I20260709 13:01:52.257261  8922 tablet_bootstrap.cc:492] T aa09cb923d644737bfca485b9dcb4635 P 4bc0afe9c66d4ee99bda525a434a0bfc: Bootstrap starting.
I20260709 13:01:52.260852  8843 leader_election.cc:304] T eb5a4d44d5804a0ebd5915c53385d1bb P 8cc7e90e5fca483b821bbee11f4cebea [CANDIDATE]: Term 1 pre-election: Election decided. Result: candidate won. Election summary: received 2 responses out of 3 voters: 2 yes votes; 0 no votes. yes voters: 4bc0afe9c66d4ee99bda525a434a0bfc, 8cc7e90e5fca483b821bbee11f4cebea; no voters: 
I20260709 13:01:52.262149  8843 leader_election.cc:304] T b252e96e61ad41af8f552c2618eae2da P 8cc7e90e5fca483b821bbee11f4cebea [CANDIDATE]: Term 1 pre-election: Election decided. Result: candidate won. Election summary: received 2 responses out of 3 voters: 2 yes votes; 0 no votes. yes voters: 4bc0afe9c66d4ee99bda525a434a0bfc, 8cc7e90e5fca483b821bbee11f4cebea; no voters: 
I20260709 13:01:52.264566  9122 raft_consensus.cc:2804] T eb5a4d44d5804a0ebd5915c53385d1bb P 8cc7e90e5fca483b821bbee11f4cebea [term 0 FOLLOWER]: Leader pre-election won for term 1
I20260709 13:01:52.277011  9122 raft_consensus.cc:493] T eb5a4d44d5804a0ebd5915c53385d1bb P 8cc7e90e5fca483b821bbee11f4cebea [term 0 FOLLOWER]: Starting leader election (no leader contacted us within the election timeout)
I20260709 13:01:52.277428  9122 raft_consensus.cc:3060] T eb5a4d44d5804a0ebd5915c53385d1bb P 8cc7e90e5fca483b821bbee11f4cebea [term 0 FOLLOWER]: Advancing to term 1
I20260709 13:01:52.265034  9047 raft_consensus.cc:2804] T b252e96e61ad41af8f552c2618eae2da P 8cc7e90e5fca483b821bbee11f4cebea [term 0 FOLLOWER]: Leader pre-election won for term 1
W20260709 13:01:52.280619  8840 leader_election.cc:343] T b252e96e61ad41af8f552c2618eae2da P 8cc7e90e5fca483b821bbee11f4cebea [CANDIDATE]: Term 1 pre-election: Tablet error from VoteRequest() call to peer 274b3319cd124f029b0d9665cf3ebe86 (127.7.109.1:40313): Illegal state: must be running to vote when last-logged opid is not known
I20260709 13:01:52.283780  8727 tablet_service.cc:1917] Received RequestConsensusVote() RPC: tablet_id: "5e10f235f3be401a89eb68b391211622" candidate_uuid: "4bc0afe9c66d4ee99bda525a434a0bfc" candidate_term: 1 candidate_status { last_received { term: 0 index: 0 } } ignore_live_leader: false dest_uuid: "274b3319cd124f029b0d9665cf3ebe86"
I20260709 13:01:52.286047  8799 tablet_service.cc:1917] Received RequestConsensusVote() RPC: tablet_id: "e9feada88ea443838c7c244e6cb43533" candidate_uuid: "274b3319cd124f029b0d9665cf3ebe86" candidate_term: 1 candidate_status { last_received { term: 0 index: 0 } } ignore_live_leader: false dest_uuid: "4bc0afe9c66d4ee99bda525a434a0bfc" is_pre_election: true
I20260709 13:01:52.281293  9047 raft_consensus.cc:493] T b252e96e61ad41af8f552c2618eae2da P 8cc7e90e5fca483b821bbee11f4cebea [term 0 FOLLOWER]: Starting leader election (no leader contacted us within the election timeout)
W20260709 13:01:52.302608  8766 leader_election.cc:343] T 5e10f235f3be401a89eb68b391211622 P 4bc0afe9c66d4ee99bda525a434a0bfc [CANDIDATE]: Term 1 election: Tablet error from VoteRequest() call to peer 274b3319cd124f029b0d9665cf3ebe86 (127.7.109.1:40313): Illegal state: must be running to vote when last-logged opid is not known
I20260709 13:01:52.288261  8874 tablet_service.cc:1917] Received RequestConsensusVote() RPC: tablet_id: "37eb92edcdc748479c657676053d8d25" candidate_uuid: "274b3319cd124f029b0d9665cf3ebe86" candidate_term: 1 candidate_status { last_received { term: 0 index: 0 } } ignore_live_leader: false dest_uuid: "8cc7e90e5fca483b821bbee11f4cebea" is_pre_election: true
I20260709 13:01:52.304358  8875 tablet_service.cc:1917] Received RequestConsensusVote() RPC: tablet_id: "e9feada88ea443838c7c244e6cb43533" candidate_uuid: "274b3319cd124f029b0d9665cf3ebe86" candidate_term: 1 candidate_status { last_received { term: 0 index: 0 } } ignore_live_leader: false dest_uuid: "8cc7e90e5fca483b821bbee11f4cebea" is_pre_election: true
I20260709 13:01:52.309589  8874 raft_consensus.cc:2468] T 37eb92edcdc748479c657676053d8d25 P 8cc7e90e5fca483b821bbee11f4cebea [term 0 FOLLOWER]: Leader pre-election vote request: Granting yes vote for candidate 274b3319cd124f029b0d9665cf3ebe86 in term 0.
I20260709 13:01:52.316888  9229 raft_consensus.cc:493] T 90638d54173c4d79b4d2a4cb468a7643 P 274b3319cd124f029b0d9665cf3ebe86 [term 0 FOLLOWER]: Starting pre-election (no leader contacted us within the election timeout)
I20260709 13:01:52.304924  9047 raft_consensus.cc:3060] T b252e96e61ad41af8f552c2618eae2da P 8cc7e90e5fca483b821bbee11f4cebea [term 0 FOLLOWER]: Advancing to term 1
I20260709 13:01:52.305466  8798 tablet_service.cc:1917] Received RequestConsensusVote() RPC: tablet_id: "37eb92edcdc748479c657676053d8d25" candidate_uuid: "274b3319cd124f029b0d9665cf3ebe86" candidate_term: 1 candidate_status { last_received { term: 0 index: 0 } } ignore_live_leader: false dest_uuid: "4bc0afe9c66d4ee99bda525a434a0bfc" is_pre_election: true
I20260709 13:01:52.323617  8694 leader_election.cc:304] T e9feada88ea443838c7c244e6cb43533 P 274b3319cd124f029b0d9665cf3ebe86 [CANDIDATE]: Term 1 pre-election: Election decided. Result: candidate lost. Election summary: received 3 responses out of 3 voters: 1 yes votes; 2 no votes. yes voters: 274b3319cd124f029b0d9665cf3ebe86; no voters: 4bc0afe9c66d4ee99bda525a434a0bfc, 8cc7e90e5fca483b821bbee11f4cebea
I20260709 13:01:52.323729  8692 leader_election.cc:304] T 37eb92edcdc748479c657676053d8d25 P 274b3319cd124f029b0d9665cf3ebe86 [CANDIDATE]: Term 1 pre-election: Election decided. Result: candidate won. Election summary: received 2 responses out of 3 voters: 2 yes votes; 0 no votes. yes voters: 274b3319cd124f029b0d9665cf3ebe86, 8cc7e90e5fca483b821bbee11f4cebea; no voters: 
I20260709 13:01:52.326294  8919 ts_tablet_manager.cc:1434] T 90638d54173c4d79b4d2a4cb468a7643 P 274b3319cd124f029b0d9665cf3ebe86: Time spent starting tablet: real 0.226s	user 0.009s	sys 0.013s
I20260709 13:01:52.323623  8798 raft_consensus.cc:2468] T 37eb92edcdc748479c657676053d8d25 P 4bc0afe9c66d4ee99bda525a434a0bfc [term 0 FOLLOWER]: Leader pre-election vote request: Granting yes vote for candidate 274b3319cd124f029b0d9665cf3ebe86 in term 0.
I20260709 13:01:52.328933  9051 raft_consensus.cc:2749] T e9feada88ea443838c7c244e6cb43533 P 274b3319cd124f029b0d9665cf3ebe86 [term 0 FOLLOWER]: Leader pre-election lost for term 1. Reason: could not achieve majority
I20260709 13:01:52.330437  8985 raft_consensus.cc:2804] T 37eb92edcdc748479c657676053d8d25 P 274b3319cd124f029b0d9665cf3ebe86 [term 0 FOLLOWER]: Leader pre-election won for term 1
I20260709 13:01:52.336320  8873 tablet_service.cc:1917] Received RequestConsensusVote() RPC: tablet_id: "5e10f235f3be401a89eb68b391211622" candidate_uuid: "4bc0afe9c66d4ee99bda525a434a0bfc" candidate_term: 1 candidate_status { last_received { term: 0 index: 0 } } ignore_live_leader: false dest_uuid: "8cc7e90e5fca483b821bbee11f4cebea"
I20260709 13:01:52.317553  9229 raft_consensus.cc:515] T 90638d54173c4d79b4d2a4cb468a7643 P 274b3319cd124f029b0d9665cf3ebe86 [term 0 FOLLOWER]: Starting pre-election with config: opid_index: -1 OBSOLETE_local: false peers { permanent_uuid: "274b3319cd124f029b0d9665cf3ebe86" member_type: VOTER last_known_addr { host: "127.7.109.1" port: 40313 } } peers { permanent_uuid: "4bc0afe9c66d4ee99bda525a434a0bfc" member_type: VOTER last_known_addr { host: "127.7.109.2" port: 37909 } } peers { permanent_uuid: "8cc7e90e5fca483b821bbee11f4cebea" member_type: VOTER last_known_addr { host: "127.7.109.3" port: 41219 } }
I20260709 13:01:52.335014  9121 consensus_queue.cc:1048] T 368873a8d3bb45f9b75184b1004f56aa P 8cc7e90e5fca483b821bbee11f4cebea [LEADER]: Connected to new peer: Peer: permanent_uuid: "4bc0afe9c66d4ee99bda525a434a0bfc" member_type: VOTER last_known_addr { host: "127.7.109.2" port: 37909 }, Status: LMP_MISMATCH, Last received: 0.0, Next index: 1, Last known committed idx: 0, Time since last communication: 0.046s
W20260709 13:01:52.393939  8840 outbound_call.cc:321] RPC callback for RPC call kudu.consensus.ConsensusService.UpdateConsensus -> {remote=127.7.109.1:40313, user_credentials={real_user=slave}} blocked reactor thread for 64006.5us
I20260709 13:01:52.379439  8985 raft_consensus.cc:493] T 37eb92edcdc748479c657676053d8d25 P 274b3319cd124f029b0d9665cf3ebe86 [term 0 FOLLOWER]: Starting leader election (no leader contacted us within the election timeout)
I20260709 13:01:52.388120  8873 raft_consensus.cc:3060] T 5e10f235f3be401a89eb68b391211622 P 8cc7e90e5fca483b821bbee11f4cebea [term 0 FOLLOWER]: Advancing to term 1
I20260709 13:01:52.404379  9229 leader_election.cc:290] T 90638d54173c4d79b4d2a4cb468a7643 P 274b3319cd124f029b0d9665cf3ebe86 [CANDIDATE]: Term 1 pre-election: Requested pre-vote from peers 4bc0afe9c66d4ee99bda525a434a0bfc (127.7.109.2:37909), 8cc7e90e5fca483b821bbee11f4cebea (127.7.109.3:41219)
I20260709 13:01:52.398275  8985 raft_consensus.cc:3060] T 37eb92edcdc748479c657676053d8d25 P 274b3319cd124f029b0d9665cf3ebe86 [term 0 FOLLOWER]: Advancing to term 1
I20260709 13:01:52.407153  8922 tablet_bootstrap.cc:654] T aa09cb923d644737bfca485b9dcb4635 P 4bc0afe9c66d4ee99bda525a434a0bfc: Neither blocks nor log segments found. Creating new log.
W20260709 13:01:52.408370  9226 log.cc:927] Time spent T 27a5922c93db48198d06b2d1c856261f P 274b3319cd124f029b0d9665cf3ebe86: Append to log took a long time: real 0.088s	user 0.001s	sys 0.000s
I20260709 13:01:52.422739  8919 tablet_bootstrap.cc:492] T 368873a8d3bb45f9b75184b1004f56aa P 274b3319cd124f029b0d9665cf3ebe86: Bootstrap starting.
I20260709 13:01:52.431097  8920 tablet_bootstrap.cc:654] T 90638d54173c4d79b4d2a4cb468a7643 P 8cc7e90e5fca483b821bbee11f4cebea: Neither blocks nor log segments found. Creating new log.
W20260709 13:01:52.442202  9231 log.cc:927] Time spent T e9feada88ea443838c7c244e6cb43533 P 4bc0afe9c66d4ee99bda525a434a0bfc: Append to log took a long time: real 0.059s	user 0.001s	sys 0.000s
I20260709 13:01:52.445551  8803 tablet_service.cc:1917] Received RequestConsensusVote() RPC: tablet_id: "90638d54173c4d79b4d2a4cb468a7643" candidate_uuid: "274b3319cd124f029b0d9665cf3ebe86" candidate_term: 1 candidate_status { last_received { term: 0 index: 0 } } ignore_live_leader: false dest_uuid: "4bc0afe9c66d4ee99bda525a434a0bfc" is_pre_election: true
I20260709 13:01:52.446321  8803 raft_consensus.cc:2468] T 90638d54173c4d79b4d2a4cb468a7643 P 4bc0afe9c66d4ee99bda525a434a0bfc [term 0 FOLLOWER]: Leader pre-election vote request: Granting yes vote for candidate 274b3319cd124f029b0d9665cf3ebe86 in term 0.
I20260709 13:01:52.454180  8694 leader_election.cc:304] T 90638d54173c4d79b4d2a4cb468a7643 P 274b3319cd124f029b0d9665cf3ebe86 [CANDIDATE]: Term 1 pre-election: Election decided. Result: candidate won. Election summary: received 2 responses out of 3 voters: 2 yes votes; 0 no votes. yes voters: 274b3319cd124f029b0d9665cf3ebe86, 4bc0afe9c66d4ee99bda525a434a0bfc; no voters: 
I20260709 13:01:52.460187  9040 raft_consensus.cc:2804] T 90638d54173c4d79b4d2a4cb468a7643 P 274b3319cd124f029b0d9665cf3ebe86 [term 0 FOLLOWER]: Leader pre-election won for term 1
I20260709 13:01:52.433890  9122 raft_consensus.cc:515] T eb5a4d44d5804a0ebd5915c53385d1bb P 8cc7e90e5fca483b821bbee11f4cebea [term 1 FOLLOWER]: Starting leader election with config: opid_index: -1 OBSOLETE_local: false peers { permanent_uuid: "274b3319cd124f029b0d9665cf3ebe86" member_type: VOTER last_known_addr { host: "127.7.109.1" port: 40313 } } peers { permanent_uuid: "4bc0afe9c66d4ee99bda525a434a0bfc" member_type: VOTER last_known_addr { host: "127.7.109.2" port: 37909 } } peers { permanent_uuid: "8cc7e90e5fca483b821bbee11f4cebea" member_type: VOTER last_known_addr { host: "127.7.109.3" port: 41219 } }
I20260709 13:01:52.455093  9047 raft_consensus.cc:515] T b252e96e61ad41af8f552c2618eae2da P 8cc7e90e5fca483b821bbee11f4cebea [term 1 FOLLOWER]: Starting leader election with config: opid_index: -1 OBSOLETE_local: false peers { permanent_uuid: "274b3319cd124f029b0d9665cf3ebe86" member_type: VOTER last_known_addr { host: "127.7.109.1" port: 40313 } } peers { permanent_uuid: "4bc0afe9c66d4ee99bda525a434a0bfc" member_type: VOTER last_known_addr { host: "127.7.109.2" port: 37909 } } peers { permanent_uuid: "8cc7e90e5fca483b821bbee11f4cebea" member_type: VOTER last_known_addr { host: "127.7.109.3" port: 41219 } }
I20260709 13:01:52.475847  9040 raft_consensus.cc:493] T 90638d54173c4d79b4d2a4cb468a7643 P 274b3319cd124f029b0d9665cf3ebe86 [term 0 FOLLOWER]: Starting leader election (no leader contacted us within the election timeout)
I20260709 13:01:52.484073  9047 leader_election.cc:290] T b252e96e61ad41af8f552c2618eae2da P 8cc7e90e5fca483b821bbee11f4cebea [CANDIDATE]: Term 1 election: Requested vote from peers 274b3319cd124f029b0d9665cf3ebe86 (127.7.109.1:40313), 4bc0afe9c66d4ee99bda525a434a0bfc (127.7.109.2:37909)
I20260709 13:01:52.484582  9040 raft_consensus.cc:3060] T 90638d54173c4d79b4d2a4cb468a7643 P 274b3319cd124f029b0d9665cf3ebe86 [term 0 FOLLOWER]: Advancing to term 1
W20260709 13:01:52.488193  8829 tablet.cc:2406] T 37eb92edcdc748479c657676053d8d25 P 4bc0afe9c66d4ee99bda525a434a0bfc: Can't schedule compaction. Clean time has not been advanced past its initial value.
I20260709 13:01:52.503741  8922 tablet_bootstrap.cc:492] T aa09cb923d644737bfca485b9dcb4635 P 4bc0afe9c66d4ee99bda525a434a0bfc: No bootstrap required, opened a new log
I20260709 13:01:52.504539  8922 ts_tablet_manager.cc:1403] T aa09cb923d644737bfca485b9dcb4635 P 4bc0afe9c66d4ee99bda525a434a0bfc: Time spent bootstrapping tablet: real 0.248s	user 0.017s	sys 0.008s
I20260709 13:01:52.510360  8875 tablet_service.cc:1917] Received RequestConsensusVote() RPC: tablet_id: "90638d54173c4d79b4d2a4cb468a7643" candidate_uuid: "274b3319cd124f029b0d9665cf3ebe86" candidate_term: 1 candidate_status { last_received { term: 0 index: 0 } } ignore_live_leader: false dest_uuid: "8cc7e90e5fca483b821bbee11f4cebea" is_pre_election: true
I20260709 13:01:52.528400  8920 tablet_bootstrap.cc:492] T 90638d54173c4d79b4d2a4cb468a7643 P 8cc7e90e5fca483b821bbee11f4cebea: No bootstrap required, opened a new log
I20260709 13:01:52.529019  8920 ts_tablet_manager.cc:1403] T 90638d54173c4d79b4d2a4cb468a7643 P 8cc7e90e5fca483b821bbee11f4cebea: Time spent bootstrapping tablet: real 0.348s	user 0.018s	sys 0.018s
