W20260709 13:01:39.932121 15008 leader_election.cc:343] T a4c65bc18cb542a7b8a55e8b6aeefc99 P 2999667ec8164cd0bfb9d307648da931 [CANDIDATE]: Term 1 election: Tablet error from VoteRequest() call to peer cad568ff0a5f4d3d8fb4969b336e1546 (127.13.136.65:36001): Illegal state: must be running to vote when last-logged opid is not known
I20260709 13:01:39.937541 15294 leader_election.cc:290] T a4c65bc18cb542a7b8a55e8b6aeefc99 P 2999667ec8164cd0bfb9d307648da931 [CANDIDATE]: Term 1 election: Requested vote from peers cad568ff0a5f4d3d8fb4969b336e1546 (127.13.136.65:36001), d7aa8d314c6a4018bfa492c5005bab48 (127.13.136.67:33991)
I20260709 13:01:39.948549 15160 raft_consensus.cc:359] T 5903a98e5f014732a509b7f784bc640b P cad568ff0a5f4d3d8fb4969b336e1546 [term 0 FOLLOWER]: Replica starting. Triggering 0 pending ops. Active config: opid_index: -1 OBSOLETE_local: false peers { permanent_uuid: "cad568ff0a5f4d3d8fb4969b336e1546" member_type: VOTER last_known_addr { host: "127.13.136.65" port: 36001 } } peers { permanent_uuid: "2999667ec8164cd0bfb9d307648da931" member_type: VOTER last_known_addr { host: "127.13.136.66" port: 44895 } } peers { permanent_uuid: "d7aa8d314c6a4018bfa492c5005bab48" member_type: VOTER last_known_addr { host: "127.13.136.67" port: 33991 } }
I20260709 13:01:39.949213 15160 raft_consensus.cc:385] T 5903a98e5f014732a509b7f784bc640b P cad568ff0a5f4d3d8fb4969b336e1546 [term 0 FOLLOWER]: Consensus starting up: Expiring failure detector timer to make a prompt election more likely
I20260709 13:01:39.949486 15160 raft_consensus.cc:740] T 5903a98e5f014732a509b7f784bc640b P cad568ff0a5f4d3d8fb4969b336e1546 [term 0 FOLLOWER]: Becoming Follower/Learner. State: Replica: cad568ff0a5f4d3d8fb4969b336e1546, State: Initialized, Role: FOLLOWER
I20260709 13:01:39.949688 15205 raft_consensus.cc:515] T a4c65bc18cb542a7b8a55e8b6aeefc99 P d7aa8d314c6a4018bfa492c5005bab48 [term 1 FOLLOWER]: Starting leader election with config: opid_index: -1 OBSOLETE_local: false peers { permanent_uuid: "cad568ff0a5f4d3d8fb4969b336e1546" member_type: VOTER last_known_addr { host: "127.13.136.65" port: 36001 } } peers { permanent_uuid: "2999667ec8164cd0bfb9d307648da931" member_type: VOTER last_known_addr { host: "127.13.136.66" port: 44895 } } peers { permanent_uuid: "d7aa8d314c6a4018bfa492c5005bab48" member_type: VOTER last_known_addr { host: "127.13.136.67" port: 33991 } }
I20260709 13:01:39.925913 15162 raft_consensus.cc:515] T 35aea3ffe2bb4f789bd212a20cf56f61 P 2999667ec8164cd0bfb9d307648da931 [term 0 FOLLOWER]: Starting pre-election with config: opid_index: -1 OBSOLETE_local: false peers { permanent_uuid: "cad568ff0a5f4d3d8fb4969b336e1546" member_type: VOTER last_known_addr { host: "127.13.136.65" port: 36001 } } peers { permanent_uuid: "2999667ec8164cd0bfb9d307648da931" member_type: VOTER last_known_addr { host: "127.13.136.66" port: 44895 } } peers { permanent_uuid: "d7aa8d314c6a4018bfa492c5005bab48" member_type: VOTER last_known_addr { host: "127.13.136.67" port: 33991 } }
I20260709 13:01:39.951661 15162 leader_election.cc:290] T 35aea3ffe2bb4f789bd212a20cf56f61 P 2999667ec8164cd0bfb9d307648da931 [CANDIDATE]: Term 1 pre-election: Requested pre-vote from peers cad568ff0a5f4d3d8fb4969b336e1546 (127.13.136.65:36001), d7aa8d314c6a4018bfa492c5005bab48 (127.13.136.67:33991)
I20260709 13:01:39.951656 15205 leader_election.cc:290] T a4c65bc18cb542a7b8a55e8b6aeefc99 P d7aa8d314c6a4018bfa492c5005bab48 [CANDIDATE]: Term 1 election: Requested vote from peers cad568ff0a5f4d3d8fb4969b336e1546 (127.13.136.65:36001), 2999667ec8164cd0bfb9d307648da931 (127.13.136.66:44895)
I20260709 13:01:39.968317 15160 consensus_queue.cc:260] T 5903a98e5f014732a509b7f784bc640b P cad568ff0a5f4d3d8fb4969b336e1546 [NON_LEADER]: Queue going to NON_LEADER mode. State: All replicated index: 0, Majority replicated index: 0, Committed index: 0, Last appended: 0.0, Last appended by leader: 0, Current term: 0, Majority size: -1, State: 0, Mode: NON_LEADER, active raft config: opid_index: -1 OBSOLETE_local: false peers { permanent_uuid: "cad568ff0a5f4d3d8fb4969b336e1546" member_type: VOTER last_known_addr { host: "127.13.136.65" port: 36001 } } peers { permanent_uuid: "2999667ec8164cd0bfb9d307648da931" member_type: VOTER last_known_addr { host: "127.13.136.66" port: 44895 } } peers { permanent_uuid: "d7aa8d314c6a4018bfa492c5005bab48" member_type: VOTER last_known_addr { host: "127.13.136.67" port: 33991 } }
I20260709 13:01:39.969842 15160 ts_tablet_manager.cc:1434] T 5903a98e5f014732a509b7f784bc640b P cad568ff0a5f4d3d8fb4969b336e1546: Time spent starting tablet: real 0.075s	user 0.006s	sys 0.000s
I20260709 13:01:39.970718 15160 tablet_bootstrap.cc:492] T 6745093c41d3446da6005b4416cc74f9 P cad568ff0a5f4d3d8fb4969b336e1546: Bootstrap starting.
I20260709 13:01:39.971235 15157 ts_tablet_manager.cc:1434] T 33a4b3610edc40c48a055c978c10e592 P 2999667ec8164cd0bfb9d307648da931: Time spent starting tablet: real 0.061s	user 0.006s	sys 0.002s
I20260709 13:01:39.974822 15157 tablet_bootstrap.cc:492] T 76ff062f9ef541daab3083508273afad P 2999667ec8164cd0bfb9d307648da931: Bootstrap starting.
I20260709 13:01:39.975871 14966 tablet_service.cc:1917] Received RequestConsensusVote() RPC: tablet_id: "35aea3ffe2bb4f789bd212a20cf56f61" candidate_uuid: "2999667ec8164cd0bfb9d307648da931" candidate_term: 1 candidate_status { last_received { term: 0 index: 0 } } ignore_live_leader: false dest_uuid: "cad568ff0a5f4d3d8fb4969b336e1546" is_pre_election: true
I20260709 13:01:39.976612 14966 raft_consensus.cc:2393] T 35aea3ffe2bb4f789bd212a20cf56f61 P cad568ff0a5f4d3d8fb4969b336e1546 [term 1 FOLLOWER]: Leader pre-election vote request: Denying vote to candidate 2999667ec8164cd0bfb9d307648da931 in current term 1: Already voted for candidate d7aa8d314c6a4018bfa492c5005bab48 in this term.
I20260709 13:01:39.972918 14968 tablet_service.cc:1917] Received RequestConsensusVote() RPC: tablet_id: "a4c65bc18cb542a7b8a55e8b6aeefc99" candidate_uuid: "d7aa8d314c6a4018bfa492c5005bab48" candidate_term: 1 candidate_status { last_received { term: 0 index: 0 } } ignore_live_leader: false dest_uuid: "cad568ff0a5f4d3d8fb4969b336e1546"
I20260709 13:01:39.977522 15115 raft_consensus.cc:2468] T 33a4b3610edc40c48a055c978c10e592 P d7aa8d314c6a4018bfa492c5005bab48 [term 1 FOLLOWER]: Leader election vote request: Granting yes vote for candidate cad568ff0a5f4d3d8fb4969b336e1546 in term 1.
W20260709 13:01:39.978137 15082 leader_election.cc:343] T a4c65bc18cb542a7b8a55e8b6aeefc99 P d7aa8d314c6a4018bfa492c5005bab48 [CANDIDATE]: Term 1 election: Tablet error from VoteRequest() call to peer cad568ff0a5f4d3d8fb4969b336e1546 (127.13.136.65:36001): Illegal state: must be running to vote when last-logged opid is not known
W20260709 13:01:39.980043 15080 leader_election.cc:343] T 76ff062f9ef541daab3083508273afad P d7aa8d314c6a4018bfa492c5005bab48 [CANDIDATE]: Term 1 pre-election: Tablet error from VoteRequest() call to peer 2999667ec8164cd0bfb9d307648da931 (127.13.136.66:44895): Illegal state: must be running to vote when last-logged opid is not known
I20260709 13:01:39.980454 15080 leader_election.cc:304] T 76ff062f9ef541daab3083508273afad P d7aa8d314c6a4018bfa492c5005bab48 [CANDIDATE]: Term 1 pre-election: Election decided. Result: candidate lost. Election summary: received 3 responses out of 3 voters: 1 yes votes; 2 no votes. yes voters: d7aa8d314c6a4018bfa492c5005bab48; no voters: 2999667ec8164cd0bfb9d307648da931, cad568ff0a5f4d3d8fb4969b336e1546
I20260709 13:01:39.981184 15205 raft_consensus.cc:2749] T 76ff062f9ef541daab3083508273afad P d7aa8d314c6a4018bfa492c5005bab48 [term 0 FOLLOWER]: Leader pre-election lost for term 1. Reason: could not achieve majority
I20260709 13:01:39.980472 15158 ts_tablet_manager.cc:1434] T 1adbf0b7ca904018aa35470d2367403e P d7aa8d314c6a4018bfa492c5005bab48: Time spent starting tablet: real 0.055s	user 0.006s	sys 0.019s
I20260709 13:01:39.992599 15158 tablet_bootstrap.cc:492] T f36bea22074d4a758123095fdc97722f P d7aa8d314c6a4018bfa492c5005bab48: Bootstrap starting.
I20260709 13:01:39.996130 15116 tablet_service.cc:1917] Received RequestConsensusVote() RPC: tablet_id: "a4c65bc18cb542a7b8a55e8b6aeefc99" candidate_uuid: "2999667ec8164cd0bfb9d307648da931" candidate_term: 1 candidate_status { last_received { term: 0 index: 0 } } ignore_live_leader: false dest_uuid: "d7aa8d314c6a4018bfa492c5005bab48"
I20260709 13:01:39.996935 15116 raft_consensus.cc:2393] T a4c65bc18cb542a7b8a55e8b6aeefc99 P d7aa8d314c6a4018bfa492c5005bab48 [term 1 FOLLOWER]: Leader election vote request: Denying vote to candidate 2999667ec8164cd0bfb9d307648da931 in current term 1: Already voted for candidate d7aa8d314c6a4018bfa492c5005bab48 in this term.
I20260709 13:01:39.996973 15160 tablet_bootstrap.cc:654] T 6745093c41d3446da6005b4416cc74f9 P cad568ff0a5f4d3d8fb4969b336e1546: Neither blocks nor log segments found. Creating new log.
I20260709 13:01:39.988092 15157 tablet_bootstrap.cc:654] T 76ff062f9ef541daab3083508273afad P 2999667ec8164cd0bfb9d307648da931: Neither blocks nor log segments found. Creating new log.
I20260709 13:01:40.000488 15116 tablet_service.cc:1917] Received RequestConsensusVote() RPC: tablet_id: "35aea3ffe2bb4f789bd212a20cf56f61" candidate_uuid: "2999667ec8164cd0bfb9d307648da931" candidate_term: 1 candidate_status { last_received { term: 0 index: 0 } } ignore_live_leader: false dest_uuid: "d7aa8d314c6a4018bfa492c5005bab48" is_pre_election: true
I20260709 13:01:40.003836 15158 tablet_bootstrap.cc:654] T f36bea22074d4a758123095fdc97722f P d7aa8d314c6a4018bfa492c5005bab48: Neither blocks nor log segments found. Creating new log.
I20260709 13:01:40.007174 15041 tablet_service.cc:1917] Received RequestConsensusVote() RPC: tablet_id: "a4c65bc18cb542a7b8a55e8b6aeefc99" candidate_uuid: "d7aa8d314c6a4018bfa492c5005bab48" candidate_term: 1 candidate_status { last_received { term: 0 index: 0 } } ignore_live_leader: false dest_uuid: "2999667ec8164cd0bfb9d307648da931"
I20260709 13:01:40.008097 15041 raft_consensus.cc:2393] T a4c65bc18cb542a7b8a55e8b6aeefc99 P 2999667ec8164cd0bfb9d307648da931 [term 1 FOLLOWER]: Leader election vote request: Denying vote to candidate d7aa8d314c6a4018bfa492c5005bab48 in current term 1: Already voted for candidate 2999667ec8164cd0bfb9d307648da931 in this term.
I20260709 13:01:40.009529 14934 leader_election.cc:304] T 33a4b3610edc40c48a055c978c10e592 P cad568ff0a5f4d3d8fb4969b336e1546 [CANDIDATE]: Term 1 election: Election decided. Result: candidate won. Election summary: received 3 responses out of 3 voters: 2 yes votes; 1 no votes. yes voters: cad568ff0a5f4d3d8fb4969b336e1546, d7aa8d314c6a4018bfa492c5005bab48; no voters: 2999667ec8164cd0bfb9d307648da931
I20260709 13:01:40.012368 15186 raft_consensus.cc:2804] T 33a4b3610edc40c48a055c978c10e592 P cad568ff0a5f4d3d8fb4969b336e1546 [term 1 FOLLOWER]: Leader election won for term 1
I20260709 13:01:40.012728 15080 leader_election.cc:304] T a4c65bc18cb542a7b8a55e8b6aeefc99 P d7aa8d314c6a4018bfa492c5005bab48 [CANDIDATE]: Term 1 election: Election decided. Result: candidate lost. Election summary: received 3 responses out of 3 voters: 1 yes votes; 2 no votes. yes voters: d7aa8d314c6a4018bfa492c5005bab48; no voters: 2999667ec8164cd0bfb9d307648da931, cad568ff0a5f4d3d8fb4969b336e1546
I20260709 13:01:40.013036 15186 raft_consensus.cc:697] T 33a4b3610edc40c48a055c978c10e592 P cad568ff0a5f4d3d8fb4969b336e1546 [term 1 LEADER]: Becoming Leader. State: Replica: cad568ff0a5f4d3d8fb4969b336e1546, State: Running, Role: LEADER
I20260709 13:01:40.014199 15186 consensus_queue.cc:237] T 33a4b3610edc40c48a055c978c10e592 P cad568ff0a5f4d3d8fb4969b336e1546 [LEADER]: Queue going to LEADER mode. State: All replicated index: 0, Majority replicated index: 0, Committed index: 0, Last appended: 0.0, Last appended by leader: 0, Current term: 1, Majority size: 2, State: 0, Mode: LEADER, active raft config: opid_index: -1 OBSOLETE_local: false peers { permanent_uuid: "cad568ff0a5f4d3d8fb4969b336e1546" member_type: VOTER last_known_addr { host: "127.13.136.65" port: 36001 } } peers { permanent_uuid: "2999667ec8164cd0bfb9d307648da931" member_type: VOTER last_known_addr { host: "127.13.136.66" port: 44895 } } peers { permanent_uuid: "d7aa8d314c6a4018bfa492c5005bab48" member_type: VOTER last_known_addr { host: "127.13.136.67" port: 33991 } }
I20260709 13:01:40.016139 15323 raft_consensus.cc:2749] T a4c65bc18cb542a7b8a55e8b6aeefc99 P d7aa8d314c6a4018bfa492c5005bab48 [term 1 FOLLOWER]: Leader election lost for term 1. Reason: could not achieve majority
I20260709 13:01:40.016474 15009 leader_election.cc:304] T a4c65bc18cb542a7b8a55e8b6aeefc99 P 2999667ec8164cd0bfb9d307648da931 [CANDIDATE]: Term 1 election: Election decided. Result: candidate lost. Election summary: received 3 responses out of 3 voters: 1 yes votes; 2 no votes. yes voters: 2999667ec8164cd0bfb9d307648da931; no voters: cad568ff0a5f4d3d8fb4969b336e1546, d7aa8d314c6a4018bfa492c5005bab48
I20260709 13:01:40.022249 15160 tablet_bootstrap.cc:492] T 6745093c41d3446da6005b4416cc74f9 P cad568ff0a5f4d3d8fb4969b336e1546: No bootstrap required, opened a new log
I20260709 13:01:40.022760 15160 ts_tablet_manager.cc:1403] T 6745093c41d3446da6005b4416cc74f9 P cad568ff0a5f4d3d8fb4969b336e1546: Time spent bootstrapping tablet: real 0.052s	user 0.015s	sys 0.015s
I20260709 13:01:40.022634 15181 consensus_queue.cc:1048] T 6745093c41d3446da6005b4416cc74f9 P 2999667ec8164cd0bfb9d307648da931 [LEADER]: Connected to new peer: Peer: permanent_uuid: "d7aa8d314c6a4018bfa492c5005bab48" member_type: VOTER last_known_addr { host: "127.13.136.67" port: 33991 }, Status: LMP_MISMATCH, Last received: 0.0, Next index: 1, Last known committed idx: 0, Time since last communication: 0.004s
I20260709 13:01:40.022903 15162 raft_consensus.cc:2749] T a4c65bc18cb542a7b8a55e8b6aeefc99 P 2999667ec8164cd0bfb9d307648da931 [term 1 FOLLOWER]: Leader election lost for term 1. Reason: could not achieve majority
I20260709 13:01:40.025485 15009 leader_election.cc:304] T 35aea3ffe2bb4f789bd212a20cf56f61 P 2999667ec8164cd0bfb9d307648da931 [CANDIDATE]: Term 1 pre-election: Election decided. Result: candidate lost. Election summary: received 3 responses out of 3 voters: 1 yes votes; 2 no votes. yes voters: 2999667ec8164cd0bfb9d307648da931; no voters: cad568ff0a5f4d3d8fb4969b336e1546, d7aa8d314c6a4018bfa492c5005bab48
I20260709 13:01:40.029672 15181 raft_consensus.cc:3060] T 35aea3ffe2bb4f789bd212a20cf56f61 P 2999667ec8164cd0bfb9d307648da931 [term 0 FOLLOWER]: Advancing to term 1
I20260709 13:01:40.045643 15181 raft_consensus.cc:2749] T 35aea3ffe2bb4f789bd212a20cf56f61 P 2999667ec8164cd0bfb9d307648da931 [term 1 FOLLOWER]: Leader pre-election lost for term 1. Reason: could not achieve majority
I20260709 13:01:40.046098 15157 tablet_bootstrap.cc:492] T 76ff062f9ef541daab3083508273afad P 2999667ec8164cd0bfb9d307648da931: No bootstrap required, opened a new log
I20260709 13:01:40.046648 15157 ts_tablet_manager.cc:1403] T 76ff062f9ef541daab3083508273afad P 2999667ec8164cd0bfb9d307648da931: Time spent bootstrapping tablet: real 0.072s	user 0.008s	sys 0.008s
I20260709 13:01:40.048005 15160 raft_consensus.cc:359] T 6745093c41d3446da6005b4416cc74f9 P cad568ff0a5f4d3d8fb4969b336e1546 [term 0 FOLLOWER]: Replica starting. Triggering 0 pending ops. Active config: opid_index: -1 OBSOLETE_local: false peers { permanent_uuid: "cad568ff0a5f4d3d8fb4969b336e1546" member_type: VOTER last_known_addr { host: "127.13.136.65" port: 36001 } } peers { permanent_uuid: "2999667ec8164cd0bfb9d307648da931" member_type: VOTER last_known_addr { host: "127.13.136.66" port: 44895 } } peers { permanent_uuid: "d7aa8d314c6a4018bfa492c5005bab48" member_type: VOTER last_known_addr { host: "127.13.136.67" port: 33991 } }
I20260709 13:01:40.048691 15160 raft_consensus.cc:385] T 6745093c41d3446da6005b4416cc74f9 P cad568ff0a5f4d3d8fb4969b336e1546 [term 0 FOLLOWER]: Consensus starting up: Expiring failure detector timer to make a prompt election more likely
I20260709 13:01:40.049043 15160 raft_consensus.cc:740] T 6745093c41d3446da6005b4416cc74f9 P cad568ff0a5f4d3d8fb4969b336e1546 [term 0 FOLLOWER]: Becoming Follower/Learner. State: Replica: cad568ff0a5f4d3d8fb4969b336e1546, State: Initialized, Role: FOLLOWER
I20260709 13:01:40.053853 15160 consensus_queue.cc:260] T 6745093c41d3446da6005b4416cc74f9 P cad568ff0a5f4d3d8fb4969b336e1546 [NON_LEADER]: Queue going to NON_LEADER mode. State: All replicated index: 0, Majority replicated index: 0, Committed index: 0, Last appended: 0.0, Last appended by leader: 0, Current term: 0, Majority size: -1, State: 0, Mode: NON_LEADER, active raft config: opid_index: -1 OBSOLETE_local: false peers { permanent_uuid: "cad568ff0a5f4d3d8fb4969b336e1546" member_type: VOTER last_known_addr { host: "127.13.136.65" port: 36001 } } peers { permanent_uuid: "2999667ec8164cd0bfb9d307648da931" member_type: VOTER last_known_addr { host: "127.13.136.66" port: 44895 } } peers { permanent_uuid: "d7aa8d314c6a4018bfa492c5005bab48" member_type: VOTER last_known_addr { host: "127.13.136.67" port: 33991 } }
I20260709 13:01:40.049072 15157 raft_consensus.cc:359] T 76ff062f9ef541daab3083508273afad P 2999667ec8164cd0bfb9d307648da931 [term 0 FOLLOWER]: Replica starting. Triggering 0 pending ops. Active config: opid_index: -1 OBSOLETE_local: false peers { permanent_uuid: "cad568ff0a5f4d3d8fb4969b336e1546" member_type: VOTER last_known_addr { host: "127.13.136.65" port: 36001 } } peers { permanent_uuid: "2999667ec8164cd0bfb9d307648da931" member_type: VOTER last_known_addr { host: "127.13.136.66" port: 44895 } } peers { permanent_uuid: "d7aa8d314c6a4018bfa492c5005bab48" member_type: VOTER last_known_addr { host: "127.13.136.67" port: 33991 } }
I20260709 13:01:40.055047 15255 consensus_queue.cc:1048] T 35aea3ffe2bb4f789bd212a20cf56f61 P d7aa8d314c6a4018bfa492c5005bab48 [LEADER]: Connected to new peer: Peer: permanent_uuid: "cad568ff0a5f4d3d8fb4969b336e1546" member_type: VOTER last_known_addr { host: "127.13.136.65" port: 36001 }, Status: LMP_MISMATCH, Last received: 0.0, Next index: 1, Last known committed idx: 0, Time since last communication: 0.000s
I20260709 13:01:40.056326 15160 ts_tablet_manager.cc:1434] T 6745093c41d3446da6005b4416cc74f9 P cad568ff0a5f4d3d8fb4969b336e1546: Time spent starting tablet: real 0.033s	user 0.006s	sys 0.000s
I20260709 13:01:40.057251 15160 tablet_bootstrap.cc:492] T a4c65bc18cb542a7b8a55e8b6aeefc99 P cad568ff0a5f4d3d8fb4969b336e1546: Bootstrap starting.
I20260709 13:01:40.054778 15157 raft_consensus.cc:385] T 76ff062f9ef541daab3083508273afad P 2999667ec8164cd0bfb9d307648da931 [term 0 FOLLOWER]: Consensus starting up: Expiring failure detector timer to make a prompt election more likely
I20260709 13:01:40.059324 15157 raft_consensus.cc:740] T 76ff062f9ef541daab3083508273afad P 2999667ec8164cd0bfb9d307648da931 [term 0 FOLLOWER]: Becoming Follower/Learner. State: Replica: 2999667ec8164cd0bfb9d307648da931, State: Initialized, Role: FOLLOWER
I20260709 13:01:40.060129 15157 consensus_queue.cc:260] T 76ff062f9ef541daab3083508273afad P 2999667ec8164cd0bfb9d307648da931 [NON_LEADER]: Queue going to NON_LEADER mode. State: All replicated index: 0, Majority replicated index: 0, Committed index: 0, Last appended: 0.0, Last appended by leader: 0, Current term: 0, Majority size: -1, State: 0, Mode: NON_LEADER, active raft config: opid_index: -1 OBSOLETE_local: false peers { permanent_uuid: "cad568ff0a5f4d3d8fb4969b336e1546" member_type: VOTER last_known_addr { host: "127.13.136.65" port: 36001 } } peers { permanent_uuid: "2999667ec8164cd0bfb9d307648da931" member_type: VOTER last_known_addr { host: "127.13.136.66" port: 44895 } } peers { permanent_uuid: "d7aa8d314c6a4018bfa492c5005bab48" member_type: VOTER last_known_addr { host: "127.13.136.67" port: 33991 } }
I20260709 13:01:40.062201 15157 ts_tablet_manager.cc:1434] T 76ff062f9ef541daab3083508273afad P 2999667ec8164cd0bfb9d307648da931: Time spent starting tablet: real 0.015s	user 0.005s	sys 0.001s
I20260709 13:01:40.063081 15160 tablet_bootstrap.cc:654] T a4c65bc18cb542a7b8a55e8b6aeefc99 P cad568ff0a5f4d3d8fb4969b336e1546: Neither blocks nor log segments found. Creating new log.
I20260709 13:01:40.068949 14865 catalog_manager.cc:5697] T 33a4b3610edc40c48a055c978c10e592 P cad568ff0a5f4d3d8fb4969b336e1546 reported cstate change: term changed from 0 to 1, leader changed from <none> to cad568ff0a5f4d3d8fb4969b336e1546 (127.13.136.65). New cstate: current_term: 1 leader_uuid: "cad568ff0a5f4d3d8fb4969b336e1546" committed_config { opid_index: -1 OBSOLETE_local: false peers { permanent_uuid: "cad568ff0a5f4d3d8fb4969b336e1546" member_type: VOTER last_known_addr { host: "127.13.136.65" port: 36001 } health_report { overall_health: HEALTHY } } peers { permanent_uuid: "2999667ec8164cd0bfb9d307648da931" member_type: VOTER last_known_addr { host: "127.13.136.66" port: 44895 } health_report { overall_health: UNKNOWN } } peers { permanent_uuid: "d7aa8d314c6a4018bfa492c5005bab48" member_type: VOTER last_known_addr { host: "127.13.136.67" port: 33991 } health_report { overall_health: UNKNOWN } } }
I20260709 13:01:40.077143 15157 tablet_bootstrap.cc:492] T 1adbf0b7ca904018aa35470d2367403e P 2999667ec8164cd0bfb9d307648da931: Bootstrap starting.
I20260709 13:01:40.080806 15160 tablet_bootstrap.cc:492] T a4c65bc18cb542a7b8a55e8b6aeefc99 P cad568ff0a5f4d3d8fb4969b336e1546: No bootstrap required, opened a new log
I20260709 13:01:40.081358 15160 ts_tablet_manager.cc:1403] T a4c65bc18cb542a7b8a55e8b6aeefc99 P cad568ff0a5f4d3d8fb4969b336e1546: Time spent bootstrapping tablet: real 0.024s	user 0.011s	sys 0.009s
I20260709 13:01:40.083859 15157 tablet_bootstrap.cc:654] T 1adbf0b7ca904018aa35470d2367403e P 2999667ec8164cd0bfb9d307648da931: Neither blocks nor log segments found. Creating new log.
I20260709 13:01:40.084026 15160 raft_consensus.cc:359] T a4c65bc18cb542a7b8a55e8b6aeefc99 P cad568ff0a5f4d3d8fb4969b336e1546 [term 0 FOLLOWER]: Replica starting. Triggering 0 pending ops. Active config: opid_index: -1 OBSOLETE_local: false peers { permanent_uuid: "cad568ff0a5f4d3d8fb4969b336e1546" member_type: VOTER last_known_addr { host: "127.13.136.65" port: 36001 } } peers { permanent_uuid: "2999667ec8164cd0bfb9d307648da931" member_type: VOTER last_known_addr { host: "127.13.136.66" port: 44895 } } peers { permanent_uuid: "d7aa8d314c6a4018bfa492c5005bab48" member_type: VOTER last_known_addr { host: "127.13.136.67" port: 33991 } }
I20260709 13:01:40.084827 15160 raft_consensus.cc:385] T a4c65bc18cb542a7b8a55e8b6aeefc99 P cad568ff0a5f4d3d8fb4969b336e1546 [term 0 FOLLOWER]: Consensus starting up: Expiring failure detector timer to make a prompt election more likely
I20260709 13:01:40.085239 15160 raft_consensus.cc:740] T a4c65bc18cb542a7b8a55e8b6aeefc99 P cad568ff0a5f4d3d8fb4969b336e1546 [term 0 FOLLOWER]: Becoming Follower/Learner. State: Replica: cad568ff0a5f4d3d8fb4969b336e1546, State: Initialized, Role: FOLLOWER
I20260709 13:01:40.086050 15160 consensus_queue.cc:260] T a4c65bc18cb542a7b8a55e8b6aeefc99 P cad568ff0a5f4d3d8fb4969b336e1546 [NON_LEADER]: Queue going to NON_LEADER mode. State: All replicated index: 0, Majority replicated index: 0, Committed index: 0, Last appended: 0.0, Last appended by leader: 0, Current term: 0, Majority size: -1, State: 0, Mode: NON_LEADER, active raft config: opid_index: -1 OBSOLETE_local: false peers { permanent_uuid: "cad568ff0a5f4d3d8fb4969b336e1546" member_type: VOTER last_known_addr { host: "127.13.136.65" port: 36001 } } peers { permanent_uuid: "2999667ec8164cd0bfb9d307648da931" member_type: VOTER last_known_addr { host: "127.13.136.66" port: 44895 } } peers { permanent_uuid: "d7aa8d314c6a4018bfa492c5005bab48" member_type: VOTER last_known_addr { host: "127.13.136.67" port: 33991 } }
I20260709 13:01:40.088585 15160 ts_tablet_manager.cc:1434] T a4c65bc18cb542a7b8a55e8b6aeefc99 P cad568ff0a5f4d3d8fb4969b336e1546: Time spent starting tablet: real 0.007s	user 0.006s	sys 0.000s
I20260709 13:01:40.089798 15160 tablet_bootstrap.cc:492] T 59a9b8bd6fc541ee880d631bde937cf2 P cad568ff0a5f4d3d8fb4969b336e1546: Bootstrap starting.
I20260709 13:01:40.096336 15255 consensus_queue.cc:1048] T 35aea3ffe2bb4f789bd212a20cf56f61 P d7aa8d314c6a4018bfa492c5005bab48 [LEADER]: Connected to new peer: Peer: permanent_uuid: "2999667ec8164cd0bfb9d307648da931" member_type: VOTER last_known_addr { host: "127.13.136.66" port: 44895 }, Status: LMP_MISMATCH, Last received: 0.0, Next index: 1, Last known committed idx: 0, Time since last communication: 0.001s
I20260709 13:01:40.097299 15160 tablet_bootstrap.cc:654] T 59a9b8bd6fc541ee880d631bde937cf2 P cad568ff0a5f4d3d8fb4969b336e1546: Neither blocks nor log segments found. Creating new log.
I20260709 13:01:40.106674 15157 tablet_bootstrap.cc:492] T 1adbf0b7ca904018aa35470d2367403e P 2999667ec8164cd0bfb9d307648da931: No bootstrap required, opened a new log
I20260709 13:01:40.107245 15157 ts_tablet_manager.cc:1403] T 1adbf0b7ca904018aa35470d2367403e P 2999667ec8164cd0bfb9d307648da931: Time spent bootstrapping tablet: real 0.030s	user 0.016s	sys 0.004s
I20260709 13:01:40.125517 15157 raft_consensus.cc:359] T 1adbf0b7ca904018aa35470d2367403e P 2999667ec8164cd0bfb9d307648da931 [term 0 FOLLOWER]: Replica starting. Triggering 0 pending ops. Active config: opid_index: -1 OBSOLETE_local: false peers { permanent_uuid: "cad568ff0a5f4d3d8fb4969b336e1546" member_type: VOTER last_known_addr { host: "127.13.136.65" port: 36001 } } peers { permanent_uuid: "2999667ec8164cd0bfb9d307648da931" member_type: VOTER last_known_addr { host: "127.13.136.66" port: 44895 } } peers { permanent_uuid: "d7aa8d314c6a4018bfa492c5005bab48" member_type: VOTER last_known_addr { host: "127.13.136.67" port: 33991 } }
I20260709 13:01:40.126421 15157 raft_consensus.cc:385] T 1adbf0b7ca904018aa35470d2367403e P 2999667ec8164cd0bfb9d307648da931 [term 0 FOLLOWER]: Consensus starting up: Expiring failure detector timer to make a prompt election more likely
I20260709 13:01:40.126770 15157 raft_consensus.cc:740] T 1adbf0b7ca904018aa35470d2367403e P 2999667ec8164cd0bfb9d307648da931 [term 0 FOLLOWER]: Becoming Follower/Learner. State: Replica: 2999667ec8164cd0bfb9d307648da931, State: Initialized, Role: FOLLOWER
I20260709 13:01:40.136476 15157 consensus_queue.cc:260] T 1adbf0b7ca904018aa35470d2367403e P 2999667ec8164cd0bfb9d307648da931 [NON_LEADER]: Queue going to NON_LEADER mode. State: All replicated index: 0, Majority replicated index: 0, Committed index: 0, Last appended: 0.0, Last appended by leader: 0, Current term: 0, Majority size: -1, State: 0, Mode: NON_LEADER, active raft config: opid_index: -1 OBSOLETE_local: false peers { permanent_uuid: "cad568ff0a5f4d3d8fb4969b336e1546" member_type: VOTER last_known_addr { host: "127.13.136.65" port: 36001 } } peers { permanent_uuid: "2999667ec8164cd0bfb9d307648da931" member_type: VOTER last_known_addr { host: "127.13.136.66" port: 44895 } } peers { permanent_uuid: "d7aa8d314c6a4018bfa492c5005bab48" member_type: VOTER last_known_addr { host: "127.13.136.67" port: 33991 } }
I20260709 13:01:40.137524 15262 raft_consensus.cc:493] T 76ff062f9ef541daab3083508273afad P 2999667ec8164cd0bfb9d307648da931 [term 0 FOLLOWER]: Starting pre-election (no leader contacted us within the election timeout)
I20260709 13:01:40.138181 15262 raft_consensus.cc:515] T 76ff062f9ef541daab3083508273afad P 2999667ec8164cd0bfb9d307648da931 [term 0 FOLLOWER]: Starting pre-election with config: opid_index: -1 OBSOLETE_local: false peers { permanent_uuid: "cad568ff0a5f4d3d8fb4969b336e1546" member_type: VOTER last_known_addr { host: "127.13.136.65" port: 36001 } } peers { permanent_uuid: "2999667ec8164cd0bfb9d307648da931" member_type: VOTER last_known_addr { host: "127.13.136.66" port: 44895 } } peers { permanent_uuid: "d7aa8d314c6a4018bfa492c5005bab48" member_type: VOTER last_known_addr { host: "127.13.136.67" port: 33991 } }
I20260709 13:01:40.139593 15157 ts_tablet_manager.cc:1434] T 1adbf0b7ca904018aa35470d2367403e P 2999667ec8164cd0bfb9d307648da931: Time spent starting tablet: real 0.032s	user 0.004s	sys 0.004s
I20260709 13:01:40.140785 15157 tablet_bootstrap.cc:492] T f36bea22074d4a758123095fdc97722f P 2999667ec8164cd0bfb9d307648da931: Bootstrap starting.
I20260709 13:01:40.144707 15262 leader_election.cc:290] T 76ff062f9ef541daab3083508273afad P 2999667ec8164cd0bfb9d307648da931 [CANDIDATE]: Term 1 pre-election: Requested pre-vote from peers cad568ff0a5f4d3d8fb4969b336e1546 (127.13.136.65:36001), d7aa8d314c6a4018bfa492c5005bab48 (127.13.136.67:33991)
I20260709 13:01:40.146420 15115 tablet_service.cc:1917] Received RequestConsensusVote() RPC: tablet_id: "76ff062f9ef541daab3083508273afad" candidate_uuid: "2999667ec8164cd0bfb9d307648da931" candidate_term: 1 candidate_status { last_received { term: 0 index: 0 } } ignore_live_leader: false dest_uuid: "d7aa8d314c6a4018bfa492c5005bab48" is_pre_election: true
I20260709 13:01:40.147079 15115 raft_consensus.cc:2468] T 76ff062f9ef541daab3083508273afad P d7aa8d314c6a4018bfa492c5005bab48 [term 0 FOLLOWER]: Leader pre-election vote request: Granting yes vote for candidate 2999667ec8164cd0bfb9d307648da931 in term 0.
I20260709 13:01:40.148221 15009 leader_election.cc:304] T 76ff062f9ef541daab3083508273afad P 2999667ec8164cd0bfb9d307648da931 [CANDIDATE]: Term 1 pre-election: Election decided. Result: candidate won. Election summary: received 2 responses out of 3 voters: 2 yes votes; 0 no votes. yes voters: 2999667ec8164cd0bfb9d307648da931, d7aa8d314c6a4018bfa492c5005bab48; no voters: 
I20260709 13:01:40.150252 15294 raft_consensus.cc:2804] T 76ff062f9ef541daab3083508273afad P 2999667ec8164cd0bfb9d307648da931 [term 0 FOLLOWER]: Leader pre-election won for term 1
I20260709 13:01:40.150625 15294 raft_consensus.cc:493] T 76ff062f9ef541daab3083508273afad P 2999667ec8164cd0bfb9d307648da931 [term 0 FOLLOWER]: Starting leader election (no leader contacted us within the election timeout)
I20260709 13:01:40.150846 15160 tablet_bootstrap.cc:492] T 59a9b8bd6fc541ee880d631bde937cf2 P cad568ff0a5f4d3d8fb4969b336e1546: No bootstrap required, opened a new log
I20260709 13:01:40.150950 15294 raft_consensus.cc:3060] T 76ff062f9ef541daab3083508273afad P 2999667ec8164cd0bfb9d307648da931 [term 0 FOLLOWER]: Advancing to term 1
I20260709 13:01:40.151518 15160 ts_tablet_manager.cc:1403] T 59a9b8bd6fc541ee880d631bde937cf2 P cad568ff0a5f4d3d8fb4969b336e1546: Time spent bootstrapping tablet: real 0.062s	user 0.029s	sys 0.027s
I20260709 13:01:40.154062 15160 raft_consensus.cc:359] T 59a9b8bd6fc541ee880d631bde937cf2 P cad568ff0a5f4d3d8fb4969b336e1546 [term 0 FOLLOWER]: Replica starting. Triggering 0 pending ops. Active config: opid_index: -1 OBSOLETE_local: false peers { permanent_uuid: "cad568ff0a5f4d3d8fb4969b336e1546" member_type: VOTER last_known_addr { host: "127.13.136.65" port: 36001 } } peers { permanent_uuid: "2999667ec8164cd0bfb9d307648da931" member_type: VOTER last_known_addr { host: "127.13.136.66" port: 44895 } } peers { permanent_uuid: "d7aa8d314c6a4018bfa492c5005bab48" member_type: VOTER last_known_addr { host: "127.13.136.67" port: 33991 } }
I20260709 13:01:40.154754 15160 raft_consensus.cc:385] T 59a9b8bd6fc541ee880d631bde937cf2 P cad568ff0a5f4d3d8fb4969b336e1546 [term 0 FOLLOWER]: Consensus starting up: Expiring failure detector timer to make a prompt election more likely
I20260709 13:01:40.155072 15160 raft_consensus.cc:740] T 59a9b8bd6fc541ee880d631bde937cf2 P cad568ff0a5f4d3d8fb4969b336e1546 [term 0 FOLLOWER]: Becoming Follower/Learner. State: Replica: cad568ff0a5f4d3d8fb4969b336e1546, State: Initialized, Role: FOLLOWER
I20260709 13:01:40.155748 14967 tablet_service.cc:1917] Received RequestConsensusVote() RPC: tablet_id: "76ff062f9ef541daab3083508273afad" candidate_uuid: "2999667ec8164cd0bfb9d307648da931" candidate_term: 1 candidate_status { last_received { term: 0 index: 0 } } ignore_live_leader: false dest_uuid: "cad568ff0a5f4d3d8fb4969b336e1546" is_pre_election: true
I20260709 13:01:40.155881 15160 consensus_queue.cc:260] T 59a9b8bd6fc541ee880d631bde937cf2 P cad568ff0a5f4d3d8fb4969b336e1546 [NON_LEADER]: Queue going to NON_LEADER mode. State: All replicated index: 0, Majority replicated index: 0, Committed index: 0, Last appended: 0.0, Last appended by leader: 0, Current term: 0, Majority size: -1, State: 0, Mode: NON_LEADER, active raft config: opid_index: -1 OBSOLETE_local: false peers { permanent_uuid: "cad568ff0a5f4d3d8fb4969b336e1546" member_type: VOTER last_known_addr { host: "127.13.136.65" port: 36001 } } peers { permanent_uuid: "2999667ec8164cd0bfb9d307648da931" member_type: VOTER last_known_addr { host: "127.13.136.66" port: 44895 } } peers { permanent_uuid: "d7aa8d314c6a4018bfa492c5005bab48" member_type: VOTER last_known_addr { host: "127.13.136.67" port: 33991 } }
W20260709 13:01:40.157019 15008 leader_election.cc:343] T 76ff062f9ef541daab3083508273afad P 2999667ec8164cd0bfb9d307648da931 [CANDIDATE]: Term 1 pre-election: Tablet error from VoteRequest() call to peer cad568ff0a5f4d3d8fb4969b336e1546 (127.13.136.65:36001): Illegal state: must be running to vote when last-logged opid is not known
I20260709 13:01:40.161705 15294 raft_consensus.cc:515] T 76ff062f9ef541daab3083508273afad P 2999667ec8164cd0bfb9d307648da931 [term 1 FOLLOWER]: Starting leader election with config: opid_index: -1 OBSOLETE_local: false peers { permanent_uuid: "cad568ff0a5f4d3d8fb4969b336e1546" member_type: VOTER last_known_addr { host: "127.13.136.65" port: 36001 } } peers { permanent_uuid: "2999667ec8164cd0bfb9d307648da931" member_type: VOTER last_known_addr { host: "127.13.136.66" port: 44895 } } peers { permanent_uuid: "d7aa8d314c6a4018bfa492c5005bab48" member_type: VOTER last_known_addr { host: "127.13.136.67" port: 33991 } }
I20260709 13:01:40.164256 14968 tablet_service.cc:1917] Received RequestConsensusVote() RPC: tablet_id: "76ff062f9ef541daab3083508273afad" candidate_uuid: "2999667ec8164cd0bfb9d307648da931" candidate_term: 1 candidate_status { last_received { term: 0 index: 0 } } ignore_live_leader: false dest_uuid: "cad568ff0a5f4d3d8fb4969b336e1546"
W20260709 13:01:40.165529 15008 leader_election.cc:343] T 76ff062f9ef541daab3083508273afad P 2999667ec8164cd0bfb9d307648da931 [CANDIDATE]: Term 1 election: Tablet error from VoteRequest() call to peer cad568ff0a5f4d3d8fb4969b336e1546 (127.13.136.65:36001): Illegal state: must be running to vote when last-logged opid is not known
I20260709 13:01:40.166371 15160 ts_tablet_manager.cc:1434] T 59a9b8bd6fc541ee880d631bde937cf2 P cad568ff0a5f4d3d8fb4969b336e1546: Time spent starting tablet: real 0.014s	user 0.005s	sys 0.000s
I20260709 13:01:40.166599 15294 leader_election.cc:290] T 76ff062f9ef541daab3083508273afad P 2999667ec8164cd0bfb9d307648da931 [CANDIDATE]: Term 1 election: Requested vote from peers cad568ff0a5f4d3d8fb4969b336e1546 (127.13.136.65:36001), d7aa8d314c6a4018bfa492c5005bab48 (127.13.136.67:33991)
I20260709 13:01:40.167363 15160 tablet_bootstrap.cc:492] T 76ff062f9ef541daab3083508273afad P cad568ff0a5f4d3d8fb4969b336e1546: Bootstrap starting.
I20260709 13:01:40.171404 15157 tablet_bootstrap.cc:654] T f36bea22074d4a758123095fdc97722f P 2999667ec8164cd0bfb9d307648da931: Neither blocks nor log segments found. Creating new log.
I20260709 13:01:40.172191 15116 tablet_service.cc:1917] Received RequestConsensusVote() RPC: tablet_id: "76ff062f9ef541daab3083508273afad" candidate_uuid: "2999667ec8164cd0bfb9d307648da931" candidate_term: 1 candidate_status { last_received { term: 0 index: 0 } } ignore_live_leader: false dest_uuid: "d7aa8d314c6a4018bfa492c5005bab48"
I20260709 13:01:40.172801 15116 raft_consensus.cc:3060] T 76ff062f9ef541daab3083508273afad P d7aa8d314c6a4018bfa492c5005bab48 [term 0 FOLLOWER]: Advancing to term 1
I20260709 13:01:40.173449 15160 tablet_bootstrap.cc:654] T 76ff062f9ef541daab3083508273afad P cad568ff0a5f4d3d8fb4969b336e1546: Neither blocks nor log segments found. Creating new log.
I20260709 13:01:40.183574 15157 tablet_bootstrap.cc:492] T f36bea22074d4a758123095fdc97722f P 2999667ec8164cd0bfb9d307648da931: No bootstrap required, opened a new log
I20260709 13:01:40.184068 15157 ts_tablet_manager.cc:1403] T f36bea22074d4a758123095fdc97722f P 2999667ec8164cd0bfb9d307648da931: Time spent bootstrapping tablet: real 0.044s	user 0.010s	sys 0.007s
I20260709 13:01:40.185635 15160 tablet_bootstrap.cc:492] T 76ff062f9ef541daab3083508273afad P cad568ff0a5f4d3d8fb4969b336e1546: No bootstrap required, opened a new log
I20260709 13:01:40.186125 15160 ts_tablet_manager.cc:1403] T 76ff062f9ef541daab3083508273afad P cad568ff0a5f4d3d8fb4969b336e1546: Time spent bootstrapping tablet: real 0.019s	user 0.014s	sys 0.000s
I20260709 13:01:40.188747 15160 raft_consensus.cc:359] T 76ff062f9ef541daab3083508273afad P cad568ff0a5f4d3d8fb4969b336e1546 [term 0 FOLLOWER]: Replica starting. Triggering 0 pending ops. Active config: opid_index: -1 OBSOLETE_local: false peers { permanent_uuid: "cad568ff0a5f4d3d8fb4969b336e1546" member_type: VOTER last_known_addr { host: "127.13.136.65" port: 36001 } } peers { permanent_uuid: "2999667ec8164cd0bfb9d307648da931" member_type: VOTER last_known_addr { host: "127.13.136.66" port: 44895 } } peers { permanent_uuid: "d7aa8d314c6a4018bfa492c5005bab48" member_type: VOTER last_known_addr { host: "127.13.136.67" port: 33991 } }
I20260709 13:01:40.189493 15160 raft_consensus.cc:385] T 76ff062f9ef541daab3083508273afad P cad568ff0a5f4d3d8fb4969b336e1546 [term 0 FOLLOWER]: Consensus starting up: Expiring failure detector timer to make a prompt election more likely
I20260709 13:01:40.193563 15160 raft_consensus.cc:740] T 76ff062f9ef541daab3083508273afad P cad568ff0a5f4d3d8fb4969b336e1546 [term 0 FOLLOWER]: Becoming Follower/Learner. State: Replica: cad568ff0a5f4d3d8fb4969b336e1546, State: Initialized, Role: FOLLOWER
I20260709 13:01:40.194285 15160 consensus_queue.cc:260] T 76ff062f9ef541daab3083508273afad P cad568ff0a5f4d3d8fb4969b336e1546 [NON_LEADER]: Queue going to NON_LEADER mode. State: All replicated index: 0, Majority replicated index: 0, Committed index: 0, Last appended: 0.0, Last appended by leader: 0, Current term: 0, Majority size: -1, State: 0, Mode: NON_LEADER, active raft config: opid_index: -1 OBSOLETE_local: false peers { permanent_uuid: "cad568ff0a5f4d3d8fb4969b336e1546" member_type: VOTER last_known_addr { host: "127.13.136.65" port: 36001 } } peers { permanent_uuid: "2999667ec8164cd0bfb9d307648da931" member_type: VOTER last_known_addr { host: "127.13.136.66" port: 44895 } } peers { permanent_uuid: "d7aa8d314c6a4018bfa492c5005bab48" member_type: VOTER last_known_addr { host: "127.13.136.67" port: 33991 } }
I20260709 13:01:40.196553 15160 ts_tablet_manager.cc:1434] T 76ff062f9ef541daab3083508273afad P cad568ff0a5f4d3d8fb4969b336e1546: Time spent starting tablet: real 0.010s	user 0.001s	sys 0.004s
I20260709 13:01:40.196607 15274 raft_consensus.cc:493] T 76ff062f9ef541daab3083508273afad P cad568ff0a5f4d3d8fb4969b336e1546 [term 0 FOLLOWER]: Starting pre-election (no leader contacted us within the election timeout)
I20260709 13:01:40.189623 15157 raft_consensus.cc:359] T f36bea22074d4a758123095fdc97722f P 2999667ec8164cd0bfb9d307648da931 [term 0 FOLLOWER]: Replica starting. Triggering 0 pending ops. Active config: opid_index: -1 OBSOLETE_local: false peers { permanent_uuid: "cad568ff0a5f4d3d8fb4969b336e1546" member_type: VOTER last_known_addr { host: "127.13.136.65" port: 36001 } } peers { permanent_uuid: "2999667ec8164cd0bfb9d307648da931" member_type: VOTER last_known_addr { host: "127.13.136.66" port: 44895 } } peers { permanent_uuid: "d7aa8d314c6a4018bfa492c5005bab48" member_type: VOTER last_known_addr { host: "127.13.136.67" port: 33991 } }
I20260709 13:01:40.197553 15160 tablet_bootstrap.cc:492] T 1adbf0b7ca904018aa35470d2367403e P cad568ff0a5f4d3d8fb4969b336e1546: Bootstrap starting.
I20260709 13:01:40.197757 15157 raft_consensus.cc:385] T f36bea22074d4a758123095fdc97722f P 2999667ec8164cd0bfb9d307648da931 [term 0 FOLLOWER]: Consensus starting up: Expiring failure detector timer to make a prompt election more likely
I20260709 13:01:40.197278 15274 raft_consensus.cc:515] T 76ff062f9ef541daab3083508273afad P cad568ff0a5f4d3d8fb4969b336e1546 [term 0 FOLLOWER]: Starting pre-election with config: opid_index: -1 OBSOLETE_local: false peers { permanent_uuid: "cad568ff0a5f4d3d8fb4969b336e1546" member_type: VOTER last_known_addr { host: "127.13.136.65" port: 36001 } } peers { permanent_uuid: "2999667ec8164cd0bfb9d307648da931" member_type: VOTER last_known_addr { host: "127.13.136.66" port: 44895 } } peers { permanent_uuid: "d7aa8d314c6a4018bfa492c5005bab48" member_type: VOTER last_known_addr { host: "127.13.136.67" port: 33991 } }
I20260709 13:01:40.198062 15157 raft_consensus.cc:740] T f36bea22074d4a758123095fdc97722f P 2999667ec8164cd0bfb9d307648da931 [term 0 FOLLOWER]: Becoming Follower/Learner. State: Replica: 2999667ec8164cd0bfb9d307648da931, State: Initialized, Role: FOLLOWER
I20260709 13:01:40.198832 15157 consensus_queue.cc:260] T f36bea22074d4a758123095fdc97722f P 2999667ec8164cd0bfb9d307648da931 [NON_LEADER]: Queue going to NON_LEADER mode. State: All replicated index: 0, Majority replicated index: 0, Committed index: 0, Last appended: 0.0, Last appended by leader: 0, Current term: 0, Majority size: -1, State: 0, Mode: NON_LEADER, active raft config: opid_index: -1 OBSOLETE_local: false peers { permanent_uuid: "cad568ff0a5f4d3d8fb4969b336e1546" member_type: VOTER last_known_addr { host: "127.13.136.65" port: 36001 } } peers { permanent_uuid: "2999667ec8164cd0bfb9d307648da931" member_type: VOTER last_known_addr { host: "127.13.136.66" port: 44895 } } peers { permanent_uuid: "d7aa8d314c6a4018bfa492c5005bab48" member_type: VOTER last_known_addr { host: "127.13.136.67" port: 33991 } }
I20260709 13:01:40.201030 15157 ts_tablet_manager.cc:1434] T f36bea22074d4a758123095fdc97722f P 2999667ec8164cd0bfb9d307648da931: Time spent starting tablet: real 0.017s	user 0.005s	sys 0.000s
I20260709 13:01:40.201941 15157 tablet_bootstrap.cc:492] T e077fde4aae64166877bde13f338408a P 2999667ec8164cd0bfb9d307648da931: Bootstrap starting.
I20260709 13:01:40.202579 15115 tablet_service.cc:1917] Received RequestConsensusVote() RPC: tablet_id: "76ff062f9ef541daab3083508273afad" candidate_uuid: "cad568ff0a5f4d3d8fb4969b336e1546" candidate_term: 1 candidate_status { last_received { term: 0 index: 0 } } ignore_live_leader: false dest_uuid: "d7aa8d314c6a4018bfa492c5005bab48" is_pre_election: true
I20260709 13:01:40.203967 15160 tablet_bootstrap.cc:654] T 1adbf0b7ca904018aa35470d2367403e P cad568ff0a5f4d3d8fb4969b336e1546: Neither blocks nor log segments found. Creating new log.
I20260709 13:01:40.203871 15043 tablet_service.cc:1917] Received RequestConsensusVote() RPC: tablet_id: "76ff062f9ef541daab3083508273afad" candidate_uuid: "cad568ff0a5f4d3d8fb4969b336e1546" candidate_term: 1 candidate_status { last_received { term: 0 index: 0 } } ignore_live_leader: false dest_uuid: "2999667ec8164cd0bfb9d307648da931" is_pre_election: true
I20260709 13:01:40.204717 15043 raft_consensus.cc:2393] T 76ff062f9ef541daab3083508273afad P 2999667ec8164cd0bfb9d307648da931 [term 1 FOLLOWER]: Leader pre-election vote request: Denying vote to candidate cad568ff0a5f4d3d8fb4969b336e1546 in current term 1: Already voted for candidate 2999667ec8164cd0bfb9d307648da931 in this term.
I20260709 13:01:40.205636 15256 raft_consensus.cc:493] T 59a9b8bd6fc541ee880d631bde937cf2 P d7aa8d314c6a4018bfa492c5005bab48 [term 0 FOLLOWER]: Starting pre-election (no leader contacted us within the election timeout)
I20260709 13:01:40.206111 15256 raft_consensus.cc:515] T 59a9b8bd6fc541ee880d631bde937cf2 P d7aa8d314c6a4018bfa492c5005bab48 [term 0 FOLLOWER]: Starting pre-election with config: opid_index: -1 OBSOLETE_local: false peers { permanent_uuid: "cad568ff0a5f4d3d8fb4969b336e1546" member_type: VOTER last_known_addr { host: "127.13.136.65" port: 36001 } } peers { permanent_uuid: "2999667ec8164cd0bfb9d307648da931" member_type: VOTER last_known_addr { host: "127.13.136.66" port: 44895 } } peers { permanent_uuid: "d7aa8d314c6a4018bfa492c5005bab48" member_type: VOTER last_known_addr { host: "127.13.136.67" port: 33991 } }
I20260709 13:01:40.206593 14934 leader_election.cc:304] T 76ff062f9ef541daab3083508273afad P cad568ff0a5f4d3d8fb4969b336e1546 [CANDIDATE]: Term 1 pre-election: Election decided. Result: candidate lost. Election summary: received 3 responses out of 3 voters: 1 yes votes; 2 no votes. yes voters: cad568ff0a5f4d3d8fb4969b336e1546; no voters: 2999667ec8164cd0bfb9d307648da931, d7aa8d314c6a4018bfa492c5005bab48
I20260709 13:01:40.207455 15186 raft_consensus.cc:3060] T 76ff062f9ef541daab3083508273afad P cad568ff0a5f4d3d8fb4969b336e1546 [term 0 FOLLOWER]: Advancing to term 1
I20260709 13:01:40.208033 15157 tablet_bootstrap.cc:654] T e077fde4aae64166877bde13f338408a P 2999667ec8164cd0bfb9d307648da931: Neither blocks nor log segments found. Creating new log.
I20260709 13:01:40.208168 15256 leader_election.cc:290] T 59a9b8bd6fc541ee880d631bde937cf2 P d7aa8d314c6a4018bfa492c5005bab48 [CANDIDATE]: Term 1 pre-election: Requested pre-vote from peers cad568ff0a5f4d3d8fb4969b336e1546 (127.13.136.65:36001), 2999667ec8164cd0bfb9d307648da931 (127.13.136.66:44895)
I20260709 13:01:40.209786 14967 tablet_service.cc:1917] Received RequestConsensusVote() RPC: tablet_id: "59a9b8bd6fc541ee880d631bde937cf2" candidate_uuid: "d7aa8d314c6a4018bfa492c5005bab48" candidate_term: 1 candidate_status { last_received { term: 0 index: 0 } } ignore_live_leader: false dest_uuid: "cad568ff0a5f4d3d8fb4969b336e1546" is_pre_election: true
I20260709 13:01:40.210374 14967 raft_consensus.cc:2468] T 59a9b8bd6fc541ee880d631bde937cf2 P cad568ff0a5f4d3d8fb4969b336e1546 [term 0 FOLLOWER]: Leader pre-election vote request: Granting yes vote for candidate d7aa8d314c6a4018bfa492c5005bab48 in term 0.
I20260709 13:01:40.211544 15082 leader_election.cc:304] T 59a9b8bd6fc541ee880d631bde937cf2 P d7aa8d314c6a4018bfa492c5005bab48 [CANDIDATE]: Term 1 pre-election: Election decided. Result: candidate won. Election summary: received 2 responses out of 3 voters: 2 yes votes; 0 no votes. yes voters: cad568ff0a5f4d3d8fb4969b336e1546, d7aa8d314c6a4018bfa492c5005bab48; no voters: 
I20260709 13:01:40.212375 15256 raft_consensus.cc:2804] T 59a9b8bd6fc541ee880d631bde937cf2 P d7aa8d314c6a4018bfa492c5005bab48 [term 0 FOLLOWER]: Leader pre-election won for term 1
I20260709 13:01:40.212710 15256 raft_consensus.cc:493] T 59a9b8bd6fc541ee880d631bde937cf2 P d7aa8d314c6a4018bfa492c5005bab48 [term 0 FOLLOWER]: Starting leader election (no leader contacted us within the election timeout)
I20260709 13:01:40.213037 15256 raft_consensus.cc:3060] T 59a9b8bd6fc541ee880d631bde937cf2 P d7aa8d314c6a4018bfa492c5005bab48 [term 0 FOLLOWER]: Advancing to term 1
I20260709 13:01:40.214380 15043 tablet_service.cc:1917] Received RequestConsensusVote() RPC: tablet_id: "59a9b8bd6fc541ee880d631bde937cf2" candidate_uuid: "d7aa8d314c6a4018bfa492c5005bab48" candidate_term: 1 candidate_status { last_received { term: 0 index: 0 } } ignore_live_leader: false dest_uuid: "2999667ec8164cd0bfb9d307648da931" is_pre_election: true
I20260709 13:01:40.214998 15043 raft_consensus.cc:2468] T 59a9b8bd6fc541ee880d631bde937cf2 P 2999667ec8164cd0bfb9d307648da931 [term 0 FOLLOWER]: Leader pre-election vote request: Granting yes vote for candidate d7aa8d314c6a4018bfa492c5005bab48 in term 0.
I20260709 13:01:40.205648 15274 leader_election.cc:290] T 76ff062f9ef541daab3083508273afad P cad568ff0a5f4d3d8fb4969b336e1546 [CANDIDATE]: Term 1 pre-election: Requested pre-vote from peers 2999667ec8164cd0bfb9d307648da931 (127.13.136.66:44895), d7aa8d314c6a4018bfa492c5005bab48 (127.13.136.67:33991)
I20260709 13:01:40.216085 15255 raft_consensus.cc:493] T 1adbf0b7ca904018aa35470d2367403e P d7aa8d314c6a4018bfa492c5005bab48 [term 0 FOLLOWER]: Starting pre-election (no leader contacted us within the election timeout)
I20260709 13:01:40.216509 15255 raft_consensus.cc:515] T 1adbf0b7ca904018aa35470d2367403e P d7aa8d314c6a4018bfa492c5005bab48 [term 0 FOLLOWER]: Starting pre-election with config: opid_index: -1 OBSOLETE_local: false peers { permanent_uuid: "cad568ff0a5f4d3d8fb4969b336e1546" member_type: VOTER last_known_addr { host: "127.13.136.65" port: 36001 } } peers { permanent_uuid: "2999667ec8164cd0bfb9d307648da931" member_type: VOTER last_known_addr { host: "127.13.136.66" port: 44895 } } peers { permanent_uuid: "d7aa8d314c6a4018bfa492c5005bab48" member_type: VOTER last_known_addr { host: "127.13.136.67" port: 33991 } }
I20260709 13:01:40.218477 15255 leader_election.cc:290] T 1adbf0b7ca904018aa35470d2367403e P d7aa8d314c6a4018bfa492c5005bab48 [CANDIDATE]: Term 1 pre-election: Requested pre-vote from peers cad568ff0a5f4d3d8fb4969b336e1546 (127.13.136.65:36001), 2999667ec8164cd0bfb9d307648da931 (127.13.136.66:44895)
I20260709 13:01:40.219419 14967 tablet_service.cc:1917] Received RequestConsensusVote() RPC: tablet_id: "1adbf0b7ca904018aa35470d2367403e" candidate_uuid: "d7aa8d314c6a4018bfa492c5005bab48" candidate_term: 1 candidate_status { last_received { term: 0 index: 0 } } ignore_live_leader: false dest_uuid: "cad568ff0a5f4d3d8fb4969b336e1546" is_pre_election: true
W20260709 13:01:40.221302 15082 leader_election.cc:343] T 1adbf0b7ca904018aa35470d2367403e P d7aa8d314c6a4018bfa492c5005bab48 [CANDIDATE]: Term 1 pre-election: Tablet error from VoteRequest() call to peer cad568ff0a5f4d3d8fb4969b336e1546 (127.13.136.65:36001): Illegal state: must be running to vote when last-logged opid is not known
I20260709 13:01:40.224121 15157 tablet_bootstrap.cc:492] T e077fde4aae64166877bde13f338408a P 2999667ec8164cd0bfb9d307648da931: No bootstrap required, opened a new log
