I20260709 13:01:26.103319 14676 consensus_queue.cc:260] T 67708a21eafb4a938027d375476838dd P 27b00a7024d54671958168dc661a0127 [NON_LEADER]: Queue going to NON_LEADER mode. State: All replicated index: 0, Majority replicated index: 0, Committed index: 0, Last appended: 0.0, Last appended by leader: 0, Current term: 0, Majority size: -1, State: 0, Mode: NON_LEADER, active raft config: opid_index: -1 OBSOLETE_local: false peers { permanent_uuid: "61aea4c62941428fb764a9042b4e590e" member_type: VOTER last_known_addr { host: "127.13.136.65" port: 40147 } } peers { permanent_uuid: "27b00a7024d54671958168dc661a0127" member_type: VOTER last_known_addr { host: "127.13.136.66" port: 39159 } } peers { permanent_uuid: "cbfa9ab9566048808ac1100ba21a6852" member_type: VOTER last_known_addr { host: "127.13.136.67" port: 43601 } }
I20260709 13:01:26.104054 14680 raft_consensus.cc:3060] T f0872b5317c346f486d7f6292e69fa20 P 61aea4c62941428fb764a9042b4e590e [term 0 FOLLOWER]: Advancing to term 1
I20260709 13:01:26.105867 14675 tablet_bootstrap.cc:492] T 9bcd0bad36544b2dbbd50069c3ce4861 P 61aea4c62941428fb764a9042b4e590e: No bootstrap required, opened a new log
I20260709 13:01:26.106297 14675 ts_tablet_manager.cc:1403] T 9bcd0bad36544b2dbbd50069c3ce4861 P 61aea4c62941428fb764a9042b4e590e: Time spent bootstrapping tablet: real 0.017s	user 0.011s	sys 0.001s
I20260709 13:01:26.108764 14675 raft_consensus.cc:359] T 9bcd0bad36544b2dbbd50069c3ce4861 P 61aea4c62941428fb764a9042b4e590e [term 0 FOLLOWER]: Replica starting. Triggering 0 pending ops. Active config: opid_index: -1 OBSOLETE_local: false peers { permanent_uuid: "61aea4c62941428fb764a9042b4e590e" member_type: VOTER last_known_addr { host: "127.13.136.65" port: 40147 } } peers { permanent_uuid: "27b00a7024d54671958168dc661a0127" member_type: VOTER last_known_addr { host: "127.13.136.66" port: 39159 } } peers { permanent_uuid: "cbfa9ab9566048808ac1100ba21a6852" member_type: VOTER last_known_addr { host: "127.13.136.67" port: 43601 } }
I20260709 13:01:26.109371 14675 raft_consensus.cc:385] T 9bcd0bad36544b2dbbd50069c3ce4861 P 61aea4c62941428fb764a9042b4e590e [term 0 FOLLOWER]: Consensus starting up: Expiring failure detector timer to make a prompt election more likely
I20260709 13:01:26.109632 14675 raft_consensus.cc:740] T 9bcd0bad36544b2dbbd50069c3ce4861 P 61aea4c62941428fb764a9042b4e590e [term 0 FOLLOWER]: Becoming Follower/Learner. State: Replica: 61aea4c62941428fb764a9042b4e590e, State: Initialized, Role: FOLLOWER
I20260709 13:01:26.103230 14674 raft_consensus.cc:740] T b86000de2dbf4883a9159e853a62082a P cbfa9ab9566048808ac1100ba21a6852 [term 0 FOLLOWER]: Becoming Follower/Learner. State: Replica: cbfa9ab9566048808ac1100ba21a6852, State: Initialized, Role: FOLLOWER
I20260709 13:01:26.110285 14675 consensus_queue.cc:260] T 9bcd0bad36544b2dbbd50069c3ce4861 P 61aea4c62941428fb764a9042b4e590e [NON_LEADER]: Queue going to NON_LEADER mode. State: All replicated index: 0, Majority replicated index: 0, Committed index: 0, Last appended: 0.0, Last appended by leader: 0, Current term: 0, Majority size: -1, State: 0, Mode: NON_LEADER, active raft config: opid_index: -1 OBSOLETE_local: false peers { permanent_uuid: "61aea4c62941428fb764a9042b4e590e" member_type: VOTER last_known_addr { host: "127.13.136.65" port: 40147 } } peers { permanent_uuid: "27b00a7024d54671958168dc661a0127" member_type: VOTER last_known_addr { host: "127.13.136.66" port: 39159 } } peers { permanent_uuid: "cbfa9ab9566048808ac1100ba21a6852" member_type: VOTER last_known_addr { host: "127.13.136.67" port: 43601 } }
I20260709 13:01:26.112299 14675 ts_tablet_manager.cc:1434] T 9bcd0bad36544b2dbbd50069c3ce4861 P 61aea4c62941428fb764a9042b4e590e: Time spent starting tablet: real 0.006s	user 0.006s	sys 0.000s
I20260709 13:01:26.112726 14485 tablet_service.cc:1917] Received RequestConsensusVote() RPC: tablet_id: "e2bdee1ad07c482ea0fcc42732c0cb82" candidate_uuid: "27b00a7024d54671958168dc661a0127" candidate_term: 1 candidate_status { last_received { term: 0 index: 0 } } ignore_live_leader: false dest_uuid: "61aea4c62941428fb764a9042b4e590e"
I20260709 13:01:26.113149 14675 tablet_bootstrap.cc:492] T b86000de2dbf4883a9159e853a62082a P 61aea4c62941428fb764a9042b4e590e: Bootstrap starting.
I20260709 13:01:26.113263 14485 raft_consensus.cc:3060] T e2bdee1ad07c482ea0fcc42732c0cb82 P 61aea4c62941428fb764a9042b4e590e [term 0 FOLLOWER]: Advancing to term 1
I20260709 13:01:26.118927 14675 tablet_bootstrap.cc:654] T b86000de2dbf4883a9159e853a62082a P 61aea4c62941428fb764a9042b4e590e: Neither blocks nor log segments found. Creating new log.
I20260709 13:01:26.120005 14485 raft_consensus.cc:2468] T e2bdee1ad07c482ea0fcc42732c0cb82 P 61aea4c62941428fb764a9042b4e590e [term 1 FOLLOWER]: Leader election vote request: Granting yes vote for candidate 27b00a7024d54671958168dc661a0127 in term 1.
I20260709 13:01:26.121157 14523 leader_election.cc:304] T e2bdee1ad07c482ea0fcc42732c0cb82 P 27b00a7024d54671958168dc661a0127 [CANDIDATE]: Term 1 election: Election decided. Result: candidate won. Election summary: received 2 responses out of 3 voters: 2 yes votes; 0 no votes. yes voters: 27b00a7024d54671958168dc661a0127, 61aea4c62941428fb764a9042b4e590e; no voters: 
I20260709 13:01:26.124588 14674 consensus_queue.cc:260] T b86000de2dbf4883a9159e853a62082a P cbfa9ab9566048808ac1100ba21a6852 [NON_LEADER]: Queue going to NON_LEADER mode. State: All replicated index: 0, Majority replicated index: 0, Committed index: 0, Last appended: 0.0, Last appended by leader: 0, Current term: 0, Majority size: -1, State: 0, Mode: NON_LEADER, active raft config: opid_index: -1 OBSOLETE_local: false peers { permanent_uuid: "61aea4c62941428fb764a9042b4e590e" member_type: VOTER last_known_addr { host: "127.13.136.65" port: 40147 } } peers { permanent_uuid: "27b00a7024d54671958168dc661a0127" member_type: VOTER last_known_addr { host: "127.13.136.66" port: 39159 } } peers { permanent_uuid: "cbfa9ab9566048808ac1100ba21a6852" member_type: VOTER last_known_addr { host: "127.13.136.67" port: 43601 } }
I20260709 13:01:26.127591 14718 raft_consensus.cc:2804] T e2bdee1ad07c482ea0fcc42732c0cb82 P 27b00a7024d54671958168dc661a0127 [term 1 FOLLOWER]: Leader election won for term 1
I20260709 13:01:26.128116 14718 raft_consensus.cc:697] T e2bdee1ad07c482ea0fcc42732c0cb82 P 27b00a7024d54671958168dc661a0127 [term 1 LEADER]: Becoming Leader. State: Replica: 27b00a7024d54671958168dc661a0127, State: Running, Role: LEADER
I20260709 13:01:26.128908 14718 consensus_queue.cc:237] T e2bdee1ad07c482ea0fcc42732c0cb82 P 27b00a7024d54671958168dc661a0127 [LEADER]: Queue going to LEADER mode. State: All replicated index: 0, Majority replicated index: 0, Committed index: 0, Last appended: 0.0, Last appended by leader: 0, Current term: 1, Majority size: 2, State: 0, Mode: LEADER, active raft config: opid_index: -1 OBSOLETE_local: false peers { permanent_uuid: "61aea4c62941428fb764a9042b4e590e" member_type: VOTER last_known_addr { host: "127.13.136.65" port: 40147 } } peers { permanent_uuid: "27b00a7024d54671958168dc661a0127" member_type: VOTER last_known_addr { host: "127.13.136.66" port: 39159 } } peers { permanent_uuid: "cbfa9ab9566048808ac1100ba21a6852" member_type: VOTER last_known_addr { host: "127.13.136.67" port: 43601 } }
I20260709 13:01:26.132774 14700 raft_consensus.cc:493] T aa4ac018309a4f70864e2e8d89acfc38 P 61aea4c62941428fb764a9042b4e590e [term 0 FOLLOWER]: Starting pre-election (no leader contacted us within the election timeout)
I20260709 13:01:26.133368 14700 raft_consensus.cc:515] T aa4ac018309a4f70864e2e8d89acfc38 P 61aea4c62941428fb764a9042b4e590e [term 0 FOLLOWER]: Starting pre-election with config: opid_index: -1 OBSOLETE_local: false peers { permanent_uuid: "61aea4c62941428fb764a9042b4e590e" member_type: VOTER last_known_addr { host: "127.13.136.65" port: 40147 } } peers { permanent_uuid: "27b00a7024d54671958168dc661a0127" member_type: VOTER last_known_addr { host: "127.13.136.66" port: 39159 } } peers { permanent_uuid: "cbfa9ab9566048808ac1100ba21a6852" member_type: VOTER last_known_addr { host: "127.13.136.67" port: 43601 } }
I20260709 13:01:26.133929 14686 leader_election.cc:290] T e2bdee1ad07c482ea0fcc42732c0cb82 P 27b00a7024d54671958168dc661a0127 [CANDIDATE]: Term 1 election: Requested vote from peers 61aea4c62941428fb764a9042b4e590e (127.13.136.65:40147), cbfa9ab9566048808ac1100ba21a6852 (127.13.136.67:43601)
I20260709 13:01:26.134711 14680 raft_consensus.cc:515] T f0872b5317c346f486d7f6292e69fa20 P 61aea4c62941428fb764a9042b4e590e [term 1 FOLLOWER]: Starting leader election with config: opid_index: -1 OBSOLETE_local: false peers { permanent_uuid: "61aea4c62941428fb764a9042b4e590e" member_type: VOTER last_known_addr { host: "127.13.136.65" port: 40147 } } peers { permanent_uuid: "27b00a7024d54671958168dc661a0127" member_type: VOTER last_known_addr { host: "127.13.136.66" port: 39159 } } peers { permanent_uuid: "cbfa9ab9566048808ac1100ba21a6852" member_type: VOTER last_known_addr { host: "127.13.136.67" port: 43601 } }
I20260709 13:01:26.134928 14633 tablet_service.cc:1917] Received RequestConsensusVote() RPC: tablet_id: "e2bdee1ad07c482ea0fcc42732c0cb82" candidate_uuid: "27b00a7024d54671958168dc661a0127" candidate_term: 1 candidate_status { last_received { term: 0 index: 0 } } ignore_live_leader: false dest_uuid: "cbfa9ab9566048808ac1100ba21a6852"
I20260709 13:01:26.135517 14700 leader_election.cc:290] T aa4ac018309a4f70864e2e8d89acfc38 P 61aea4c62941428fb764a9042b4e590e [CANDIDATE]: Term 1 pre-election: Requested pre-vote from peers 27b00a7024d54671958168dc661a0127 (127.13.136.66:39159), cbfa9ab9566048808ac1100ba21a6852 (127.13.136.67:43601)
I20260709 13:01:26.135743 14633 raft_consensus.cc:3060] T e2bdee1ad07c482ea0fcc42732c0cb82 P cbfa9ab9566048808ac1100ba21a6852 [term 0 FOLLOWER]: Advancing to term 1
I20260709 13:01:26.136003 14676 ts_tablet_manager.cc:1434] T 67708a21eafb4a938027d375476838dd P 27b00a7024d54671958168dc661a0127: Time spent starting tablet: real 0.039s	user 0.009s	sys 0.018s
I20260709 13:01:26.136694 14680 leader_election.cc:290] T f0872b5317c346f486d7f6292e69fa20 P 61aea4c62941428fb764a9042b4e590e [CANDIDATE]: Term 1 election: Requested vote from peers 27b00a7024d54671958168dc661a0127 (127.13.136.66:39159), cbfa9ab9566048808ac1100ba21a6852 (127.13.136.67:43601)
I20260709 13:01:26.137079 14676 tablet_bootstrap.cc:492] T aa4ac018309a4f70864e2e8d89acfc38 P 27b00a7024d54671958168dc661a0127: Bootstrap starting.
I20260709 13:01:26.138032 14634 tablet_service.cc:1917] Received RequestConsensusVote() RPC: tablet_id: "aa4ac018309a4f70864e2e8d89acfc38" candidate_uuid: "61aea4c62941428fb764a9042b4e590e" candidate_term: 1 candidate_status { last_received { term: 0 index: 0 } } ignore_live_leader: false dest_uuid: "cbfa9ab9566048808ac1100ba21a6852" is_pre_election: true
I20260709 13:01:26.138491 14632 tablet_service.cc:1917] Received RequestConsensusVote() RPC: tablet_id: "f0872b5317c346f486d7f6292e69fa20" candidate_uuid: "61aea4c62941428fb764a9042b4e590e" candidate_term: 1 candidate_status { last_received { term: 0 index: 0 } } ignore_live_leader: false dest_uuid: "cbfa9ab9566048808ac1100ba21a6852"
I20260709 13:01:26.138622 14634 raft_consensus.cc:2468] T aa4ac018309a4f70864e2e8d89acfc38 P cbfa9ab9566048808ac1100ba21a6852 [term 0 FOLLOWER]: Leader pre-election vote request: Granting yes vote for candidate 61aea4c62941428fb764a9042b4e590e in term 0.
I20260709 13:01:26.139071 14632 raft_consensus.cc:3060] T f0872b5317c346f486d7f6292e69fa20 P cbfa9ab9566048808ac1100ba21a6852 [term 0 FOLLOWER]: Advancing to term 1
I20260709 13:01:26.139151 14559 tablet_service.cc:1917] Received RequestConsensusVote() RPC: tablet_id: "f0872b5317c346f486d7f6292e69fa20" candidate_uuid: "61aea4c62941428fb764a9042b4e590e" candidate_term: 1 candidate_status { last_received { term: 0 index: 0 } } ignore_live_leader: false dest_uuid: "27b00a7024d54671958168dc661a0127"
I20260709 13:01:26.139596 14560 tablet_service.cc:1917] Received RequestConsensusVote() RPC: tablet_id: "aa4ac018309a4f70864e2e8d89acfc38" candidate_uuid: "61aea4c62941428fb764a9042b4e590e" candidate_term: 1 candidate_status { last_received { term: 0 index: 0 } } ignore_live_leader: false dest_uuid: "27b00a7024d54671958168dc661a0127" is_pre_election: true
I20260709 13:01:26.139752 14559 raft_consensus.cc:3060] T f0872b5317c346f486d7f6292e69fa20 P 27b00a7024d54671958168dc661a0127 [term 0 FOLLOWER]: Advancing to term 1
I20260709 13:01:26.140971 14450 leader_election.cc:304] T aa4ac018309a4f70864e2e8d89acfc38 P 61aea4c62941428fb764a9042b4e590e [CANDIDATE]: Term 1 pre-election: Election decided. Result: candidate won. Election summary: received 2 responses out of 3 voters: 2 yes votes; 0 no votes. yes voters: 61aea4c62941428fb764a9042b4e590e, cbfa9ab9566048808ac1100ba21a6852; no voters: 
I20260709 13:01:26.141795 14680 raft_consensus.cc:2804] T aa4ac018309a4f70864e2e8d89acfc38 P 61aea4c62941428fb764a9042b4e590e [term 0 FOLLOWER]: Leader pre-election won for term 1
I20260709 13:01:26.142140 14680 raft_consensus.cc:493] T aa4ac018309a4f70864e2e8d89acfc38 P 61aea4c62941428fb764a9042b4e590e [term 0 FOLLOWER]: Starting leader election (no leader contacted us within the election timeout)
I20260709 13:01:26.142311 14633 raft_consensus.cc:2468] T e2bdee1ad07c482ea0fcc42732c0cb82 P cbfa9ab9566048808ac1100ba21a6852 [term 1 FOLLOWER]: Leader election vote request: Granting yes vote for candidate 27b00a7024d54671958168dc661a0127 in term 1.
I20260709 13:01:26.142468 14680 raft_consensus.cc:3060] T aa4ac018309a4f70864e2e8d89acfc38 P 61aea4c62941428fb764a9042b4e590e [term 0 FOLLOWER]: Advancing to term 1
I20260709 13:01:26.144382 14675 tablet_bootstrap.cc:492] T b86000de2dbf4883a9159e853a62082a P 61aea4c62941428fb764a9042b4e590e: No bootstrap required, opened a new log
I20260709 13:01:26.144797 14675 ts_tablet_manager.cc:1403] T b86000de2dbf4883a9159e853a62082a P 61aea4c62941428fb764a9042b4e590e: Time spent bootstrapping tablet: real 0.032s	user 0.000s	sys 0.021s
I20260709 13:01:26.145829 14632 raft_consensus.cc:2468] T f0872b5317c346f486d7f6292e69fa20 P cbfa9ab9566048808ac1100ba21a6852 [term 1 FOLLOWER]: Leader election vote request: Granting yes vote for candidate 61aea4c62941428fb764a9042b4e590e in term 1.
I20260709 13:01:26.127662 14674 ts_tablet_manager.cc:1434] T b86000de2dbf4883a9159e853a62082a P cbfa9ab9566048808ac1100ba21a6852: Time spent starting tablet: real 0.048s	user 0.006s	sys 0.000s
I20260709 13:01:26.150722 14680 raft_consensus.cc:515] T aa4ac018309a4f70864e2e8d89acfc38 P 61aea4c62941428fb764a9042b4e590e [term 1 FOLLOWER]: Starting leader election with config: opid_index: -1 OBSOLETE_local: false peers { permanent_uuid: "61aea4c62941428fb764a9042b4e590e" member_type: VOTER last_known_addr { host: "127.13.136.65" port: 40147 } } peers { permanent_uuid: "27b00a7024d54671958168dc661a0127" member_type: VOTER last_known_addr { host: "127.13.136.66" port: 39159 } } peers { permanent_uuid: "cbfa9ab9566048808ac1100ba21a6852" member_type: VOTER last_known_addr { host: "127.13.136.67" port: 43601 } }
I20260709 13:01:26.153072 14674 tablet_bootstrap.cc:492] T 80abb1bb739544669f00b28c255d2608 P cbfa9ab9566048808ac1100ba21a6852: Bootstrap starting.
I20260709 13:01:26.146978 14450 leader_election.cc:304] T f0872b5317c346f486d7f6292e69fa20 P 61aea4c62941428fb764a9042b4e590e [CANDIDATE]: Term 1 election: Election decided. Result: candidate won. Election summary: received 2 responses out of 3 voters: 2 yes votes; 0 no votes. yes voters: 61aea4c62941428fb764a9042b4e590e, cbfa9ab9566048808ac1100ba21a6852; no voters: 
W20260709 13:01:26.148008 14448 leader_election.cc:343] T aa4ac018309a4f70864e2e8d89acfc38 P 61aea4c62941428fb764a9042b4e590e [CANDIDATE]: Term 1 pre-election: Tablet error from VoteRequest() call to peer 27b00a7024d54671958168dc661a0127 (127.13.136.66:39159): Illegal state: must be running to vote when last-logged opid is not known
I20260709 13:01:26.155618 14700 raft_consensus.cc:2804] T f0872b5317c346f486d7f6292e69fa20 P 61aea4c62941428fb764a9042b4e590e [term 1 FOLLOWER]: Leader election won for term 1
I20260709 13:01:26.156113 14700 raft_consensus.cc:697] T f0872b5317c346f486d7f6292e69fa20 P 61aea4c62941428fb764a9042b4e590e [term 1 LEADER]: Becoming Leader. State: Replica: 61aea4c62941428fb764a9042b4e590e, State: Running, Role: LEADER
I20260709 13:01:26.156520 14383 catalog_manager.cc:5697] T e2bdee1ad07c482ea0fcc42732c0cb82 P 27b00a7024d54671958168dc661a0127 reported cstate change: term changed from 0 to 1, leader changed from <none> to 27b00a7024d54671958168dc661a0127 (127.13.136.66). New cstate: current_term: 1 leader_uuid: "27b00a7024d54671958168dc661a0127" committed_config { opid_index: -1 OBSOLETE_local: false peers { permanent_uuid: "61aea4c62941428fb764a9042b4e590e" member_type: VOTER last_known_addr { host: "127.13.136.65" port: 40147 } health_report { overall_health: UNKNOWN } } peers { permanent_uuid: "27b00a7024d54671958168dc661a0127" member_type: VOTER last_known_addr { host: "127.13.136.66" port: 39159 } health_report { overall_health: HEALTHY } } peers { permanent_uuid: "cbfa9ab9566048808ac1100ba21a6852" member_type: VOTER last_known_addr { host: "127.13.136.67" port: 43601 } health_report { overall_health: UNKNOWN } } }
I20260709 13:01:26.156909 14700 consensus_queue.cc:237] T f0872b5317c346f486d7f6292e69fa20 P 61aea4c62941428fb764a9042b4e590e [LEADER]: Queue going to LEADER mode. State: All replicated index: 0, Majority replicated index: 0, Committed index: 0, Last appended: 0.0, Last appended by leader: 0, Current term: 1, Majority size: 2, State: 0, Mode: LEADER, active raft config: opid_index: -1 OBSOLETE_local: false peers { permanent_uuid: "61aea4c62941428fb764a9042b4e590e" member_type: VOTER last_known_addr { host: "127.13.136.65" port: 40147 } } peers { permanent_uuid: "27b00a7024d54671958168dc661a0127" member_type: VOTER last_known_addr { host: "127.13.136.66" port: 39159 } } peers { permanent_uuid: "cbfa9ab9566048808ac1100ba21a6852" member_type: VOTER last_known_addr { host: "127.13.136.67" port: 43601 } }
I20260709 13:01:26.146328 14559 raft_consensus.cc:2468] T f0872b5317c346f486d7f6292e69fa20 P 27b00a7024d54671958168dc661a0127 [term 1 FOLLOWER]: Leader election vote request: Granting yes vote for candidate 61aea4c62941428fb764a9042b4e590e in term 1.
I20260709 13:01:26.159976 14676 tablet_bootstrap.cc:654] T aa4ac018309a4f70864e2e8d89acfc38 P 27b00a7024d54671958168dc661a0127: Neither blocks nor log segments found. Creating new log.
I20260709 13:01:26.154083 14675 raft_consensus.cc:359] T b86000de2dbf4883a9159e853a62082a P 61aea4c62941428fb764a9042b4e590e [term 0 FOLLOWER]: Replica starting. Triggering 0 pending ops. Active config: opid_index: -1 OBSOLETE_local: false peers { permanent_uuid: "61aea4c62941428fb764a9042b4e590e" member_type: VOTER last_known_addr { host: "127.13.136.65" port: 40147 } } peers { permanent_uuid: "27b00a7024d54671958168dc661a0127" member_type: VOTER last_known_addr { host: "127.13.136.66" port: 39159 } } peers { permanent_uuid: "cbfa9ab9566048808ac1100ba21a6852" member_type: VOTER last_known_addr { host: "127.13.136.67" port: 43601 } }
I20260709 13:01:26.160859 14675 raft_consensus.cc:385] T b86000de2dbf4883a9159e853a62082a P 61aea4c62941428fb764a9042b4e590e [term 0 FOLLOWER]: Consensus starting up: Expiring failure detector timer to make a prompt election more likely
I20260709 13:01:26.161111 14675 raft_consensus.cc:740] T b86000de2dbf4883a9159e853a62082a P 61aea4c62941428fb764a9042b4e590e [term 0 FOLLOWER]: Becoming Follower/Learner. State: Replica: 61aea4c62941428fb764a9042b4e590e, State: Initialized, Role: FOLLOWER
I20260709 13:01:26.161675 14675 consensus_queue.cc:260] T b86000de2dbf4883a9159e853a62082a P 61aea4c62941428fb764a9042b4e590e [NON_LEADER]: Queue going to NON_LEADER mode. State: All replicated index: 0, Majority replicated index: 0, Committed index: 0, Last appended: 0.0, Last appended by leader: 0, Current term: 0, Majority size: -1, State: 0, Mode: NON_LEADER, active raft config: opid_index: -1 OBSOLETE_local: false peers { permanent_uuid: "61aea4c62941428fb764a9042b4e590e" member_type: VOTER last_known_addr { host: "127.13.136.65" port: 40147 } } peers { permanent_uuid: "27b00a7024d54671958168dc661a0127" member_type: VOTER last_known_addr { host: "127.13.136.66" port: 39159 } } peers { permanent_uuid: "cbfa9ab9566048808ac1100ba21a6852" member_type: VOTER last_known_addr { host: "127.13.136.67" port: 43601 } }
I20260709 13:01:26.164821 14675 ts_tablet_manager.cc:1434] T b86000de2dbf4883a9159e853a62082a P 61aea4c62941428fb764a9042b4e590e: Time spent starting tablet: real 0.020s	user 0.002s	sys 0.010s
I20260709 13:01:26.166118 14675 tablet_bootstrap.cc:492] T 637e5c5be5104c9898a3546cd4cd8011 P 61aea4c62941428fb764a9042b4e590e: Bootstrap starting.
I20260709 13:01:26.168874 14559 tablet_service.cc:1917] Received RequestConsensusVote() RPC: tablet_id: "aa4ac018309a4f70864e2e8d89acfc38" candidate_uuid: "61aea4c62941428fb764a9042b4e590e" candidate_term: 1 candidate_status { last_received { term: 0 index: 0 } } ignore_live_leader: false dest_uuid: "27b00a7024d54671958168dc661a0127"
W20260709 13:01:26.170223 14448 leader_election.cc:343] T aa4ac018309a4f70864e2e8d89acfc38 P 61aea4c62941428fb764a9042b4e590e [CANDIDATE]: Term 1 election: Tablet error from VoteRequest() call to peer 27b00a7024d54671958168dc661a0127 (127.13.136.66:39159): Illegal state: must be running to vote when last-logged opid is not known
I20260709 13:01:26.171661 14674 tablet_bootstrap.cc:654] T 80abb1bb739544669f00b28c255d2608 P cbfa9ab9566048808ac1100ba21a6852: Neither blocks nor log segments found. Creating new log.
I20260709 13:01:26.174801 14675 tablet_bootstrap.cc:654] T 637e5c5be5104c9898a3546cd4cd8011 P 61aea4c62941428fb764a9042b4e590e: Neither blocks nor log segments found. Creating new log.
I20260709 13:01:26.176980 14680 leader_election.cc:290] T aa4ac018309a4f70864e2e8d89acfc38 P 61aea4c62941428fb764a9042b4e590e [CANDIDATE]: Term 1 election: Requested vote from peers 27b00a7024d54671958168dc661a0127 (127.13.136.66:39159), cbfa9ab9566048808ac1100ba21a6852 (127.13.136.67:43601)
I20260709 13:01:26.178032 14632 tablet_service.cc:1917] Received RequestConsensusVote() RPC: tablet_id: "aa4ac018309a4f70864e2e8d89acfc38" candidate_uuid: "61aea4c62941428fb764a9042b4e590e" candidate_term: 1 candidate_status { last_received { term: 0 index: 0 } } ignore_live_leader: false dest_uuid: "cbfa9ab9566048808ac1100ba21a6852"
I20260709 13:01:26.178593 14632 raft_consensus.cc:3060] T aa4ac018309a4f70864e2e8d89acfc38 P cbfa9ab9566048808ac1100ba21a6852 [term 0 FOLLOWER]: Advancing to term 1
I20260709 13:01:26.181620 14383 catalog_manager.cc:5697] T f0872b5317c346f486d7f6292e69fa20 P 61aea4c62941428fb764a9042b4e590e reported cstate change: term changed from 0 to 1, leader changed from <none> to 61aea4c62941428fb764a9042b4e590e (127.13.136.65). New cstate: current_term: 1 leader_uuid: "61aea4c62941428fb764a9042b4e590e" committed_config { opid_index: -1 OBSOLETE_local: false peers { permanent_uuid: "61aea4c62941428fb764a9042b4e590e" member_type: VOTER last_known_addr { host: "127.13.136.65" port: 40147 } health_report { overall_health: HEALTHY } } peers { permanent_uuid: "27b00a7024d54671958168dc661a0127" member_type: VOTER last_known_addr { host: "127.13.136.66" port: 39159 } health_report { overall_health: UNKNOWN } } peers { permanent_uuid: "cbfa9ab9566048808ac1100ba21a6852" member_type: VOTER last_known_addr { host: "127.13.136.67" port: 43601 } health_report { overall_health: UNKNOWN } } }
I20260709 13:01:26.192010 14675 tablet_bootstrap.cc:492] T 637e5c5be5104c9898a3546cd4cd8011 P 61aea4c62941428fb764a9042b4e590e: No bootstrap required, opened a new log
I20260709 13:01:26.192447 14675 ts_tablet_manager.cc:1403] T 637e5c5be5104c9898a3546cd4cd8011 P 61aea4c62941428fb764a9042b4e590e: Time spent bootstrapping tablet: real 0.027s	user 0.015s	sys 0.001s
I20260709 13:01:26.193256 14676 tablet_bootstrap.cc:492] T aa4ac018309a4f70864e2e8d89acfc38 P 27b00a7024d54671958168dc661a0127: No bootstrap required, opened a new log
I20260709 13:01:26.193230 14632 raft_consensus.cc:2468] T aa4ac018309a4f70864e2e8d89acfc38 P cbfa9ab9566048808ac1100ba21a6852 [term 1 FOLLOWER]: Leader election vote request: Granting yes vote for candidate 61aea4c62941428fb764a9042b4e590e in term 1.
I20260709 13:01:26.193778 14676 ts_tablet_manager.cc:1403] T aa4ac018309a4f70864e2e8d89acfc38 P 27b00a7024d54671958168dc661a0127: Time spent bootstrapping tablet: real 0.057s	user 0.006s	sys 0.012s
I20260709 13:01:26.194458 14450 leader_election.cc:304] T aa4ac018309a4f70864e2e8d89acfc38 P 61aea4c62941428fb764a9042b4e590e [CANDIDATE]: Term 1 election: Election decided. Result: candidate won. Election summary: received 3 responses out of 3 voters: 2 yes votes; 1 no votes. yes voters: 61aea4c62941428fb764a9042b4e590e, cbfa9ab9566048808ac1100ba21a6852; no voters: 27b00a7024d54671958168dc661a0127
I20260709 13:01:26.194911 14675 raft_consensus.cc:359] T 637e5c5be5104c9898a3546cd4cd8011 P 61aea4c62941428fb764a9042b4e590e [term 0 FOLLOWER]: Replica starting. Triggering 0 pending ops. Active config: opid_index: -1 OBSOLETE_local: false peers { permanent_uuid: "61aea4c62941428fb764a9042b4e590e" member_type: VOTER last_known_addr { host: "127.13.136.65" port: 40147 } } peers { permanent_uuid: "27b00a7024d54671958168dc661a0127" member_type: VOTER last_known_addr { host: "127.13.136.66" port: 39159 } } peers { permanent_uuid: "cbfa9ab9566048808ac1100ba21a6852" member_type: VOTER last_known_addr { host: "127.13.136.67" port: 43601 } }
I20260709 13:01:26.195484 14674 tablet_bootstrap.cc:492] T 80abb1bb739544669f00b28c255d2608 P cbfa9ab9566048808ac1100ba21a6852: No bootstrap required, opened a new log
I20260709 13:01:26.195511 14675 raft_consensus.cc:385] T 637e5c5be5104c9898a3546cd4cd8011 P 61aea4c62941428fb764a9042b4e590e [term 0 FOLLOWER]: Consensus starting up: Expiring failure detector timer to make a prompt election more likely
I20260709 13:01:26.196105 14674 ts_tablet_manager.cc:1403] T 80abb1bb739544669f00b28c255d2608 P cbfa9ab9566048808ac1100ba21a6852: Time spent bootstrapping tablet: real 0.043s	user 0.015s	sys 0.004s
I20260709 13:01:26.196015 14675 raft_consensus.cc:740] T 637e5c5be5104c9898a3546cd4cd8011 P 61aea4c62941428fb764a9042b4e590e [term 0 FOLLOWER]: Becoming Follower/Learner. State: Replica: 61aea4c62941428fb764a9042b4e590e, State: Initialized, Role: FOLLOWER
I20260709 13:01:26.196280 14676 raft_consensus.cc:359] T aa4ac018309a4f70864e2e8d89acfc38 P 27b00a7024d54671958168dc661a0127 [term 0 FOLLOWER]: Replica starting. Triggering 0 pending ops. Active config: opid_index: -1 OBSOLETE_local: false peers { permanent_uuid: "61aea4c62941428fb764a9042b4e590e" member_type: VOTER last_known_addr { host: "127.13.136.65" port: 40147 } } peers { permanent_uuid: "27b00a7024d54671958168dc661a0127" member_type: VOTER last_known_addr { host: "127.13.136.66" port: 39159 } } peers { permanent_uuid: "cbfa9ab9566048808ac1100ba21a6852" member_type: VOTER last_known_addr { host: "127.13.136.67" port: 43601 } }
I20260709 13:01:26.197194 14676 raft_consensus.cc:385] T aa4ac018309a4f70864e2e8d89acfc38 P 27b00a7024d54671958168dc661a0127 [term 0 FOLLOWER]: Consensus starting up: Expiring failure detector timer to make a prompt election more likely
I20260709 13:01:26.197146 14675 consensus_queue.cc:260] T 637e5c5be5104c9898a3546cd4cd8011 P 61aea4c62941428fb764a9042b4e590e [NON_LEADER]: Queue going to NON_LEADER mode. State: All replicated index: 0, Majority replicated index: 0, Committed index: 0, Last appended: 0.0, Last appended by leader: 0, Current term: 0, Majority size: -1, State: 0, Mode: NON_LEADER, active raft config: opid_index: -1 OBSOLETE_local: false peers { permanent_uuid: "61aea4c62941428fb764a9042b4e590e" member_type: VOTER last_known_addr { host: "127.13.136.65" port: 40147 } } peers { permanent_uuid: "27b00a7024d54671958168dc661a0127" member_type: VOTER last_known_addr { host: "127.13.136.66" port: 39159 } } peers { permanent_uuid: "cbfa9ab9566048808ac1100ba21a6852" member_type: VOTER last_known_addr { host: "127.13.136.67" port: 43601 } }
I20260709 13:01:26.197602 14676 raft_consensus.cc:740] T aa4ac018309a4f70864e2e8d89acfc38 P 27b00a7024d54671958168dc661a0127 [term 0 FOLLOWER]: Becoming Follower/Learner. State: Replica: 27b00a7024d54671958168dc661a0127, State: Initialized, Role: FOLLOWER
I20260709 13:01:26.198408 14676 consensus_queue.cc:260] T aa4ac018309a4f70864e2e8d89acfc38 P 27b00a7024d54671958168dc661a0127 [NON_LEADER]: Queue going to NON_LEADER mode. State: All replicated index: 0, Majority replicated index: 0, Committed index: 0, Last appended: 0.0, Last appended by leader: 0, Current term: 0, Majority size: -1, State: 0, Mode: NON_LEADER, active raft config: opid_index: -1 OBSOLETE_local: false peers { permanent_uuid: "61aea4c62941428fb764a9042b4e590e" member_type: VOTER last_known_addr { host: "127.13.136.65" port: 40147 } } peers { permanent_uuid: "27b00a7024d54671958168dc661a0127" member_type: VOTER last_known_addr { host: "127.13.136.66" port: 39159 } } peers { permanent_uuid: "cbfa9ab9566048808ac1100ba21a6852" member_type: VOTER last_known_addr { host: "127.13.136.67" port: 43601 } }
I20260709 13:01:26.198812 14674 raft_consensus.cc:359] T 80abb1bb739544669f00b28c255d2608 P cbfa9ab9566048808ac1100ba21a6852 [term 0 FOLLOWER]: Replica starting. Triggering 0 pending ops. Active config: opid_index: -1 OBSOLETE_local: false peers { permanent_uuid: "61aea4c62941428fb764a9042b4e590e" member_type: VOTER last_known_addr { host: "127.13.136.65" port: 40147 } } peers { permanent_uuid: "27b00a7024d54671958168dc661a0127" member_type: VOTER last_known_addr { host: "127.13.136.66" port: 39159 } } peers { permanent_uuid: "cbfa9ab9566048808ac1100ba21a6852" member_type: VOTER last_known_addr { host: "127.13.136.67" port: 43601 } }
I20260709 13:01:26.199404 14675 ts_tablet_manager.cc:1434] T 637e5c5be5104c9898a3546cd4cd8011 P 61aea4c62941428fb764a9042b4e590e: Time spent starting tablet: real 0.007s	user 0.006s	sys 0.000s
I20260709 13:01:26.199561 14674 raft_consensus.cc:385] T 80abb1bb739544669f00b28c255d2608 P cbfa9ab9566048808ac1100ba21a6852 [term 0 FOLLOWER]: Consensus starting up: Expiring failure detector timer to make a prompt election more likely
I20260709 13:01:26.199872 14674 raft_consensus.cc:740] T 80abb1bb739544669f00b28c255d2608 P cbfa9ab9566048808ac1100ba21a6852 [term 0 FOLLOWER]: Becoming Follower/Learner. State: Replica: cbfa9ab9566048808ac1100ba21a6852, State: Initialized, Role: FOLLOWER
I20260709 13:01:26.195535 14680 raft_consensus.cc:2804] T aa4ac018309a4f70864e2e8d89acfc38 P 61aea4c62941428fb764a9042b4e590e [term 1 FOLLOWER]: Leader election won for term 1
I20260709 13:01:26.200505 14674 consensus_queue.cc:260] T 80abb1bb739544669f00b28c255d2608 P cbfa9ab9566048808ac1100ba21a6852 [NON_LEADER]: Queue going to NON_LEADER mode. State: All replicated index: 0, Majority replicated index: 0, Committed index: 0, Last appended: 0.0, Last appended by leader: 0, Current term: 0, Majority size: -1, State: 0, Mode: NON_LEADER, active raft config: opid_index: -1 OBSOLETE_local: false peers { permanent_uuid: "61aea4c62941428fb764a9042b4e590e" member_type: VOTER last_known_addr { host: "127.13.136.65" port: 40147 } } peers { permanent_uuid: "27b00a7024d54671958168dc661a0127" member_type: VOTER last_known_addr { host: "127.13.136.66" port: 39159 } } peers { permanent_uuid: "cbfa9ab9566048808ac1100ba21a6852" member_type: VOTER last_known_addr { host: "127.13.136.67" port: 43601 } }
I20260709 13:01:26.201249 14680 raft_consensus.cc:697] T aa4ac018309a4f70864e2e8d89acfc38 P 61aea4c62941428fb764a9042b4e590e [term 1 LEADER]: Becoming Leader. State: Replica: 61aea4c62941428fb764a9042b4e590e, State: Running, Role: LEADER
I20260709 13:01:26.202056 14680 consensus_queue.cc:237] T aa4ac018309a4f70864e2e8d89acfc38 P 61aea4c62941428fb764a9042b4e590e [LEADER]: Queue going to LEADER mode. State: All replicated index: 0, Majority replicated index: 0, Committed index: 0, Last appended: 0.0, Last appended by leader: 0, Current term: 1, Majority size: 2, State: 0, Mode: LEADER, active raft config: opid_index: -1 OBSOLETE_local: false peers { permanent_uuid: "61aea4c62941428fb764a9042b4e590e" member_type: VOTER last_known_addr { host: "127.13.136.65" port: 40147 } } peers { permanent_uuid: "27b00a7024d54671958168dc661a0127" member_type: VOTER last_known_addr { host: "127.13.136.66" port: 39159 } } peers { permanent_uuid: "cbfa9ab9566048808ac1100ba21a6852" member_type: VOTER last_known_addr { host: "127.13.136.67" port: 43601 } }
I20260709 13:01:26.202704 14676 ts_tablet_manager.cc:1434] T aa4ac018309a4f70864e2e8d89acfc38 P 27b00a7024d54671958168dc661a0127: Time spent starting tablet: real 0.009s	user 0.004s	sys 0.001s
I20260709 13:01:26.203899 14676 tablet_bootstrap.cc:492] T 9bcd0bad36544b2dbbd50069c3ce4861 P 27b00a7024d54671958168dc661a0127: Bootstrap starting.
I20260709 13:01:26.210413 14676 tablet_bootstrap.cc:654] T 9bcd0bad36544b2dbbd50069c3ce4861 P 27b00a7024d54671958168dc661a0127: Neither blocks nor log segments found. Creating new log.
I20260709 13:01:26.213788 14674 ts_tablet_manager.cc:1434] T 80abb1bb739544669f00b28c255d2608 P cbfa9ab9566048808ac1100ba21a6852: Time spent starting tablet: real 0.017s	user 0.005s	sys 0.000s
I20260709 13:01:26.214948 14674 tablet_bootstrap.cc:492] T 637e5c5be5104c9898a3546cd4cd8011 P cbfa9ab9566048808ac1100ba21a6852: Bootstrap starting.
I20260709 13:01:26.221053 14676 tablet_bootstrap.cc:492] T 9bcd0bad36544b2dbbd50069c3ce4861 P 27b00a7024d54671958168dc661a0127: No bootstrap required, opened a new log
I20260709 13:01:26.221515 14676 ts_tablet_manager.cc:1403] T 9bcd0bad36544b2dbbd50069c3ce4861 P 27b00a7024d54671958168dc661a0127: Time spent bootstrapping tablet: real 0.018s	user 0.012s	sys 0.003s
I20260709 13:01:26.224048 14676 raft_consensus.cc:359] T 9bcd0bad36544b2dbbd50069c3ce4861 P 27b00a7024d54671958168dc661a0127 [term 0 FOLLOWER]: Replica starting. Triggering 0 pending ops. Active config: opid_index: -1 OBSOLETE_local: false peers { permanent_uuid: "61aea4c62941428fb764a9042b4e590e" member_type: VOTER last_known_addr { host: "127.13.136.65" port: 40147 } } peers { permanent_uuid: "27b00a7024d54671958168dc661a0127" member_type: VOTER last_known_addr { host: "127.13.136.66" port: 39159 } } peers { permanent_uuid: "cbfa9ab9566048808ac1100ba21a6852" member_type: VOTER last_known_addr { host: "127.13.136.67" port: 43601 } }
I20260709 13:01:26.224720 14676 raft_consensus.cc:385] T 9bcd0bad36544b2dbbd50069c3ce4861 P 27b00a7024d54671958168dc661a0127 [term 0 FOLLOWER]: Consensus starting up: Expiring failure detector timer to make a prompt election more likely
I20260709 13:01:26.225224 14676 raft_consensus.cc:740] T 9bcd0bad36544b2dbbd50069c3ce4861 P 27b00a7024d54671958168dc661a0127 [term 0 FOLLOWER]: Becoming Follower/Learner. State: Replica: 27b00a7024d54671958168dc661a0127, State: Initialized, Role: FOLLOWER
I20260709 13:01:26.224738 14674 tablet_bootstrap.cc:654] T 637e5c5be5104c9898a3546cd4cd8011 P cbfa9ab9566048808ac1100ba21a6852: Neither blocks nor log segments found. Creating new log.
I20260709 13:01:26.227267 14676 consensus_queue.cc:260] T 9bcd0bad36544b2dbbd50069c3ce4861 P 27b00a7024d54671958168dc661a0127 [NON_LEADER]: Queue going to NON_LEADER mode. State: All replicated index: 0, Majority replicated index: 0, Committed index: 0, Last appended: 0.0, Last appended by leader: 0, Current term: 0, Majority size: -1, State: 0, Mode: NON_LEADER, active raft config: opid_index: -1 OBSOLETE_local: false peers { permanent_uuid: "61aea4c62941428fb764a9042b4e590e" member_type: VOTER last_known_addr { host: "127.13.136.65" port: 40147 } } peers { permanent_uuid: "27b00a7024d54671958168dc661a0127" member_type: VOTER last_known_addr { host: "127.13.136.66" port: 39159 } } peers { permanent_uuid: "cbfa9ab9566048808ac1100ba21a6852" member_type: VOTER last_known_addr { host: "127.13.136.67" port: 43601 } }
I20260709 13:01:26.229421 14676 ts_tablet_manager.cc:1434] T 9bcd0bad36544b2dbbd50069c3ce4861 P 27b00a7024d54671958168dc661a0127: Time spent starting tablet: real 0.008s	user 0.005s	sys 0.000s
I20260709 13:01:26.230508 14676 tablet_bootstrap.cc:492] T 637e5c5be5104c9898a3546cd4cd8011 P 27b00a7024d54671958168dc661a0127: Bootstrap starting.
I20260709 13:01:26.230859 14381 catalog_manager.cc:5697] T aa4ac018309a4f70864e2e8d89acfc38 P 61aea4c62941428fb764a9042b4e590e reported cstate change: term changed from 0 to 1, leader changed from <none> to 61aea4c62941428fb764a9042b4e590e (127.13.136.65). New cstate: current_term: 1 leader_uuid: "61aea4c62941428fb764a9042b4e590e" committed_config { opid_index: -1 OBSOLETE_local: false peers { permanent_uuid: "61aea4c62941428fb764a9042b4e590e" member_type: VOTER last_known_addr { host: "127.13.136.65" port: 40147 } health_report { overall_health: HEALTHY } } peers { permanent_uuid: "27b00a7024d54671958168dc661a0127" member_type: VOTER last_known_addr { host: "127.13.136.66" port: 39159 } health_report { overall_health: UNKNOWN } } peers { permanent_uuid: "cbfa9ab9566048808ac1100ba21a6852" member_type: VOTER last_known_addr { host: "127.13.136.67" port: 43601 } health_report { overall_health: UNKNOWN } } }
I20260709 13:01:26.238080 14676 tablet_bootstrap.cc:654] T 637e5c5be5104c9898a3546cd4cd8011 P 27b00a7024d54671958168dc661a0127: Neither blocks nor log segments found. Creating new log.
I20260709 13:01:26.244741 14676 tablet_bootstrap.cc:492] T 637e5c5be5104c9898a3546cd4cd8011 P 27b00a7024d54671958168dc661a0127: No bootstrap required, opened a new log
I20260709 13:01:26.244746 14674 tablet_bootstrap.cc:492] T 637e5c5be5104c9898a3546cd4cd8011 P cbfa9ab9566048808ac1100ba21a6852: No bootstrap required, opened a new log
I20260709 13:01:26.245327 14674 ts_tablet_manager.cc:1403] T 637e5c5be5104c9898a3546cd4cd8011 P cbfa9ab9566048808ac1100ba21a6852: Time spent bootstrapping tablet: real 0.031s	user 0.011s	sys 0.013s
I20260709 13:01:26.245327 14676 ts_tablet_manager.cc:1403] T 637e5c5be5104c9898a3546cd4cd8011 P 27b00a7024d54671958168dc661a0127: Time spent bootstrapping tablet: real 0.015s	user 0.013s	sys 0.000s
I20260709 13:01:26.247900 14676 raft_consensus.cc:359] T 637e5c5be5104c9898a3546cd4cd8011 P 27b00a7024d54671958168dc661a0127 [term 0 FOLLOWER]: Replica starting. Triggering 0 pending ops. Active config: opid_index: -1 OBSOLETE_local: false peers { permanent_uuid: "61aea4c62941428fb764a9042b4e590e" member_type: VOTER last_known_addr { host: "127.13.136.65" port: 40147 } } peers { permanent_uuid: "27b00a7024d54671958168dc661a0127" member_type: VOTER last_known_addr { host: "127.13.136.66" port: 39159 } } peers { permanent_uuid: "cbfa9ab9566048808ac1100ba21a6852" member_type: VOTER last_known_addr { host: "127.13.136.67" port: 43601 } }
I20260709 13:01:26.248054 14674 raft_consensus.cc:359] T 637e5c5be5104c9898a3546cd4cd8011 P cbfa9ab9566048808ac1100ba21a6852 [term 0 FOLLOWER]: Replica starting. Triggering 0 pending ops. Active config: opid_index: -1 OBSOLETE_local: false peers { permanent_uuid: "61aea4c62941428fb764a9042b4e590e" member_type: VOTER last_known_addr { host: "127.13.136.65" port: 40147 } } peers { permanent_uuid: "27b00a7024d54671958168dc661a0127" member_type: VOTER last_known_addr { host: "127.13.136.66" port: 39159 } } peers { permanent_uuid: "cbfa9ab9566048808ac1100ba21a6852" member_type: VOTER last_known_addr { host: "127.13.136.67" port: 43601 } }
I20260709 13:01:26.248551 14676 raft_consensus.cc:385] T 637e5c5be5104c9898a3546cd4cd8011 P 27b00a7024d54671958168dc661a0127 [term 0 FOLLOWER]: Consensus starting up: Expiring failure detector timer to make a prompt election more likely
I20260709 13:01:26.248615 14674 raft_consensus.cc:385] T 637e5c5be5104c9898a3546cd4cd8011 P cbfa9ab9566048808ac1100ba21a6852 [term 0 FOLLOWER]: Consensus starting up: Expiring failure detector timer to make a prompt election more likely
I20260709 13:01:26.248879 14676 raft_consensus.cc:740] T 637e5c5be5104c9898a3546cd4cd8011 P 27b00a7024d54671958168dc661a0127 [term 0 FOLLOWER]: Becoming Follower/Learner. State: Replica: 27b00a7024d54671958168dc661a0127, State: Initialized, Role: FOLLOWER
I20260709 13:01:26.248905 14674 raft_consensus.cc:740] T 637e5c5be5104c9898a3546cd4cd8011 P cbfa9ab9566048808ac1100ba21a6852 [term 0 FOLLOWER]: Becoming Follower/Learner. State: Replica: cbfa9ab9566048808ac1100ba21a6852, State: Initialized, Role: FOLLOWER
I20260709 13:01:26.249634 14674 consensus_queue.cc:260] T 637e5c5be5104c9898a3546cd4cd8011 P cbfa9ab9566048808ac1100ba21a6852 [NON_LEADER]: Queue going to NON_LEADER mode. State: All replicated index: 0, Majority replicated index: 0, Committed index: 0, Last appended: 0.0, Last appended by leader: 0, Current term: 0, Majority size: -1, State: 0, Mode: NON_LEADER, active raft config: opid_index: -1 OBSOLETE_local: false peers { permanent_uuid: "61aea4c62941428fb764a9042b4e590e" member_type: VOTER last_known_addr { host: "127.13.136.65" port: 40147 } } peers { permanent_uuid: "27b00a7024d54671958168dc661a0127" member_type: VOTER last_known_addr { host: "127.13.136.66" port: 39159 } } peers { permanent_uuid: "cbfa9ab9566048808ac1100ba21a6852" member_type: VOTER last_known_addr { host: "127.13.136.67" port: 43601 } }
I20260709 13:01:26.249634 14676 consensus_queue.cc:260] T 637e5c5be5104c9898a3546cd4cd8011 P 27b00a7024d54671958168dc661a0127 [NON_LEADER]: Queue going to NON_LEADER mode. State: All replicated index: 0, Majority replicated index: 0, Committed index: 0, Last appended: 0.0, Last appended by leader: 0, Current term: 0, Majority size: -1, State: 0, Mode: NON_LEADER, active raft config: opid_index: -1 OBSOLETE_local: false peers { permanent_uuid: "61aea4c62941428fb764a9042b4e590e" member_type: VOTER last_known_addr { host: "127.13.136.65" port: 40147 } } peers { permanent_uuid: "27b00a7024d54671958168dc661a0127" member_type: VOTER last_known_addr { host: "127.13.136.66" port: 39159 } } peers { permanent_uuid: "cbfa9ab9566048808ac1100ba21a6852" member_type: VOTER last_known_addr { host: "127.13.136.67" port: 43601 } }
I20260709 13:01:26.251628 14674 ts_tablet_manager.cc:1434] T 637e5c5be5104c9898a3546cd4cd8011 P cbfa9ab9566048808ac1100ba21a6852: Time spent starting tablet: real 0.006s	user 0.003s	sys 0.002s
I20260709 13:01:26.252501 14674 tablet_bootstrap.cc:492] T 9bcd0bad36544b2dbbd50069c3ce4861 P cbfa9ab9566048808ac1100ba21a6852: Bootstrap starting.
I20260709 13:01:26.251628 14676 ts_tablet_manager.cc:1434] T 637e5c5be5104c9898a3546cd4cd8011 P 27b00a7024d54671958168dc661a0127: Time spent starting tablet: real 0.006s	user 0.004s	sys 0.001s
I20260709 13:01:26.257036 14674 tablet_bootstrap.cc:654] T 9bcd0bad36544b2dbbd50069c3ce4861 P cbfa9ab9566048808ac1100ba21a6852: Neither blocks nor log segments found. Creating new log.
I20260709 13:01:26.260823 14718 raft_consensus.cc:493] T 67708a21eafb4a938027d375476838dd P 27b00a7024d54671958168dc661a0127 [term 0 FOLLOWER]: Starting pre-election (no leader contacted us within the election timeout)
I20260709 13:01:26.261289 14674 tablet_bootstrap.cc:492] T 9bcd0bad36544b2dbbd50069c3ce4861 P cbfa9ab9566048808ac1100ba21a6852: No bootstrap required, opened a new log
I20260709 13:01:26.261260 14718 raft_consensus.cc:515] T 67708a21eafb4a938027d375476838dd P 27b00a7024d54671958168dc661a0127 [term 0 FOLLOWER]: Starting pre-election with config: opid_index: -1 OBSOLETE_local: false peers { permanent_uuid: "61aea4c62941428fb764a9042b4e590e" member_type: VOTER last_known_addr { host: "127.13.136.65" port: 40147 } } peers { permanent_uuid: "27b00a7024d54671958168dc661a0127" member_type: VOTER last_known_addr { host: "127.13.136.66" port: 39159 } } peers { permanent_uuid: "cbfa9ab9566048808ac1100ba21a6852" member_type: VOTER last_known_addr { host: "127.13.136.67" port: 43601 } }
I20260709 13:01:26.261749 14674 ts_tablet_manager.cc:1403] T 9bcd0bad36544b2dbbd50069c3ce4861 P cbfa9ab9566048808ac1100ba21a6852: Time spent bootstrapping tablet: real 0.009s	user 0.007s	sys 0.001s
I20260709 13:01:26.263401 14718 leader_election.cc:290] T 67708a21eafb4a938027d375476838dd P 27b00a7024d54671958168dc661a0127 [CANDIDATE]: Term 1 pre-election: Requested pre-vote from peers 61aea4c62941428fb764a9042b4e590e (127.13.136.65:40147), cbfa9ab9566048808ac1100ba21a6852 (127.13.136.67:43601)
I20260709 13:01:26.264312 14674 raft_consensus.cc:359] T 9bcd0bad36544b2dbbd50069c3ce4861 P cbfa9ab9566048808ac1100ba21a6852 [term 0 FOLLOWER]: Replica starting. Triggering 0 pending ops. Active config: opid_index: -1 OBSOLETE_local: false peers { permanent_uuid: "61aea4c62941428fb764a9042b4e590e" member_type: VOTER last_known_addr { host: "127.13.136.65" port: 40147 } } peers { permanent_uuid: "27b00a7024d54671958168dc661a0127" member_type: VOTER last_known_addr { host: "127.13.136.66" port: 39159 } } peers { permanent_uuid: "cbfa9ab9566048808ac1100ba21a6852" member_type: VOTER last_known_addr { host: "127.13.136.67" port: 43601 } }
I20260709 13:01:26.264964 14674 raft_consensus.cc:385] T 9bcd0bad36544b2dbbd50069c3ce4861 P cbfa9ab9566048808ac1100ba21a6852 [term 0 FOLLOWER]: Consensus starting up: Expiring failure detector timer to make a prompt election more likely
I20260709 13:01:26.264847 14632 tablet_service.cc:1917] Received RequestConsensusVote() RPC: tablet_id: "67708a21eafb4a938027d375476838dd" candidate_uuid: "27b00a7024d54671958168dc661a0127" candidate_term: 1 candidate_status { last_received { term: 0 index: 0 } } ignore_live_leader: false dest_uuid: "cbfa9ab9566048808ac1100ba21a6852" is_pre_election: true
I20260709 13:01:26.265261 14674 raft_consensus.cc:740] T 9bcd0bad36544b2dbbd50069c3ce4861 P cbfa9ab9566048808ac1100ba21a6852 [term 0 FOLLOWER]: Becoming Follower/Learner. State: Replica: cbfa9ab9566048808ac1100ba21a6852, State: Initialized, Role: FOLLOWER
I20260709 13:01:26.265514 14632 raft_consensus.cc:2468] T 67708a21eafb4a938027d375476838dd P cbfa9ab9566048808ac1100ba21a6852 [term 0 FOLLOWER]: Leader pre-election vote request: Granting yes vote for candidate 27b00a7024d54671958168dc661a0127 in term 0.
I20260709 13:01:26.265525 14485 tablet_service.cc:1917] Received RequestConsensusVote() RPC: tablet_id: "67708a21eafb4a938027d375476838dd" candidate_uuid: "27b00a7024d54671958168dc661a0127" candidate_term: 1 candidate_status { last_received { term: 0 index: 0 } } ignore_live_leader: false dest_uuid: "61aea4c62941428fb764a9042b4e590e" is_pre_election: true
I20260709 13:01:26.266292 14485 raft_consensus.cc:2468] T 67708a21eafb4a938027d375476838dd P 61aea4c62941428fb764a9042b4e590e [term 0 FOLLOWER]: Leader pre-election vote request: Granting yes vote for candidate 27b00a7024d54671958168dc661a0127 in term 0.
I20260709 13:01:26.266008 14674 consensus_queue.cc:260] T 9bcd0bad36544b2dbbd50069c3ce4861 P cbfa9ab9566048808ac1100ba21a6852 [NON_LEADER]: Queue going to NON_LEADER mode. State: All replicated index: 0, Majority replicated index: 0, Committed index: 0, Last appended: 0.0, Last appended by leader: 0, Current term: 0, Majority size: -1, State: 0, Mode: NON_LEADER, active raft config: opid_index: -1 OBSOLETE_local: false peers { permanent_uuid: "61aea4c62941428fb764a9042b4e590e" member_type: VOTER last_known_addr { host: "127.13.136.65" port: 40147 } } peers { permanent_uuid: "27b00a7024d54671958168dc661a0127" member_type: VOTER last_known_addr { host: "127.13.136.66" port: 39159 } } peers { permanent_uuid: "cbfa9ab9566048808ac1100ba21a6852" member_type: VOTER last_known_addr { host: "127.13.136.67" port: 43601 } }
I20260709 13:01:26.266849 14525 leader_election.cc:304] T 67708a21eafb4a938027d375476838dd P 27b00a7024d54671958168dc661a0127 [CANDIDATE]: Term 1 pre-election: Election decided. Result: candidate won. Election summary: received 2 responses out of 3 voters: 2 yes votes; 0 no votes. yes voters: 27b00a7024d54671958168dc661a0127, cbfa9ab9566048808ac1100ba21a6852; no voters: 
I20260709 13:01:26.267905 14718 raft_consensus.cc:2804] T 67708a21eafb4a938027d375476838dd P 27b00a7024d54671958168dc661a0127 [term 0 FOLLOWER]: Leader pre-election won for term 1
I20260709 13:01:26.268131 14674 ts_tablet_manager.cc:1434] T 9bcd0bad36544b2dbbd50069c3ce4861 P cbfa9ab9566048808ac1100ba21a6852: Time spent starting tablet: real 0.006s	user 0.006s	sys 0.000s
I20260709 13:01:26.268307 14718 raft_consensus.cc:493] T 67708a21eafb4a938027d375476838dd P 27b00a7024d54671958168dc661a0127 [term 0 FOLLOWER]: Starting leader election (no leader contacted us within the election timeout)
I20260709 13:01:26.268738 14718 raft_consensus.cc:3060] T 67708a21eafb4a938027d375476838dd P 27b00a7024d54671958168dc661a0127 [term 0 FOLLOWER]: Advancing to term 1
I20260709 13:01:26.275326 14718 raft_consensus.cc:515] T 67708a21eafb4a938027d375476838dd P 27b00a7024d54671958168dc661a0127 [term 1 FOLLOWER]: Starting leader election with config: opid_index: -1 OBSOLETE_local: false peers { permanent_uuid: "61aea4c62941428fb764a9042b4e590e" member_type: VOTER last_known_addr { host: "127.13.136.65" port: 40147 } } peers { permanent_uuid: "27b00a7024d54671958168dc661a0127" member_type: VOTER last_known_addr { host: "127.13.136.66" port: 39159 } } peers { permanent_uuid: "cbfa9ab9566048808ac1100ba21a6852" member_type: VOTER last_known_addr { host: "127.13.136.67" port: 43601 } }
I20260709 13:01:26.277654 14718 leader_election.cc:290] T 67708a21eafb4a938027d375476838dd P 27b00a7024d54671958168dc661a0127 [CANDIDATE]: Term 1 election: Requested vote from peers 61aea4c62941428fb764a9042b4e590e (127.13.136.65:40147), cbfa9ab9566048808ac1100ba21a6852 (127.13.136.67:43601)
I20260709 13:01:26.277856 14632 tablet_service.cc:1917] Received RequestConsensusVote() RPC: tablet_id: "67708a21eafb4a938027d375476838dd" candidate_uuid: "27b00a7024d54671958168dc661a0127" candidate_term: 1 candidate_status { last_received { term: 0 index: 0 } } ignore_live_leader: false dest_uuid: "cbfa9ab9566048808ac1100ba21a6852"
