I20260709 13:01:38.520296  8725 raft_consensus.cc:359] T 236b1624326a4d2fa729dc21269fa42f P 970cf9b22d8a4071b639f3bc761858e0 [term 0 FOLLOWER]: Replica starting. Triggering 0 pending ops. Active config: opid_index: -1 OBSOLETE_local: false peers { permanent_uuid: "970cf9b22d8a4071b639f3bc761858e0" member_type: VOTER last_known_addr { host: "127.7.60.1" port: 42811 } } peers { permanent_uuid: "bd41fe9a2cb64f5b9185814d5c58f2be" member_type: VOTER last_known_addr { host: "127.7.60.2" port: 44671 } } peers { permanent_uuid: "04df5120b7bb4b199ed429d6d3bef1d1" member_type: VOTER last_known_addr { host: "127.7.60.3" port: 44575 } }
I20260709 13:01:38.525413  8725 raft_consensus.cc:385] T 236b1624326a4d2fa729dc21269fa42f P 970cf9b22d8a4071b639f3bc761858e0 [term 0 FOLLOWER]: Consensus starting up: Expiring failure detector timer to make a prompt election more likely
I20260709 13:01:38.525820  8725 raft_consensus.cc:740] T 236b1624326a4d2fa729dc21269fa42f P 970cf9b22d8a4071b639f3bc761858e0 [term 0 FOLLOWER]: Becoming Follower/Learner. State: Replica: 970cf9b22d8a4071b639f3bc761858e0, State: Initialized, Role: FOLLOWER
I20260709 13:01:38.526228  8667 tablet_service.cc:1511] Processing CreateTablet for tablet f2a51a9bef4d49a9a39dc5fa5c9b399f (DEFAULT_TABLE table=test-workload [id=2bad8b5daee44fc383e81e671d60ff52]), partition=RANGE (key) PARTITION 2111085566 <= VALUES
I20260709 13:01:38.529704  8755 raft_consensus.cc:2749] T d97c79ecdd5c48ac8b3042603b66bdd1 P 970cf9b22d8a4071b639f3bc761858e0 [term 1 FOLLOWER]: Leader pre-election lost for term 1. Reason: could not achieve majority
I20260709 13:01:38.530093  8667 data_dirs.cc:400] Could only allocate 1 dirs of requested 3 for tablet f2a51a9bef4d49a9a39dc5fa5c9b399f. 1 dirs total, 0 dirs full, 0 dirs failed
I20260709 13:01:38.525703  8732 leader_election.cc:290] T 5368e0778c34466f8d524a96b90ecf5a P 970cf9b22d8a4071b639f3bc761858e0 [CANDIDATE]: Term 1 election: Requested vote from peers bd41fe9a2cb64f5b9185814d5c58f2be (127.7.60.2:44671), 04df5120b7bb4b199ed429d6d3bef1d1 (127.7.60.3:44575)
I20260709 13:01:38.526602  8725 consensus_queue.cc:260] T 236b1624326a4d2fa729dc21269fa42f P 970cf9b22d8a4071b639f3bc761858e0 [NON_LEADER]: Queue going to NON_LEADER mode. State: All replicated index: 0, Majority replicated index: 0, Committed index: 0, Last appended: 0.0, Last appended by leader: 0, Current term: 0, Majority size: -1, State: 0, Mode: NON_LEADER, active raft config: opid_index: -1 OBSOLETE_local: false peers { permanent_uuid: "970cf9b22d8a4071b639f3bc761858e0" member_type: VOTER last_known_addr { host: "127.7.60.1" port: 42811 } } peers { permanent_uuid: "bd41fe9a2cb64f5b9185814d5c58f2be" member_type: VOTER last_known_addr { host: "127.7.60.2" port: 44671 } } peers { permanent_uuid: "04df5120b7bb4b199ed429d6d3bef1d1" member_type: VOTER last_known_addr { host: "127.7.60.3" port: 44575 } }
W20260709 13:01:38.542943  8495 outbound_call.cc:321] RPC callback for RPC call kudu.consensus.ConsensusService.RequestConsensusVote -> {remote=127.7.60.3:44575, user_credentials={real_user=slave}} blocked reactor thread for 64512.5us
I20260709 13:01:38.544497  8725 ts_tablet_manager.cc:1434] T 236b1624326a4d2fa729dc21269fa42f P 970cf9b22d8a4071b639f3bc761858e0: Time spent starting tablet: real 0.029s	user 0.006s	sys 0.000s
I20260709 13:01:38.546329  8725 tablet_bootstrap.cc:492] T 367326106d524e388441b2090053e7e1 P 970cf9b22d8a4071b639f3bc761858e0: Bootstrap starting.
I20260709 13:01:38.544296  8726 ts_tablet_manager.cc:1434] T 367326106d524e388441b2090053e7e1 P 04df5120b7bb4b199ed429d6d3bef1d1: Time spent starting tablet: real 0.083s	user 0.008s	sys 0.000s
I20260709 13:01:38.547092  8570 leader_election.cc:304] T d97c79ecdd5c48ac8b3042603b66bdd1 P bd41fe9a2cb64f5b9185814d5c58f2be [CANDIDATE]: Term 1 election: Election decided. Result: candidate won. Election summary: received 3 responses out of 3 voters: 2 yes votes; 1 no votes. yes voters: 970cf9b22d8a4071b639f3bc761858e0, bd41fe9a2cb64f5b9185814d5c58f2be; no voters: 04df5120b7bb4b199ed429d6d3bef1d1
I20260709 13:01:38.548853  8740 raft_consensus.cc:2804] T d97c79ecdd5c48ac8b3042603b66bdd1 P bd41fe9a2cb64f5b9185814d5c58f2be [term 1 FOLLOWER]: Leader election won for term 1
I20260709 13:01:38.549391  8740 raft_consensus.cc:697] T d97c79ecdd5c48ac8b3042603b66bdd1 P bd41fe9a2cb64f5b9185814d5c58f2be [term 1 LEADER]: Becoming Leader. State: Replica: bd41fe9a2cb64f5b9185814d5c58f2be, State: Running, Role: LEADER
I20260709 13:01:38.550192  8740 consensus_queue.cc:237] T d97c79ecdd5c48ac8b3042603b66bdd1 P bd41fe9a2cb64f5b9185814d5c58f2be [LEADER]: Queue going to LEADER mode. State: All replicated index: 0, Majority replicated index: 0, Committed index: 0, Last appended: 0.0, Last appended by leader: 0, Current term: 1, Majority size: 2, State: 0, Mode: LEADER, active raft config: opid_index: -1 OBSOLETE_local: false peers { permanent_uuid: "970cf9b22d8a4071b639f3bc761858e0" member_type: VOTER last_known_addr { host: "127.7.60.1" port: 42811 } } peers { permanent_uuid: "bd41fe9a2cb64f5b9185814d5c58f2be" member_type: VOTER last_known_addr { host: "127.7.60.2" port: 44671 } } peers { permanent_uuid: "04df5120b7bb4b199ed429d6d3bef1d1" member_type: VOTER last_known_addr { host: "127.7.60.3" port: 44575 } }
I20260709 13:01:38.555032  8680 tablet_service.cc:1917] Received RequestConsensusVote() RPC: tablet_id: "5368e0778c34466f8d524a96b90ecf5a" candidate_uuid: "970cf9b22d8a4071b639f3bc761858e0" candidate_term: 1 candidate_status { last_received { term: 0 index: 0 } } ignore_live_leader: false dest_uuid: "04df5120b7bb4b199ed429d6d3bef1d1"
I20260709 13:01:38.555431  8607 tablet_service.cc:1917] Received RequestConsensusVote() RPC: tablet_id: "5368e0778c34466f8d524a96b90ecf5a" candidate_uuid: "970cf9b22d8a4071b639f3bc761858e0" candidate_term: 1 candidate_status { last_received { term: 0 index: 0 } } ignore_live_leader: false dest_uuid: "bd41fe9a2cb64f5b9185814d5c58f2be"
I20260709 13:01:38.555657  8680 raft_consensus.cc:3060] T 5368e0778c34466f8d524a96b90ecf5a P 04df5120b7bb4b199ed429d6d3bef1d1 [term 0 FOLLOWER]: Advancing to term 1
I20260709 13:01:38.555968  8607 raft_consensus.cc:3060] T 5368e0778c34466f8d524a96b90ecf5a P bd41fe9a2cb64f5b9185814d5c58f2be [term 0 FOLLOWER]: Advancing to term 1
I20260709 13:01:38.559862  8725 tablet_bootstrap.cc:654] T 367326106d524e388441b2090053e7e1 P 970cf9b22d8a4071b639f3bc761858e0: Neither blocks nor log segments found. Creating new log.
I20260709 13:01:38.563701  8739 consensus_queue.cc:1048] T 1602805b2d60465bba7113ff7051a1cf P bd41fe9a2cb64f5b9185814d5c58f2be [LEADER]: Connected to new peer: Peer: permanent_uuid: "970cf9b22d8a4071b639f3bc761858e0" member_type: VOTER last_known_addr { host: "127.7.60.1" port: 42811 }, Status: LMP_MISMATCH, Last received: 0.0, Next index: 1, Last known committed idx: 0, Time since last communication: 0.001s
I20260709 13:01:38.565776  8721 tablet_bootstrap.cc:492] T 3b462f52a9a3472fb481fa467e7131dc P bd41fe9a2cb64f5b9185814d5c58f2be: No bootstrap required, opened a new log
I20260709 13:01:38.566196  8721 ts_tablet_manager.cc:1403] T 3b462f52a9a3472fb481fa467e7131dc P bd41fe9a2cb64f5b9185814d5c58f2be: Time spent bootstrapping tablet: real 0.145s	user 0.011s	sys 0.002s
W20260709 13:01:38.567205  8570 consensus_peers.cc:597] T 1602805b2d60465bba7113ff7051a1cf P bd41fe9a2cb64f5b9185814d5c58f2be -> Peer 04df5120b7bb4b199ed429d6d3bef1d1 (127.7.60.3:44575): Couldn't send request to peer 04df5120b7bb4b199ed429d6d3bef1d1. Error code: TABLET_NOT_RUNNING (12). Status: Illegal state: Tablet not RUNNING: INITIALIZED. This is attempt 1: this message will repeat every 5th retry.
I20260709 13:01:38.572263  8721 raft_consensus.cc:359] T 3b462f52a9a3472fb481fa467e7131dc P bd41fe9a2cb64f5b9185814d5c58f2be [term 0 FOLLOWER]: Replica starting. Triggering 0 pending ops. Active config: opid_index: -1 OBSOLETE_local: false peers { permanent_uuid: "970cf9b22d8a4071b639f3bc761858e0" member_type: VOTER last_known_addr { host: "127.7.60.1" port: 42811 } } peers { permanent_uuid: "bd41fe9a2cb64f5b9185814d5c58f2be" member_type: VOTER last_known_addr { host: "127.7.60.2" port: 44671 } } peers { permanent_uuid: "04df5120b7bb4b199ed429d6d3bef1d1" member_type: VOTER last_known_addr { host: "127.7.60.3" port: 44575 } }
I20260709 13:01:38.574591  8721 raft_consensus.cc:385] T 3b462f52a9a3472fb481fa467e7131dc P bd41fe9a2cb64f5b9185814d5c58f2be [term 0 FOLLOWER]: Consensus starting up: Expiring failure detector timer to make a prompt election more likely
I20260709 13:01:38.584443  8721 raft_consensus.cc:740] T 3b462f52a9a3472fb481fa467e7131dc P bd41fe9a2cb64f5b9185814d5c58f2be [term 0 FOLLOWER]: Becoming Follower/Learner. State: Replica: bd41fe9a2cb64f5b9185814d5c58f2be, State: Initialized, Role: FOLLOWER
I20260709 13:01:38.574153  8726 tablet_bootstrap.cc:492] T 1602805b2d60465bba7113ff7051a1cf P 04df5120b7bb4b199ed429d6d3bef1d1: Bootstrap starting.
I20260709 13:01:38.590283  8725 tablet_bootstrap.cc:492] T 367326106d524e388441b2090053e7e1 P 970cf9b22d8a4071b639f3bc761858e0: No bootstrap required, opened a new log
I20260709 13:01:38.591171  8725 ts_tablet_manager.cc:1403] T 367326106d524e388441b2090053e7e1 P 970cf9b22d8a4071b639f3bc761858e0: Time spent bootstrapping tablet: real 0.045s	user 0.014s	sys 0.020s
I20260709 13:01:38.581838  8680 raft_consensus.cc:2468] T 5368e0778c34466f8d524a96b90ecf5a P 04df5120b7bb4b199ed429d6d3bef1d1 [term 1 FOLLOWER]: Leader election vote request: Granting yes vote for candidate 970cf9b22d8a4071b639f3bc761858e0 in term 1.
I20260709 13:01:38.578572  8607 raft_consensus.cc:2468] T 5368e0778c34466f8d524a96b90ecf5a P bd41fe9a2cb64f5b9185814d5c58f2be [term 1 FOLLOWER]: Leader election vote request: Granting yes vote for candidate 970cf9b22d8a4071b639f3bc761858e0 in term 1.
I20260709 13:01:38.593065  8495 leader_election.cc:304] T 5368e0778c34466f8d524a96b90ecf5a P 970cf9b22d8a4071b639f3bc761858e0 [CANDIDATE]: Term 1 election: Election decided. Result: candidate won. Election summary: received 2 responses out of 3 voters: 2 yes votes; 0 no votes. yes voters: 04df5120b7bb4b199ed429d6d3bef1d1, 970cf9b22d8a4071b639f3bc761858e0; no voters: 
I20260709 13:01:38.595525  8732 raft_consensus.cc:2804] T 5368e0778c34466f8d524a96b90ecf5a P 970cf9b22d8a4071b639f3bc761858e0 [term 1 FOLLOWER]: Leader election won for term 1
I20260709 13:01:38.591403  8721 consensus_queue.cc:260] T 3b462f52a9a3472fb481fa467e7131dc P bd41fe9a2cb64f5b9185814d5c58f2be [NON_LEADER]: Queue going to NON_LEADER mode. State: All replicated index: 0, Majority replicated index: 0, Committed index: 0, Last appended: 0.0, Last appended by leader: 0, Current term: 0, Majority size: -1, State: 0, Mode: NON_LEADER, active raft config: opid_index: -1 OBSOLETE_local: false peers { permanent_uuid: "970cf9b22d8a4071b639f3bc761858e0" member_type: VOTER last_known_addr { host: "127.7.60.1" port: 42811 } } peers { permanent_uuid: "bd41fe9a2cb64f5b9185814d5c58f2be" member_type: VOTER last_known_addr { host: "127.7.60.2" port: 44671 } } peers { permanent_uuid: "04df5120b7bb4b199ed429d6d3bef1d1" member_type: VOTER last_known_addr { host: "127.7.60.3" port: 44575 } }
I20260709 13:01:38.596167  8732 raft_consensus.cc:697] T 5368e0778c34466f8d524a96b90ecf5a P 970cf9b22d8a4071b639f3bc761858e0 [term 1 LEADER]: Becoming Leader. State: Replica: 970cf9b22d8a4071b639f3bc761858e0, State: Running, Role: LEADER
I20260709 13:01:38.600751  8732 consensus_queue.cc:237] T 5368e0778c34466f8d524a96b90ecf5a P 970cf9b22d8a4071b639f3bc761858e0 [LEADER]: Queue going to LEADER mode. State: All replicated index: 0, Majority replicated index: 0, Committed index: 0, Last appended: 0.0, Last appended by leader: 0, Current term: 1, Majority size: 2, State: 0, Mode: LEADER, active raft config: opid_index: -1 OBSOLETE_local: false peers { permanent_uuid: "970cf9b22d8a4071b639f3bc761858e0" member_type: VOTER last_known_addr { host: "127.7.60.1" port: 42811 } } peers { permanent_uuid: "bd41fe9a2cb64f5b9185814d5c58f2be" member_type: VOTER last_known_addr { host: "127.7.60.2" port: 44671 } } peers { permanent_uuid: "04df5120b7bb4b199ed429d6d3bef1d1" member_type: VOTER last_known_addr { host: "127.7.60.3" port: 44575 } }
I20260709 13:01:38.605613  8726 tablet_bootstrap.cc:654] T 1602805b2d60465bba7113ff7051a1cf P 04df5120b7bb4b199ed429d6d3bef1d1: Neither blocks nor log segments found. Creating new log.
I20260709 13:01:38.598793  8725 raft_consensus.cc:359] T 367326106d524e388441b2090053e7e1 P 970cf9b22d8a4071b639f3bc761858e0 [term 0 FOLLOWER]: Replica starting. Triggering 0 pending ops. Active config: opid_index: -1 OBSOLETE_local: false peers { permanent_uuid: "970cf9b22d8a4071b639f3bc761858e0" member_type: VOTER last_known_addr { host: "127.7.60.1" port: 42811 } } peers { permanent_uuid: "bd41fe9a2cb64f5b9185814d5c58f2be" member_type: VOTER last_known_addr { host: "127.7.60.2" port: 44671 } } peers { permanent_uuid: "04df5120b7bb4b199ed429d6d3bef1d1" member_type: VOTER last_known_addr { host: "127.7.60.3" port: 44575 } }
I20260709 13:01:38.606751  8725 raft_consensus.cc:385] T 367326106d524e388441b2090053e7e1 P 970cf9b22d8a4071b639f3bc761858e0 [term 0 FOLLOWER]: Consensus starting up: Expiring failure detector timer to make a prompt election more likely
I20260709 13:01:38.607102  8725 raft_consensus.cc:740] T 367326106d524e388441b2090053e7e1 P 970cf9b22d8a4071b639f3bc761858e0 [term 0 FOLLOWER]: Becoming Follower/Learner. State: Replica: 970cf9b22d8a4071b639f3bc761858e0, State: Initialized, Role: FOLLOWER
I20260709 13:01:38.606331  8721 ts_tablet_manager.cc:1434] T 3b462f52a9a3472fb481fa467e7131dc P bd41fe9a2cb64f5b9185814d5c58f2be: Time spent starting tablet: real 0.040s	user 0.005s	sys 0.005s
I20260709 13:01:38.607837  8739 raft_consensus.cc:493] T 3b462f52a9a3472fb481fa467e7131dc P bd41fe9a2cb64f5b9185814d5c58f2be [term 0 FOLLOWER]: Starting pre-election (no leader contacted us within the election timeout)
I20260709 13:01:38.607949  8725 consensus_queue.cc:260] T 367326106d524e388441b2090053e7e1 P 970cf9b22d8a4071b639f3bc761858e0 [NON_LEADER]: Queue going to NON_LEADER mode. State: All replicated index: 0, Majority replicated index: 0, Committed index: 0, Last appended: 0.0, Last appended by leader: 0, Current term: 0, Majority size: -1, State: 0, Mode: NON_LEADER, active raft config: opid_index: -1 OBSOLETE_local: false peers { permanent_uuid: "970cf9b22d8a4071b639f3bc761858e0" member_type: VOTER last_known_addr { host: "127.7.60.1" port: 42811 } } peers { permanent_uuid: "bd41fe9a2cb64f5b9185814d5c58f2be" member_type: VOTER last_known_addr { host: "127.7.60.2" port: 44671 } } peers { permanent_uuid: "04df5120b7bb4b199ed429d6d3bef1d1" member_type: VOTER last_known_addr { host: "127.7.60.3" port: 44575 } }
I20260709 13:01:38.608654  8721 tablet_bootstrap.cc:492] T 367326106d524e388441b2090053e7e1 P bd41fe9a2cb64f5b9185814d5c58f2be: Bootstrap starting.
I20260709 13:01:38.608520  8739 raft_consensus.cc:515] T 3b462f52a9a3472fb481fa467e7131dc P bd41fe9a2cb64f5b9185814d5c58f2be [term 0 FOLLOWER]: Starting pre-election with config: opid_index: -1 OBSOLETE_local: false peers { permanent_uuid: "970cf9b22d8a4071b639f3bc761858e0" member_type: VOTER last_known_addr { host: "127.7.60.1" port: 42811 } } peers { permanent_uuid: "bd41fe9a2cb64f5b9185814d5c58f2be" member_type: VOTER last_known_addr { host: "127.7.60.2" port: 44671 } } peers { permanent_uuid: "04df5120b7bb4b199ed429d6d3bef1d1" member_type: VOTER last_known_addr { host: "127.7.60.3" port: 44575 } }
I20260709 13:01:38.610450  8725 ts_tablet_manager.cc:1434] T 367326106d524e388441b2090053e7e1 P 970cf9b22d8a4071b639f3bc761858e0: Time spent starting tablet: real 0.019s	user 0.004s	sys 0.004s
I20260709 13:01:38.611534  8725 tablet_bootstrap.cc:492] T bf18501ab73348909398cca91599c4e7 P 970cf9b22d8a4071b639f3bc761858e0: Bootstrap starting.
I20260709 13:01:38.612049  8739 leader_election.cc:290] T 3b462f52a9a3472fb481fa467e7131dc P bd41fe9a2cb64f5b9185814d5c58f2be [CANDIDATE]: Term 1 pre-election: Requested pre-vote from peers 970cf9b22d8a4071b639f3bc761858e0 (127.7.60.1:42811), 04df5120b7bb4b199ed429d6d3bef1d1 (127.7.60.3:44575)
I20260709 13:01:38.616886  8680 tablet_service.cc:1917] Received RequestConsensusVote() RPC: tablet_id: "3b462f52a9a3472fb481fa467e7131dc" candidate_uuid: "bd41fe9a2cb64f5b9185814d5c58f2be" candidate_term: 1 candidate_status { last_received { term: 0 index: 0 } } ignore_live_leader: false dest_uuid: "04df5120b7bb4b199ed429d6d3bef1d1" is_pre_election: true
I20260709 13:01:38.617849  8680 raft_consensus.cc:2468] T 3b462f52a9a3472fb481fa467e7131dc P 04df5120b7bb4b199ed429d6d3bef1d1 [term 0 FOLLOWER]: Leader pre-election vote request: Granting yes vote for candidate bd41fe9a2cb64f5b9185814d5c58f2be in term 0.
I20260709 13:01:38.618130  8725 tablet_bootstrap.cc:654] T bf18501ab73348909398cca91599c4e7 P 970cf9b22d8a4071b639f3bc761858e0: Neither blocks nor log segments found. Creating new log.
I20260709 13:01:38.618618  8721 tablet_bootstrap.cc:654] T 367326106d524e388441b2090053e7e1 P bd41fe9a2cb64f5b9185814d5c58f2be: Neither blocks nor log segments found. Creating new log.
I20260709 13:01:38.620150  8532 tablet_service.cc:1917] Received RequestConsensusVote() RPC: tablet_id: "3b462f52a9a3472fb481fa467e7131dc" candidate_uuid: "bd41fe9a2cb64f5b9185814d5c58f2be" candidate_term: 1 candidate_status { last_received { term: 0 index: 0 } } ignore_live_leader: false dest_uuid: "970cf9b22d8a4071b639f3bc761858e0" is_pre_election: true
W20260709 13:01:38.622368  8570 leader_election.cc:343] T 3b462f52a9a3472fb481fa467e7131dc P bd41fe9a2cb64f5b9185814d5c58f2be [CANDIDATE]: Term 1 pre-election: Tablet error from VoteRequest() call to peer 970cf9b22d8a4071b639f3bc761858e0 (127.7.60.1:42811): Illegal state: must be running to vote when last-logged opid is not known
I20260709 13:01:38.624235  8570 leader_election.cc:304] T 3b462f52a9a3472fb481fa467e7131dc P bd41fe9a2cb64f5b9185814d5c58f2be [CANDIDATE]: Term 1 pre-election: Election decided. Result: candidate won. Election summary: received 3 responses out of 3 voters: 2 yes votes; 1 no votes. yes voters: 04df5120b7bb4b199ed429d6d3bef1d1, bd41fe9a2cb64f5b9185814d5c58f2be; no voters: 970cf9b22d8a4071b639f3bc761858e0
I20260709 13:01:38.627822  8429 catalog_manager.cc:5697] T d97c79ecdd5c48ac8b3042603b66bdd1 P bd41fe9a2cb64f5b9185814d5c58f2be reported cstate change: term changed from 0 to 1, leader changed from <none> to bd41fe9a2cb64f5b9185814d5c58f2be (127.7.60.2). New cstate: current_term: 1 leader_uuid: "bd41fe9a2cb64f5b9185814d5c58f2be" committed_config { opid_index: -1 OBSOLETE_local: false peers { permanent_uuid: "970cf9b22d8a4071b639f3bc761858e0" member_type: VOTER last_known_addr { host: "127.7.60.1" port: 42811 } health_report { overall_health: UNKNOWN } } peers { permanent_uuid: "bd41fe9a2cb64f5b9185814d5c58f2be" member_type: VOTER last_known_addr { host: "127.7.60.2" port: 44671 } health_report { overall_health: HEALTHY } } peers { permanent_uuid: "04df5120b7bb4b199ed429d6d3bef1d1" member_type: VOTER last_known_addr { host: "127.7.60.3" port: 44575 } health_report { overall_health: UNKNOWN } } }
I20260709 13:01:38.629758  8740 raft_consensus.cc:2804] T 3b462f52a9a3472fb481fa467e7131dc P bd41fe9a2cb64f5b9185814d5c58f2be [term 0 FOLLOWER]: Leader pre-election won for term 1
I20260709 13:01:38.633848  8740 raft_consensus.cc:493] T 3b462f52a9a3472fb481fa467e7131dc P bd41fe9a2cb64f5b9185814d5c58f2be [term 0 FOLLOWER]: Starting leader election (no leader contacted us within the election timeout)
I20260709 13:01:38.634408  8740 raft_consensus.cc:3060] T 3b462f52a9a3472fb481fa467e7131dc P bd41fe9a2cb64f5b9185814d5c58f2be [term 0 FOLLOWER]: Advancing to term 1
I20260709 13:01:38.657773  8430 catalog_manager.cc:5697] T 5368e0778c34466f8d524a96b90ecf5a P 970cf9b22d8a4071b639f3bc761858e0 reported cstate change: term changed from 0 to 1, leader changed from <none> to 970cf9b22d8a4071b639f3bc761858e0 (127.7.60.1). New cstate: current_term: 1 leader_uuid: "970cf9b22d8a4071b639f3bc761858e0" committed_config { opid_index: -1 OBSOLETE_local: false peers { permanent_uuid: "970cf9b22d8a4071b639f3bc761858e0" member_type: VOTER last_known_addr { host: "127.7.60.1" port: 42811 } health_report { overall_health: HEALTHY } } peers { permanent_uuid: "bd41fe9a2cb64f5b9185814d5c58f2be" member_type: VOTER last_known_addr { host: "127.7.60.2" port: 44671 } health_report { overall_health: UNKNOWN } } peers { permanent_uuid: "04df5120b7bb4b199ed429d6d3bef1d1" member_type: VOTER last_known_addr { host: "127.7.60.3" port: 44575 } health_report { overall_health: UNKNOWN } } }
I20260709 13:01:38.668308  8725 tablet_bootstrap.cc:492] T bf18501ab73348909398cca91599c4e7 P 970cf9b22d8a4071b639f3bc761858e0: No bootstrap required, opened a new log
I20260709 13:01:38.668817  8725 ts_tablet_manager.cc:1403] T bf18501ab73348909398cca91599c4e7 P 970cf9b22d8a4071b639f3bc761858e0: Time spent bootstrapping tablet: real 0.058s	user 0.017s	sys 0.038s
I20260709 13:01:38.670374  8740 raft_consensus.cc:515] T 3b462f52a9a3472fb481fa467e7131dc P bd41fe9a2cb64f5b9185814d5c58f2be [term 1 FOLLOWER]: Starting leader election with config: opid_index: -1 OBSOLETE_local: false peers { permanent_uuid: "970cf9b22d8a4071b639f3bc761858e0" member_type: VOTER last_known_addr { host: "127.7.60.1" port: 42811 } } peers { permanent_uuid: "bd41fe9a2cb64f5b9185814d5c58f2be" member_type: VOTER last_known_addr { host: "127.7.60.2" port: 44671 } } peers { permanent_uuid: "04df5120b7bb4b199ed429d6d3bef1d1" member_type: VOTER last_known_addr { host: "127.7.60.3" port: 44575 } }
I20260709 13:01:38.671682  8725 raft_consensus.cc:359] T bf18501ab73348909398cca91599c4e7 P 970cf9b22d8a4071b639f3bc761858e0 [term 0 FOLLOWER]: Replica starting. Triggering 0 pending ops. Active config: opid_index: -1 OBSOLETE_local: false peers { permanent_uuid: "970cf9b22d8a4071b639f3bc761858e0" member_type: VOTER last_known_addr { host: "127.7.60.1" port: 42811 } } peers { permanent_uuid: "bd41fe9a2cb64f5b9185814d5c58f2be" member_type: VOTER last_known_addr { host: "127.7.60.2" port: 44671 } } peers { permanent_uuid: "04df5120b7bb4b199ed429d6d3bef1d1" member_type: VOTER last_known_addr { host: "127.7.60.3" port: 44575 } }
I20260709 13:01:38.672369  8725 raft_consensus.cc:385] T bf18501ab73348909398cca91599c4e7 P 970cf9b22d8a4071b639f3bc761858e0 [term 0 FOLLOWER]: Consensus starting up: Expiring failure detector timer to make a prompt election more likely
I20260709 13:01:38.672639  8725 raft_consensus.cc:740] T bf18501ab73348909398cca91599c4e7 P 970cf9b22d8a4071b639f3bc761858e0 [term 0 FOLLOWER]: Becoming Follower/Learner. State: Replica: 970cf9b22d8a4071b639f3bc761858e0, State: Initialized, Role: FOLLOWER
I20260709 13:01:38.673352  8725 consensus_queue.cc:260] T bf18501ab73348909398cca91599c4e7 P 970cf9b22d8a4071b639f3bc761858e0 [NON_LEADER]: Queue going to NON_LEADER mode. State: All replicated index: 0, Majority replicated index: 0, Committed index: 0, Last appended: 0.0, Last appended by leader: 0, Current term: 0, Majority size: -1, State: 0, Mode: NON_LEADER, active raft config: opid_index: -1 OBSOLETE_local: false peers { permanent_uuid: "970cf9b22d8a4071b639f3bc761858e0" member_type: VOTER last_known_addr { host: "127.7.60.1" port: 42811 } } peers { permanent_uuid: "bd41fe9a2cb64f5b9185814d5c58f2be" member_type: VOTER last_known_addr { host: "127.7.60.2" port: 44671 } } peers { permanent_uuid: "04df5120b7bb4b199ed429d6d3bef1d1" member_type: VOTER last_known_addr { host: "127.7.60.3" port: 44575 } }
I20260709 13:01:38.675624  8725 ts_tablet_manager.cc:1434] T bf18501ab73348909398cca91599c4e7 P 970cf9b22d8a4071b639f3bc761858e0: Time spent starting tablet: real 0.006s	user 0.004s	sys 0.004s
I20260709 13:01:38.676620  8725 tablet_bootstrap.cc:492] T 3b462f52a9a3472fb481fa467e7131dc P 970cf9b22d8a4071b639f3bc761858e0: Bootstrap starting.
I20260709 13:01:38.677989  8740 leader_election.cc:290] T 3b462f52a9a3472fb481fa467e7131dc P bd41fe9a2cb64f5b9185814d5c58f2be [CANDIDATE]: Term 1 election: Requested vote from peers 970cf9b22d8a4071b639f3bc761858e0 (127.7.60.1:42811), 04df5120b7bb4b199ed429d6d3bef1d1 (127.7.60.3:44575)
I20260709 13:01:38.689595  8531 tablet_service.cc:1917] Received RequestConsensusVote() RPC: tablet_id: "3b462f52a9a3472fb481fa467e7131dc" candidate_uuid: "bd41fe9a2cb64f5b9185814d5c58f2be" candidate_term: 1 candidate_status { last_received { term: 0 index: 0 } } ignore_live_leader: false dest_uuid: "970cf9b22d8a4071b639f3bc761858e0"
I20260709 13:01:38.691684  8725 tablet_bootstrap.cc:654] T 3b462f52a9a3472fb481fa467e7131dc P 970cf9b22d8a4071b639f3bc761858e0: Neither blocks nor log segments found. Creating new log.
I20260709 13:01:38.691949  8680 tablet_service.cc:1917] Received RequestConsensusVote() RPC: tablet_id: "3b462f52a9a3472fb481fa467e7131dc" candidate_uuid: "bd41fe9a2cb64f5b9185814d5c58f2be" candidate_term: 1 candidate_status { last_received { term: 0 index: 0 } } ignore_live_leader: false dest_uuid: "04df5120b7bb4b199ed429d6d3bef1d1"
I20260709 13:01:38.692587  8680 raft_consensus.cc:3060] T 3b462f52a9a3472fb481fa467e7131dc P 04df5120b7bb4b199ed429d6d3bef1d1 [term 0 FOLLOWER]: Advancing to term 1
I20260709 13:01:38.698242  8726 tablet_bootstrap.cc:492] T 1602805b2d60465bba7113ff7051a1cf P 04df5120b7bb4b199ed429d6d3bef1d1: No bootstrap required, opened a new log
I20260709 13:01:38.699071  8726 ts_tablet_manager.cc:1403] T 1602805b2d60465bba7113ff7051a1cf P 04df5120b7bb4b199ed429d6d3bef1d1: Time spent bootstrapping tablet: real 0.125s	user 0.020s	sys 0.000s
I20260709 13:01:38.701054  8680 raft_consensus.cc:2468] T 3b462f52a9a3472fb481fa467e7131dc P 04df5120b7bb4b199ed429d6d3bef1d1 [term 1 FOLLOWER]: Leader election vote request: Granting yes vote for candidate bd41fe9a2cb64f5b9185814d5c58f2be in term 1.
I20260709 13:01:38.702275  8570 leader_election.cc:304] T 3b462f52a9a3472fb481fa467e7131dc P bd41fe9a2cb64f5b9185814d5c58f2be [CANDIDATE]: Term 1 election: Election decided. Result: candidate won. Election summary: received 2 responses out of 3 voters: 2 yes votes; 0 no votes. yes voters: 04df5120b7bb4b199ed429d6d3bef1d1, bd41fe9a2cb64f5b9185814d5c58f2be; no voters: 
I20260709 13:01:38.703013  8740 raft_consensus.cc:2804] T 3b462f52a9a3472fb481fa467e7131dc P bd41fe9a2cb64f5b9185814d5c58f2be [term 1 FOLLOWER]: Leader election won for term 1
W20260709 13:01:38.703173  8570 leader_election.cc:343] T 3b462f52a9a3472fb481fa467e7131dc P bd41fe9a2cb64f5b9185814d5c58f2be [CANDIDATE]: Term 1 election: Tablet error from VoteRequest() call to peer 970cf9b22d8a4071b639f3bc761858e0 (127.7.60.1:42811): Illegal state: must be running to vote when last-logged opid is not known
I20260709 13:01:38.703377  8721 tablet_bootstrap.cc:492] T 367326106d524e388441b2090053e7e1 P bd41fe9a2cb64f5b9185814d5c58f2be: No bootstrap required, opened a new log
I20260709 13:01:38.703526  8740 raft_consensus.cc:697] T 3b462f52a9a3472fb481fa467e7131dc P bd41fe9a2cb64f5b9185814d5c58f2be [term 1 LEADER]: Becoming Leader. State: Replica: bd41fe9a2cb64f5b9185814d5c58f2be, State: Running, Role: LEADER
I20260709 13:01:38.703949  8721 ts_tablet_manager.cc:1403] T 367326106d524e388441b2090053e7e1 P bd41fe9a2cb64f5b9185814d5c58f2be: Time spent bootstrapping tablet: real 0.096s	user 0.007s	sys 0.014s
I20260709 13:01:38.704097  8726 raft_consensus.cc:359] T 1602805b2d60465bba7113ff7051a1cf P 04df5120b7bb4b199ed429d6d3bef1d1 [term 0 FOLLOWER]: Replica starting. Triggering 0 pending ops. Active config: opid_index: -1 OBSOLETE_local: false peers { permanent_uuid: "970cf9b22d8a4071b639f3bc761858e0" member_type: VOTER last_known_addr { host: "127.7.60.1" port: 42811 } } peers { permanent_uuid: "bd41fe9a2cb64f5b9185814d5c58f2be" member_type: VOTER last_known_addr { host: "127.7.60.2" port: 44671 } } peers { permanent_uuid: "04df5120b7bb4b199ed429d6d3bef1d1" member_type: VOTER last_known_addr { host: "127.7.60.3" port: 44575 } }
I20260709 13:01:38.704421  8740 consensus_queue.cc:237] T 3b462f52a9a3472fb481fa467e7131dc P bd41fe9a2cb64f5b9185814d5c58f2be [LEADER]: Queue going to LEADER mode. State: All replicated index: 0, Majority replicated index: 0, Committed index: 0, Last appended: 0.0, Last appended by leader: 0, Current term: 1, Majority size: 2, State: 0, Mode: LEADER, active raft config: opid_index: -1 OBSOLETE_local: false peers { permanent_uuid: "970cf9b22d8a4071b639f3bc761858e0" member_type: VOTER last_known_addr { host: "127.7.60.1" port: 42811 } } peers { permanent_uuid: "bd41fe9a2cb64f5b9185814d5c58f2be" member_type: VOTER last_known_addr { host: "127.7.60.2" port: 44671 } } peers { permanent_uuid: "04df5120b7bb4b199ed429d6d3bef1d1" member_type: VOTER last_known_addr { host: "127.7.60.3" port: 44575 } }
I20260709 13:01:38.704842  8726 raft_consensus.cc:385] T 1602805b2d60465bba7113ff7051a1cf P 04df5120b7bb4b199ed429d6d3bef1d1 [term 0 FOLLOWER]: Consensus starting up: Expiring failure detector timer to make a prompt election more likely
I20260709 13:01:38.705176  8726 raft_consensus.cc:740] T 1602805b2d60465bba7113ff7051a1cf P 04df5120b7bb4b199ed429d6d3bef1d1 [term 0 FOLLOWER]: Becoming Follower/Learner. State: Replica: 04df5120b7bb4b199ed429d6d3bef1d1, State: Initialized, Role: FOLLOWER
I20260709 13:01:38.705911  8726 consensus_queue.cc:260] T 1602805b2d60465bba7113ff7051a1cf P 04df5120b7bb4b199ed429d6d3bef1d1 [NON_LEADER]: Queue going to NON_LEADER mode. State: All replicated index: 0, Majority replicated index: 0, Committed index: 0, Last appended: 0.0, Last appended by leader: 0, Current term: 0, Majority size: -1, State: 0, Mode: NON_LEADER, active raft config: opid_index: -1 OBSOLETE_local: false peers { permanent_uuid: "970cf9b22d8a4071b639f3bc761858e0" member_type: VOTER last_known_addr { host: "127.7.60.1" port: 42811 } } peers { permanent_uuid: "bd41fe9a2cb64f5b9185814d5c58f2be" member_type: VOTER last_known_addr { host: "127.7.60.2" port: 44671 } } peers { permanent_uuid: "04df5120b7bb4b199ed429d6d3bef1d1" member_type: VOTER last_known_addr { host: "127.7.60.3" port: 44575 } }
I20260709 13:01:38.708711  8726 ts_tablet_manager.cc:1434] T 1602805b2d60465bba7113ff7051a1cf P 04df5120b7bb4b199ed429d6d3bef1d1: Time spent starting tablet: real 0.009s	user 0.006s	sys 0.000s
I20260709 13:01:38.710289  8726 tablet_bootstrap.cc:492] T bf18501ab73348909398cca91599c4e7 P 04df5120b7bb4b199ed429d6d3bef1d1: Bootstrap starting.
I20260709 13:01:38.710515  8721 raft_consensus.cc:359] T 367326106d524e388441b2090053e7e1 P bd41fe9a2cb64f5b9185814d5c58f2be [term 0 FOLLOWER]: Replica starting. Triggering 0 pending ops. Active config: opid_index: -1 OBSOLETE_local: false peers { permanent_uuid: "970cf9b22d8a4071b639f3bc761858e0" member_type: VOTER last_known_addr { host: "127.7.60.1" port: 42811 } } peers { permanent_uuid: "bd41fe9a2cb64f5b9185814d5c58f2be" member_type: VOTER last_known_addr { host: "127.7.60.2" port: 44671 } } peers { permanent_uuid: "04df5120b7bb4b199ed429d6d3bef1d1" member_type: VOTER last_known_addr { host: "127.7.60.3" port: 44575 } }
I20260709 13:01:38.711315  8721 raft_consensus.cc:385] T 367326106d524e388441b2090053e7e1 P bd41fe9a2cb64f5b9185814d5c58f2be [term 0 FOLLOWER]: Consensus starting up: Expiring failure detector timer to make a prompt election more likely
I20260709 13:01:38.711649  8721 raft_consensus.cc:740] T 367326106d524e388441b2090053e7e1 P bd41fe9a2cb64f5b9185814d5c58f2be [term 0 FOLLOWER]: Becoming Follower/Learner. State: Replica: bd41fe9a2cb64f5b9185814d5c58f2be, State: Initialized, Role: FOLLOWER
I20260709 13:01:38.712898  8721 consensus_queue.cc:260] T 367326106d524e388441b2090053e7e1 P bd41fe9a2cb64f5b9185814d5c58f2be [NON_LEADER]: Queue going to NON_LEADER mode. State: All replicated index: 0, Majority replicated index: 0, Committed index: 0, Last appended: 0.0, Last appended by leader: 0, Current term: 0, Majority size: -1, State: 0, Mode: NON_LEADER, active raft config: opid_index: -1 OBSOLETE_local: false peers { permanent_uuid: "970cf9b22d8a4071b639f3bc761858e0" member_type: VOTER last_known_addr { host: "127.7.60.1" port: 42811 } } peers { permanent_uuid: "bd41fe9a2cb64f5b9185814d5c58f2be" member_type: VOTER last_known_addr { host: "127.7.60.2" port: 44671 } } peers { permanent_uuid: "04df5120b7bb4b199ed429d6d3bef1d1" member_type: VOTER last_known_addr { host: "127.7.60.3" port: 44575 } }
I20260709 13:01:38.717909  8721 ts_tablet_manager.cc:1434] T 367326106d524e388441b2090053e7e1 P bd41fe9a2cb64f5b9185814d5c58f2be: Time spent starting tablet: real 0.014s	user 0.005s	sys 0.002s
I20260709 13:01:38.718947  8721 tablet_bootstrap.cc:492] T 97eefe81c086486c9615922109528f22 P bd41fe9a2cb64f5b9185814d5c58f2be: Bootstrap starting.
I20260709 13:01:38.721891  8725 tablet_bootstrap.cc:492] T 3b462f52a9a3472fb481fa467e7131dc P 970cf9b22d8a4071b639f3bc761858e0: No bootstrap required, opened a new log
I20260709 13:01:38.722486  8725 ts_tablet_manager.cc:1403] T 3b462f52a9a3472fb481fa467e7131dc P 970cf9b22d8a4071b639f3bc761858e0: Time spent bootstrapping tablet: real 0.046s	user 0.020s	sys 0.009s
I20260709 13:01:38.723361  8726 tablet_bootstrap.cc:654] T bf18501ab73348909398cca91599c4e7 P 04df5120b7bb4b199ed429d6d3bef1d1: Neither blocks nor log segments found. Creating new log.
I20260709 13:01:38.725903  8721 tablet_bootstrap.cc:654] T 97eefe81c086486c9615922109528f22 P bd41fe9a2cb64f5b9185814d5c58f2be: Neither blocks nor log segments found. Creating new log.
I20260709 13:01:38.727180  8725 raft_consensus.cc:359] T 3b462f52a9a3472fb481fa467e7131dc P 970cf9b22d8a4071b639f3bc761858e0 [term 0 FOLLOWER]: Replica starting. Triggering 0 pending ops. Active config: opid_index: -1 OBSOLETE_local: false peers { permanent_uuid: "970cf9b22d8a4071b639f3bc761858e0" member_type: VOTER last_known_addr { host: "127.7.60.1" port: 42811 } } peers { permanent_uuid: "bd41fe9a2cb64f5b9185814d5c58f2be" member_type: VOTER last_known_addr { host: "127.7.60.2" port: 44671 } } peers { permanent_uuid: "04df5120b7bb4b199ed429d6d3bef1d1" member_type: VOTER last_known_addr { host: "127.7.60.3" port: 44575 } }
I20260709 13:01:38.728013  8725 raft_consensus.cc:385] T 3b462f52a9a3472fb481fa467e7131dc P 970cf9b22d8a4071b639f3bc761858e0 [term 0 FOLLOWER]: Consensus starting up: Expiring failure detector timer to make a prompt election more likely
I20260709 13:01:38.728346  8725 raft_consensus.cc:740] T 3b462f52a9a3472fb481fa467e7131dc P 970cf9b22d8a4071b639f3bc761858e0 [term 0 FOLLOWER]: Becoming Follower/Learner. State: Replica: 970cf9b22d8a4071b639f3bc761858e0, State: Initialized, Role: FOLLOWER
I20260709 13:01:38.729116  8725 consensus_queue.cc:260] T 3b462f52a9a3472fb481fa467e7131dc P 970cf9b22d8a4071b639f3bc761858e0 [NON_LEADER]: Queue going to NON_LEADER mode. State: All replicated index: 0, Majority replicated index: 0, Committed index: 0, Last appended: 0.0, Last appended by leader: 0, Current term: 0, Majority size: -1, State: 0, Mode: NON_LEADER, active raft config: opid_index: -1 OBSOLETE_local: false peers { permanent_uuid: "970cf9b22d8a4071b639f3bc761858e0" member_type: VOTER last_known_addr { host: "127.7.60.1" port: 42811 } } peers { permanent_uuid: "bd41fe9a2cb64f5b9185814d5c58f2be" member_type: VOTER last_known_addr { host: "127.7.60.2" port: 44671 } } peers { permanent_uuid: "04df5120b7bb4b199ed429d6d3bef1d1" member_type: VOTER last_known_addr { host: "127.7.60.3" port: 44575 } }
I20260709 13:01:38.731477  8725 ts_tablet_manager.cc:1434] T 3b462f52a9a3472fb481fa467e7131dc P 970cf9b22d8a4071b639f3bc761858e0: Time spent starting tablet: real 0.008s	user 0.005s	sys 0.001s
I20260709 13:01:38.732770  8725 tablet_bootstrap.cc:492] T 77764355ec7946be94742efd8fdb1fe4 P 970cf9b22d8a4071b639f3bc761858e0: Bootstrap starting.
I20260709 13:01:38.733116  8429 catalog_manager.cc:5697] T 3b462f52a9a3472fb481fa467e7131dc P bd41fe9a2cb64f5b9185814d5c58f2be reported cstate change: term changed from 0 to 1, leader changed from <none> to bd41fe9a2cb64f5b9185814d5c58f2be (127.7.60.2). New cstate: current_term: 1 leader_uuid: "bd41fe9a2cb64f5b9185814d5c58f2be" committed_config { opid_index: -1 OBSOLETE_local: false peers { permanent_uuid: "970cf9b22d8a4071b639f3bc761858e0" member_type: VOTER last_known_addr { host: "127.7.60.1" port: 42811 } health_report { overall_health: UNKNOWN } } peers { permanent_uuid: "bd41fe9a2cb64f5b9185814d5c58f2be" member_type: VOTER last_known_addr { host: "127.7.60.2" port: 44671 } health_report { overall_health: HEALTHY } } peers { permanent_uuid: "04df5120b7bb4b199ed429d6d3bef1d1" member_type: VOTER last_known_addr { host: "127.7.60.3" port: 44575 } health_report { overall_health: UNKNOWN } } }
I20260709 13:01:38.734584  8732 raft_consensus.cc:493] T 367326106d524e388441b2090053e7e1 P 970cf9b22d8a4071b639f3bc761858e0 [term 0 FOLLOWER]: Starting pre-election (no leader contacted us within the election timeout)
I20260709 13:01:38.735054  8732 raft_consensus.cc:515] T 367326106d524e388441b2090053e7e1 P 970cf9b22d8a4071b639f3bc761858e0 [term 0 FOLLOWER]: Starting pre-election with config: opid_index: -1 OBSOLETE_local: false peers { permanent_uuid: "970cf9b22d8a4071b639f3bc761858e0" member_type: VOTER last_known_addr { host: "127.7.60.1" port: 42811 } } peers { permanent_uuid: "bd41fe9a2cb64f5b9185814d5c58f2be" member_type: VOTER last_known_addr { host: "127.7.60.2" port: 44671 } } peers { permanent_uuid: "04df5120b7bb4b199ed429d6d3bef1d1" member_type: VOTER last_known_addr { host: "127.7.60.3" port: 44575 } }
I20260709 13:01:38.737931  8732 leader_election.cc:290] T 367326106d524e388441b2090053e7e1 P 970cf9b22d8a4071b639f3bc761858e0 [CANDIDATE]: Term 1 pre-election: Requested pre-vote from peers bd41fe9a2cb64f5b9185814d5c58f2be (127.7.60.2:44671), 04df5120b7bb4b199ed429d6d3bef1d1 (127.7.60.3:44575)
I20260709 13:01:38.739770  8680 tablet_service.cc:1917] Received RequestConsensusVote() RPC: tablet_id: "367326106d524e388441b2090053e7e1" candidate_uuid: "970cf9b22d8a4071b639f3bc761858e0" candidate_term: 1 candidate_status { last_received { term: 0 index: 0 } } ignore_live_leader: false dest_uuid: "04df5120b7bb4b199ed429d6d3bef1d1" is_pre_election: true
I20260709 13:01:38.740504  8680 raft_consensus.cc:2468] T 367326106d524e388441b2090053e7e1 P 04df5120b7bb4b199ed429d6d3bef1d1 [term 0 FOLLOWER]: Leader pre-election vote request: Granting yes vote for candidate 970cf9b22d8a4071b639f3bc761858e0 in term 0.
I20260709 13:01:38.740752  8725 tablet_bootstrap.cc:654] T 77764355ec7946be94742efd8fdb1fe4 P 970cf9b22d8a4071b639f3bc761858e0: Neither blocks nor log segments found. Creating new log.
I20260709 13:01:38.742190  8726 tablet_bootstrap.cc:492] T bf18501ab73348909398cca91599c4e7 P 04df5120b7bb4b199ed429d6d3bef1d1: No bootstrap required, opened a new log
I20260709 13:01:38.741992  8495 leader_election.cc:304] T 367326106d524e388441b2090053e7e1 P 970cf9b22d8a4071b639f3bc761858e0 [CANDIDATE]: Term 1 pre-election: Election decided. Result: candidate won. Election summary: received 2 responses out of 3 voters: 2 yes votes; 0 no votes. yes voters: 04df5120b7bb4b199ed429d6d3bef1d1, 970cf9b22d8a4071b639f3bc761858e0; no voters: 
I20260709 13:01:38.742877  8726 ts_tablet_manager.cc:1403] T bf18501ab73348909398cca91599c4e7 P 04df5120b7bb4b199ed429d6d3bef1d1: Time spent bootstrapping tablet: real 0.033s	user 0.017s	sys 0.004s
I20260709 13:01:38.744829  8721 tablet_bootstrap.cc:492] T 97eefe81c086486c9615922109528f22 P bd41fe9a2cb64f5b9185814d5c58f2be: No bootstrap required, opened a new log
I20260709 13:01:38.745260  8721 ts_tablet_manager.cc:1403] T 97eefe81c086486c9615922109528f22 P bd41fe9a2cb64f5b9185814d5c58f2be: Time spent bootstrapping tablet: real 0.027s	user 0.008s	sys 0.010s
I20260709 13:01:38.739770  8607 tablet_service.cc:1917] Received RequestConsensusVote() RPC: tablet_id: "367326106d524e388441b2090053e7e1" candidate_uuid: "970cf9b22d8a4071b639f3bc761858e0" candidate_term: 1 candidate_status { last_received { term: 0 index: 0 } } ignore_live_leader: false dest_uuid: "bd41fe9a2cb64f5b9185814d5c58f2be" is_pre_election: true
I20260709 13:01:38.746155  8607 raft_consensus.cc:2468] T 367326106d524e388441b2090053e7e1 P bd41fe9a2cb64f5b9185814d5c58f2be [term 0 FOLLOWER]: Leader pre-election vote request: Granting yes vote for candidate 970cf9b22d8a4071b639f3bc761858e0 in term 0.
I20260709 13:01:38.747948  8732 raft_consensus.cc:2804] T 367326106d524e388441b2090053e7e1 P 970cf9b22d8a4071b639f3bc761858e0 [term 0 FOLLOWER]: Leader pre-election won for term 1
I20260709 13:01:38.748328  8732 raft_consensus.cc:493] T 367326106d524e388441b2090053e7e1 P 970cf9b22d8a4071b639f3bc761858e0 [term 0 FOLLOWER]: Starting leader election (no leader contacted us within the election timeout)
I20260709 13:01:38.748559  8725 tablet_bootstrap.cc:492] T 77764355ec7946be94742efd8fdb1fe4 P 970cf9b22d8a4071b639f3bc761858e0: No bootstrap required, opened a new log
I20260709 13:01:38.748742  8732 raft_consensus.cc:3060] T 367326106d524e388441b2090053e7e1 P 970cf9b22d8a4071b639f3bc761858e0 [term 0 FOLLOWER]: Advancing to term 1
I20260709 13:01:38.749140  8725 ts_tablet_manager.cc:1403] T 77764355ec7946be94742efd8fdb1fe4 P 970cf9b22d8a4071b639f3bc761858e0: Time spent bootstrapping tablet: real 0.017s	user 0.007s	sys 0.005s
I20260709 13:01:38.746194  8726 raft_consensus.cc:359] T bf18501ab73348909398cca91599c4e7 P 04df5120b7bb4b199ed429d6d3bef1d1 [term 0 FOLLOWER]: Replica starting. Triggering 0 pending ops. Active config: opid_index: -1 OBSOLETE_local: false peers { permanent_uuid: "970cf9b22d8a4071b639f3bc761858e0" member_type: VOTER last_known_addr { host: "127.7.60.1" port: 42811 } } peers { permanent_uuid: "bd41fe9a2cb64f5b9185814d5c58f2be" member_type: VOTER last_known_addr { host: "127.7.60.2" port: 44671 } } peers { permanent_uuid: "04df5120b7bb4b199ed429d6d3bef1d1" member_type: VOTER last_known_addr { host: "127.7.60.3" port: 44575 } }
I20260709 13:01:38.750837  8726 raft_consensus.cc:385] T bf18501ab73348909398cca91599c4e7 P 04df5120b7bb4b199ed429d6d3bef1d1 [term 0 FOLLOWER]: Consensus starting up: Expiring failure detector timer to make a prompt election more likely
I20260709 13:01:38.751195  8726 raft_consensus.cc:740] T bf18501ab73348909398cca91599c4e7 P 04df5120b7bb4b199ed429d6d3bef1d1 [term 0 FOLLOWER]: Becoming Follower/Learner. State: Replica: 04df5120b7bb4b199ed429d6d3bef1d1, State: Initialized, Role: FOLLOWER
I20260709 13:01:38.752007  8725 raft_consensus.cc:359] T 77764355ec7946be94742efd8fdb1fe4 P 970cf9b22d8a4071b639f3bc761858e0 [term 0 FOLLOWER]: Replica starting. Triggering 0 pending ops. Active config: opid_index: -1 OBSOLETE_local: false peers { permanent_uuid: "970cf9b22d8a4071b639f3bc761858e0" member_type: VOTER last_known_addr { host: "127.7.60.1" port: 42811 } } peers { permanent_uuid: "bd41fe9a2cb64f5b9185814d5c58f2be" member_type: VOTER last_known_addr { host: "127.7.60.2" port: 44671 } } peers { permanent_uuid: "04df5120b7bb4b199ed429d6d3bef1d1" member_type: VOTER last_known_addr { host: "127.7.60.3" port: 44575 } }
I20260709 13:01:38.752144  8726 consensus_queue.cc:260] T bf18501ab73348909398cca91599c4e7 P 04df5120b7bb4b199ed429d6d3bef1d1 [NON_LEADER]: Queue going to NON_LEADER mode. State: All replicated index: 0, Majority replicated index: 0, Committed index: 0, Last appended: 0.0, Last appended by leader: 0, Current term: 0, Majority size: -1, State: 0, Mode: NON_LEADER, active raft config: opid_index: -1 OBSOLETE_local: false peers { permanent_uuid: "970cf9b22d8a4071b639f3bc761858e0" member_type: VOTER last_known_addr { host: "127.7.60.1" port: 42811 } } peers { permanent_uuid: "bd41fe9a2cb64f5b9185814d5c58f2be" member_type: VOTER last_known_addr { host: "127.7.60.2" port: 44671 } } peers { permanent_uuid: "04df5120b7bb4b199ed429d6d3bef1d1" member_type: VOTER last_known_addr { host: "127.7.60.3" port: 44575 } }
I20260709 13:01:38.752791  8725 raft_consensus.cc:385] T 77764355ec7946be94742efd8fdb1fe4 P 970cf9b22d8a4071b639f3bc761858e0 [term 0 FOLLOWER]: Consensus starting up: Expiring failure detector timer to make a prompt election more likely
I20260709 13:01:38.753206  8725 raft_consensus.cc:740] T 77764355ec7946be94742efd8fdb1fe4 P 970cf9b22d8a4071b639f3bc761858e0 [term 0 FOLLOWER]: Becoming Follower/Learner. State: Replica: 970cf9b22d8a4071b639f3bc761858e0, State: Initialized, Role: FOLLOWER
I20260709 13:01:38.753901  8725 consensus_queue.cc:260] T 77764355ec7946be94742efd8fdb1fe4 P 970cf9b22d8a4071b639f3bc761858e0 [NON_LEADER]: Queue going to NON_LEADER mode. State: All replicated index: 0, Majority replicated index: 0, Committed index: 0, Last appended: 0.0, Last appended by leader: 0, Current term: 0, Majority size: -1, State: 0, Mode: NON_LEADER, active raft config: opid_index: -1 OBSOLETE_local: false peers { permanent_uuid: "970cf9b22d8a4071b639f3bc761858e0" member_type: VOTER last_known_addr { host: "127.7.60.1" port: 42811 } } peers { permanent_uuid: "bd41fe9a2cb64f5b9185814d5c58f2be" member_type: VOTER last_known_addr { host: "127.7.60.2" port: 44671 } } peers { permanent_uuid: "04df5120b7bb4b199ed429d6d3bef1d1" member_type: VOTER last_known_addr { host: "127.7.60.3" port: 44575 } }
I20260709 13:01:38.754935  8726 ts_tablet_manager.cc:1434] T bf18501ab73348909398cca91599c4e7 P 04df5120b7bb4b199ed429d6d3bef1d1: Time spent starting tablet: real 0.012s	user 0.008s	sys 0.000s
I20260709 13:01:38.756314  8725 ts_tablet_manager.cc:1434] T 77764355ec7946be94742efd8fdb1fe4 P 970cf9b22d8a4071b639f3bc761858e0: Time spent starting tablet: real 0.007s	user 0.005s	sys 0.000s
I20260709 13:01:38.756537  8726 tablet_bootstrap.cc:492] T f33d15f27dcc42c0b8a24bde3a7d5d54 P 04df5120b7bb4b199ed429d6d3bef1d1: Bootstrap starting.
I20260709 13:01:38.757135  8733 raft_consensus.cc:493] T 607a59d65d874c13ab1347b4dcf68e52 P 04df5120b7bb4b199ed429d6d3bef1d1 [term 0 FOLLOWER]: Starting pre-election (no leader contacted us within the election timeout)
I20260709 13:01:38.748164  8721 raft_consensus.cc:359] T 97eefe81c086486c9615922109528f22 P bd41fe9a2cb64f5b9185814d5c58f2be [term 0 FOLLOWER]: Replica starting. Triggering 0 pending ops. Active config: opid_index: -1 OBSOLETE_local: false peers { permanent_uuid: "970cf9b22d8a4071b639f3bc761858e0" member_type: VOTER last_known_addr { host: "127.7.60.1" port: 42811 } } peers { permanent_uuid: "bd41fe9a2cb64f5b9185814d5c58f2be" member_type: VOTER last_known_addr { host: "127.7.60.2" port: 44671 } } peers { permanent_uuid: "04df5120b7bb4b199ed429d6d3bef1d1" member_type: VOTER last_known_addr { host: "127.7.60.3" port: 44575 } }
I20260709 13:01:38.757537  8725 tablet_bootstrap.cc:492] T 28037763c8da416d9c8c170f35eebb98 P 970cf9b22d8a4071b639f3bc761858e0: Bootstrap starting.
I20260709 13:01:38.757612  8721 raft_consensus.cc:385] T 97eefe81c086486c9615922109528f22 P bd41fe9a2cb64f5b9185814d5c58f2be [term 0 FOLLOWER]: Consensus starting up: Expiring failure detector timer to make a prompt election more likely
I20260709 13:01:38.757580  8733 raft_consensus.cc:515] T 607a59d65d874c13ab1347b4dcf68e52 P 04df5120b7bb4b199ed429d6d3bef1d1 [term 0 FOLLOWER]: Starting pre-election with config: opid_index: -1 OBSOLETE_local: false peers { permanent_uuid: "970cf9b22d8a4071b639f3bc761858e0" member_type: VOTER last_known_addr { host: "127.7.60.1" port: 42811 } } peers { permanent_uuid: "bd41fe9a2cb64f5b9185814d5c58f2be" member_type: VOTER last_known_addr { host: "127.7.60.2" port: 44671 } } peers { permanent_uuid: "04df5120b7bb4b199ed429d6d3bef1d1" member_type: VOTER last_known_addr { host: "127.7.60.3" port: 44575 } }
I20260709 13:01:38.758087  8721 raft_consensus.cc:740] T 97eefe81c086486c9615922109528f22 P bd41fe9a2cb64f5b9185814d5c58f2be [term 0 FOLLOWER]: Becoming Follower/Learner. State: Replica: bd41fe9a2cb64f5b9185814d5c58f2be, State: Initialized, Role: FOLLOWER
I20260709 13:01:38.760813  8733 leader_election.cc:290] T 607a59d65d874c13ab1347b4dcf68e52 P 04df5120b7bb4b199ed429d6d3bef1d1 [CANDIDATE]: Term 1 pre-election: Requested pre-vote from peers 970cf9b22d8a4071b639f3bc761858e0 (127.7.60.1:42811), bd41fe9a2cb64f5b9185814d5c58f2be (127.7.60.2:44671)
I20260709 13:01:38.763468  8726 tablet_bootstrap.cc:654] T f33d15f27dcc42c0b8a24bde3a7d5d54 P 04df5120b7bb4b199ed429d6d3bef1d1: Neither blocks nor log segments found. Creating new log.
I20260709 13:01:38.763347  8531 tablet_service.cc:1917] Received RequestConsensusVote() RPC: tablet_id: "607a59d65d874c13ab1347b4dcf68e52" candidate_uuid: "04df5120b7bb4b199ed429d6d3bef1d1" candidate_term: 1 candidate_status { last_received { term: 0 index: 0 } } ignore_live_leader: false dest_uuid: "970cf9b22d8a4071b639f3bc761858e0" is_pre_election: true
I20260709 13:01:38.763895  8725 tablet_bootstrap.cc:654] T 28037763c8da416d9c8c170f35eebb98 P 970cf9b22d8a4071b639f3bc761858e0: Neither blocks nor log segments found. Creating new log.
W20260709 13:01:38.764918  8644 leader_election.cc:343] T 607a59d65d874c13ab1347b4dcf68e52 P 04df5120b7bb4b199ed429d6d3bef1d1 [CANDIDATE]: Term 1 pre-election: Tablet error from VoteRequest() call to peer 970cf9b22d8a4071b639f3bc761858e0 (127.7.60.1:42811): Illegal state: must be running to vote when last-logged opid is not known
I20260709 13:01:38.765763  8607 tablet_service.cc:1917] Received RequestConsensusVote() RPC: tablet_id: "607a59d65d874c13ab1347b4dcf68e52" candidate_uuid: "04df5120b7bb4b199ed429d6d3bef1d1" candidate_term: 1 candidate_status { last_received { term: 0 index: 0 } } ignore_live_leader: false dest_uuid: "bd41fe9a2cb64f5b9185814d5c58f2be" is_pre_election: true
