I20260709 13:01:38.425326  8484 raft_consensus.cc:2749] T addfa3d85aad4ff7a5c99710a38c9f8c P 13df8df65f7f4d9e9aa9c4ef6028207c [term 0 FOLLOWER]: Leader pre-election lost for term 1. Reason: could not achieve majority
I20260709 13:01:38.426610  8482 tablet_bootstrap.cc:492] T addfa3d85aad4ff7a5c99710a38c9f8c P f4ab19b50ca84dd08c3b9b216f120a3f: Bootstrap starting.
I20260709 13:01:38.426312  8186 catalog_manager.cc:5697] T 60fee993f1d44b8bbcf1bfc32a019781 P f4ab19b50ca84dd08c3b9b216f120a3f reported cstate change: term changed from 0 to 1, leader changed from <none> to f4ab19b50ca84dd08c3b9b216f120a3f (127.7.1.194). New cstate: current_term: 1 leader_uuid: "f4ab19b50ca84dd08c3b9b216f120a3f" committed_config { opid_index: -1 OBSOLETE_local: false peers { permanent_uuid: "77f53dd588434c6cbdef45ffe5e16296" member_type: VOTER last_known_addr { host: "127.7.1.193" port: 41921 } health_report { overall_health: UNKNOWN } } peers { permanent_uuid: "f4ab19b50ca84dd08c3b9b216f120a3f" member_type: VOTER last_known_addr { host: "127.7.1.194" port: 44025 } health_report { overall_health: HEALTHY } } peers { permanent_uuid: "13df8df65f7f4d9e9aa9c4ef6028207c" member_type: VOTER last_known_addr { host: "127.7.1.195" port: 43675 } health_report { overall_health: UNKNOWN } } }
I20260709 13:01:38.429391  8535 consensus_queue.cc:237] T 5ea5cd731b6f41c49b38137b97c517f4 P 77f53dd588434c6cbdef45ffe5e16296 [LEADER]: Queue going to LEADER mode. State: All replicated index: 0, Majority replicated index: 0, Committed index: 0, Last appended: 0.0, Last appended by leader: 0, Current term: 1, Majority size: 2, State: 0, Mode: LEADER, active raft config: opid_index: -1 OBSOLETE_local: false peers { permanent_uuid: "77f53dd588434c6cbdef45ffe5e16296" member_type: VOTER last_known_addr { host: "127.7.1.193" port: 41921 } } peers { permanent_uuid: "f4ab19b50ca84dd08c3b9b216f120a3f" member_type: VOTER last_known_addr { host: "127.7.1.194" port: 44025 } } peers { permanent_uuid: "13df8df65f7f4d9e9aa9c4ef6028207c" member_type: VOTER last_known_addr { host: "127.7.1.195" port: 43675 } }
I20260709 13:01:38.429864  8518 raft_consensus.cc:515] T a623d113fc1844ed84166f52f36ce1cb P 13df8df65f7f4d9e9aa9c4ef6028207c [term 1 FOLLOWER]: Starting leader election with config: opid_index: -1 OBSOLETE_local: false peers { permanent_uuid: "77f53dd588434c6cbdef45ffe5e16296" member_type: VOTER last_known_addr { host: "127.7.1.193" port: 41921 } } peers { permanent_uuid: "f4ab19b50ca84dd08c3b9b216f120a3f" member_type: VOTER last_known_addr { host: "127.7.1.194" port: 44025 } } peers { permanent_uuid: "13df8df65f7f4d9e9aa9c4ef6028207c" member_type: VOTER last_known_addr { host: "127.7.1.195" port: 43675 } }
I20260709 13:01:38.434794  8479 tablet_bootstrap.cc:492] T 60fee993f1d44b8bbcf1bfc32a019781 P 77f53dd588434c6cbdef45ffe5e16296: No bootstrap required, opened a new log
I20260709 13:01:38.435364  8479 ts_tablet_manager.cc:1403] T 60fee993f1d44b8bbcf1bfc32a019781 P 77f53dd588434c6cbdef45ffe5e16296: Time spent bootstrapping tablet: real 0.138s	user 0.015s	sys 0.018s
I20260709 13:01:38.438127  8479 raft_consensus.cc:359] T 60fee993f1d44b8bbcf1bfc32a019781 P 77f53dd588434c6cbdef45ffe5e16296 [term 0 FOLLOWER]: Replica starting. Triggering 0 pending ops. Active config: opid_index: -1 OBSOLETE_local: false peers { permanent_uuid: "77f53dd588434c6cbdef45ffe5e16296" member_type: VOTER last_known_addr { host: "127.7.1.193" port: 41921 } } peers { permanent_uuid: "f4ab19b50ca84dd08c3b9b216f120a3f" member_type: VOTER last_known_addr { host: "127.7.1.194" port: 44025 } } peers { permanent_uuid: "13df8df65f7f4d9e9aa9c4ef6028207c" member_type: VOTER last_known_addr { host: "127.7.1.195" port: 43675 } }
I20260709 13:01:38.438784  8479 raft_consensus.cc:385] T 60fee993f1d44b8bbcf1bfc32a019781 P 77f53dd588434c6cbdef45ffe5e16296 [term 0 FOLLOWER]: Consensus starting up: Expiring failure detector timer to make a prompt election more likely
I20260709 13:01:38.439046  8479 raft_consensus.cc:740] T 60fee993f1d44b8bbcf1bfc32a019781 P 77f53dd588434c6cbdef45ffe5e16296 [term 0 FOLLOWER]: Becoming Follower/Learner. State: Replica: 77f53dd588434c6cbdef45ffe5e16296, State: Initialized, Role: FOLLOWER
I20260709 13:01:38.440388  8289 tablet_service.cc:1917] Received RequestConsensusVote() RPC: tablet_id: "a623d113fc1844ed84166f52f36ce1cb" candidate_uuid: "13df8df65f7f4d9e9aa9c4ef6028207c" candidate_term: 1 candidate_status { last_received { term: 0 index: 0 } } ignore_live_leader: false dest_uuid: "77f53dd588434c6cbdef45ffe5e16296"
I20260709 13:01:38.439669  8479 consensus_queue.cc:260] T 60fee993f1d44b8bbcf1bfc32a019781 P 77f53dd588434c6cbdef45ffe5e16296 [NON_LEADER]: Queue going to NON_LEADER mode. State: All replicated index: 0, Majority replicated index: 0, Committed index: 0, Last appended: 0.0, Last appended by leader: 0, Current term: 0, Majority size: -1, State: 0, Mode: NON_LEADER, active raft config: opid_index: -1 OBSOLETE_local: false peers { permanent_uuid: "77f53dd588434c6cbdef45ffe5e16296" member_type: VOTER last_known_addr { host: "127.7.1.193" port: 41921 } } peers { permanent_uuid: "f4ab19b50ca84dd08c3b9b216f120a3f" member_type: VOTER last_known_addr { host: "127.7.1.194" port: 44025 } } peers { permanent_uuid: "13df8df65f7f4d9e9aa9c4ef6028207c" member_type: VOTER last_known_addr { host: "127.7.1.195" port: 43675 } }
W20260709 13:01:38.445453  8403 leader_election.cc:343] T a623d113fc1844ed84166f52f36ce1cb P 13df8df65f7f4d9e9aa9c4ef6028207c [CANDIDATE]: Term 1 election: Tablet error from VoteRequest() call to peer 77f53dd588434c6cbdef45ffe5e16296 (127.7.1.193:41921): Illegal state: must be running to vote when last-logged opid is not known
I20260709 13:01:38.447914  8518 leader_election.cc:290] T a623d113fc1844ed84166f52f36ce1cb P 13df8df65f7f4d9e9aa9c4ef6028207c [CANDIDATE]: Term 1 election: Requested vote from peers 77f53dd588434c6cbdef45ffe5e16296 (127.7.1.193:41921), f4ab19b50ca84dd08c3b9b216f120a3f (127.7.1.194:44025)
I20260709 13:01:38.448705  8364 tablet_service.cc:1917] Received RequestConsensusVote() RPC: tablet_id: "a623d113fc1844ed84166f52f36ce1cb" candidate_uuid: "13df8df65f7f4d9e9aa9c4ef6028207c" candidate_term: 1 candidate_status { last_received { term: 0 index: 0 } } ignore_live_leader: false dest_uuid: "f4ab19b50ca84dd08c3b9b216f120a3f"
I20260709 13:01:38.449292  8364 raft_consensus.cc:3060] T a623d113fc1844ed84166f52f36ce1cb P f4ab19b50ca84dd08c3b9b216f120a3f [term 0 FOLLOWER]: Advancing to term 1
I20260709 13:01:38.452804  8479 ts_tablet_manager.cc:1434] T 60fee993f1d44b8bbcf1bfc32a019781 P 77f53dd588434c6cbdef45ffe5e16296: Time spent starting tablet: real 0.017s	user 0.005s	sys 0.001s
I20260709 13:01:38.453840  8479 tablet_bootstrap.cc:492] T a623d113fc1844ed84166f52f36ce1cb P 77f53dd588434c6cbdef45ffe5e16296: Bootstrap starting.
I20260709 13:01:38.460407  8479 tablet_bootstrap.cc:654] T a623d113fc1844ed84166f52f36ce1cb P 77f53dd588434c6cbdef45ffe5e16296: Neither blocks nor log segments found. Creating new log.
I20260709 13:01:38.461961  8484 consensus_queue.cc:1048] T c944c08ae08c45629ed5132ac97b7a98 P 13df8df65f7f4d9e9aa9c4ef6028207c [LEADER]: Connected to new peer: Peer: permanent_uuid: "77f53dd588434c6cbdef45ffe5e16296" member_type: VOTER last_known_addr { host: "127.7.1.193" port: 41921 }, Status: LMP_MISMATCH, Last received: 0.0, Next index: 1, Last known committed idx: 0, Time since last communication: 0.001s
I20260709 13:01:38.463624  8480 tablet_bootstrap.cc:492] T 7d7bd85f699149a3b76cc9caced7c707 P 13df8df65f7f4d9e9aa9c4ef6028207c: No bootstrap required, opened a new log
I20260709 13:01:38.464097  8480 ts_tablet_manager.cc:1403] T 7d7bd85f699149a3b76cc9caced7c707 P 13df8df65f7f4d9e9aa9c4ef6028207c: Time spent bootstrapping tablet: real 0.116s	user 0.017s	sys 0.013s
I20260709 13:01:38.464088  8364 raft_consensus.cc:2468] T a623d113fc1844ed84166f52f36ce1cb P f4ab19b50ca84dd08c3b9b216f120a3f [term 1 FOLLOWER]: Leader election vote request: Granting yes vote for candidate 13df8df65f7f4d9e9aa9c4ef6028207c in term 1.
I20260709 13:01:38.467886  8404 leader_election.cc:304] T a623d113fc1844ed84166f52f36ce1cb P 13df8df65f7f4d9e9aa9c4ef6028207c [CANDIDATE]: Term 1 election: Election decided. Result: candidate won. Election summary: received 3 responses out of 3 voters: 2 yes votes; 1 no votes. yes voters: 13df8df65f7f4d9e9aa9c4ef6028207c, f4ab19b50ca84dd08c3b9b216f120a3f; no voters: 77f53dd588434c6cbdef45ffe5e16296
I20260709 13:01:38.468325  8480 raft_consensus.cc:359] T 7d7bd85f699149a3b76cc9caced7c707 P 13df8df65f7f4d9e9aa9c4ef6028207c [term 0 FOLLOWER]: Replica starting. Triggering 0 pending ops. Active config: opid_index: -1 OBSOLETE_local: false peers { permanent_uuid: "77f53dd588434c6cbdef45ffe5e16296" member_type: VOTER last_known_addr { host: "127.7.1.193" port: 41921 } } peers { permanent_uuid: "f4ab19b50ca84dd08c3b9b216f120a3f" member_type: VOTER last_known_addr { host: "127.7.1.194" port: 44025 } } peers { permanent_uuid: "13df8df65f7f4d9e9aa9c4ef6028207c" member_type: VOTER last_known_addr { host: "127.7.1.195" port: 43675 } }
I20260709 13:01:38.469235  8480 raft_consensus.cc:385] T 7d7bd85f699149a3b76cc9caced7c707 P 13df8df65f7f4d9e9aa9c4ef6028207c [term 0 FOLLOWER]: Consensus starting up: Expiring failure detector timer to make a prompt election more likely
I20260709 13:01:38.469409  8484 raft_consensus.cc:2804] T a623d113fc1844ed84166f52f36ce1cb P 13df8df65f7f4d9e9aa9c4ef6028207c [term 1 FOLLOWER]: Leader election won for term 1
I20260709 13:01:38.469614  8480 raft_consensus.cc:740] T 7d7bd85f699149a3b76cc9caced7c707 P 13df8df65f7f4d9e9aa9c4ef6028207c [term 0 FOLLOWER]: Becoming Follower/Learner. State: Replica: 13df8df65f7f4d9e9aa9c4ef6028207c, State: Initialized, Role: FOLLOWER
I20260709 13:01:38.478000  8504 raft_consensus.cc:493] T 0d7c9cde934e4e3c962adbe2187705f8 P f4ab19b50ca84dd08c3b9b216f120a3f [term 0 FOLLOWER]: Starting pre-election (no leader contacted us within the election timeout)
I20260709 13:01:38.478672  8504 raft_consensus.cc:515] T 0d7c9cde934e4e3c962adbe2187705f8 P f4ab19b50ca84dd08c3b9b216f120a3f [term 0 FOLLOWER]: Starting pre-election with config: opid_index: -1 OBSOLETE_local: false peers { permanent_uuid: "77f53dd588434c6cbdef45ffe5e16296" member_type: VOTER last_known_addr { host: "127.7.1.193" port: 41921 } } peers { permanent_uuid: "f4ab19b50ca84dd08c3b9b216f120a3f" member_type: VOTER last_known_addr { host: "127.7.1.194" port: 44025 } } peers { permanent_uuid: "13df8df65f7f4d9e9aa9c4ef6028207c" member_type: VOTER last_known_addr { host: "127.7.1.195" port: 43675 } }
I20260709 13:01:38.480566  8480 consensus_queue.cc:260] T 7d7bd85f699149a3b76cc9caced7c707 P 13df8df65f7f4d9e9aa9c4ef6028207c [NON_LEADER]: Queue going to NON_LEADER mode. State: All replicated index: 0, Majority replicated index: 0, Committed index: 0, Last appended: 0.0, Last appended by leader: 0, Current term: 0, Majority size: -1, State: 0, Mode: NON_LEADER, active raft config: opid_index: -1 OBSOLETE_local: false peers { permanent_uuid: "77f53dd588434c6cbdef45ffe5e16296" member_type: VOTER last_known_addr { host: "127.7.1.193" port: 41921 } } peers { permanent_uuid: "f4ab19b50ca84dd08c3b9b216f120a3f" member_type: VOTER last_known_addr { host: "127.7.1.194" port: 44025 } } peers { permanent_uuid: "13df8df65f7f4d9e9aa9c4ef6028207c" member_type: VOTER last_known_addr { host: "127.7.1.195" port: 43675 } }
I20260709 13:01:38.482982  8290 tablet_service.cc:1917] Received RequestConsensusVote() RPC: tablet_id: "0d7c9cde934e4e3c962adbe2187705f8" candidate_uuid: "f4ab19b50ca84dd08c3b9b216f120a3f" candidate_term: 1 candidate_status { last_received { term: 0 index: 0 } } ignore_live_leader: false dest_uuid: "77f53dd588434c6cbdef45ffe5e16296" is_pre_election: true
I20260709 13:01:38.483927  8480 ts_tablet_manager.cc:1434] T 7d7bd85f699149a3b76cc9caced7c707 P 13df8df65f7f4d9e9aa9c4ef6028207c: Time spent starting tablet: real 0.019s	user 0.005s	sys 0.002s
I20260709 13:01:38.485239  8480 tablet_bootstrap.cc:492] T a304760e4a844c81a889d314cbf85aac P 13df8df65f7f4d9e9aa9c4ef6028207c: Bootstrap starting.
I20260709 13:01:38.486555  8504 leader_election.cc:290] T 0d7c9cde934e4e3c962adbe2187705f8 P f4ab19b50ca84dd08c3b9b216f120a3f [CANDIDATE]: Term 1 pre-election: Requested pre-vote from peers 77f53dd588434c6cbdef45ffe5e16296 (127.7.1.193:41921), 13df8df65f7f4d9e9aa9c4ef6028207c (127.7.1.195:43675)
W20260709 13:01:38.487064  8329 leader_election.cc:343] T 0d7c9cde934e4e3c962adbe2187705f8 P f4ab19b50ca84dd08c3b9b216f120a3f [CANDIDATE]: Term 1 pre-election: Tablet error from VoteRequest() call to peer 77f53dd588434c6cbdef45ffe5e16296 (127.7.1.193:41921): Illegal state: must be running to vote when last-logged opid is not known
I20260709 13:01:38.486881  8437 tablet_service.cc:1917] Received RequestConsensusVote() RPC: tablet_id: "0d7c9cde934e4e3c962adbe2187705f8" candidate_uuid: "f4ab19b50ca84dd08c3b9b216f120a3f" candidate_term: 1 candidate_status { last_received { term: 0 index: 0 } } ignore_live_leader: false dest_uuid: "13df8df65f7f4d9e9aa9c4ef6028207c" is_pre_election: true
I20260709 13:01:38.488153  8484 raft_consensus.cc:697] T a623d113fc1844ed84166f52f36ce1cb P 13df8df65f7f4d9e9aa9c4ef6028207c [term 1 LEADER]: Becoming Leader. State: Replica: 13df8df65f7f4d9e9aa9c4ef6028207c, State: Running, Role: LEADER
W20260709 13:01:38.488865  8328 leader_election.cc:343] T 0d7c9cde934e4e3c962adbe2187705f8 P f4ab19b50ca84dd08c3b9b216f120a3f [CANDIDATE]: Term 1 pre-election: Tablet error from VoteRequest() call to peer 13df8df65f7f4d9e9aa9c4ef6028207c (127.7.1.195:43675): Illegal state: must be running to vote when last-logged opid is not known
I20260709 13:01:38.489552  8328 leader_election.cc:304] T 0d7c9cde934e4e3c962adbe2187705f8 P f4ab19b50ca84dd08c3b9b216f120a3f [CANDIDATE]: Term 1 pre-election: Election decided. Result: candidate lost. Election summary: received 3 responses out of 3 voters: 1 yes votes; 2 no votes. yes voters: f4ab19b50ca84dd08c3b9b216f120a3f; no voters: 13df8df65f7f4d9e9aa9c4ef6028207c, 77f53dd588434c6cbdef45ffe5e16296
I20260709 13:01:38.489291  8484 consensus_queue.cc:237] T a623d113fc1844ed84166f52f36ce1cb P 13df8df65f7f4d9e9aa9c4ef6028207c [LEADER]: Queue going to LEADER mode. State: All replicated index: 0, Majority replicated index: 0, Committed index: 0, Last appended: 0.0, Last appended by leader: 0, Current term: 1, Majority size: 2, State: 0, Mode: LEADER, active raft config: opid_index: -1 OBSOLETE_local: false peers { permanent_uuid: "77f53dd588434c6cbdef45ffe5e16296" member_type: VOTER last_known_addr { host: "127.7.1.193" port: 41921 } } peers { permanent_uuid: "f4ab19b50ca84dd08c3b9b216f120a3f" member_type: VOTER last_known_addr { host: "127.7.1.194" port: 44025 } } peers { permanent_uuid: "13df8df65f7f4d9e9aa9c4ef6028207c" member_type: VOTER last_known_addr { host: "127.7.1.195" port: 43675 } }
I20260709 13:01:38.491153  8504 raft_consensus.cc:2749] T 0d7c9cde934e4e3c962adbe2187705f8 P f4ab19b50ca84dd08c3b9b216f120a3f [term 0 FOLLOWER]: Leader pre-election lost for term 1. Reason: could not achieve majority
I20260709 13:01:38.478677  8482 tablet_bootstrap.cc:654] T addfa3d85aad4ff7a5c99710a38c9f8c P f4ab19b50ca84dd08c3b9b216f120a3f: Neither blocks nor log segments found. Creating new log.
I20260709 13:01:38.497217  8480 tablet_bootstrap.cc:654] T a304760e4a844c81a889d314cbf85aac P 13df8df65f7f4d9e9aa9c4ef6028207c: Neither blocks nor log segments found. Creating new log.
I20260709 13:01:38.502636  8186 catalog_manager.cc:5697] T 5ea5cd731b6f41c49b38137b97c517f4 P 77f53dd588434c6cbdef45ffe5e16296 reported cstate change: term changed from 0 to 1, leader changed from <none> to 77f53dd588434c6cbdef45ffe5e16296 (127.7.1.193). New cstate: current_term: 1 leader_uuid: "77f53dd588434c6cbdef45ffe5e16296" committed_config { opid_index: -1 OBSOLETE_local: false peers { permanent_uuid: "77f53dd588434c6cbdef45ffe5e16296" member_type: VOTER last_known_addr { host: "127.7.1.193" port: 41921 } health_report { overall_health: HEALTHY } } peers { permanent_uuid: "f4ab19b50ca84dd08c3b9b216f120a3f" member_type: VOTER last_known_addr { host: "127.7.1.194" port: 44025 } health_report { overall_health: UNKNOWN } } peers { permanent_uuid: "13df8df65f7f4d9e9aa9c4ef6028207c" member_type: VOTER last_known_addr { host: "127.7.1.195" port: 43675 } health_report { overall_health: UNKNOWN } } }
I20260709 13:01:38.512035  8480 tablet_bootstrap.cc:492] T a304760e4a844c81a889d314cbf85aac P 13df8df65f7f4d9e9aa9c4ef6028207c: No bootstrap required, opened a new log
I20260709 13:01:38.512617  8480 ts_tablet_manager.cc:1403] T a304760e4a844c81a889d314cbf85aac P 13df8df65f7f4d9e9aa9c4ef6028207c: Time spent bootstrapping tablet: real 0.028s	user 0.014s	sys 0.003s
I20260709 13:01:38.516789  8480 raft_consensus.cc:359] T a304760e4a844c81a889d314cbf85aac P 13df8df65f7f4d9e9aa9c4ef6028207c [term 0 FOLLOWER]: Replica starting. Triggering 0 pending ops. Active config: opid_index: -1 OBSOLETE_local: false peers { permanent_uuid: "77f53dd588434c6cbdef45ffe5e16296" member_type: VOTER last_known_addr { host: "127.7.1.193" port: 41921 } } peers { permanent_uuid: "f4ab19b50ca84dd08c3b9b216f120a3f" member_type: VOTER last_known_addr { host: "127.7.1.194" port: 44025 } } peers { permanent_uuid: "13df8df65f7f4d9e9aa9c4ef6028207c" member_type: VOTER last_known_addr { host: "127.7.1.195" port: 43675 } }
I20260709 13:01:38.519284  8480 raft_consensus.cc:385] T a304760e4a844c81a889d314cbf85aac P 13df8df65f7f4d9e9aa9c4ef6028207c [term 0 FOLLOWER]: Consensus starting up: Expiring failure detector timer to make a prompt election more likely
I20260709 13:01:38.519866  8518 consensus_queue.cc:1048] T c944c08ae08c45629ed5132ac97b7a98 P 13df8df65f7f4d9e9aa9c4ef6028207c [LEADER]: Connected to new peer: Peer: permanent_uuid: "f4ab19b50ca84dd08c3b9b216f120a3f" member_type: VOTER last_known_addr { host: "127.7.1.194" port: 44025 }, Status: LMP_MISMATCH, Last received: 0.0, Next index: 1, Last known committed idx: 0, Time since last communication: 0.000s
I20260709 13:01:38.520181  8480 raft_consensus.cc:740] T a304760e4a844c81a889d314cbf85aac P 13df8df65f7f4d9e9aa9c4ef6028207c [term 0 FOLLOWER]: Becoming Follower/Learner. State: Replica: 13df8df65f7f4d9e9aa9c4ef6028207c, State: Initialized, Role: FOLLOWER
I20260709 13:01:38.521399  8480 consensus_queue.cc:260] T a304760e4a844c81a889d314cbf85aac P 13df8df65f7f4d9e9aa9c4ef6028207c [NON_LEADER]: Queue going to NON_LEADER mode. State: All replicated index: 0, Majority replicated index: 0, Committed index: 0, Last appended: 0.0, Last appended by leader: 0, Current term: 0, Majority size: -1, State: 0, Mode: NON_LEADER, active raft config: opid_index: -1 OBSOLETE_local: false peers { permanent_uuid: "77f53dd588434c6cbdef45ffe5e16296" member_type: VOTER last_known_addr { host: "127.7.1.193" port: 41921 } } peers { permanent_uuid: "f4ab19b50ca84dd08c3b9b216f120a3f" member_type: VOTER last_known_addr { host: "127.7.1.194" port: 44025 } } peers { permanent_uuid: "13df8df65f7f4d9e9aa9c4ef6028207c" member_type: VOTER last_known_addr { host: "127.7.1.195" port: 43675 } }
I20260709 13:01:38.522451  8490 raft_consensus.cc:493] T fd1d381c18c0454d90997b725f3e42c0 P 77f53dd588434c6cbdef45ffe5e16296 [term 0 FOLLOWER]: Starting pre-election (no leader contacted us within the election timeout)
I20260709 13:01:38.523356  8490 raft_consensus.cc:515] T fd1d381c18c0454d90997b725f3e42c0 P 77f53dd588434c6cbdef45ffe5e16296 [term 0 FOLLOWER]: Starting pre-election with config: opid_index: -1 OBSOLETE_local: false peers { permanent_uuid: "77f53dd588434c6cbdef45ffe5e16296" member_type: VOTER last_known_addr { host: "127.7.1.193" port: 41921 } } peers { permanent_uuid: "f4ab19b50ca84dd08c3b9b216f120a3f" member_type: VOTER last_known_addr { host: "127.7.1.194" port: 44025 } } peers { permanent_uuid: "13df8df65f7f4d9e9aa9c4ef6028207c" member_type: VOTER last_known_addr { host: "127.7.1.195" port: 43675 } }
I20260709 13:01:38.525406  8480 ts_tablet_manager.cc:1434] T a304760e4a844c81a889d314cbf85aac P 13df8df65f7f4d9e9aa9c4ef6028207c: Time spent starting tablet: real 0.012s	user 0.007s	sys 0.000s
I20260709 13:01:38.525593  8490 leader_election.cc:290] T fd1d381c18c0454d90997b725f3e42c0 P 77f53dd588434c6cbdef45ffe5e16296 [CANDIDATE]: Term 1 pre-election: Requested pre-vote from peers f4ab19b50ca84dd08c3b9b216f120a3f (127.7.1.194:44025), 13df8df65f7f4d9e9aa9c4ef6028207c (127.7.1.195:43675)
I20260709 13:01:38.526957  8365 tablet_service.cc:1917] Received RequestConsensusVote() RPC: tablet_id: "fd1d381c18c0454d90997b725f3e42c0" candidate_uuid: "77f53dd588434c6cbdef45ffe5e16296" candidate_term: 1 candidate_status { last_received { term: 0 index: 0 } } ignore_live_leader: false dest_uuid: "f4ab19b50ca84dd08c3b9b216f120a3f" is_pre_election: true
I20260709 13:01:38.527783  8365 raft_consensus.cc:2468] T fd1d381c18c0454d90997b725f3e42c0 P f4ab19b50ca84dd08c3b9b216f120a3f [term 0 FOLLOWER]: Leader pre-election vote request: Granting yes vote for candidate 77f53dd588434c6cbdef45ffe5e16296 in term 0.
I20260709 13:01:38.529160  8437 tablet_service.cc:1917] Received RequestConsensusVote() RPC: tablet_id: "fd1d381c18c0454d90997b725f3e42c0" candidate_uuid: "77f53dd588434c6cbdef45ffe5e16296" candidate_term: 1 candidate_status { last_received { term: 0 index: 0 } } ignore_live_leader: false dest_uuid: "13df8df65f7f4d9e9aa9c4ef6028207c" is_pre_election: true
I20260709 13:01:38.530000  8437 raft_consensus.cc:2468] T fd1d381c18c0454d90997b725f3e42c0 P 13df8df65f7f4d9e9aa9c4ef6028207c [term 0 FOLLOWER]: Leader pre-election vote request: Granting yes vote for candidate 77f53dd588434c6cbdef45ffe5e16296 in term 0.
I20260709 13:01:38.531565  8255 leader_election.cc:304] T fd1d381c18c0454d90997b725f3e42c0 P 77f53dd588434c6cbdef45ffe5e16296 [CANDIDATE]: Term 1 pre-election: Election decided. Result: candidate won. Election summary: received 2 responses out of 3 voters: 2 yes votes; 0 no votes. yes voters: 77f53dd588434c6cbdef45ffe5e16296, f4ab19b50ca84dd08c3b9b216f120a3f; no voters: 
I20260709 13:01:38.532611  8490 raft_consensus.cc:2804] T fd1d381c18c0454d90997b725f3e42c0 P 77f53dd588434c6cbdef45ffe5e16296 [term 0 FOLLOWER]: Leader pre-election won for term 1
I20260709 13:01:38.533203  8490 raft_consensus.cc:493] T fd1d381c18c0454d90997b725f3e42c0 P 77f53dd588434c6cbdef45ffe5e16296 [term 0 FOLLOWER]: Starting leader election (no leader contacted us within the election timeout)
I20260709 13:01:38.533635  8490 raft_consensus.cc:3060] T fd1d381c18c0454d90997b725f3e42c0 P 77f53dd588434c6cbdef45ffe5e16296 [term 0 FOLLOWER]: Advancing to term 1
I20260709 13:01:38.528039  8480 tablet_bootstrap.cc:492] T 8cbd4fb45f5c42c0b57fb364c4b28425 P 13df8df65f7f4d9e9aa9c4ef6028207c: Bootstrap starting.
I20260709 13:01:38.543530  8490 raft_consensus.cc:515] T fd1d381c18c0454d90997b725f3e42c0 P 77f53dd588434c6cbdef45ffe5e16296 [term 1 FOLLOWER]: Starting leader election with config: opid_index: -1 OBSOLETE_local: false peers { permanent_uuid: "77f53dd588434c6cbdef45ffe5e16296" member_type: VOTER last_known_addr { host: "127.7.1.193" port: 41921 } } peers { permanent_uuid: "f4ab19b50ca84dd08c3b9b216f120a3f" member_type: VOTER last_known_addr { host: "127.7.1.194" port: 44025 } } peers { permanent_uuid: "13df8df65f7f4d9e9aa9c4ef6028207c" member_type: VOTER last_known_addr { host: "127.7.1.195" port: 43675 } }
I20260709 13:01:38.545266  8480 tablet_bootstrap.cc:654] T 8cbd4fb45f5c42c0b57fb364c4b28425 P 13df8df65f7f4d9e9aa9c4ef6028207c: Neither blocks nor log segments found. Creating new log.
I20260709 13:01:38.546921  8482 tablet_bootstrap.cc:492] T addfa3d85aad4ff7a5c99710a38c9f8c P f4ab19b50ca84dd08c3b9b216f120a3f: No bootstrap required, opened a new log
I20260709 13:01:38.547511  8482 ts_tablet_manager.cc:1403] T addfa3d85aad4ff7a5c99710a38c9f8c P f4ab19b50ca84dd08c3b9b216f120a3f: Time spent bootstrapping tablet: real 0.121s	user 0.009s	sys 0.004s
I20260709 13:01:38.551002  8482 raft_consensus.cc:359] T addfa3d85aad4ff7a5c99710a38c9f8c P f4ab19b50ca84dd08c3b9b216f120a3f [term 0 FOLLOWER]: Replica starting. Triggering 0 pending ops. Active config: opid_index: -1 OBSOLETE_local: false peers { permanent_uuid: "77f53dd588434c6cbdef45ffe5e16296" member_type: VOTER last_known_addr { host: "127.7.1.193" port: 41921 } } peers { permanent_uuid: "f4ab19b50ca84dd08c3b9b216f120a3f" member_type: VOTER last_known_addr { host: "127.7.1.194" port: 44025 } } peers { permanent_uuid: "13df8df65f7f4d9e9aa9c4ef6028207c" member_type: VOTER last_known_addr { host: "127.7.1.195" port: 43675 } }
I20260709 13:01:38.557238  8479 tablet_bootstrap.cc:492] T a623d113fc1844ed84166f52f36ce1cb P 77f53dd588434c6cbdef45ffe5e16296: No bootstrap required, opened a new log
I20260709 13:01:38.557673  8479 ts_tablet_manager.cc:1403] T a623d113fc1844ed84166f52f36ce1cb P 77f53dd588434c6cbdef45ffe5e16296: Time spent bootstrapping tablet: real 0.104s	user 0.010s	sys 0.003s
I20260709 13:01:38.562062  8479 raft_consensus.cc:359] T a623d113fc1844ed84166f52f36ce1cb P 77f53dd588434c6cbdef45ffe5e16296 [term 0 FOLLOWER]: Replica starting. Triggering 0 pending ops. Active config: opid_index: -1 OBSOLETE_local: false peers { permanent_uuid: "77f53dd588434c6cbdef45ffe5e16296" member_type: VOTER last_known_addr { host: "127.7.1.193" port: 41921 } } peers { permanent_uuid: "f4ab19b50ca84dd08c3b9b216f120a3f" member_type: VOTER last_known_addr { host: "127.7.1.194" port: 44025 } } peers { permanent_uuid: "13df8df65f7f4d9e9aa9c4ef6028207c" member_type: VOTER last_known_addr { host: "127.7.1.195" port: 43675 } }
I20260709 13:01:38.562704  8479 raft_consensus.cc:385] T a623d113fc1844ed84166f52f36ce1cb P 77f53dd588434c6cbdef45ffe5e16296 [term 0 FOLLOWER]: Consensus starting up: Expiring failure detector timer to make a prompt election more likely
I20260709 13:01:38.563009  8479 raft_consensus.cc:740] T a623d113fc1844ed84166f52f36ce1cb P 77f53dd588434c6cbdef45ffe5e16296 [term 0 FOLLOWER]: Becoming Follower/Learner. State: Replica: 77f53dd588434c6cbdef45ffe5e16296, State: Initialized, Role: FOLLOWER
I20260709 13:01:38.563622  8479 consensus_queue.cc:260] T a623d113fc1844ed84166f52f36ce1cb P 77f53dd588434c6cbdef45ffe5e16296 [NON_LEADER]: Queue going to NON_LEADER mode. State: All replicated index: 0, Majority replicated index: 0, Committed index: 0, Last appended: 0.0, Last appended by leader: 0, Current term: 0, Majority size: -1, State: 0, Mode: NON_LEADER, active raft config: opid_index: -1 OBSOLETE_local: false peers { permanent_uuid: "77f53dd588434c6cbdef45ffe5e16296" member_type: VOTER last_known_addr { host: "127.7.1.193" port: 41921 } } peers { permanent_uuid: "f4ab19b50ca84dd08c3b9b216f120a3f" member_type: VOTER last_known_addr { host: "127.7.1.194" port: 44025 } } peers { permanent_uuid: "13df8df65f7f4d9e9aa9c4ef6028207c" member_type: VOTER last_known_addr { host: "127.7.1.195" port: 43675 } }
I20260709 13:01:38.551882  8482 raft_consensus.cc:385] T addfa3d85aad4ff7a5c99710a38c9f8c P f4ab19b50ca84dd08c3b9b216f120a3f [term 0 FOLLOWER]: Consensus starting up: Expiring failure detector timer to make a prompt election more likely
I20260709 13:01:38.566537  8482 raft_consensus.cc:740] T addfa3d85aad4ff7a5c99710a38c9f8c P f4ab19b50ca84dd08c3b9b216f120a3f [term 0 FOLLOWER]: Becoming Follower/Learner. State: Replica: f4ab19b50ca84dd08c3b9b216f120a3f, State: Initialized, Role: FOLLOWER
I20260709 13:01:38.567239  8439 tablet_service.cc:1917] Received RequestConsensusVote() RPC: tablet_id: "fd1d381c18c0454d90997b725f3e42c0" candidate_uuid: "77f53dd588434c6cbdef45ffe5e16296" candidate_term: 1 candidate_status { last_received { term: 0 index: 0 } } ignore_live_leader: false dest_uuid: "13df8df65f7f4d9e9aa9c4ef6028207c"
I20260709 13:01:38.565646  8479 ts_tablet_manager.cc:1434] T a623d113fc1844ed84166f52f36ce1cb P 77f53dd588434c6cbdef45ffe5e16296: Time spent starting tablet: real 0.008s	user 0.006s	sys 0.000s
I20260709 13:01:38.566143  8490 leader_election.cc:290] T fd1d381c18c0454d90997b725f3e42c0 P 77f53dd588434c6cbdef45ffe5e16296 [CANDIDATE]: Term 1 election: Requested vote from peers f4ab19b50ca84dd08c3b9b216f120a3f (127.7.1.194:44025), 13df8df65f7f4d9e9aa9c4ef6028207c (127.7.1.195:43675)
I20260709 13:01:38.568202  8439 raft_consensus.cc:3060] T fd1d381c18c0454d90997b725f3e42c0 P 13df8df65f7f4d9e9aa9c4ef6028207c [term 0 FOLLOWER]: Advancing to term 1
I20260709 13:01:38.567334  8482 consensus_queue.cc:260] T addfa3d85aad4ff7a5c99710a38c9f8c P f4ab19b50ca84dd08c3b9b216f120a3f [NON_LEADER]: Queue going to NON_LEADER mode. State: All replicated index: 0, Majority replicated index: 0, Committed index: 0, Last appended: 0.0, Last appended by leader: 0, Current term: 0, Majority size: -1, State: 0, Mode: NON_LEADER, active raft config: opid_index: -1 OBSOLETE_local: false peers { permanent_uuid: "77f53dd588434c6cbdef45ffe5e16296" member_type: VOTER last_known_addr { host: "127.7.1.193" port: 41921 } } peers { permanent_uuid: "f4ab19b50ca84dd08c3b9b216f120a3f" member_type: VOTER last_known_addr { host: "127.7.1.194" port: 44025 } } peers { permanent_uuid: "13df8df65f7f4d9e9aa9c4ef6028207c" member_type: VOTER last_known_addr { host: "127.7.1.195" port: 43675 } }
I20260709 13:01:38.571223  8482 ts_tablet_manager.cc:1434] T addfa3d85aad4ff7a5c99710a38c9f8c P f4ab19b50ca84dd08c3b9b216f120a3f: Time spent starting tablet: real 0.023s	user 0.007s	sys 0.000s
I20260709 13:01:38.572177  8482 tablet_bootstrap.cc:492] T 7d7bd85f699149a3b76cc9caced7c707 P f4ab19b50ca84dd08c3b9b216f120a3f: Bootstrap starting.
I20260709 13:01:38.574602  8479 tablet_bootstrap.cc:492] T f4463df0701d4f49907279a8a821731b P 77f53dd588434c6cbdef45ffe5e16296: Bootstrap starting.
I20260709 13:01:38.577632  8480 tablet_bootstrap.cc:492] T 8cbd4fb45f5c42c0b57fb364c4b28425 P 13df8df65f7f4d9e9aa9c4ef6028207c: No bootstrap required, opened a new log
I20260709 13:01:38.578114  8480 ts_tablet_manager.cc:1403] T 8cbd4fb45f5c42c0b57fb364c4b28425 P 13df8df65f7f4d9e9aa9c4ef6028207c: Time spent bootstrapping tablet: real 0.050s	user 0.014s	sys 0.013s
I20260709 13:01:38.578505  8504 raft_consensus.cc:493] T 9f15d5e8ca104702ab822b484eb0f88c P f4ab19b50ca84dd08c3b9b216f120a3f [term 0 FOLLOWER]: Starting pre-election (no leader contacted us within the election timeout)
I20260709 13:01:38.578986  8482 tablet_bootstrap.cc:654] T 7d7bd85f699149a3b76cc9caced7c707 P f4ab19b50ca84dd08c3b9b216f120a3f: Neither blocks nor log segments found. Creating new log.
I20260709 13:01:38.578987  8504 raft_consensus.cc:515] T 9f15d5e8ca104702ab822b484eb0f88c P f4ab19b50ca84dd08c3b9b216f120a3f [term 0 FOLLOWER]: Starting pre-election with config: opid_index: -1 OBSOLETE_local: false peers { permanent_uuid: "77f53dd588434c6cbdef45ffe5e16296" member_type: VOTER last_known_addr { host: "127.7.1.193" port: 41921 } } peers { permanent_uuid: "f4ab19b50ca84dd08c3b9b216f120a3f" member_type: VOTER last_known_addr { host: "127.7.1.194" port: 44025 } } peers { permanent_uuid: "13df8df65f7f4d9e9aa9c4ef6028207c" member_type: VOTER last_known_addr { host: "127.7.1.195" port: 43675 } }
I20260709 13:01:38.580399  8479 tablet_bootstrap.cc:654] T f4463df0701d4f49907279a8a821731b P 77f53dd588434c6cbdef45ffe5e16296: Neither blocks nor log segments found. Creating new log.
I20260709 13:01:38.580634  8480 raft_consensus.cc:359] T 8cbd4fb45f5c42c0b57fb364c4b28425 P 13df8df65f7f4d9e9aa9c4ef6028207c [term 0 FOLLOWER]: Replica starting. Triggering 0 pending ops. Active config: opid_index: -1 OBSOLETE_local: false peers { permanent_uuid: "77f53dd588434c6cbdef45ffe5e16296" member_type: VOTER last_known_addr { host: "127.7.1.193" port: 41921 } } peers { permanent_uuid: "f4ab19b50ca84dd08c3b9b216f120a3f" member_type: VOTER last_known_addr { host: "127.7.1.194" port: 44025 } } peers { permanent_uuid: "13df8df65f7f4d9e9aa9c4ef6028207c" member_type: VOTER last_known_addr { host: "127.7.1.195" port: 43675 } }
I20260709 13:01:38.581315  8480 raft_consensus.cc:385] T 8cbd4fb45f5c42c0b57fb364c4b28425 P 13df8df65f7f4d9e9aa9c4ef6028207c [term 0 FOLLOWER]: Consensus starting up: Expiring failure detector timer to make a prompt election more likely
I20260709 13:01:38.581585  8480 raft_consensus.cc:740] T 8cbd4fb45f5c42c0b57fb364c4b28425 P 13df8df65f7f4d9e9aa9c4ef6028207c [term 0 FOLLOWER]: Becoming Follower/Learner. State: Replica: 13df8df65f7f4d9e9aa9c4ef6028207c, State: Initialized, Role: FOLLOWER
I20260709 13:01:38.581650  8504 leader_election.cc:290] T 9f15d5e8ca104702ab822b484eb0f88c P f4ab19b50ca84dd08c3b9b216f120a3f [CANDIDATE]: Term 1 pre-election: Requested pre-vote from peers 77f53dd588434c6cbdef45ffe5e16296 (127.7.1.193:41921), 13df8df65f7f4d9e9aa9c4ef6028207c (127.7.1.195:43675)
I20260709 13:01:38.582628  8289 tablet_service.cc:1917] Received RequestConsensusVote() RPC: tablet_id: "9f15d5e8ca104702ab822b484eb0f88c" candidate_uuid: "f4ab19b50ca84dd08c3b9b216f120a3f" candidate_term: 1 candidate_status { last_received { term: 0 index: 0 } } ignore_live_leader: false dest_uuid: "77f53dd588434c6cbdef45ffe5e16296" is_pre_election: true
I20260709 13:01:38.583051  8437 tablet_service.cc:1917] Received RequestConsensusVote() RPC: tablet_id: "9f15d5e8ca104702ab822b484eb0f88c" candidate_uuid: "f4ab19b50ca84dd08c3b9b216f120a3f" candidate_term: 1 candidate_status { last_received { term: 0 index: 0 } } ignore_live_leader: false dest_uuid: "13df8df65f7f4d9e9aa9c4ef6028207c" is_pre_election: true
I20260709 13:01:38.583678  8437 raft_consensus.cc:2468] T 9f15d5e8ca104702ab822b484eb0f88c P 13df8df65f7f4d9e9aa9c4ef6028207c [term 0 FOLLOWER]: Leader pre-election vote request: Granting yes vote for candidate f4ab19b50ca84dd08c3b9b216f120a3f in term 0.
W20260709 13:01:38.584543  8329 leader_election.cc:343] T 9f15d5e8ca104702ab822b484eb0f88c P f4ab19b50ca84dd08c3b9b216f120a3f [CANDIDATE]: Term 1 pre-election: Tablet error from VoteRequest() call to peer 77f53dd588434c6cbdef45ffe5e16296 (127.7.1.193:41921): Illegal state: must be running to vote when last-logged opid is not known
I20260709 13:01:38.587332  8439 raft_consensus.cc:2468] T fd1d381c18c0454d90997b725f3e42c0 P 13df8df65f7f4d9e9aa9c4ef6028207c [term 1 FOLLOWER]: Leader election vote request: Granting yes vote for candidate 77f53dd588434c6cbdef45ffe5e16296 in term 1.
I20260709 13:01:38.587906  8328 leader_election.cc:304] T 9f15d5e8ca104702ab822b484eb0f88c P f4ab19b50ca84dd08c3b9b216f120a3f [CANDIDATE]: Term 1 pre-election: Election decided. Result: candidate won. Election summary: received 3 responses out of 3 voters: 2 yes votes; 1 no votes. yes voters: 13df8df65f7f4d9e9aa9c4ef6028207c, f4ab19b50ca84dd08c3b9b216f120a3f; no voters: 77f53dd588434c6cbdef45ffe5e16296
I20260709 13:01:38.588953  8253 leader_election.cc:304] T fd1d381c18c0454d90997b725f3e42c0 P 77f53dd588434c6cbdef45ffe5e16296 [CANDIDATE]: Term 1 election: Election decided. Result: candidate won. Election summary: received 2 responses out of 3 voters: 2 yes votes; 0 no votes. yes voters: 13df8df65f7f4d9e9aa9c4ef6028207c, 77f53dd588434c6cbdef45ffe5e16296; no voters: 
I20260709 13:01:38.589622  8480 consensus_queue.cc:260] T 8cbd4fb45f5c42c0b57fb364c4b28425 P 13df8df65f7f4d9e9aa9c4ef6028207c [NON_LEADER]: Queue going to NON_LEADER mode. State: All replicated index: 0, Majority replicated index: 0, Committed index: 0, Last appended: 0.0, Last appended by leader: 0, Current term: 0, Majority size: -1, State: 0, Mode: NON_LEADER, active raft config: opid_index: -1 OBSOLETE_local: false peers { permanent_uuid: "77f53dd588434c6cbdef45ffe5e16296" member_type: VOTER last_known_addr { host: "127.7.1.193" port: 41921 } } peers { permanent_uuid: "f4ab19b50ca84dd08c3b9b216f120a3f" member_type: VOTER last_known_addr { host: "127.7.1.194" port: 44025 } } peers { permanent_uuid: "13df8df65f7f4d9e9aa9c4ef6028207c" member_type: VOTER last_known_addr { host: "127.7.1.195" port: 43675 } }
I20260709 13:01:38.590152  8490 raft_consensus.cc:2804] T fd1d381c18c0454d90997b725f3e42c0 P 77f53dd588434c6cbdef45ffe5e16296 [term 1 FOLLOWER]: Leader election won for term 1
I20260709 13:01:38.590767  8490 raft_consensus.cc:697] T fd1d381c18c0454d90997b725f3e42c0 P 77f53dd588434c6cbdef45ffe5e16296 [term 1 LEADER]: Becoming Leader. State: Replica: 77f53dd588434c6cbdef45ffe5e16296, State: Running, Role: LEADER
I20260709 13:01:38.592118  8480 ts_tablet_manager.cc:1434] T 8cbd4fb45f5c42c0b57fb364c4b28425 P 13df8df65f7f4d9e9aa9c4ef6028207c: Time spent starting tablet: real 0.014s	user 0.006s	sys 0.000s
I20260709 13:01:38.591818  8490 consensus_queue.cc:237] T fd1d381c18c0454d90997b725f3e42c0 P 77f53dd588434c6cbdef45ffe5e16296 [LEADER]: Queue going to LEADER mode. State: All replicated index: 0, Majority replicated index: 0, Committed index: 0, Last appended: 0.0, Last appended by leader: 0, Current term: 1, Majority size: 2, State: 0, Mode: LEADER, active raft config: opid_index: -1 OBSOLETE_local: false peers { permanent_uuid: "77f53dd588434c6cbdef45ffe5e16296" member_type: VOTER last_known_addr { host: "127.7.1.193" port: 41921 } } peers { permanent_uuid: "f4ab19b50ca84dd08c3b9b216f120a3f" member_type: VOTER last_known_addr { host: "127.7.1.194" port: 44025 } } peers { permanent_uuid: "13df8df65f7f4d9e9aa9c4ef6028207c" member_type: VOTER last_known_addr { host: "127.7.1.195" port: 43675 } }
I20260709 13:01:38.592710  8542 raft_consensus.cc:2804] T 9f15d5e8ca104702ab822b484eb0f88c P f4ab19b50ca84dd08c3b9b216f120a3f [term 0 FOLLOWER]: Leader pre-election won for term 1
I20260709 13:01:38.593053  8480 tablet_bootstrap.cc:492] T 6c396e9579d949f7baa3f3c31102dee7 P 13df8df65f7f4d9e9aa9c4ef6028207c: Bootstrap starting.
I20260709 13:01:38.593173  8542 raft_consensus.cc:493] T 9f15d5e8ca104702ab822b484eb0f88c P f4ab19b50ca84dd08c3b9b216f120a3f [term 0 FOLLOWER]: Starting leader election (no leader contacted us within the election timeout)
I20260709 13:01:38.593539  8542 raft_consensus.cc:3060] T 9f15d5e8ca104702ab822b484eb0f88c P f4ab19b50ca84dd08c3b9b216f120a3f [term 0 FOLLOWER]: Advancing to term 1
I20260709 13:01:38.600472  8480 tablet_bootstrap.cc:654] T 6c396e9579d949f7baa3f3c31102dee7 P 13df8df65f7f4d9e9aa9c4ef6028207c: Neither blocks nor log segments found. Creating new log.
I20260709 13:01:38.602396  8503 consensus_queue.cc:1048] T bcce3c55033e4168b5dc7f7dc92ccad1 P f4ab19b50ca84dd08c3b9b216f120a3f [LEADER]: Connected to new peer: Peer: permanent_uuid: "77f53dd588434c6cbdef45ffe5e16296" member_type: VOTER last_known_addr { host: "127.7.1.193" port: 41921 }, Status: LMP_MISMATCH, Last received: 0.0, Next index: 1, Last known committed idx: 0, Time since last communication: 0.000s
I20260709 13:01:38.612134  8482 tablet_bootstrap.cc:492] T 7d7bd85f699149a3b76cc9caced7c707 P f4ab19b50ca84dd08c3b9b216f120a3f: No bootstrap required, opened a new log
I20260709 13:01:38.612588  8482 ts_tablet_manager.cc:1403] T 7d7bd85f699149a3b76cc9caced7c707 P f4ab19b50ca84dd08c3b9b216f120a3f: Time spent bootstrapping tablet: real 0.041s	user 0.015s	sys 0.015s
I20260709 13:01:38.614125  8479 tablet_bootstrap.cc:492] T f4463df0701d4f49907279a8a821731b P 77f53dd588434c6cbdef45ffe5e16296: No bootstrap required, opened a new log
I20260709 13:01:38.614586  8479 ts_tablet_manager.cc:1403] T f4463df0701d4f49907279a8a821731b P 77f53dd588434c6cbdef45ffe5e16296: Time spent bootstrapping tablet: real 0.040s	user 0.015s	sys 0.005s
I20260709 13:01:38.614550  8480 tablet_bootstrap.cc:492] T 6c396e9579d949f7baa3f3c31102dee7 P 13df8df65f7f4d9e9aa9c4ef6028207c: No bootstrap required, opened a new log
I20260709 13:01:38.615312  8480 ts_tablet_manager.cc:1403] T 6c396e9579d949f7baa3f3c31102dee7 P 13df8df65f7f4d9e9aa9c4ef6028207c: Time spent bootstrapping tablet: real 0.022s	user 0.009s	sys 0.003s
I20260709 13:01:38.615149  8482 raft_consensus.cc:359] T 7d7bd85f699149a3b76cc9caced7c707 P f4ab19b50ca84dd08c3b9b216f120a3f [term 0 FOLLOWER]: Replica starting. Triggering 0 pending ops. Active config: opid_index: -1 OBSOLETE_local: false peers { permanent_uuid: "77f53dd588434c6cbdef45ffe5e16296" member_type: VOTER last_known_addr { host: "127.7.1.193" port: 41921 } } peers { permanent_uuid: "f4ab19b50ca84dd08c3b9b216f120a3f" member_type: VOTER last_known_addr { host: "127.7.1.194" port: 44025 } } peers { permanent_uuid: "13df8df65f7f4d9e9aa9c4ef6028207c" member_type: VOTER last_known_addr { host: "127.7.1.195" port: 43675 } }
I20260709 13:01:38.617547  8479 raft_consensus.cc:359] T f4463df0701d4f49907279a8a821731b P 77f53dd588434c6cbdef45ffe5e16296 [term 0 FOLLOWER]: Replica starting. Triggering 0 pending ops. Active config: opid_index: -1 OBSOLETE_local: false peers { permanent_uuid: "77f53dd588434c6cbdef45ffe5e16296" member_type: VOTER last_known_addr { host: "127.7.1.193" port: 41921 } } peers { permanent_uuid: "f4ab19b50ca84dd08c3b9b216f120a3f" member_type: VOTER last_known_addr { host: "127.7.1.194" port: 44025 } } peers { permanent_uuid: "13df8df65f7f4d9e9aa9c4ef6028207c" member_type: VOTER last_known_addr { host: "127.7.1.195" port: 43675 } }
I20260709 13:01:38.618271  8479 raft_consensus.cc:385] T f4463df0701d4f49907279a8a821731b P 77f53dd588434c6cbdef45ffe5e16296 [term 0 FOLLOWER]: Consensus starting up: Expiring failure detector timer to make a prompt election more likely
I20260709 13:01:38.618117  8480 raft_consensus.cc:359] T 6c396e9579d949f7baa3f3c31102dee7 P 13df8df65f7f4d9e9aa9c4ef6028207c [term 0 FOLLOWER]: Replica starting. Triggering 0 pending ops. Active config: opid_index: -1 OBSOLETE_local: false peers { permanent_uuid: "77f53dd588434c6cbdef45ffe5e16296" member_type: VOTER last_known_addr { host: "127.7.1.193" port: 41921 } } peers { permanent_uuid: "f4ab19b50ca84dd08c3b9b216f120a3f" member_type: VOTER last_known_addr { host: "127.7.1.194" port: 44025 } } peers { permanent_uuid: "13df8df65f7f4d9e9aa9c4ef6028207c" member_type: VOTER last_known_addr { host: "127.7.1.195" port: 43675 } }
I20260709 13:01:38.618641  8479 raft_consensus.cc:740] T f4463df0701d4f49907279a8a821731b P 77f53dd588434c6cbdef45ffe5e16296 [term 0 FOLLOWER]: Becoming Follower/Learner. State: Replica: 77f53dd588434c6cbdef45ffe5e16296, State: Initialized, Role: FOLLOWER
I20260709 13:01:38.618808  8480 raft_consensus.cc:385] T 6c396e9579d949f7baa3f3c31102dee7 P 13df8df65f7f4d9e9aa9c4ef6028207c [term 0 FOLLOWER]: Consensus starting up: Expiring failure detector timer to make a prompt election more likely
I20260709 13:01:38.619186  8480 raft_consensus.cc:740] T 6c396e9579d949f7baa3f3c31102dee7 P 13df8df65f7f4d9e9aa9c4ef6028207c [term 0 FOLLOWER]: Becoming Follower/Learner. State: Replica: 13df8df65f7f4d9e9aa9c4ef6028207c, State: Initialized, Role: FOLLOWER
W20260709 13:01:38.619772  8236 auto_rebalancer.cc:288] Could not retrieve cluster info: Service unavailable: Tablet not running
I20260709 13:01:38.619616  8186 catalog_manager.cc:5697] T fd1d381c18c0454d90997b725f3e42c0 P 77f53dd588434c6cbdef45ffe5e16296 reported cstate change: term changed from 0 to 1, leader changed from <none> to 77f53dd588434c6cbdef45ffe5e16296 (127.7.1.193). New cstate: current_term: 1 leader_uuid: "77f53dd588434c6cbdef45ffe5e16296" committed_config { opid_index: -1 OBSOLETE_local: false peers { permanent_uuid: "77f53dd588434c6cbdef45ffe5e16296" member_type: VOTER last_known_addr { host: "127.7.1.193" port: 41921 } health_report { overall_health: HEALTHY } } peers { permanent_uuid: "f4ab19b50ca84dd08c3b9b216f120a3f" member_type: VOTER last_known_addr { host: "127.7.1.194" port: 44025 } health_report { overall_health: UNKNOWN } } peers { permanent_uuid: "13df8df65f7f4d9e9aa9c4ef6028207c" member_type: VOTER last_known_addr { host: "127.7.1.195" port: 43675 } health_report { overall_health: UNKNOWN } } }
I20260709 13:01:38.619858  8480 consensus_queue.cc:260] T 6c396e9579d949f7baa3f3c31102dee7 P 13df8df65f7f4d9e9aa9c4ef6028207c [NON_LEADER]: Queue going to NON_LEADER mode. State: All replicated index: 0, Majority replicated index: 0, Committed index: 0, Last appended: 0.0, Last appended by leader: 0, Current term: 0, Majority size: -1, State: 0, Mode: NON_LEADER, active raft config: opid_index: -1 OBSOLETE_local: false peers { permanent_uuid: "77f53dd588434c6cbdef45ffe5e16296" member_type: VOTER last_known_addr { host: "127.7.1.193" port: 41921 } } peers { permanent_uuid: "f4ab19b50ca84dd08c3b9b216f120a3f" member_type: VOTER last_known_addr { host: "127.7.1.194" port: 44025 } } peers { permanent_uuid: "13df8df65f7f4d9e9aa9c4ef6028207c" member_type: VOTER last_known_addr { host: "127.7.1.195" port: 43675 } }
I20260709 13:01:38.619643  8479 consensus_queue.cc:260] T f4463df0701d4f49907279a8a821731b P 77f53dd588434c6cbdef45ffe5e16296 [NON_LEADER]: Queue going to NON_LEADER mode. State: All replicated index: 0, Majority replicated index: 0, Committed index: 0, Last appended: 0.0, Last appended by leader: 0, Current term: 0, Majority size: -1, State: 0, Mode: NON_LEADER, active raft config: opid_index: -1 OBSOLETE_local: false peers { permanent_uuid: "77f53dd588434c6cbdef45ffe5e16296" member_type: VOTER last_known_addr { host: "127.7.1.193" port: 41921 } } peers { permanent_uuid: "f4ab19b50ca84dd08c3b9b216f120a3f" member_type: VOTER last_known_addr { host: "127.7.1.194" port: 44025 } } peers { permanent_uuid: "13df8df65f7f4d9e9aa9c4ef6028207c" member_type: VOTER last_known_addr { host: "127.7.1.195" port: 43675 } }
I20260709 13:01:38.622320  8480 ts_tablet_manager.cc:1434] T 6c396e9579d949f7baa3f3c31102dee7 P 13df8df65f7f4d9e9aa9c4ef6028207c: Time spent starting tablet: real 0.007s	user 0.005s	sys 0.001s
I20260709 13:01:38.575762  8364 tablet_service.cc:1917] Received RequestConsensusVote() RPC: tablet_id: "fd1d381c18c0454d90997b725f3e42c0" candidate_uuid: "77f53dd588434c6cbdef45ffe5e16296" candidate_term: 1 candidate_status { last_received { term: 0 index: 0 } } ignore_live_leader: false dest_uuid: "f4ab19b50ca84dd08c3b9b216f120a3f"
I20260709 13:01:38.622771  8364 raft_consensus.cc:3060] T fd1d381c18c0454d90997b725f3e42c0 P f4ab19b50ca84dd08c3b9b216f120a3f [term 0 FOLLOWER]: Advancing to term 1
I20260709 13:01:38.623190  8480 tablet_bootstrap.cc:492] T a41d57f0a7df4b92b7c11c469a6cc273 P 13df8df65f7f4d9e9aa9c4ef6028207c: Bootstrap starting.
I20260709 13:01:38.623435  8479 ts_tablet_manager.cc:1434] T f4463df0701d4f49907279a8a821731b P 77f53dd588434c6cbdef45ffe5e16296: Time spent starting tablet: real 0.008s	user 0.007s	sys 0.000s
I20260709 13:01:38.624619  8479 tablet_bootstrap.cc:492] T 7d7bd85f699149a3b76cc9caced7c707 P 77f53dd588434c6cbdef45ffe5e16296: Bootstrap starting.
I20260709 13:01:38.629182  8480 tablet_bootstrap.cc:654] T a41d57f0a7df4b92b7c11c469a6cc273 P 13df8df65f7f4d9e9aa9c4ef6028207c: Neither blocks nor log segments found. Creating new log.
I20260709 13:01:38.630990  8479 tablet_bootstrap.cc:654] T 7d7bd85f699149a3b76cc9caced7c707 P 77f53dd588434c6cbdef45ffe5e16296: Neither blocks nor log segments found. Creating new log.
I20260709 13:01:38.615860  8482 raft_consensus.cc:385] T 7d7bd85f699149a3b76cc9caced7c707 P f4ab19b50ca84dd08c3b9b216f120a3f [term 0 FOLLOWER]: Consensus starting up: Expiring failure detector timer to make a prompt election more likely
I20260709 13:01:38.635932  8482 raft_consensus.cc:740] T 7d7bd85f699149a3b76cc9caced7c707 P f4ab19b50ca84dd08c3b9b216f120a3f [term 0 FOLLOWER]: Becoming Follower/Learner. State: Replica: f4ab19b50ca84dd08c3b9b216f120a3f, State: Initialized, Role: FOLLOWER
I20260709 13:01:38.636615  8504 consensus_queue.cc:1048] T bcce3c55033e4168b5dc7f7dc92ccad1 P f4ab19b50ca84dd08c3b9b216f120a3f [LEADER]: Connected to new peer: Peer: permanent_uuid: "13df8df65f7f4d9e9aa9c4ef6028207c" member_type: VOTER last_known_addr { host: "127.7.1.195" port: 43675 }, Status: LMP_MISMATCH, Last received: 0.0, Next index: 1, Last known committed idx: 0, Time since last communication: 0.000s
I20260709 13:01:38.636780  8482 consensus_queue.cc:260] T 7d7bd85f699149a3b76cc9caced7c707 P f4ab19b50ca84dd08c3b9b216f120a3f [NON_LEADER]: Queue going to NON_LEADER mode. State: All replicated index: 0, Majority replicated index: 0, Committed index: 0, Last appended: 0.0, Last appended by leader: 0, Current term: 0, Majority size: -1, State: 0, Mode: NON_LEADER, active raft config: opid_index: -1 OBSOLETE_local: false peers { permanent_uuid: "77f53dd588434c6cbdef45ffe5e16296" member_type: VOTER last_known_addr { host: "127.7.1.193" port: 41921 } } peers { permanent_uuid: "f4ab19b50ca84dd08c3b9b216f120a3f" member_type: VOTER last_known_addr { host: "127.7.1.194" port: 44025 } } peers { permanent_uuid: "13df8df65f7f4d9e9aa9c4ef6028207c" member_type: VOTER last_known_addr { host: "127.7.1.195" port: 43675 } }
I20260709 13:01:38.639820  8482 ts_tablet_manager.cc:1434] T 7d7bd85f699149a3b76cc9caced7c707 P f4ab19b50ca84dd08c3b9b216f120a3f: Time spent starting tablet: real 0.027s	user 0.004s	sys 0.004s
I20260709 13:01:38.640813  8482 tablet_bootstrap.cc:492] T 6c396e9579d949f7baa3f3c31102dee7 P f4ab19b50ca84dd08c3b9b216f120a3f: Bootstrap starting.
I20260709 13:01:38.649297  8482 tablet_bootstrap.cc:654] T 6c396e9579d949f7baa3f3c31102dee7 P f4ab19b50ca84dd08c3b9b216f120a3f: Neither blocks nor log segments found. Creating new log.
I20260709 13:01:38.608868  8542 raft_consensus.cc:515] T 9f15d5e8ca104702ab822b484eb0f88c P f4ab19b50ca84dd08c3b9b216f120a3f [term 1 FOLLOWER]: Starting leader election with config: opid_index: -1 OBSOLETE_local: false peers { permanent_uuid: "77f53dd588434c6cbdef45ffe5e16296" member_type: VOTER last_known_addr { host: "127.7.1.193" port: 41921 } } peers { permanent_uuid: "f4ab19b50ca84dd08c3b9b216f120a3f" member_type: VOTER last_known_addr { host: "127.7.1.194" port: 44025 } } peers { permanent_uuid: "13df8df65f7f4d9e9aa9c4ef6028207c" member_type: VOTER last_known_addr { host: "127.7.1.195" port: 43675 } }
I20260709 13:01:38.670886  8289 tablet_service.cc:1917] Received RequestConsensusVote() RPC: tablet_id: "9f15d5e8ca104702ab822b484eb0f88c" candidate_uuid: "f4ab19b50ca84dd08c3b9b216f120a3f" candidate_term: 1 candidate_status { last_received { term: 0 index: 0 } } ignore_live_leader: false dest_uuid: "77f53dd588434c6cbdef45ffe5e16296"
