W20260709 13:01:27.942741 14913 leader_election.cc:343] T 854e74a8c4e540dfa5aded148d49ca46 P 40836b482b5b4f75b0159300aa118a51 [CANDIDATE]: Term 1 pre-election: Tablet error from VoteRequest() call to peer 20964c2a02d141ea8f014fc26ccfcea7 (127.13.133.131:41105): Illegal state: must be running to vote when last-logged opid is not known
I20260709 13:01:27.943814 15199 raft_consensus.cc:2749] T 6d2a5f7e546a49a7a862aad12ab02c15 P 40836b482b5b4f75b0159300aa118a51 [term 1 FOLLOWER]: Leader pre-election lost for term 1. Reason: could not achieve majority
I20260709 13:01:27.946899 14913 leader_election.cc:304] T 854e74a8c4e540dfa5aded148d49ca46 P 40836b482b5b4f75b0159300aa118a51 [CANDIDATE]: Term 1 pre-election: Election decided. Result: candidate lost. Election summary: received 3 responses out of 3 voters: 1 yes votes; 2 no votes. yes voters: 40836b482b5b4f75b0159300aa118a51; no voters: 20964c2a02d141ea8f014fc26ccfcea7, 3f2e377ec45e4d48abbe40a66d751c18
I20260709 13:01:27.947314 15138 raft_consensus.cc:359] T 3c036d54885d495887a24a4e0833f0e9 P 20964c2a02d141ea8f014fc26ccfcea7 [term 0 FOLLOWER]: Replica starting. Triggering 0 pending ops. Active config: opid_index: -1 OBSOLETE_local: false peers { permanent_uuid: "40836b482b5b4f75b0159300aa118a51" member_type: VOTER last_known_addr { host: "127.13.133.129" port: 33453 } } peers { permanent_uuid: "3f2e377ec45e4d48abbe40a66d751c18" member_type: VOTER last_known_addr { host: "127.13.133.130" port: 46501 } } peers { permanent_uuid: "20964c2a02d141ea8f014fc26ccfcea7" member_type: VOTER last_known_addr { host: "127.13.133.131" port: 41105 } }
I20260709 13:01:27.948130 15138 raft_consensus.cc:385] T 3c036d54885d495887a24a4e0833f0e9 P 20964c2a02d141ea8f014fc26ccfcea7 [term 0 FOLLOWER]: Consensus starting up: Expiring failure detector timer to make a prompt election more likely
I20260709 13:01:27.947643 15199 raft_consensus.cc:2749] T 854e74a8c4e540dfa5aded148d49ca46 P 40836b482b5b4f75b0159300aa118a51 [term 0 FOLLOWER]: Leader pre-election lost for term 1. Reason: could not achieve majority
I20260709 13:01:27.948429 15138 raft_consensus.cc:740] T 3c036d54885d495887a24a4e0833f0e9 P 20964c2a02d141ea8f014fc26ccfcea7 [term 0 FOLLOWER]: Becoming Follower/Learner. State: Replica: 20964c2a02d141ea8f014fc26ccfcea7, State: Initialized, Role: FOLLOWER
I20260709 13:01:27.949276 15138 consensus_queue.cc:260] T 3c036d54885d495887a24a4e0833f0e9 P 20964c2a02d141ea8f014fc26ccfcea7 [NON_LEADER]: Queue going to NON_LEADER mode. State: All replicated index: 0, Majority replicated index: 0, Committed index: 0, Last appended: 0.0, Last appended by leader: 0, Current term: 0, Majority size: -1, State: 0, Mode: NON_LEADER, active raft config: opid_index: -1 OBSOLETE_local: false peers { permanent_uuid: "40836b482b5b4f75b0159300aa118a51" member_type: VOTER last_known_addr { host: "127.13.133.129" port: 33453 } } peers { permanent_uuid: "3f2e377ec45e4d48abbe40a66d751c18" member_type: VOTER last_known_addr { host: "127.13.133.130" port: 46501 } } peers { permanent_uuid: "20964c2a02d141ea8f014fc26ccfcea7" member_type: VOTER last_known_addr { host: "127.13.133.131" port: 41105 } }
I20260709 13:01:27.950136 15140 raft_consensus.cc:359] T c796a09aef3d43609683901eb3acce87 P 40836b482b5b4f75b0159300aa118a51 [term 0 FOLLOWER]: Replica starting. Triggering 0 pending ops. Active config: opid_index: -1 OBSOLETE_local: false peers { permanent_uuid: "40836b482b5b4f75b0159300aa118a51" member_type: VOTER last_known_addr { host: "127.13.133.129" port: 33453 } } peers { permanent_uuid: "3f2e377ec45e4d48abbe40a66d751c18" member_type: VOTER last_known_addr { host: "127.13.133.130" port: 46501 } } peers { permanent_uuid: "20964c2a02d141ea8f014fc26ccfcea7" member_type: VOTER last_known_addr { host: "127.13.133.131" port: 41105 } }
I20260709 13:01:27.950742 15140 raft_consensus.cc:385] T c796a09aef3d43609683901eb3acce87 P 40836b482b5b4f75b0159300aa118a51 [term 0 FOLLOWER]: Consensus starting up: Expiring failure detector timer to make a prompt election more likely
I20260709 13:01:27.951010 15140 raft_consensus.cc:740] T c796a09aef3d43609683901eb3acce87 P 40836b482b5b4f75b0159300aa118a51 [term 0 FOLLOWER]: Becoming Follower/Learner. State: Replica: 40836b482b5b4f75b0159300aa118a51, State: Initialized, Role: FOLLOWER
I20260709 13:01:27.951599 15140 consensus_queue.cc:260] T c796a09aef3d43609683901eb3acce87 P 40836b482b5b4f75b0159300aa118a51 [NON_LEADER]: Queue going to NON_LEADER mode. State: All replicated index: 0, Majority replicated index: 0, Committed index: 0, Last appended: 0.0, Last appended by leader: 0, Current term: 0, Majority size: -1, State: 0, Mode: NON_LEADER, active raft config: opid_index: -1 OBSOLETE_local: false peers { permanent_uuid: "40836b482b5b4f75b0159300aa118a51" member_type: VOTER last_known_addr { host: "127.13.133.129" port: 33453 } } peers { permanent_uuid: "3f2e377ec45e4d48abbe40a66d751c18" member_type: VOTER last_known_addr { host: "127.13.133.130" port: 46501 } } peers { permanent_uuid: "20964c2a02d141ea8f014fc26ccfcea7" member_type: VOTER last_known_addr { host: "127.13.133.131" port: 41105 } }
I20260709 13:01:27.953467 15140 ts_tablet_manager.cc:1434] T c796a09aef3d43609683901eb3acce87 P 40836b482b5b4f75b0159300aa118a51: Time spent starting tablet: real 0.008s	user 0.005s	sys 0.000s
I20260709 13:01:27.954227 15140 tablet_bootstrap.cc:492] T fc9c6f7a03e14effb01ea4b620e63bdd P 40836b482b5b4f75b0159300aa118a51: Bootstrap starting.
I20260709 13:01:27.961071 15140 tablet_bootstrap.cc:654] T fc9c6f7a03e14effb01ea4b620e63bdd P 40836b482b5b4f75b0159300aa118a51: Neither blocks nor log segments found. Creating new log.
I20260709 13:01:27.963550 15139 tablet_bootstrap.cc:492] T d5b3b417f36c429fb452654c814e5dce P 3f2e377ec45e4d48abbe40a66d751c18: No bootstrap required, opened a new log
I20260709 13:01:27.964054 15139 ts_tablet_manager.cc:1403] T d5b3b417f36c429fb452654c814e5dce P 3f2e377ec45e4d48abbe40a66d751c18: Time spent bootstrapping tablet: real 0.179s	user 0.009s	sys 0.016s
I20260709 13:01:27.966586 15139 raft_consensus.cc:359] T d5b3b417f36c429fb452654c814e5dce P 3f2e377ec45e4d48abbe40a66d751c18 [term 0 FOLLOWER]: Replica starting. Triggering 0 pending ops. Active config: opid_index: -1 OBSOLETE_local: false peers { permanent_uuid: "20964c2a02d141ea8f014fc26ccfcea7" member_type: VOTER last_known_addr { host: "127.13.133.131" port: 41105 } } peers { permanent_uuid: "3f2e377ec45e4d48abbe40a66d751c18" member_type: VOTER last_known_addr { host: "127.13.133.130" port: 46501 } } peers { permanent_uuid: "40836b482b5b4f75b0159300aa118a51" member_type: VOTER last_known_addr { host: "127.13.133.129" port: 33453 } }
I20260709 13:01:27.970093 15096 raft_consensus.cc:2468] T 9258a65f265e4778bc6bb85f5e3340a4 P 20964c2a02d141ea8f014fc26ccfcea7 [term 1 FOLLOWER]: Leader election vote request: Granting yes vote for candidate 40836b482b5b4f75b0159300aa118a51 in term 1.
I20260709 13:01:27.970310 15139 raft_consensus.cc:385] T d5b3b417f36c429fb452654c814e5dce P 3f2e377ec45e4d48abbe40a66d751c18 [term 0 FOLLOWER]: Consensus starting up: Expiring failure detector timer to make a prompt election more likely
I20260709 13:01:27.970726 15139 raft_consensus.cc:740] T d5b3b417f36c429fb452654c814e5dce P 3f2e377ec45e4d48abbe40a66d751c18 [term 0 FOLLOWER]: Becoming Follower/Learner. State: Replica: 3f2e377ec45e4d48abbe40a66d751c18, State: Initialized, Role: FOLLOWER
I20260709 13:01:27.971478 15139 consensus_queue.cc:260] T d5b3b417f36c429fb452654c814e5dce P 3f2e377ec45e4d48abbe40a66d751c18 [NON_LEADER]: Queue going to NON_LEADER mode. State: All replicated index: 0, Majority replicated index: 0, Committed index: 0, Last appended: 0.0, Last appended by leader: 0, Current term: 0, Majority size: -1, State: 0, Mode: NON_LEADER, active raft config: opid_index: -1 OBSOLETE_local: false peers { permanent_uuid: "20964c2a02d141ea8f014fc26ccfcea7" member_type: VOTER last_known_addr { host: "127.13.133.131" port: 41105 } } peers { permanent_uuid: "3f2e377ec45e4d48abbe40a66d751c18" member_type: VOTER last_known_addr { host: "127.13.133.130" port: 46501 } } peers { permanent_uuid: "40836b482b5b4f75b0159300aa118a51" member_type: VOTER last_known_addr { host: "127.13.133.129" port: 33453 } }
I20260709 13:01:27.972594 15140 tablet_bootstrap.cc:492] T fc9c6f7a03e14effb01ea4b620e63bdd P 40836b482b5b4f75b0159300aa118a51: No bootstrap required, opened a new log
I20260709 13:01:27.972993 15140 ts_tablet_manager.cc:1403] T fc9c6f7a03e14effb01ea4b620e63bdd P 40836b482b5b4f75b0159300aa118a51: Time spent bootstrapping tablet: real 0.019s	user 0.014s	sys 0.000s
I20260709 13:01:27.975245 15139 ts_tablet_manager.cc:1434] T d5b3b417f36c429fb452654c814e5dce P 3f2e377ec45e4d48abbe40a66d751c18: Time spent starting tablet: real 0.011s	user 0.005s	sys 0.000s
I20260709 13:01:27.975411 15140 raft_consensus.cc:359] T fc9c6f7a03e14effb01ea4b620e63bdd P 40836b482b5b4f75b0159300aa118a51 [term 0 FOLLOWER]: Replica starting. Triggering 0 pending ops. Active config: opid_index: -1 OBSOLETE_local: false peers { permanent_uuid: "40836b482b5b4f75b0159300aa118a51" member_type: VOTER last_known_addr { host: "127.13.133.129" port: 33453 } } peers { permanent_uuid: "3f2e377ec45e4d48abbe40a66d751c18" member_type: VOTER last_known_addr { host: "127.13.133.130" port: 46501 } } peers { permanent_uuid: "20964c2a02d141ea8f014fc26ccfcea7" member_type: VOTER last_known_addr { host: "127.13.133.131" port: 41105 } }
I20260709 13:01:27.976025 15140 raft_consensus.cc:385] T fc9c6f7a03e14effb01ea4b620e63bdd P 40836b482b5b4f75b0159300aa118a51 [term 0 FOLLOWER]: Consensus starting up: Expiring failure detector timer to make a prompt election more likely
I20260709 13:01:27.976287 15140 raft_consensus.cc:740] T fc9c6f7a03e14effb01ea4b620e63bdd P 40836b482b5b4f75b0159300aa118a51 [term 0 FOLLOWER]: Becoming Follower/Learner. State: Replica: 40836b482b5b4f75b0159300aa118a51, State: Initialized, Role: FOLLOWER
I20260709 13:01:27.976871 15140 consensus_queue.cc:260] T fc9c6f7a03e14effb01ea4b620e63bdd P 40836b482b5b4f75b0159300aa118a51 [NON_LEADER]: Queue going to NON_LEADER mode. State: All replicated index: 0, Majority replicated index: 0, Committed index: 0, Last appended: 0.0, Last appended by leader: 0, Current term: 0, Majority size: -1, State: 0, Mode: NON_LEADER, active raft config: opid_index: -1 OBSOLETE_local: false peers { permanent_uuid: "40836b482b5b4f75b0159300aa118a51" member_type: VOTER last_known_addr { host: "127.13.133.129" port: 33453 } } peers { permanent_uuid: "3f2e377ec45e4d48abbe40a66d751c18" member_type: VOTER last_known_addr { host: "127.13.133.130" port: 46501 } } peers { permanent_uuid: "20964c2a02d141ea8f014fc26ccfcea7" member_type: VOTER last_known_addr { host: "127.13.133.131" port: 41105 } }
I20260709 13:01:27.978628 15140 ts_tablet_manager.cc:1434] T fc9c6f7a03e14effb01ea4b620e63bdd P 40836b482b5b4f75b0159300aa118a51: Time spent starting tablet: real 0.005s	user 0.003s	sys 0.000s
I20260709 13:01:27.970691 15138 ts_tablet_manager.cc:1434] T 3c036d54885d495887a24a4e0833f0e9 P 20964c2a02d141ea8f014fc26ccfcea7: Time spent starting tablet: real 0.037s	user 0.008s	sys 0.000s
I20260709 13:01:27.979521 15140 tablet_bootstrap.cc:492] T 2eaefd29b1e142bdb54fe6e248734229 P 40836b482b5b4f75b0159300aa118a51: Bootstrap starting.
I20260709 13:01:27.982311 15138 tablet_bootstrap.cc:492] T 854e74a8c4e540dfa5aded148d49ca46 P 20964c2a02d141ea8f014fc26ccfcea7: Bootstrap starting.
I20260709 13:01:27.984894 15140 tablet_bootstrap.cc:654] T 2eaefd29b1e142bdb54fe6e248734229 P 40836b482b5b4f75b0159300aa118a51: Neither blocks nor log segments found. Creating new log.
I20260709 13:01:27.987605 15139 tablet_bootstrap.cc:492] T c796a09aef3d43609683901eb3acce87 P 3f2e377ec45e4d48abbe40a66d751c18: Bootstrap starting.
I20260709 13:01:27.993374 15139 tablet_bootstrap.cc:654] T c796a09aef3d43609683901eb3acce87 P 3f2e377ec45e4d48abbe40a66d751c18: Neither blocks nor log segments found. Creating new log.
I20260709 13:01:27.995850 14847 catalog_manager.cc:5697] T 9258a65f265e4778bc6bb85f5e3340a4 P 40836b482b5b4f75b0159300aa118a51 reported cstate change: term changed from 0 to 1, leader changed from <none> to 40836b482b5b4f75b0159300aa118a51 (127.13.133.129). New cstate: current_term: 1 leader_uuid: "40836b482b5b4f75b0159300aa118a51" committed_config { opid_index: -1 OBSOLETE_local: false peers { permanent_uuid: "40836b482b5b4f75b0159300aa118a51" member_type: VOTER last_known_addr { host: "127.13.133.129" port: 33453 } health_report { overall_health: HEALTHY } } peers { permanent_uuid: "3f2e377ec45e4d48abbe40a66d751c18" member_type: VOTER last_known_addr { host: "127.13.133.130" port: 46501 } health_report { overall_health: UNKNOWN } } peers { permanent_uuid: "20964c2a02d141ea8f014fc26ccfcea7" member_type: VOTER last_known_addr { host: "127.13.133.131" port: 41105 } health_report { overall_health: UNKNOWN } } }
I20260709 13:01:27.997897 15138 tablet_bootstrap.cc:654] T 854e74a8c4e540dfa5aded148d49ca46 P 20964c2a02d141ea8f014fc26ccfcea7: Neither blocks nor log segments found. Creating new log.
I20260709 13:01:28.001081 15140 tablet_bootstrap.cc:492] T 2eaefd29b1e142bdb54fe6e248734229 P 40836b482b5b4f75b0159300aa118a51: No bootstrap required, opened a new log
I20260709 13:01:28.001477 15140 ts_tablet_manager.cc:1403] T 2eaefd29b1e142bdb54fe6e248734229 P 40836b482b5b4f75b0159300aa118a51: Time spent bootstrapping tablet: real 0.022s	user 0.009s	sys 0.006s
I20260709 13:01:28.003733 15140 raft_consensus.cc:359] T 2eaefd29b1e142bdb54fe6e248734229 P 40836b482b5b4f75b0159300aa118a51 [term 0 FOLLOWER]: Replica starting. Triggering 0 pending ops. Active config: opid_index: -1 OBSOLETE_local: false peers { permanent_uuid: "40836b482b5b4f75b0159300aa118a51" member_type: VOTER last_known_addr { host: "127.13.133.129" port: 33453 } } peers { permanent_uuid: "3f2e377ec45e4d48abbe40a66d751c18" member_type: VOTER last_known_addr { host: "127.13.133.130" port: 46501 } } peers { permanent_uuid: "20964c2a02d141ea8f014fc26ccfcea7" member_type: VOTER last_known_addr { host: "127.13.133.131" port: 41105 } }
I20260709 13:01:28.004330 15140 raft_consensus.cc:385] T 2eaefd29b1e142bdb54fe6e248734229 P 40836b482b5b4f75b0159300aa118a51 [term 0 FOLLOWER]: Consensus starting up: Expiring failure detector timer to make a prompt election more likely
I20260709 13:01:28.004565 15140 raft_consensus.cc:740] T 2eaefd29b1e142bdb54fe6e248734229 P 40836b482b5b4f75b0159300aa118a51 [term 0 FOLLOWER]: Becoming Follower/Learner. State: Replica: 40836b482b5b4f75b0159300aa118a51, State: Initialized, Role: FOLLOWER
I20260709 13:01:28.005329 15140 consensus_queue.cc:260] T 2eaefd29b1e142bdb54fe6e248734229 P 40836b482b5b4f75b0159300aa118a51 [NON_LEADER]: Queue going to NON_LEADER mode. State: All replicated index: 0, Majority replicated index: 0, Committed index: 0, Last appended: 0.0, Last appended by leader: 0, Current term: 0, Majority size: -1, State: 0, Mode: NON_LEADER, active raft config: opid_index: -1 OBSOLETE_local: false peers { permanent_uuid: "40836b482b5b4f75b0159300aa118a51" member_type: VOTER last_known_addr { host: "127.13.133.129" port: 33453 } } peers { permanent_uuid: "3f2e377ec45e4d48abbe40a66d751c18" member_type: VOTER last_known_addr { host: "127.13.133.130" port: 46501 } } peers { permanent_uuid: "20964c2a02d141ea8f014fc26ccfcea7" member_type: VOTER last_known_addr { host: "127.13.133.131" port: 41105 } }
I20260709 13:01:28.007370 15140 ts_tablet_manager.cc:1434] T 2eaefd29b1e142bdb54fe6e248734229 P 40836b482b5b4f75b0159300aa118a51: Time spent starting tablet: real 0.006s	user 0.005s	sys 0.000s
I20260709 13:01:28.007452 15139 tablet_bootstrap.cc:492] T c796a09aef3d43609683901eb3acce87 P 3f2e377ec45e4d48abbe40a66d751c18: No bootstrap required, opened a new log
I20260709 13:01:28.007922 15139 ts_tablet_manager.cc:1403] T c796a09aef3d43609683901eb3acce87 P 3f2e377ec45e4d48abbe40a66d751c18: Time spent bootstrapping tablet: real 0.020s	user 0.008s	sys 0.006s
I20260709 13:01:28.008219 15140 tablet_bootstrap.cc:492] T fa6306fecf3046a7ad9e98f123c05682 P 40836b482b5b4f75b0159300aa118a51: Bootstrap starting.
I20260709 13:01:28.010360 15139 raft_consensus.cc:359] T c796a09aef3d43609683901eb3acce87 P 3f2e377ec45e4d48abbe40a66d751c18 [term 0 FOLLOWER]: Replica starting. Triggering 0 pending ops. Active config: opid_index: -1 OBSOLETE_local: false peers { permanent_uuid: "40836b482b5b4f75b0159300aa118a51" member_type: VOTER last_known_addr { host: "127.13.133.129" port: 33453 } } peers { permanent_uuid: "3f2e377ec45e4d48abbe40a66d751c18" member_type: VOTER last_known_addr { host: "127.13.133.130" port: 46501 } } peers { permanent_uuid: "20964c2a02d141ea8f014fc26ccfcea7" member_type: VOTER last_known_addr { host: "127.13.133.131" port: 41105 } }
I20260709 13:01:28.011027 15139 raft_consensus.cc:385] T c796a09aef3d43609683901eb3acce87 P 3f2e377ec45e4d48abbe40a66d751c18 [term 0 FOLLOWER]: Consensus starting up: Expiring failure detector timer to make a prompt election more likely
I20260709 13:01:28.011291 15139 raft_consensus.cc:740] T c796a09aef3d43609683901eb3acce87 P 3f2e377ec45e4d48abbe40a66d751c18 [term 0 FOLLOWER]: Becoming Follower/Learner. State: Replica: 3f2e377ec45e4d48abbe40a66d751c18, State: Initialized, Role: FOLLOWER
I20260709 13:01:28.012543 15139 consensus_queue.cc:260] T c796a09aef3d43609683901eb3acce87 P 3f2e377ec45e4d48abbe40a66d751c18 [NON_LEADER]: Queue going to NON_LEADER mode. State: All replicated index: 0, Majority replicated index: 0, Committed index: 0, Last appended: 0.0, Last appended by leader: 0, Current term: 0, Majority size: -1, State: 0, Mode: NON_LEADER, active raft config: opid_index: -1 OBSOLETE_local: false peers { permanent_uuid: "40836b482b5b4f75b0159300aa118a51" member_type: VOTER last_known_addr { host: "127.13.133.129" port: 33453 } } peers { permanent_uuid: "3f2e377ec45e4d48abbe40a66d751c18" member_type: VOTER last_known_addr { host: "127.13.133.130" port: 46501 } } peers { permanent_uuid: "20964c2a02d141ea8f014fc26ccfcea7" member_type: VOTER last_known_addr { host: "127.13.133.131" port: 41105 } }
I20260709 13:01:28.014088 15138 tablet_bootstrap.cc:492] T 854e74a8c4e540dfa5aded148d49ca46 P 20964c2a02d141ea8f014fc26ccfcea7: No bootstrap required, opened a new log
I20260709 13:01:28.014480 15138 ts_tablet_manager.cc:1403] T 854e74a8c4e540dfa5aded148d49ca46 P 20964c2a02d141ea8f014fc26ccfcea7: Time spent bootstrapping tablet: real 0.032s	user 0.014s	sys 0.006s
I20260709 13:01:28.014580 15140 tablet_bootstrap.cc:654] T fa6306fecf3046a7ad9e98f123c05682 P 40836b482b5b4f75b0159300aa118a51: Neither blocks nor log segments found. Creating new log.
I20260709 13:01:28.017309 15138 raft_consensus.cc:359] T 854e74a8c4e540dfa5aded148d49ca46 P 20964c2a02d141ea8f014fc26ccfcea7 [term 0 FOLLOWER]: Replica starting. Triggering 0 pending ops. Active config: opid_index: -1 OBSOLETE_local: false peers { permanent_uuid: "40836b482b5b4f75b0159300aa118a51" member_type: VOTER last_known_addr { host: "127.13.133.129" port: 33453 } } peers { permanent_uuid: "3f2e377ec45e4d48abbe40a66d751c18" member_type: VOTER last_known_addr { host: "127.13.133.130" port: 46501 } } peers { permanent_uuid: "20964c2a02d141ea8f014fc26ccfcea7" member_type: VOTER last_known_addr { host: "127.13.133.131" port: 41105 } }
I20260709 13:01:28.017923 15138 raft_consensus.cc:385] T 854e74a8c4e540dfa5aded148d49ca46 P 20964c2a02d141ea8f014fc26ccfcea7 [term 0 FOLLOWER]: Consensus starting up: Expiring failure detector timer to make a prompt election more likely
I20260709 13:01:28.018170 15138 raft_consensus.cc:740] T 854e74a8c4e540dfa5aded148d49ca46 P 20964c2a02d141ea8f014fc26ccfcea7 [term 0 FOLLOWER]: Becoming Follower/Learner. State: Replica: 20964c2a02d141ea8f014fc26ccfcea7, State: Initialized, Role: FOLLOWER
I20260709 13:01:28.018793 15138 consensus_queue.cc:260] T 854e74a8c4e540dfa5aded148d49ca46 P 20964c2a02d141ea8f014fc26ccfcea7 [NON_LEADER]: Queue going to NON_LEADER mode. State: All replicated index: 0, Majority replicated index: 0, Committed index: 0, Last appended: 0.0, Last appended by leader: 0, Current term: 0, Majority size: -1, State: 0, Mode: NON_LEADER, active raft config: opid_index: -1 OBSOLETE_local: false peers { permanent_uuid: "40836b482b5b4f75b0159300aa118a51" member_type: VOTER last_known_addr { host: "127.13.133.129" port: 33453 } } peers { permanent_uuid: "3f2e377ec45e4d48abbe40a66d751c18" member_type: VOTER last_known_addr { host: "127.13.133.130" port: 46501 } } peers { permanent_uuid: "20964c2a02d141ea8f014fc26ccfcea7" member_type: VOTER last_known_addr { host: "127.13.133.131" port: 41105 } }
I20260709 13:01:28.020339 15139 ts_tablet_manager.cc:1434] T c796a09aef3d43609683901eb3acce87 P 3f2e377ec45e4d48abbe40a66d751c18: Time spent starting tablet: real 0.012s	user 0.006s	sys 0.000s
I20260709 13:01:28.021409 15139 tablet_bootstrap.cc:492] T d6c1414b1140453989a8f550457795e7 P 3f2e377ec45e4d48abbe40a66d751c18: Bootstrap starting.
I20260709 13:01:28.023205 15138 ts_tablet_manager.cc:1434] T 854e74a8c4e540dfa5aded148d49ca46 P 20964c2a02d141ea8f014fc26ccfcea7: Time spent starting tablet: real 0.008s	user 0.003s	sys 0.003s
I20260709 13:01:28.024042 15138 tablet_bootstrap.cc:492] T 01d341850f714ca6be547a82ecba718b P 20964c2a02d141ea8f014fc26ccfcea7: Bootstrap starting.
I20260709 13:01:28.027300 15139 tablet_bootstrap.cc:654] T d6c1414b1140453989a8f550457795e7 P 3f2e377ec45e4d48abbe40a66d751c18: Neither blocks nor log segments found. Creating new log.
I20260709 13:01:28.028891 15188 raft_consensus.cc:493] T c796a09aef3d43609683901eb3acce87 P 3f2e377ec45e4d48abbe40a66d751c18 [term 0 FOLLOWER]: Starting pre-election (no leader contacted us within the election timeout)
I20260709 13:01:28.029263 15138 tablet_bootstrap.cc:654] T 01d341850f714ca6be547a82ecba718b P 20964c2a02d141ea8f014fc26ccfcea7: Neither blocks nor log segments found. Creating new log.
I20260709 13:01:28.029352 15188 raft_consensus.cc:515] T c796a09aef3d43609683901eb3acce87 P 3f2e377ec45e4d48abbe40a66d751c18 [term 0 FOLLOWER]: Starting pre-election with config: opid_index: -1 OBSOLETE_local: false peers { permanent_uuid: "40836b482b5b4f75b0159300aa118a51" member_type: VOTER last_known_addr { host: "127.13.133.129" port: 33453 } } peers { permanent_uuid: "3f2e377ec45e4d48abbe40a66d751c18" member_type: VOTER last_known_addr { host: "127.13.133.130" port: 46501 } } peers { permanent_uuid: "20964c2a02d141ea8f014fc26ccfcea7" member_type: VOTER last_known_addr { host: "127.13.133.131" port: 41105 } }
I20260709 13:01:28.031551 15140 tablet_bootstrap.cc:492] T fa6306fecf3046a7ad9e98f123c05682 P 40836b482b5b4f75b0159300aa118a51: No bootstrap required, opened a new log
I20260709 13:01:28.031477 15188 leader_election.cc:290] T c796a09aef3d43609683901eb3acce87 P 3f2e377ec45e4d48abbe40a66d751c18 [CANDIDATE]: Term 1 pre-election: Requested pre-vote from peers 40836b482b5b4f75b0159300aa118a51 (127.13.133.129:33453), 20964c2a02d141ea8f014fc26ccfcea7 (127.13.133.131:41105)
I20260709 13:01:28.032328 15140 ts_tablet_manager.cc:1403] T fa6306fecf3046a7ad9e98f123c05682 P 40836b482b5b4f75b0159300aa118a51: Time spent bootstrapping tablet: real 0.024s	user 0.019s	sys 0.003s
I20260709 13:01:28.033298 15096 tablet_service.cc:1917] Received RequestConsensusVote() RPC: tablet_id: "c796a09aef3d43609683901eb3acce87" candidate_uuid: "3f2e377ec45e4d48abbe40a66d751c18" candidate_term: 1 candidate_status { last_received { term: 0 index: 0 } } ignore_live_leader: false dest_uuid: "20964c2a02d141ea8f014fc26ccfcea7" is_pre_election: true
I20260709 13:01:28.035111 15140 raft_consensus.cc:359] T fa6306fecf3046a7ad9e98f123c05682 P 40836b482b5b4f75b0159300aa118a51 [term 0 FOLLOWER]: Replica starting. Triggering 0 pending ops. Active config: opid_index: -1 OBSOLETE_local: false peers { permanent_uuid: "40836b482b5b4f75b0159300aa118a51" member_type: VOTER last_known_addr { host: "127.13.133.129" port: 33453 } } peers { permanent_uuid: "3f2e377ec45e4d48abbe40a66d751c18" member_type: VOTER last_known_addr { host: "127.13.133.130" port: 46501 } } peers { permanent_uuid: "20964c2a02d141ea8f014fc26ccfcea7" member_type: VOTER last_known_addr { host: "127.13.133.131" port: 41105 } }
I20260709 13:01:28.035858 15140 raft_consensus.cc:385] T fa6306fecf3046a7ad9e98f123c05682 P 40836b482b5b4f75b0159300aa118a51 [term 0 FOLLOWER]: Consensus starting up: Expiring failure detector timer to make a prompt election more likely
I20260709 13:01:28.036191 15140 raft_consensus.cc:740] T fa6306fecf3046a7ad9e98f123c05682 P 40836b482b5b4f75b0159300aa118a51 [term 0 FOLLOWER]: Becoming Follower/Learner. State: Replica: 40836b482b5b4f75b0159300aa118a51, State: Initialized, Role: FOLLOWER
I20260709 13:01:28.037025 15140 consensus_queue.cc:260] T fa6306fecf3046a7ad9e98f123c05682 P 40836b482b5b4f75b0159300aa118a51 [NON_LEADER]: Queue going to NON_LEADER mode. State: All replicated index: 0, Majority replicated index: 0, Committed index: 0, Last appended: 0.0, Last appended by leader: 0, Current term: 0, Majority size: -1, State: 0, Mode: NON_LEADER, active raft config: opid_index: -1 OBSOLETE_local: false peers { permanent_uuid: "40836b482b5b4f75b0159300aa118a51" member_type: VOTER last_known_addr { host: "127.13.133.129" port: 33453 } } peers { permanent_uuid: "3f2e377ec45e4d48abbe40a66d751c18" member_type: VOTER last_known_addr { host: "127.13.133.130" port: 46501 } } peers { permanent_uuid: "20964c2a02d141ea8f014fc26ccfcea7" member_type: VOTER last_known_addr { host: "127.13.133.131" port: 41105 } }
I20260709 13:01:28.035296 14948 tablet_service.cc:1917] Received RequestConsensusVote() RPC: tablet_id: "c796a09aef3d43609683901eb3acce87" candidate_uuid: "3f2e377ec45e4d48abbe40a66d751c18" candidate_term: 1 candidate_status { last_received { term: 0 index: 0 } } ignore_live_leader: false dest_uuid: "40836b482b5b4f75b0159300aa118a51" is_pre_election: true
I20260709 13:01:28.039088 14948 raft_consensus.cc:2468] T c796a09aef3d43609683901eb3acce87 P 40836b482b5b4f75b0159300aa118a51 [term 0 FOLLOWER]: Leader pre-election vote request: Granting yes vote for candidate 3f2e377ec45e4d48abbe40a66d751c18 in term 0.
I20260709 13:01:28.039481 15140 ts_tablet_manager.cc:1434] T fa6306fecf3046a7ad9e98f123c05682 P 40836b482b5b4f75b0159300aa118a51: Time spent starting tablet: real 0.007s	user 0.006s	sys 0.000s
I20260709 13:01:28.039997 15138 tablet_bootstrap.cc:492] T 01d341850f714ca6be547a82ecba718b P 20964c2a02d141ea8f014fc26ccfcea7: No bootstrap required, opened a new log
I20260709 13:01:28.040282 14989 leader_election.cc:304] T c796a09aef3d43609683901eb3acce87 P 3f2e377ec45e4d48abbe40a66d751c18 [CANDIDATE]: Term 1 pre-election: Election decided. Result: candidate won. Election summary: received 2 responses out of 3 voters: 2 yes votes; 0 no votes. yes voters: 3f2e377ec45e4d48abbe40a66d751c18, 40836b482b5b4f75b0159300aa118a51; no voters: 
I20260709 13:01:28.040505 15140 tablet_bootstrap.cc:492] T 1bb3a5e6e3b04a28b1de6c22a8e5350b P 40836b482b5b4f75b0159300aa118a51: Bootstrap starting.
I20260709 13:01:28.041932 15188 raft_consensus.cc:2804] T c796a09aef3d43609683901eb3acce87 P 3f2e377ec45e4d48abbe40a66d751c18 [term 0 FOLLOWER]: Leader pre-election won for term 1
I20260709 13:01:28.042268 15188 raft_consensus.cc:493] T c796a09aef3d43609683901eb3acce87 P 3f2e377ec45e4d48abbe40a66d751c18 [term 0 FOLLOWER]: Starting leader election (no leader contacted us within the election timeout)
I20260709 13:01:28.042583 15188 raft_consensus.cc:3060] T c796a09aef3d43609683901eb3acce87 P 3f2e377ec45e4d48abbe40a66d751c18 [term 0 FOLLOWER]: Advancing to term 1
W20260709 13:01:28.046875 14988 leader_election.cc:343] T c796a09aef3d43609683901eb3acce87 P 3f2e377ec45e4d48abbe40a66d751c18 [CANDIDATE]: Term 1 pre-election: Tablet error from VoteRequest() call to peer 20964c2a02d141ea8f014fc26ccfcea7 (127.13.133.131:41105): Illegal state: must be running to vote when last-logged opid is not known
I20260709 13:01:28.047236 15203 raft_consensus.cc:493] T d6c1414b1140453989a8f550457795e7 P 40836b482b5b4f75b0159300aa118a51 [term 0 FOLLOWER]: Starting pre-election (no leader contacted us within the election timeout)
I20260709 13:01:28.047744 15203 raft_consensus.cc:515] T d6c1414b1140453989a8f550457795e7 P 40836b482b5b4f75b0159300aa118a51 [term 0 FOLLOWER]: Starting pre-election with config: opid_index: -1 OBSOLETE_local: false peers { permanent_uuid: "40836b482b5b4f75b0159300aa118a51" member_type: VOTER last_known_addr { host: "127.13.133.129" port: 33453 } } peers { permanent_uuid: "3f2e377ec45e4d48abbe40a66d751c18" member_type: VOTER last_known_addr { host: "127.13.133.130" port: 46501 } } peers { permanent_uuid: "20964c2a02d141ea8f014fc26ccfcea7" member_type: VOTER last_known_addr { host: "127.13.133.131" port: 41105 } }
I20260709 13:01:28.049916 15203 leader_election.cc:290] T d6c1414b1140453989a8f550457795e7 P 40836b482b5b4f75b0159300aa118a51 [CANDIDATE]: Term 1 pre-election: Requested pre-vote from peers 3f2e377ec45e4d48abbe40a66d751c18 (127.13.133.130:46501), 20964c2a02d141ea8f014fc26ccfcea7 (127.13.133.131:41105)
I20260709 13:01:28.052080 15023 tablet_service.cc:1917] Received RequestConsensusVote() RPC: tablet_id: "d6c1414b1140453989a8f550457795e7" candidate_uuid: "40836b482b5b4f75b0159300aa118a51" candidate_term: 1 candidate_status { last_received { term: 0 index: 0 } } ignore_live_leader: false dest_uuid: "3f2e377ec45e4d48abbe40a66d751c18" is_pre_election: true
W20260709 13:01:28.053591 14912 leader_election.cc:343] T d6c1414b1140453989a8f550457795e7 P 40836b482b5b4f75b0159300aa118a51 [CANDIDATE]: Term 1 pre-election: Tablet error from VoteRequest() call to peer 3f2e377ec45e4d48abbe40a66d751c18 (127.13.133.130:46501): Illegal state: must be running to vote when last-logged opid is not known
I20260709 13:01:28.040410 15138 ts_tablet_manager.cc:1403] T 01d341850f714ca6be547a82ecba718b P 20964c2a02d141ea8f014fc26ccfcea7: Time spent bootstrapping tablet: real 0.017s	user 0.006s	sys 0.008s
I20260709 13:01:28.055711 15096 tablet_service.cc:1917] Received RequestConsensusVote() RPC: tablet_id: "d6c1414b1140453989a8f550457795e7" candidate_uuid: "40836b482b5b4f75b0159300aa118a51" candidate_term: 1 candidate_status { last_received { term: 0 index: 0 } } ignore_live_leader: false dest_uuid: "20964c2a02d141ea8f014fc26ccfcea7" is_pre_election: true
I20260709 13:01:28.057054 15138 raft_consensus.cc:359] T 01d341850f714ca6be547a82ecba718b P 20964c2a02d141ea8f014fc26ccfcea7 [term 0 FOLLOWER]: Replica starting. Triggering 0 pending ops. Active config: opid_index: -1 OBSOLETE_local: false peers { permanent_uuid: "40836b482b5b4f75b0159300aa118a51" member_type: VOTER last_known_addr { host: "127.13.133.129" port: 33453 } } peers { permanent_uuid: "3f2e377ec45e4d48abbe40a66d751c18" member_type: VOTER last_known_addr { host: "127.13.133.130" port: 46501 } } peers { permanent_uuid: "20964c2a02d141ea8f014fc26ccfcea7" member_type: VOTER last_known_addr { host: "127.13.133.131" port: 41105 } }
I20260709 13:01:28.057677 15138 raft_consensus.cc:385] T 01d341850f714ca6be547a82ecba718b P 20964c2a02d141ea8f014fc26ccfcea7 [term 0 FOLLOWER]: Consensus starting up: Expiring failure detector timer to make a prompt election more likely
I20260709 13:01:28.057915 15138 raft_consensus.cc:740] T 01d341850f714ca6be547a82ecba718b P 20964c2a02d141ea8f014fc26ccfcea7 [term 0 FOLLOWER]: Becoming Follower/Learner. State: Replica: 20964c2a02d141ea8f014fc26ccfcea7, State: Initialized, Role: FOLLOWER
I20260709 13:01:28.058585 15188 raft_consensus.cc:515] T c796a09aef3d43609683901eb3acce87 P 3f2e377ec45e4d48abbe40a66d751c18 [term 1 FOLLOWER]: Starting leader election with config: opid_index: -1 OBSOLETE_local: false peers { permanent_uuid: "40836b482b5b4f75b0159300aa118a51" member_type: VOTER last_known_addr { host: "127.13.133.129" port: 33453 } } peers { permanent_uuid: "3f2e377ec45e4d48abbe40a66d751c18" member_type: VOTER last_known_addr { host: "127.13.133.130" port: 46501 } } peers { permanent_uuid: "20964c2a02d141ea8f014fc26ccfcea7" member_type: VOTER last_known_addr { host: "127.13.133.131" port: 41105 } }
W20260709 13:01:28.059168 14913 leader_election.cc:343] T d6c1414b1140453989a8f550457795e7 P 40836b482b5b4f75b0159300aa118a51 [CANDIDATE]: Term 1 pre-election: Tablet error from VoteRequest() call to peer 20964c2a02d141ea8f014fc26ccfcea7 (127.13.133.131:41105): Illegal state: must be running to vote when last-logged opid is not known
I20260709 13:01:28.059521 14913 leader_election.cc:304] T d6c1414b1140453989a8f550457795e7 P 40836b482b5b4f75b0159300aa118a51 [CANDIDATE]: Term 1 pre-election: Election decided. Result: candidate lost. Election summary: received 3 responses out of 3 voters: 1 yes votes; 2 no votes. yes voters: 40836b482b5b4f75b0159300aa118a51; no voters: 20964c2a02d141ea8f014fc26ccfcea7, 3f2e377ec45e4d48abbe40a66d751c18
I20260709 13:01:28.060384 15203 raft_consensus.cc:2749] T d6c1414b1140453989a8f550457795e7 P 40836b482b5b4f75b0159300aa118a51 [term 0 FOLLOWER]: Leader pre-election lost for term 1. Reason: could not achieve majority
I20260709 13:01:28.061126 15188 leader_election.cc:290] T c796a09aef3d43609683901eb3acce87 P 3f2e377ec45e4d48abbe40a66d751c18 [CANDIDATE]: Term 1 election: Requested vote from peers 40836b482b5b4f75b0159300aa118a51 (127.13.133.129:33453), 20964c2a02d141ea8f014fc26ccfcea7 (127.13.133.131:41105)
I20260709 13:01:28.060092 15138 consensus_queue.cc:260] T 01d341850f714ca6be547a82ecba718b P 20964c2a02d141ea8f014fc26ccfcea7 [NON_LEADER]: Queue going to NON_LEADER mode. State: All replicated index: 0, Majority replicated index: 0, Committed index: 0, Last appended: 0.0, Last appended by leader: 0, Current term: 0, Majority size: -1, State: 0, Mode: NON_LEADER, active raft config: opid_index: -1 OBSOLETE_local: false peers { permanent_uuid: "40836b482b5b4f75b0159300aa118a51" member_type: VOTER last_known_addr { host: "127.13.133.129" port: 33453 } } peers { permanent_uuid: "3f2e377ec45e4d48abbe40a66d751c18" member_type: VOTER last_known_addr { host: "127.13.133.130" port: 46501 } } peers { permanent_uuid: "20964c2a02d141ea8f014fc26ccfcea7" member_type: VOTER last_known_addr { host: "127.13.133.131" port: 41105 } }
I20260709 13:01:28.060954 15192 consensus_queue.cc:1048] T 6d2a5f7e546a49a7a862aad12ab02c15 P 20964c2a02d141ea8f014fc26ccfcea7 [LEADER]: Connected to new peer: Peer: permanent_uuid: "40836b482b5b4f75b0159300aa118a51" member_type: VOTER last_known_addr { host: "127.13.133.129" port: 33453 }, Status: LMP_MISMATCH, Last received: 0.0, Next index: 1, Last known committed idx: 0, Time since last communication: 0.000s
I20260709 13:01:28.061136 15139 tablet_bootstrap.cc:492] T d6c1414b1140453989a8f550457795e7 P 3f2e377ec45e4d48abbe40a66d751c18: No bootstrap required, opened a new log
I20260709 13:01:28.062031 15140 tablet_bootstrap.cc:654] T 1bb3a5e6e3b04a28b1de6c22a8e5350b P 40836b482b5b4f75b0159300aa118a51: Neither blocks nor log segments found. Creating new log.
I20260709 13:01:28.061088 14948 tablet_service.cc:1917] Received RequestConsensusVote() RPC: tablet_id: "c796a09aef3d43609683901eb3acce87" candidate_uuid: "3f2e377ec45e4d48abbe40a66d751c18" candidate_term: 1 candidate_status { last_received { term: 0 index: 0 } } ignore_live_leader: false dest_uuid: "40836b482b5b4f75b0159300aa118a51"
I20260709 13:01:28.062188 15139 ts_tablet_manager.cc:1403] T d6c1414b1140453989a8f550457795e7 P 3f2e377ec45e4d48abbe40a66d751c18: Time spent bootstrapping tablet: real 0.041s	user 0.018s	sys 0.019s
I20260709 13:01:28.062434 14948 raft_consensus.cc:3060] T c796a09aef3d43609683901eb3acce87 P 40836b482b5b4f75b0159300aa118a51 [term 0 FOLLOWER]: Advancing to term 1
I20260709 13:01:28.064148 15138 ts_tablet_manager.cc:1434] T 01d341850f714ca6be547a82ecba718b P 20964c2a02d141ea8f014fc26ccfcea7: Time spent starting tablet: real 0.009s	user 0.005s	sys 0.000s
I20260709 13:01:28.065446 15138 tablet_bootstrap.cc:492] T d6c1414b1140453989a8f550457795e7 P 20964c2a02d141ea8f014fc26ccfcea7: Bootstrap starting.
I20260709 13:01:28.069278 14948 raft_consensus.cc:2468] T c796a09aef3d43609683901eb3acce87 P 40836b482b5b4f75b0159300aa118a51 [term 1 FOLLOWER]: Leader election vote request: Granting yes vote for candidate 3f2e377ec45e4d48abbe40a66d751c18 in term 1.
I20260709 13:01:28.070233 14989 leader_election.cc:304] T c796a09aef3d43609683901eb3acce87 P 3f2e377ec45e4d48abbe40a66d751c18 [CANDIDATE]: Term 1 election: Election decided. Result: candidate won. Election summary: received 2 responses out of 3 voters: 2 yes votes; 0 no votes. yes voters: 3f2e377ec45e4d48abbe40a66d751c18, 40836b482b5b4f75b0159300aa118a51; no voters: 
I20260709 13:01:28.071063 15138 tablet_bootstrap.cc:654] T d6c1414b1140453989a8f550457795e7 P 20964c2a02d141ea8f014fc26ccfcea7: Neither blocks nor log segments found. Creating new log.
I20260709 13:01:28.071096 15188 raft_consensus.cc:2804] T c796a09aef3d43609683901eb3acce87 P 3f2e377ec45e4d48abbe40a66d751c18 [term 1 FOLLOWER]: Leader election won for term 1
I20260709 13:01:28.071707 15188 raft_consensus.cc:697] T c796a09aef3d43609683901eb3acce87 P 3f2e377ec45e4d48abbe40a66d751c18 [term 1 LEADER]: Becoming Leader. State: Replica: 3f2e377ec45e4d48abbe40a66d751c18, State: Running, Role: LEADER
I20260709 13:01:28.072546 15188 consensus_queue.cc:237] T c796a09aef3d43609683901eb3acce87 P 3f2e377ec45e4d48abbe40a66d751c18 [LEADER]: Queue going to LEADER mode. State: All replicated index: 0, Majority replicated index: 0, Committed index: 0, Last appended: 0.0, Last appended by leader: 0, Current term: 1, Majority size: 2, State: 0, Mode: LEADER, active raft config: opid_index: -1 OBSOLETE_local: false peers { permanent_uuid: "40836b482b5b4f75b0159300aa118a51" member_type: VOTER last_known_addr { host: "127.13.133.129" port: 33453 } } peers { permanent_uuid: "3f2e377ec45e4d48abbe40a66d751c18" member_type: VOTER last_known_addr { host: "127.13.133.130" port: 46501 } } peers { permanent_uuid: "20964c2a02d141ea8f014fc26ccfcea7" member_type: VOTER last_known_addr { host: "127.13.133.131" port: 41105 } }
I20260709 13:01:28.062165 15096 tablet_service.cc:1917] Received RequestConsensusVote() RPC: tablet_id: "c796a09aef3d43609683901eb3acce87" candidate_uuid: "3f2e377ec45e4d48abbe40a66d751c18" candidate_term: 1 candidate_status { last_received { term: 0 index: 0 } } ignore_live_leader: false dest_uuid: "20964c2a02d141ea8f014fc26ccfcea7"
W20260709 13:01:28.080058 14988 leader_election.cc:343] T c796a09aef3d43609683901eb3acce87 P 3f2e377ec45e4d48abbe40a66d751c18 [CANDIDATE]: Term 1 election: Tablet error from VoteRequest() call to peer 20964c2a02d141ea8f014fc26ccfcea7 (127.13.133.131:41105): Illegal state: must be running to vote when last-logged opid is not known
I20260709 13:01:28.072539 15139 raft_consensus.cc:359] T d6c1414b1140453989a8f550457795e7 P 3f2e377ec45e4d48abbe40a66d751c18 [term 0 FOLLOWER]: Replica starting. Triggering 0 pending ops. Active config: opid_index: -1 OBSOLETE_local: false peers { permanent_uuid: "40836b482b5b4f75b0159300aa118a51" member_type: VOTER last_known_addr { host: "127.13.133.129" port: 33453 } } peers { permanent_uuid: "3f2e377ec45e4d48abbe40a66d751c18" member_type: VOTER last_known_addr { host: "127.13.133.130" port: 46501 } } peers { permanent_uuid: "20964c2a02d141ea8f014fc26ccfcea7" member_type: VOTER last_known_addr { host: "127.13.133.131" port: 41105 } }
I20260709 13:01:28.081651 15139 raft_consensus.cc:385] T d6c1414b1140453989a8f550457795e7 P 3f2e377ec45e4d48abbe40a66d751c18 [term 0 FOLLOWER]: Consensus starting up: Expiring failure detector timer to make a prompt election more likely
I20260709 13:01:28.081900 15139 raft_consensus.cc:740] T d6c1414b1140453989a8f550457795e7 P 3f2e377ec45e4d48abbe40a66d751c18 [term 0 FOLLOWER]: Becoming Follower/Learner. State: Replica: 3f2e377ec45e4d48abbe40a66d751c18, State: Initialized, Role: FOLLOWER
I20260709 13:01:28.082947 15140 tablet_bootstrap.cc:492] T 1bb3a5e6e3b04a28b1de6c22a8e5350b P 40836b482b5b4f75b0159300aa118a51: No bootstrap required, opened a new log
I20260709 13:01:28.083442 15140 ts_tablet_manager.cc:1403] T 1bb3a5e6e3b04a28b1de6c22a8e5350b P 40836b482b5b4f75b0159300aa118a51: Time spent bootstrapping tablet: real 0.043s	user 0.001s	sys 0.024s
I20260709 13:01:28.082581 15139 consensus_queue.cc:260] T d6c1414b1140453989a8f550457795e7 P 3f2e377ec45e4d48abbe40a66d751c18 [NON_LEADER]: Queue going to NON_LEADER mode. State: All replicated index: 0, Majority replicated index: 0, Committed index: 0, Last appended: 0.0, Last appended by leader: 0, Current term: 0, Majority size: -1, State: 0, Mode: NON_LEADER, active raft config: opid_index: -1 OBSOLETE_local: false peers { permanent_uuid: "40836b482b5b4f75b0159300aa118a51" member_type: VOTER last_known_addr { host: "127.13.133.129" port: 33453 } } peers { permanent_uuid: "3f2e377ec45e4d48abbe40a66d751c18" member_type: VOTER last_known_addr { host: "127.13.133.130" port: 46501 } } peers { permanent_uuid: "20964c2a02d141ea8f014fc26ccfcea7" member_type: VOTER last_known_addr { host: "127.13.133.131" port: 41105 } }
I20260709 13:01:28.085450 15139 ts_tablet_manager.cc:1434] T d6c1414b1140453989a8f550457795e7 P 3f2e377ec45e4d48abbe40a66d751c18: Time spent starting tablet: real 0.023s	user 0.005s	sys 0.000s
I20260709 13:01:28.086272 15139 tablet_bootstrap.cc:492] T 854e74a8c4e540dfa5aded148d49ca46 P 3f2e377ec45e4d48abbe40a66d751c18: Bootstrap starting.
I20260709 13:01:28.086127 15140 raft_consensus.cc:359] T 1bb3a5e6e3b04a28b1de6c22a8e5350b P 40836b482b5b4f75b0159300aa118a51 [term 0 FOLLOWER]: Replica starting. Triggering 0 pending ops. Active config: opid_index: -1 OBSOLETE_local: false peers { permanent_uuid: "40836b482b5b4f75b0159300aa118a51" member_type: VOTER last_known_addr { host: "127.13.133.129" port: 33453 } } peers { permanent_uuid: "3f2e377ec45e4d48abbe40a66d751c18" member_type: VOTER last_known_addr { host: "127.13.133.130" port: 46501 } } peers { permanent_uuid: "20964c2a02d141ea8f014fc26ccfcea7" member_type: VOTER last_known_addr { host: "127.13.133.131" port: 41105 } }
I20260709 13:01:28.086138 14847 catalog_manager.cc:5697] T c796a09aef3d43609683901eb3acce87 P 3f2e377ec45e4d48abbe40a66d751c18 reported cstate change: term changed from 0 to 1, leader changed from <none> to 3f2e377ec45e4d48abbe40a66d751c18 (127.13.133.130). New cstate: current_term: 1 leader_uuid: "3f2e377ec45e4d48abbe40a66d751c18" committed_config { opid_index: -1 OBSOLETE_local: false peers { permanent_uuid: "40836b482b5b4f75b0159300aa118a51" member_type: VOTER last_known_addr { host: "127.13.133.129" port: 33453 } health_report { overall_health: UNKNOWN } } peers { permanent_uuid: "3f2e377ec45e4d48abbe40a66d751c18" member_type: VOTER last_known_addr { host: "127.13.133.130" port: 46501 } health_report { overall_health: HEALTHY } } peers { permanent_uuid: "20964c2a02d141ea8f014fc26ccfcea7" member_type: VOTER last_known_addr { host: "127.13.133.131" port: 41105 } health_report { overall_health: UNKNOWN } } }
I20260709 13:01:28.087195 15140 raft_consensus.cc:385] T 1bb3a5e6e3b04a28b1de6c22a8e5350b P 40836b482b5b4f75b0159300aa118a51 [term 0 FOLLOWER]: Consensus starting up: Expiring failure detector timer to make a prompt election more likely
I20260709 13:01:28.093813 15140 raft_consensus.cc:740] T 1bb3a5e6e3b04a28b1de6c22a8e5350b P 40836b482b5b4f75b0159300aa118a51 [term 0 FOLLOWER]: Becoming Follower/Learner. State: Replica: 40836b482b5b4f75b0159300aa118a51, State: Initialized, Role: FOLLOWER
I20260709 13:01:28.091413 15203 raft_consensus.cc:493] T 2eaefd29b1e142bdb54fe6e248734229 P 40836b482b5b4f75b0159300aa118a51 [term 0 FOLLOWER]: Starting pre-election (no leader contacted us within the election timeout)
I20260709 13:01:28.094455 15140 consensus_queue.cc:260] T 1bb3a5e6e3b04a28b1de6c22a8e5350b P 40836b482b5b4f75b0159300aa118a51 [NON_LEADER]: Queue going to NON_LEADER mode. State: All replicated index: 0, Majority replicated index: 0, Committed index: 0, Last appended: 0.0, Last appended by leader: 0, Current term: 0, Majority size: -1, State: 0, Mode: NON_LEADER, active raft config: opid_index: -1 OBSOLETE_local: false peers { permanent_uuid: "40836b482b5b4f75b0159300aa118a51" member_type: VOTER last_known_addr { host: "127.13.133.129" port: 33453 } } peers { permanent_uuid: "3f2e377ec45e4d48abbe40a66d751c18" member_type: VOTER last_known_addr { host: "127.13.133.130" port: 46501 } } peers { permanent_uuid: "20964c2a02d141ea8f014fc26ccfcea7" member_type: VOTER last_known_addr { host: "127.13.133.131" port: 41105 } }
I20260709 13:01:28.096591 15140 ts_tablet_manager.cc:1434] T 1bb3a5e6e3b04a28b1de6c22a8e5350b P 40836b482b5b4f75b0159300aa118a51: Time spent starting tablet: real 0.013s	user 0.005s	sys 0.000s
I20260709 13:01:28.097386 15140 tablet_bootstrap.cc:492] T 5151a344bdfd48e6902bd0ca7e9f34ba P 40836b482b5b4f75b0159300aa118a51: Bootstrap starting.
I20260709 13:01:28.097630 15144 consensus_queue.cc:1048] T 6d2a5f7e546a49a7a862aad12ab02c15 P 20964c2a02d141ea8f014fc26ccfcea7 [LEADER]: Connected to new peer: Peer: permanent_uuid: "3f2e377ec45e4d48abbe40a66d751c18" member_type: VOTER last_known_addr { host: "127.13.133.130" port: 46501 }, Status: LMP_MISMATCH, Last received: 0.0, Next index: 1, Last known committed idx: 0, Time since last communication: 0.000s
I20260709 13:01:28.102676 15140 tablet_bootstrap.cc:654] T 5151a344bdfd48e6902bd0ca7e9f34ba P 40836b482b5b4f75b0159300aa118a51: Neither blocks nor log segments found. Creating new log.
I20260709 13:01:28.094429 15203 raft_consensus.cc:515] T 2eaefd29b1e142bdb54fe6e248734229 P 40836b482b5b4f75b0159300aa118a51 [term 0 FOLLOWER]: Starting pre-election with config: opid_index: -1 OBSOLETE_local: false peers { permanent_uuid: "40836b482b5b4f75b0159300aa118a51" member_type: VOTER last_known_addr { host: "127.13.133.129" port: 33453 } } peers { permanent_uuid: "3f2e377ec45e4d48abbe40a66d751c18" member_type: VOTER last_known_addr { host: "127.13.133.130" port: 46501 } } peers { permanent_uuid: "20964c2a02d141ea8f014fc26ccfcea7" member_type: VOTER last_known_addr { host: "127.13.133.131" port: 41105 } }
I20260709 13:01:28.106406 15203 leader_election.cc:290] T 2eaefd29b1e142bdb54fe6e248734229 P 40836b482b5b4f75b0159300aa118a51 [CANDIDATE]: Term 1 pre-election: Requested pre-vote from peers 3f2e377ec45e4d48abbe40a66d751c18 (127.13.133.130:46501), 20964c2a02d141ea8f014fc26ccfcea7 (127.13.133.131:41105)
I20260709 13:01:28.091977 15139 tablet_bootstrap.cc:654] T 854e74a8c4e540dfa5aded148d49ca46 P 3f2e377ec45e4d48abbe40a66d751c18: Neither blocks nor log segments found. Creating new log.
I20260709 13:01:28.093564 15138 tablet_bootstrap.cc:492] T d6c1414b1140453989a8f550457795e7 P 20964c2a02d141ea8f014fc26ccfcea7: No bootstrap required, opened a new log
I20260709 13:01:28.109185 15138 ts_tablet_manager.cc:1403] T d6c1414b1140453989a8f550457795e7 P 20964c2a02d141ea8f014fc26ccfcea7: Time spent bootstrapping tablet: real 0.044s	user 0.009s	sys 0.004s
I20260709 13:01:28.111843 15138 raft_consensus.cc:359] T d6c1414b1140453989a8f550457795e7 P 20964c2a02d141ea8f014fc26ccfcea7 [term 0 FOLLOWER]: Replica starting. Triggering 0 pending ops. Active config: opid_index: -1 OBSOLETE_local: false peers { permanent_uuid: "40836b482b5b4f75b0159300aa118a51" member_type: VOTER last_known_addr { host: "127.13.133.129" port: 33453 } } peers { permanent_uuid: "3f2e377ec45e4d48abbe40a66d751c18" member_type: VOTER last_known_addr { host: "127.13.133.130" port: 46501 } } peers { permanent_uuid: "20964c2a02d141ea8f014fc26ccfcea7" member_type: VOTER last_known_addr { host: "127.13.133.131" port: 41105 } }
I20260709 13:01:28.112519 15138 raft_consensus.cc:385] T d6c1414b1140453989a8f550457795e7 P 20964c2a02d141ea8f014fc26ccfcea7 [term 0 FOLLOWER]: Consensus starting up: Expiring failure detector timer to make a prompt election more likely
I20260709 13:01:28.112782 15138 raft_consensus.cc:740] T d6c1414b1140453989a8f550457795e7 P 20964c2a02d141ea8f014fc26ccfcea7 [term 0 FOLLOWER]: Becoming Follower/Learner. State: Replica: 20964c2a02d141ea8f014fc26ccfcea7, State: Initialized, Role: FOLLOWER
I20260709 13:01:28.113163 15024 tablet_service.cc:1917] Received RequestConsensusVote() RPC: tablet_id: "2eaefd29b1e142bdb54fe6e248734229" candidate_uuid: "40836b482b5b4f75b0159300aa118a51" candidate_term: 1 candidate_status { last_received { term: 0 index: 0 } } ignore_live_leader: false dest_uuid: "3f2e377ec45e4d48abbe40a66d751c18" is_pre_election: true
I20260709 13:01:28.113534 15138 consensus_queue.cc:260] T d6c1414b1140453989a8f550457795e7 P 20964c2a02d141ea8f014fc26ccfcea7 [NON_LEADER]: Queue going to NON_LEADER mode. State: All replicated index: 0, Majority replicated index: 0, Committed index: 0, Last appended: 0.0, Last appended by leader: 0, Current term: 0, Majority size: -1, State: 0, Mode: NON_LEADER, active raft config: opid_index: -1 OBSOLETE_local: false peers { permanent_uuid: "40836b482b5b4f75b0159300aa118a51" member_type: VOTER last_known_addr { host: "127.13.133.129" port: 33453 } } peers { permanent_uuid: "3f2e377ec45e4d48abbe40a66d751c18" member_type: VOTER last_known_addr { host: "127.13.133.130" port: 46501 } } peers { permanent_uuid: "20964c2a02d141ea8f014fc26ccfcea7" member_type: VOTER last_known_addr { host: "127.13.133.131" port: 41105 } }
I20260709 13:01:28.114399 15096 tablet_service.cc:1917] Received RequestConsensusVote() RPC: tablet_id: "2eaefd29b1e142bdb54fe6e248734229" candidate_uuid: "40836b482b5b4f75b0159300aa118a51" candidate_term: 1 candidate_status { last_received { term: 0 index: 0 } } ignore_live_leader: false dest_uuid: "20964c2a02d141ea8f014fc26ccfcea7" is_pre_election: true
I20260709 13:01:28.115551 15138 ts_tablet_manager.cc:1434] T d6c1414b1140453989a8f550457795e7 P 20964c2a02d141ea8f014fc26ccfcea7: Time spent starting tablet: real 0.006s	user 0.005s	sys 0.000s
