I20260709 13:01:17.486909  8698 raft_consensus.cc:2804] T e3d5b84b382e4f0caa0dbe8c50c7cfc7 P 2122d8c723e84e3da22f81f7eeb4b1a9 [term 1 FOLLOWER]: Leader election won for term 1
I20260709 13:01:17.487777  8698 raft_consensus.cc:697] T e3d5b84b382e4f0caa0dbe8c50c7cfc7 P 2122d8c723e84e3da22f81f7eeb4b1a9 [term 1 LEADER]: Becoming Leader. State: Replica: 2122d8c723e84e3da22f81f7eeb4b1a9, State: Running, Role: LEADER
I20260709 13:01:17.488617  8698 consensus_queue.cc:237] T e3d5b84b382e4f0caa0dbe8c50c7cfc7 P 2122d8c723e84e3da22f81f7eeb4b1a9 [LEADER]: Queue going to LEADER mode. State: All replicated index: 0, Majority replicated index: 0, Committed index: 0, Last appended: 0.0, Last appended by leader: 0, Current term: 1, Majority size: 2, State: 0, Mode: LEADER, active raft config: opid_index: -1 OBSOLETE_local: false peers { permanent_uuid: "2122d8c723e84e3da22f81f7eeb4b1a9" member_type: VOTER last_known_addr { host: "127.7.28.193" port: 35967 } } peers { permanent_uuid: "d2a645dcec4c479ba4c94d075b1bc98c" member_type: VOTER last_known_addr { host: "127.7.28.194" port: 32851 } } peers { permanent_uuid: "c45599d1dc3b4823b857cf77f276dc7b" member_type: VOTER last_known_addr { host: "127.7.28.195" port: 40791 } }
I20260709 13:01:17.486822  8586 raft_consensus.cc:359] T 278b4d554f0647ff885c963daff7931d P d2a645dcec4c479ba4c94d075b1bc98c [term 0 FOLLOWER]: Replica starting. Triggering 0 pending ops. Active config: opid_index: -1 OBSOLETE_local: false peers { permanent_uuid: "2122d8c723e84e3da22f81f7eeb4b1a9" member_type: VOTER last_known_addr { host: "127.7.28.193" port: 35967 } } peers { permanent_uuid: "d2a645dcec4c479ba4c94d075b1bc98c" member_type: VOTER last_known_addr { host: "127.7.28.194" port: 32851 } } peers { permanent_uuid: "c45599d1dc3b4823b857cf77f276dc7b" member_type: VOTER last_known_addr { host: "127.7.28.195" port: 40791 } }
I20260709 13:01:17.494300  8584 tablet_bootstrap.cc:654] T 89b5930e207e40d28682b42cd831b68a P 2122d8c723e84e3da22f81f7eeb4b1a9: Neither blocks nor log segments found. Creating new log.
I20260709 13:01:17.495589  8586 raft_consensus.cc:385] T 278b4d554f0647ff885c963daff7931d P d2a645dcec4c479ba4c94d075b1bc98c [term 0 FOLLOWER]: Consensus starting up: Expiring failure detector timer to make a prompt election more likely
I20260709 13:01:17.496290  8586 raft_consensus.cc:740] T 278b4d554f0647ff885c963daff7931d P d2a645dcec4c479ba4c94d075b1bc98c [term 0 FOLLOWER]: Becoming Follower/Learner. State: Replica: d2a645dcec4c479ba4c94d075b1bc98c, State: Initialized, Role: FOLLOWER
I20260709 13:01:17.486069  8585 ts_tablet_manager.cc:1434] T e3d5b84b382e4f0caa0dbe8c50c7cfc7 P c45599d1dc3b4823b857cf77f276dc7b: Time spent starting tablet: real 0.035s	user 0.008s	sys 0.000s
I20260709 13:01:17.498957  8585 tablet_bootstrap.cc:492] T 01bec3d6263846f6bc87510cf2213e1e P c45599d1dc3b4823b857cf77f276dc7b: Bootstrap starting.
I20260709 13:01:17.498584  8586 consensus_queue.cc:260] T 278b4d554f0647ff885c963daff7931d P d2a645dcec4c479ba4c94d075b1bc98c [NON_LEADER]: Queue going to NON_LEADER mode. State: All replicated index: 0, Majority replicated index: 0, Committed index: 0, Last appended: 0.0, Last appended by leader: 0, Current term: 0, Majority size: -1, State: 0, Mode: NON_LEADER, active raft config: opid_index: -1 OBSOLETE_local: false peers { permanent_uuid: "2122d8c723e84e3da22f81f7eeb4b1a9" member_type: VOTER last_known_addr { host: "127.7.28.193" port: 35967 } } peers { permanent_uuid: "d2a645dcec4c479ba4c94d075b1bc98c" member_type: VOTER last_known_addr { host: "127.7.28.194" port: 32851 } } peers { permanent_uuid: "c45599d1dc3b4823b857cf77f276dc7b" member_type: VOTER last_known_addr { host: "127.7.28.195" port: 40791 } }
I20260709 13:01:17.501921  8586 ts_tablet_manager.cc:1434] T 278b4d554f0647ff885c963daff7931d P d2a645dcec4c479ba4c94d075b1bc98c: Time spent starting tablet: real 0.020s	user 0.007s	sys 0.001s
I20260709 13:01:17.504812  8586 tablet_bootstrap.cc:492] T 21a9e66431b042b89cf88391ec860de6 P d2a645dcec4c479ba4c94d075b1bc98c: Bootstrap starting.
I20260709 13:01:17.507488  8585 tablet_bootstrap.cc:654] T 01bec3d6263846f6bc87510cf2213e1e P c45599d1dc3b4823b857cf77f276dc7b: Neither blocks nor log segments found. Creating new log.
I20260709 13:01:17.514626  8584 tablet_bootstrap.cc:492] T 89b5930e207e40d28682b42cd831b68a P 2122d8c723e84e3da22f81f7eeb4b1a9: No bootstrap required, opened a new log
I20260709 13:01:17.514760  8695 consensus_queue.cc:1048] T 687c062d8bc14ccabafd4083b9bbf0e7 P c45599d1dc3b4823b857cf77f276dc7b [LEADER]: Connected to new peer: Peer: permanent_uuid: "2122d8c723e84e3da22f81f7eeb4b1a9" member_type: VOTER last_known_addr { host: "127.7.28.193" port: 35967 }, Status: LMP_MISMATCH, Last received: 0.0, Next index: 1, Last known committed idx: 0, Time since last communication: 0.000s
I20260709 13:01:17.515134  8584 ts_tablet_manager.cc:1403] T 89b5930e207e40d28682b42cd831b68a P 2122d8c723e84e3da22f81f7eeb4b1a9: Time spent bootstrapping tablet: real 0.029s	user 0.011s	sys 0.003s
I20260709 13:01:17.517261  8586 tablet_bootstrap.cc:654] T 21a9e66431b042b89cf88391ec860de6 P d2a645dcec4c479ba4c94d075b1bc98c: Neither blocks nor log segments found. Creating new log.
I20260709 13:01:17.519433  8584 raft_consensus.cc:359] T 89b5930e207e40d28682b42cd831b68a P 2122d8c723e84e3da22f81f7eeb4b1a9 [term 0 FOLLOWER]: Replica starting. Triggering 0 pending ops. Active config: opid_index: -1 OBSOLETE_local: false peers { permanent_uuid: "2122d8c723e84e3da22f81f7eeb4b1a9" member_type: VOTER last_known_addr { host: "127.7.28.193" port: 35967 } } peers { permanent_uuid: "d2a645dcec4c479ba4c94d075b1bc98c" member_type: VOTER last_known_addr { host: "127.7.28.194" port: 32851 } } peers { permanent_uuid: "c45599d1dc3b4823b857cf77f276dc7b" member_type: VOTER last_known_addr { host: "127.7.28.195" port: 40791 } }
I20260709 13:01:17.520202  8584 raft_consensus.cc:385] T 89b5930e207e40d28682b42cd831b68a P 2122d8c723e84e3da22f81f7eeb4b1a9 [term 0 FOLLOWER]: Consensus starting up: Expiring failure detector timer to make a prompt election more likely
I20260709 13:01:17.520586  8584 raft_consensus.cc:740] T 89b5930e207e40d28682b42cd831b68a P 2122d8c723e84e3da22f81f7eeb4b1a9 [term 0 FOLLOWER]: Becoming Follower/Learner. State: Replica: 2122d8c723e84e3da22f81f7eeb4b1a9, State: Initialized, Role: FOLLOWER
I20260709 13:01:17.521351  8584 consensus_queue.cc:260] T 89b5930e207e40d28682b42cd831b68a P 2122d8c723e84e3da22f81f7eeb4b1a9 [NON_LEADER]: Queue going to NON_LEADER mode. State: All replicated index: 0, Majority replicated index: 0, Committed index: 0, Last appended: 0.0, Last appended by leader: 0, Current term: 0, Majority size: -1, State: 0, Mode: NON_LEADER, active raft config: opid_index: -1 OBSOLETE_local: false peers { permanent_uuid: "2122d8c723e84e3da22f81f7eeb4b1a9" member_type: VOTER last_known_addr { host: "127.7.28.193" port: 35967 } } peers { permanent_uuid: "d2a645dcec4c479ba4c94d075b1bc98c" member_type: VOTER last_known_addr { host: "127.7.28.194" port: 32851 } } peers { permanent_uuid: "c45599d1dc3b4823b857cf77f276dc7b" member_type: VOTER last_known_addr { host: "127.7.28.195" port: 40791 } }
I20260709 13:01:17.523913  8584 ts_tablet_manager.cc:1434] T 89b5930e207e40d28682b42cd831b68a P 2122d8c723e84e3da22f81f7eeb4b1a9: Time spent starting tablet: real 0.008s	user 0.005s	sys 0.000s
I20260709 13:01:17.524876  8584 tablet_bootstrap.cc:492] T 21a9e66431b042b89cf88391ec860de6 P 2122d8c723e84e3da22f81f7eeb4b1a9: Bootstrap starting.
I20260709 13:01:17.529145  8586 tablet_bootstrap.cc:492] T 21a9e66431b042b89cf88391ec860de6 P d2a645dcec4c479ba4c94d075b1bc98c: No bootstrap required, opened a new log
I20260709 13:01:17.529647  8586 ts_tablet_manager.cc:1403] T 21a9e66431b042b89cf88391ec860de6 P d2a645dcec4c479ba4c94d075b1bc98c: Time spent bootstrapping tablet: real 0.025s	user 0.009s	sys 0.006s
I20260709 13:01:17.530112  8685 consensus_queue.cc:1048] T 687c062d8bc14ccabafd4083b9bbf0e7 P c45599d1dc3b4823b857cf77f276dc7b [LEADER]: Connected to new peer: Peer: permanent_uuid: "d2a645dcec4c479ba4c94d075b1bc98c" member_type: VOTER last_known_addr { host: "127.7.28.194" port: 32851 }, Status: LMP_MISMATCH, Last received: 0.0, Next index: 1, Last known committed idx: 0, Time since last communication: 0.000s
I20260709 13:01:17.531077  8622 raft_consensus.cc:493] T e460bf5e53b8462ebab2155c88820c11 P d2a645dcec4c479ba4c94d075b1bc98c [term 0 FOLLOWER]: Starting pre-election (no leader contacted us within the election timeout)
I20260709 13:01:17.531577  8622 raft_consensus.cc:515] T e460bf5e53b8462ebab2155c88820c11 P d2a645dcec4c479ba4c94d075b1bc98c [term 0 FOLLOWER]: Starting pre-election with config: opid_index: -1 OBSOLETE_local: false peers { permanent_uuid: "2122d8c723e84e3da22f81f7eeb4b1a9" member_type: VOTER last_known_addr { host: "127.7.28.193" port: 35967 } } peers { permanent_uuid: "d2a645dcec4c479ba4c94d075b1bc98c" member_type: VOTER last_known_addr { host: "127.7.28.194" port: 32851 } } peers { permanent_uuid: "c45599d1dc3b4823b857cf77f276dc7b" member_type: VOTER last_known_addr { host: "127.7.28.195" port: 40791 } }
I20260709 13:01:17.532411  8586 raft_consensus.cc:359] T 21a9e66431b042b89cf88391ec860de6 P d2a645dcec4c479ba4c94d075b1bc98c [term 0 FOLLOWER]: Replica starting. Triggering 0 pending ops. Active config: opid_index: -1 OBSOLETE_local: false peers { permanent_uuid: "2122d8c723e84e3da22f81f7eeb4b1a9" member_type: VOTER last_known_addr { host: "127.7.28.193" port: 35967 } } peers { permanent_uuid: "d2a645dcec4c479ba4c94d075b1bc98c" member_type: VOTER last_known_addr { host: "127.7.28.194" port: 32851 } } peers { permanent_uuid: "c45599d1dc3b4823b857cf77f276dc7b" member_type: VOTER last_known_addr { host: "127.7.28.195" port: 40791 } }
I20260709 13:01:17.533128  8586 raft_consensus.cc:385] T 21a9e66431b042b89cf88391ec860de6 P d2a645dcec4c479ba4c94d075b1bc98c [term 0 FOLLOWER]: Consensus starting up: Expiring failure detector timer to make a prompt election more likely
I20260709 13:01:17.533402  8586 raft_consensus.cc:740] T 21a9e66431b042b89cf88391ec860de6 P d2a645dcec4c479ba4c94d075b1bc98c [term 0 FOLLOWER]: Becoming Follower/Learner. State: Replica: d2a645dcec4c479ba4c94d075b1bc98c, State: Initialized, Role: FOLLOWER
I20260709 13:01:17.533718  8622 leader_election.cc:290] T e460bf5e53b8462ebab2155c88820c11 P d2a645dcec4c479ba4c94d075b1bc98c [CANDIDATE]: Term 1 pre-election: Requested pre-vote from peers 2122d8c723e84e3da22f81f7eeb4b1a9 (127.7.28.193:35967), c45599d1dc3b4823b857cf77f276dc7b (127.7.28.195:40791)
I20260709 13:01:17.534087  8586 consensus_queue.cc:260] T 21a9e66431b042b89cf88391ec860de6 P d2a645dcec4c479ba4c94d075b1bc98c [NON_LEADER]: Queue going to NON_LEADER mode. State: All replicated index: 0, Majority replicated index: 0, Committed index: 0, Last appended: 0.0, Last appended by leader: 0, Current term: 0, Majority size: -1, State: 0, Mode: NON_LEADER, active raft config: opid_index: -1 OBSOLETE_local: false peers { permanent_uuid: "2122d8c723e84e3da22f81f7eeb4b1a9" member_type: VOTER last_known_addr { host: "127.7.28.193" port: 35967 } } peers { permanent_uuid: "d2a645dcec4c479ba4c94d075b1bc98c" member_type: VOTER last_known_addr { host: "127.7.28.194" port: 32851 } } peers { permanent_uuid: "c45599d1dc3b4823b857cf77f276dc7b" member_type: VOTER last_known_addr { host: "127.7.28.195" port: 40791 } }
I20260709 13:01:17.535246  8394 tablet_service.cc:1917] Received RequestConsensusVote() RPC: tablet_id: "e460bf5e53b8462ebab2155c88820c11" candidate_uuid: "d2a645dcec4c479ba4c94d075b1bc98c" candidate_term: 1 candidate_status { last_received { term: 0 index: 0 } } ignore_live_leader: false dest_uuid: "2122d8c723e84e3da22f81f7eeb4b1a9" is_pre_election: true
I20260709 13:01:17.535702  8541 tablet_service.cc:1917] Received RequestConsensusVote() RPC: tablet_id: "e460bf5e53b8462ebab2155c88820c11" candidate_uuid: "d2a645dcec4c479ba4c94d075b1bc98c" candidate_term: 1 candidate_status { last_received { term: 0 index: 0 } } ignore_live_leader: false dest_uuid: "c45599d1dc3b4823b857cf77f276dc7b" is_pre_election: true
I20260709 13:01:17.536020  8394 raft_consensus.cc:2468] T e460bf5e53b8462ebab2155c88820c11 P 2122d8c723e84e3da22f81f7eeb4b1a9 [term 0 FOLLOWER]: Leader pre-election vote request: Granting yes vote for candidate d2a645dcec4c479ba4c94d075b1bc98c in term 0.
I20260709 13:01:17.537632  8584 tablet_bootstrap.cc:654] T 21a9e66431b042b89cf88391ec860de6 P 2122d8c723e84e3da22f81f7eeb4b1a9: Neither blocks nor log segments found. Creating new log.
I20260709 13:01:17.539127  8433 leader_election.cc:304] T e460bf5e53b8462ebab2155c88820c11 P d2a645dcec4c479ba4c94d075b1bc98c [CANDIDATE]: Term 1 pre-election: Election decided. Result: candidate won. Election summary: received 2 responses out of 3 voters: 2 yes votes; 0 no votes. yes voters: 2122d8c723e84e3da22f81f7eeb4b1a9, d2a645dcec4c479ba4c94d075b1bc98c; no voters: 
W20260709 13:01:17.540176  8433 leader_election.cc:343] T e460bf5e53b8462ebab2155c88820c11 P d2a645dcec4c479ba4c94d075b1bc98c [CANDIDATE]: Term 1 pre-election: Tablet error from VoteRequest() call to peer c45599d1dc3b4823b857cf77f276dc7b (127.7.28.195:40791): Illegal state: must be running to vote when last-logged opid is not known
I20260709 13:01:17.540625  8586 ts_tablet_manager.cc:1434] T 21a9e66431b042b89cf88391ec860de6 P d2a645dcec4c479ba4c94d075b1bc98c: Time spent starting tablet: real 0.011s	user 0.005s	sys 0.000s
I20260709 13:01:17.541658  8586 tablet_bootstrap.cc:492] T a8ce611680844f5b9bbe7f4813048f1b P d2a645dcec4c479ba4c94d075b1bc98c: Bootstrap starting.
I20260709 13:01:17.541779  8649 raft_consensus.cc:2804] T e460bf5e53b8462ebab2155c88820c11 P d2a645dcec4c479ba4c94d075b1bc98c [term 0 FOLLOWER]: Leader pre-election won for term 1
I20260709 13:01:17.542389  8649 raft_consensus.cc:493] T e460bf5e53b8462ebab2155c88820c11 P d2a645dcec4c479ba4c94d075b1bc98c [term 0 FOLLOWER]: Starting leader election (no leader contacted us within the election timeout)
I20260709 13:01:17.542883  8649 raft_consensus.cc:3060] T e460bf5e53b8462ebab2155c88820c11 P d2a645dcec4c479ba4c94d075b1bc98c [term 0 FOLLOWER]: Advancing to term 1
I20260709 13:01:17.549189  8586 tablet_bootstrap.cc:654] T a8ce611680844f5b9bbe7f4813048f1b P d2a645dcec4c479ba4c94d075b1bc98c: Neither blocks nor log segments found. Creating new log.
I20260709 13:01:17.555802  8585 tablet_bootstrap.cc:492] T 01bec3d6263846f6bc87510cf2213e1e P c45599d1dc3b4823b857cf77f276dc7b: No bootstrap required, opened a new log
I20260709 13:01:17.555635  8649 raft_consensus.cc:515] T e460bf5e53b8462ebab2155c88820c11 P d2a645dcec4c479ba4c94d075b1bc98c [term 1 FOLLOWER]: Starting leader election with config: opid_index: -1 OBSOLETE_local: false peers { permanent_uuid: "2122d8c723e84e3da22f81f7eeb4b1a9" member_type: VOTER last_known_addr { host: "127.7.28.193" port: 35967 } } peers { permanent_uuid: "d2a645dcec4c479ba4c94d075b1bc98c" member_type: VOTER last_known_addr { host: "127.7.28.194" port: 32851 } } peers { permanent_uuid: "c45599d1dc3b4823b857cf77f276dc7b" member_type: VOTER last_known_addr { host: "127.7.28.195" port: 40791 } }
I20260709 13:01:17.556282  8585 ts_tablet_manager.cc:1403] T 01bec3d6263846f6bc87510cf2213e1e P c45599d1dc3b4823b857cf77f276dc7b: Time spent bootstrapping tablet: real 0.058s	user 0.013s	sys 0.000s
I20260709 13:01:17.557441  8649 leader_election.cc:290] T e460bf5e53b8462ebab2155c88820c11 P d2a645dcec4c479ba4c94d075b1bc98c [CANDIDATE]: Term 1 election: Requested vote from peers 2122d8c723e84e3da22f81f7eeb4b1a9 (127.7.28.193:35967), c45599d1dc3b4823b857cf77f276dc7b (127.7.28.195:40791)
I20260709 13:01:17.558625  8541 tablet_service.cc:1917] Received RequestConsensusVote() RPC: tablet_id: "e460bf5e53b8462ebab2155c88820c11" candidate_uuid: "d2a645dcec4c479ba4c94d075b1bc98c" candidate_term: 1 candidate_status { last_received { term: 0 index: 0 } } ignore_live_leader: false dest_uuid: "c45599d1dc3b4823b857cf77f276dc7b"
I20260709 13:01:17.559026  8585 raft_consensus.cc:359] T 01bec3d6263846f6bc87510cf2213e1e P c45599d1dc3b4823b857cf77f276dc7b [term 0 FOLLOWER]: Replica starting. Triggering 0 pending ops. Active config: opid_index: -1 OBSOLETE_local: false peers { permanent_uuid: "2122d8c723e84e3da22f81f7eeb4b1a9" member_type: VOTER last_known_addr { host: "127.7.28.193" port: 35967 } } peers { permanent_uuid: "d2a645dcec4c479ba4c94d075b1bc98c" member_type: VOTER last_known_addr { host: "127.7.28.194" port: 32851 } } peers { permanent_uuid: "c45599d1dc3b4823b857cf77f276dc7b" member_type: VOTER last_known_addr { host: "127.7.28.195" port: 40791 } }
I20260709 13:01:17.559823  8585 raft_consensus.cc:385] T 01bec3d6263846f6bc87510cf2213e1e P c45599d1dc3b4823b857cf77f276dc7b [term 0 FOLLOWER]: Consensus starting up: Expiring failure detector timer to make a prompt election more likely
I20260709 13:01:17.560231  8585 raft_consensus.cc:740] T 01bec3d6263846f6bc87510cf2213e1e P c45599d1dc3b4823b857cf77f276dc7b [term 0 FOLLOWER]: Becoming Follower/Learner. State: Replica: c45599d1dc3b4823b857cf77f276dc7b, State: Initialized, Role: FOLLOWER
W20260709 13:01:17.560418  8433 leader_election.cc:343] T e460bf5e53b8462ebab2155c88820c11 P d2a645dcec4c479ba4c94d075b1bc98c [CANDIDATE]: Term 1 election: Tablet error from VoteRequest() call to peer c45599d1dc3b4823b857cf77f276dc7b (127.7.28.195:40791): Illegal state: must be running to vote when last-logged opid is not known
I20260709 13:01:17.561214  8585 consensus_queue.cc:260] T 01bec3d6263846f6bc87510cf2213e1e P c45599d1dc3b4823b857cf77f276dc7b [NON_LEADER]: Queue going to NON_LEADER mode. State: All replicated index: 0, Majority replicated index: 0, Committed index: 0, Last appended: 0.0, Last appended by leader: 0, Current term: 0, Majority size: -1, State: 0, Mode: NON_LEADER, active raft config: opid_index: -1 OBSOLETE_local: false peers { permanent_uuid: "2122d8c723e84e3da22f81f7eeb4b1a9" member_type: VOTER last_known_addr { host: "127.7.28.193" port: 35967 } } peers { permanent_uuid: "d2a645dcec4c479ba4c94d075b1bc98c" member_type: VOTER last_known_addr { host: "127.7.28.194" port: 32851 } } peers { permanent_uuid: "c45599d1dc3b4823b857cf77f276dc7b" member_type: VOTER last_known_addr { host: "127.7.28.195" port: 40791 } }
I20260709 13:01:17.563014  8584 tablet_bootstrap.cc:492] T 21a9e66431b042b89cf88391ec860de6 P 2122d8c723e84e3da22f81f7eeb4b1a9: No bootstrap required, opened a new log
I20260709 13:01:17.564862  8584 ts_tablet_manager.cc:1403] T 21a9e66431b042b89cf88391ec860de6 P 2122d8c723e84e3da22f81f7eeb4b1a9: Time spent bootstrapping tablet: real 0.040s	user 0.018s	sys 0.000s
I20260709 13:01:17.567839  8584 raft_consensus.cc:359] T 21a9e66431b042b89cf88391ec860de6 P 2122d8c723e84e3da22f81f7eeb4b1a9 [term 0 FOLLOWER]: Replica starting. Triggering 0 pending ops. Active config: opid_index: -1 OBSOLETE_local: false peers { permanent_uuid: "2122d8c723e84e3da22f81f7eeb4b1a9" member_type: VOTER last_known_addr { host: "127.7.28.193" port: 35967 } } peers { permanent_uuid: "d2a645dcec4c479ba4c94d075b1bc98c" member_type: VOTER last_known_addr { host: "127.7.28.194" port: 32851 } } peers { permanent_uuid: "c45599d1dc3b4823b857cf77f276dc7b" member_type: VOTER last_known_addr { host: "127.7.28.195" port: 40791 } }
I20260709 13:01:17.568696  8584 raft_consensus.cc:385] T 21a9e66431b042b89cf88391ec860de6 P 2122d8c723e84e3da22f81f7eeb4b1a9 [term 0 FOLLOWER]: Consensus starting up: Expiring failure detector timer to make a prompt election more likely
I20260709 13:01:17.558991  8392 tablet_service.cc:1917] Received RequestConsensusVote() RPC: tablet_id: "e460bf5e53b8462ebab2155c88820c11" candidate_uuid: "d2a645dcec4c479ba4c94d075b1bc98c" candidate_term: 1 candidate_status { last_received { term: 0 index: 0 } } ignore_live_leader: false dest_uuid: "2122d8c723e84e3da22f81f7eeb4b1a9"
I20260709 13:01:17.570900  8392 raft_consensus.cc:3060] T e460bf5e53b8462ebab2155c88820c11 P 2122d8c723e84e3da22f81f7eeb4b1a9 [term 0 FOLLOWER]: Advancing to term 1
I20260709 13:01:17.563704  8585 ts_tablet_manager.cc:1434] T 01bec3d6263846f6bc87510cf2213e1e P c45599d1dc3b4823b857cf77f276dc7b: Time spent starting tablet: real 0.007s	user 0.007s	sys 0.000s
I20260709 13:01:17.575486  8586 tablet_bootstrap.cc:492] T a8ce611680844f5b9bbe7f4813048f1b P d2a645dcec4c479ba4c94d075b1bc98c: No bootstrap required, opened a new log
I20260709 13:01:17.575968  8586 ts_tablet_manager.cc:1403] T a8ce611680844f5b9bbe7f4813048f1b P d2a645dcec4c479ba4c94d075b1bc98c: Time spent bootstrapping tablet: real 0.035s	user 0.014s	sys 0.003s
I20260709 13:01:17.578598  8585 tablet_bootstrap.cc:492] T 278b4d554f0647ff885c963daff7931d P c45599d1dc3b4823b857cf77f276dc7b: Bootstrap starting.
I20260709 13:01:17.578327  8586 raft_consensus.cc:359] T a8ce611680844f5b9bbe7f4813048f1b P d2a645dcec4c479ba4c94d075b1bc98c [term 0 FOLLOWER]: Replica starting. Triggering 0 pending ops. Active config: opid_index: -1 OBSOLETE_local: false peers { permanent_uuid: "2122d8c723e84e3da22f81f7eeb4b1a9" member_type: VOTER last_known_addr { host: "127.7.28.193" port: 35967 } } peers { permanent_uuid: "d2a645dcec4c479ba4c94d075b1bc98c" member_type: VOTER last_known_addr { host: "127.7.28.194" port: 32851 } } peers { permanent_uuid: "c45599d1dc3b4823b857cf77f276dc7b" member_type: VOTER last_known_addr { host: "127.7.28.195" port: 40791 } }
I20260709 13:01:17.579032  8586 raft_consensus.cc:385] T a8ce611680844f5b9bbe7f4813048f1b P d2a645dcec4c479ba4c94d075b1bc98c [term 0 FOLLOWER]: Consensus starting up: Expiring failure detector timer to make a prompt election more likely
I20260709 13:01:17.579329  8586 raft_consensus.cc:740] T a8ce611680844f5b9bbe7f4813048f1b P d2a645dcec4c479ba4c94d075b1bc98c [term 0 FOLLOWER]: Becoming Follower/Learner. State: Replica: d2a645dcec4c479ba4c94d075b1bc98c, State: Initialized, Role: FOLLOWER
I20260709 13:01:17.580216  8586 consensus_queue.cc:260] T a8ce611680844f5b9bbe7f4813048f1b P d2a645dcec4c479ba4c94d075b1bc98c [NON_LEADER]: Queue going to NON_LEADER mode. State: All replicated index: 0, Majority replicated index: 0, Committed index: 0, Last appended: 0.0, Last appended by leader: 0, Current term: 0, Majority size: -1, State: 0, Mode: NON_LEADER, active raft config: opid_index: -1 OBSOLETE_local: false peers { permanent_uuid: "2122d8c723e84e3da22f81f7eeb4b1a9" member_type: VOTER last_known_addr { host: "127.7.28.193" port: 35967 } } peers { permanent_uuid: "d2a645dcec4c479ba4c94d075b1bc98c" member_type: VOTER last_known_addr { host: "127.7.28.194" port: 32851 } } peers { permanent_uuid: "c45599d1dc3b4823b857cf77f276dc7b" member_type: VOTER last_known_addr { host: "127.7.28.195" port: 40791 } }
I20260709 13:01:17.570248  8584 raft_consensus.cc:740] T 21a9e66431b042b89cf88391ec860de6 P 2122d8c723e84e3da22f81f7eeb4b1a9 [term 0 FOLLOWER]: Becoming Follower/Learner. State: Replica: 2122d8c723e84e3da22f81f7eeb4b1a9, State: Initialized, Role: FOLLOWER
I20260709 13:01:17.584060  8586 ts_tablet_manager.cc:1434] T a8ce611680844f5b9bbe7f4813048f1b P d2a645dcec4c479ba4c94d075b1bc98c: Time spent starting tablet: real 0.008s	user 0.006s	sys 0.001s
I20260709 13:01:17.585091  8586 tablet_bootstrap.cc:492] T 58f1670d75c14f7588691908d7b2f1cf P d2a645dcec4c479ba4c94d075b1bc98c: Bootstrap starting.
I20260709 13:01:17.584738  8584 consensus_queue.cc:260] T 21a9e66431b042b89cf88391ec860de6 P 2122d8c723e84e3da22f81f7eeb4b1a9 [NON_LEADER]: Queue going to NON_LEADER mode. State: All replicated index: 0, Majority replicated index: 0, Committed index: 0, Last appended: 0.0, Last appended by leader: 0, Current term: 0, Majority size: -1, State: 0, Mode: NON_LEADER, active raft config: opid_index: -1 OBSOLETE_local: false peers { permanent_uuid: "2122d8c723e84e3da22f81f7eeb4b1a9" member_type: VOTER last_known_addr { host: "127.7.28.193" port: 35967 } } peers { permanent_uuid: "d2a645dcec4c479ba4c94d075b1bc98c" member_type: VOTER last_known_addr { host: "127.7.28.194" port: 32851 } } peers { permanent_uuid: "c45599d1dc3b4823b857cf77f276dc7b" member_type: VOTER last_known_addr { host: "127.7.28.195" port: 40791 } }
I20260709 13:01:17.588502  8584 ts_tablet_manager.cc:1434] T 21a9e66431b042b89cf88391ec860de6 P 2122d8c723e84e3da22f81f7eeb4b1a9: Time spent starting tablet: real 0.023s	user 0.007s	sys 0.000s
I20260709 13:01:17.589514  8584 tablet_bootstrap.cc:492] T 278b4d554f0647ff885c963daff7931d P 2122d8c723e84e3da22f81f7eeb4b1a9: Bootstrap starting.
I20260709 13:01:17.591894  8586 tablet_bootstrap.cc:654] T 58f1670d75c14f7588691908d7b2f1cf P d2a645dcec4c479ba4c94d075b1bc98c: Neither blocks nor log segments found. Creating new log.
I20260709 13:01:17.595934  8585 tablet_bootstrap.cc:654] T 278b4d554f0647ff885c963daff7931d P c45599d1dc3b4823b857cf77f276dc7b: Neither blocks nor log segments found. Creating new log.
I20260709 13:01:17.598628  8590 raft_consensus.cc:493] T 89b5930e207e40d28682b42cd831b68a P 2122d8c723e84e3da22f81f7eeb4b1a9 [term 0 FOLLOWER]: Starting pre-election (no leader contacted us within the election timeout)
I20260709 13:01:17.599176  8590 raft_consensus.cc:515] T 89b5930e207e40d28682b42cd831b68a P 2122d8c723e84e3da22f81f7eeb4b1a9 [term 0 FOLLOWER]: Starting pre-election with config: opid_index: -1 OBSOLETE_local: false peers { permanent_uuid: "2122d8c723e84e3da22f81f7eeb4b1a9" member_type: VOTER last_known_addr { host: "127.7.28.193" port: 35967 } } peers { permanent_uuid: "d2a645dcec4c479ba4c94d075b1bc98c" member_type: VOTER last_known_addr { host: "127.7.28.194" port: 32851 } } peers { permanent_uuid: "c45599d1dc3b4823b857cf77f276dc7b" member_type: VOTER last_known_addr { host: "127.7.28.195" port: 40791 } }
I20260709 13:01:17.600315  8392 raft_consensus.cc:2468] T e460bf5e53b8462ebab2155c88820c11 P 2122d8c723e84e3da22f81f7eeb4b1a9 [term 1 FOLLOWER]: Leader election vote request: Granting yes vote for candidate d2a645dcec4c479ba4c94d075b1bc98c in term 1.
I20260709 13:01:17.602661  8584 tablet_bootstrap.cc:654] T 278b4d554f0647ff885c963daff7931d P 2122d8c723e84e3da22f81f7eeb4b1a9: Neither blocks nor log segments found. Creating new log.
I20260709 13:01:17.602588  8433 leader_election.cc:304] T e460bf5e53b8462ebab2155c88820c11 P d2a645dcec4c479ba4c94d075b1bc98c [CANDIDATE]: Term 1 election: Election decided. Result: candidate won. Election summary: received 3 responses out of 3 voters: 2 yes votes; 1 no votes. yes voters: 2122d8c723e84e3da22f81f7eeb4b1a9, d2a645dcec4c479ba4c94d075b1bc98c; no voters: c45599d1dc3b4823b857cf77f276dc7b
I20260709 13:01:17.603150  8541 tablet_service.cc:1917] Received RequestConsensusVote() RPC: tablet_id: "89b5930e207e40d28682b42cd831b68a" candidate_uuid: "2122d8c723e84e3da22f81f7eeb4b1a9" candidate_term: 1 candidate_status { last_received { term: 0 index: 0 } } ignore_live_leader: false dest_uuid: "c45599d1dc3b4823b857cf77f276dc7b" is_pre_election: true
I20260709 13:01:17.603847  8649 raft_consensus.cc:2804] T e460bf5e53b8462ebab2155c88820c11 P d2a645dcec4c479ba4c94d075b1bc98c [term 1 FOLLOWER]: Leader election won for term 1
I20260709 13:01:17.604029  8541 raft_consensus.cc:2393] T 89b5930e207e40d28682b42cd831b68a P c45599d1dc3b4823b857cf77f276dc7b [term 1 FOLLOWER]: Leader pre-election vote request: Denying vote to candidate 2122d8c723e84e3da22f81f7eeb4b1a9 in current term 1: Already voted for candidate d2a645dcec4c479ba4c94d075b1bc98c in this term.
I20260709 13:01:17.604651  8649 raft_consensus.cc:697] T e460bf5e53b8462ebab2155c88820c11 P d2a645dcec4c479ba4c94d075b1bc98c [term 1 LEADER]: Becoming Leader. State: Replica: d2a645dcec4c479ba4c94d075b1bc98c, State: Running, Role: LEADER
I20260709 13:01:17.605440  8585 tablet_bootstrap.cc:492] T 278b4d554f0647ff885c963daff7931d P c45599d1dc3b4823b857cf77f276dc7b: No bootstrap required, opened a new log
I20260709 13:01:17.606182  8585 ts_tablet_manager.cc:1403] T 278b4d554f0647ff885c963daff7931d P c45599d1dc3b4823b857cf77f276dc7b: Time spent bootstrapping tablet: real 0.028s	user 0.009s	sys 0.003s
I20260709 13:01:17.605647  8649 consensus_queue.cc:237] T e460bf5e53b8462ebab2155c88820c11 P d2a645dcec4c479ba4c94d075b1bc98c [LEADER]: Queue going to LEADER mode. State: All replicated index: 0, Majority replicated index: 0, Committed index: 0, Last appended: 0.0, Last appended by leader: 0, Current term: 1, Majority size: 2, State: 0, Mode: LEADER, active raft config: opid_index: -1 OBSOLETE_local: false peers { permanent_uuid: "2122d8c723e84e3da22f81f7eeb4b1a9" member_type: VOTER last_known_addr { host: "127.7.28.193" port: 35967 } } peers { permanent_uuid: "d2a645dcec4c479ba4c94d075b1bc98c" member_type: VOTER last_known_addr { host: "127.7.28.194" port: 32851 } } peers { permanent_uuid: "c45599d1dc3b4823b857cf77f276dc7b" member_type: VOTER last_known_addr { host: "127.7.28.195" port: 40791 } }
I20260709 13:01:17.601565  8590 leader_election.cc:290] T 89b5930e207e40d28682b42cd831b68a P 2122d8c723e84e3da22f81f7eeb4b1a9 [CANDIDATE]: Term 1 pre-election: Requested pre-vote from peers d2a645dcec4c479ba4c94d075b1bc98c (127.7.28.194:32851), c45599d1dc3b4823b857cf77f276dc7b (127.7.28.195:40791)
I20260709 13:01:17.610142  8585 raft_consensus.cc:359] T 278b4d554f0647ff885c963daff7931d P c45599d1dc3b4823b857cf77f276dc7b [term 0 FOLLOWER]: Replica starting. Triggering 0 pending ops. Active config: opid_index: -1 OBSOLETE_local: false peers { permanent_uuid: "2122d8c723e84e3da22f81f7eeb4b1a9" member_type: VOTER last_known_addr { host: "127.7.28.193" port: 35967 } } peers { permanent_uuid: "d2a645dcec4c479ba4c94d075b1bc98c" member_type: VOTER last_known_addr { host: "127.7.28.194" port: 32851 } } peers { permanent_uuid: "c45599d1dc3b4823b857cf77f276dc7b" member_type: VOTER last_known_addr { host: "127.7.28.195" port: 40791 } }
I20260709 13:01:17.611147  8585 raft_consensus.cc:385] T 278b4d554f0647ff885c963daff7931d P c45599d1dc3b4823b857cf77f276dc7b [term 0 FOLLOWER]: Consensus starting up: Expiring failure detector timer to make a prompt election more likely
I20260709 13:01:17.613068  8666 raft_consensus.cc:493] T e3d5b84b382e4f0caa0dbe8c50c7cfc7 P c45599d1dc3b4823b857cf77f276dc7b [term 0 FOLLOWER]: Starting pre-election (no leader contacted us within the election timeout)
I20260709 13:01:17.613145  8585 raft_consensus.cc:740] T 278b4d554f0647ff885c963daff7931d P c45599d1dc3b4823b857cf77f276dc7b [term 0 FOLLOWER]: Becoming Follower/Learner. State: Replica: c45599d1dc3b4823b857cf77f276dc7b, State: Initialized, Role: FOLLOWER
I20260709 13:01:17.611678  8469 tablet_service.cc:1917] Received RequestConsensusVote() RPC: tablet_id: "89b5930e207e40d28682b42cd831b68a" candidate_uuid: "2122d8c723e84e3da22f81f7eeb4b1a9" candidate_term: 1 candidate_status { last_received { term: 0 index: 0 } } ignore_live_leader: false dest_uuid: "d2a645dcec4c479ba4c94d075b1bc98c" is_pre_election: true
I20260709 13:01:17.613682  8666 raft_consensus.cc:515] T e3d5b84b382e4f0caa0dbe8c50c7cfc7 P c45599d1dc3b4823b857cf77f276dc7b [term 0 FOLLOWER]: Starting pre-election with config: opid_index: -1 OBSOLETE_local: false peers { permanent_uuid: "2122d8c723e84e3da22f81f7eeb4b1a9" member_type: VOTER last_known_addr { host: "127.7.28.193" port: 35967 } } peers { permanent_uuid: "d2a645dcec4c479ba4c94d075b1bc98c" member_type: VOTER last_known_addr { host: "127.7.28.194" port: 32851 } } peers { permanent_uuid: "c45599d1dc3b4823b857cf77f276dc7b" member_type: VOTER last_known_addr { host: "127.7.28.195" port: 40791 } }
I20260709 13:01:17.614344  8585 consensus_queue.cc:260] T 278b4d554f0647ff885c963daff7931d P c45599d1dc3b4823b857cf77f276dc7b [NON_LEADER]: Queue going to NON_LEADER mode. State: All replicated index: 0, Majority replicated index: 0, Committed index: 0, Last appended: 0.0, Last appended by leader: 0, Current term: 0, Majority size: -1, State: 0, Mode: NON_LEADER, active raft config: opid_index: -1 OBSOLETE_local: false peers { permanent_uuid: "2122d8c723e84e3da22f81f7eeb4b1a9" member_type: VOTER last_known_addr { host: "127.7.28.193" port: 35967 } } peers { permanent_uuid: "d2a645dcec4c479ba4c94d075b1bc98c" member_type: VOTER last_known_addr { host: "127.7.28.194" port: 32851 } } peers { permanent_uuid: "c45599d1dc3b4823b857cf77f276dc7b" member_type: VOTER last_known_addr { host: "127.7.28.195" port: 40791 } }
I20260709 13:01:17.616544  8359 leader_election.cc:304] T 89b5930e207e40d28682b42cd831b68a P 2122d8c723e84e3da22f81f7eeb4b1a9 [CANDIDATE]: Term 1 pre-election: Election decided. Result: candidate lost. Election summary: received 3 responses out of 3 voters: 1 yes votes; 2 no votes. yes voters: 2122d8c723e84e3da22f81f7eeb4b1a9; no voters: c45599d1dc3b4823b857cf77f276dc7b, d2a645dcec4c479ba4c94d075b1bc98c
I20260709 13:01:17.617764  8666 leader_election.cc:290] T e3d5b84b382e4f0caa0dbe8c50c7cfc7 P c45599d1dc3b4823b857cf77f276dc7b [CANDIDATE]: Term 1 pre-election: Requested pre-vote from peers 2122d8c723e84e3da22f81f7eeb4b1a9 (127.7.28.193:35967), d2a645dcec4c479ba4c94d075b1bc98c (127.7.28.194:32851)
I20260709 13:01:17.618476  8469 tablet_service.cc:1917] Received RequestConsensusVote() RPC: tablet_id: "e3d5b84b382e4f0caa0dbe8c50c7cfc7" candidate_uuid: "c45599d1dc3b4823b857cf77f276dc7b" candidate_term: 1 candidate_status { last_received { term: 0 index: 0 } } ignore_live_leader: false dest_uuid: "d2a645dcec4c479ba4c94d075b1bc98c" is_pre_election: true
I20260709 13:01:17.618548  8392 tablet_service.cc:1917] Received RequestConsensusVote() RPC: tablet_id: "e3d5b84b382e4f0caa0dbe8c50c7cfc7" candidate_uuid: "c45599d1dc3b4823b857cf77f276dc7b" candidate_term: 1 candidate_status { last_received { term: 0 index: 0 } } ignore_live_leader: false dest_uuid: "2122d8c723e84e3da22f81f7eeb4b1a9" is_pre_election: true
I20260709 13:01:17.619417  8469 raft_consensus.cc:2393] T e3d5b84b382e4f0caa0dbe8c50c7cfc7 P d2a645dcec4c479ba4c94d075b1bc98c [term 1 FOLLOWER]: Leader pre-election vote request: Denying vote to candidate c45599d1dc3b4823b857cf77f276dc7b in current term 1: Already voted for candidate 2122d8c723e84e3da22f81f7eeb4b1a9 in this term.
I20260709 13:01:17.620179  8590 raft_consensus.cc:3060] T 89b5930e207e40d28682b42cd831b68a P 2122d8c723e84e3da22f81f7eeb4b1a9 [term 0 FOLLOWER]: Advancing to term 1
I20260709 13:01:17.617594  8585 ts_tablet_manager.cc:1434] T 278b4d554f0647ff885c963daff7931d P c45599d1dc3b4823b857cf77f276dc7b: Time spent starting tablet: real 0.011s	user 0.004s	sys 0.003s
I20260709 13:01:17.621129  8508 leader_election.cc:304] T e3d5b84b382e4f0caa0dbe8c50c7cfc7 P c45599d1dc3b4823b857cf77f276dc7b [CANDIDATE]: Term 1 pre-election: Election decided. Result: candidate lost. Election summary: received 3 responses out of 3 voters: 1 yes votes; 2 no votes. yes voters: c45599d1dc3b4823b857cf77f276dc7b; no voters: 2122d8c723e84e3da22f81f7eeb4b1a9, d2a645dcec4c479ba4c94d075b1bc98c
I20260709 13:01:17.622066  8685 raft_consensus.cc:3060] T e3d5b84b382e4f0caa0dbe8c50c7cfc7 P c45599d1dc3b4823b857cf77f276dc7b [term 0 FOLLOWER]: Advancing to term 1
I20260709 13:01:17.622315  8585 tablet_bootstrap.cc:492] T a30077f266a34706854bc7e6a95ad805 P c45599d1dc3b4823b857cf77f276dc7b: Bootstrap starting.
I20260709 13:01:17.623391  8584 tablet_bootstrap.cc:492] T 278b4d554f0647ff885c963daff7931d P 2122d8c723e84e3da22f81f7eeb4b1a9: No bootstrap required, opened a new log
I20260709 13:01:17.623860  8584 ts_tablet_manager.cc:1403] T 278b4d554f0647ff885c963daff7931d P 2122d8c723e84e3da22f81f7eeb4b1a9: Time spent bootstrapping tablet: real 0.035s	user 0.013s	sys 0.012s
I20260709 13:01:17.627566  8584 raft_consensus.cc:359] T 278b4d554f0647ff885c963daff7931d P 2122d8c723e84e3da22f81f7eeb4b1a9 [term 0 FOLLOWER]: Replica starting. Triggering 0 pending ops. Active config: opid_index: -1 OBSOLETE_local: false peers { permanent_uuid: "2122d8c723e84e3da22f81f7eeb4b1a9" member_type: VOTER last_known_addr { host: "127.7.28.193" port: 35967 } } peers { permanent_uuid: "d2a645dcec4c479ba4c94d075b1bc98c" member_type: VOTER last_known_addr { host: "127.7.28.194" port: 32851 } } peers { permanent_uuid: "c45599d1dc3b4823b857cf77f276dc7b" member_type: VOTER last_known_addr { host: "127.7.28.195" port: 40791 } }
I20260709 13:01:17.628314  8584 raft_consensus.cc:385] T 278b4d554f0647ff885c963daff7931d P 2122d8c723e84e3da22f81f7eeb4b1a9 [term 0 FOLLOWER]: Consensus starting up: Expiring failure detector timer to make a prompt election more likely
I20260709 13:01:17.628628  8584 raft_consensus.cc:740] T 278b4d554f0647ff885c963daff7931d P 2122d8c723e84e3da22f81f7eeb4b1a9 [term 0 FOLLOWER]: Becoming Follower/Learner. State: Replica: 2122d8c723e84e3da22f81f7eeb4b1a9, State: Initialized, Role: FOLLOWER
I20260709 13:01:17.629240  8585 tablet_bootstrap.cc:654] T a30077f266a34706854bc7e6a95ad805 P c45599d1dc3b4823b857cf77f276dc7b: Neither blocks nor log segments found. Creating new log.
I20260709 13:01:17.629475  8584 consensus_queue.cc:260] T 278b4d554f0647ff885c963daff7931d P 2122d8c723e84e3da22f81f7eeb4b1a9 [NON_LEADER]: Queue going to NON_LEADER mode. State: All replicated index: 0, Majority replicated index: 0, Committed index: 0, Last appended: 0.0, Last appended by leader: 0, Current term: 0, Majority size: -1, State: 0, Mode: NON_LEADER, active raft config: opid_index: -1 OBSOLETE_local: false peers { permanent_uuid: "2122d8c723e84e3da22f81f7eeb4b1a9" member_type: VOTER last_known_addr { host: "127.7.28.193" port: 35967 } } peers { permanent_uuid: "d2a645dcec4c479ba4c94d075b1bc98c" member_type: VOTER last_known_addr { host: "127.7.28.194" port: 32851 } } peers { permanent_uuid: "c45599d1dc3b4823b857cf77f276dc7b" member_type: VOTER last_known_addr { host: "127.7.28.195" port: 40791 } }
I20260709 13:01:17.630123  8698 raft_consensus.cc:493] T 48eb2b2d1e724640bdcade4f8baa0375 P 2122d8c723e84e3da22f81f7eeb4b1a9 [term 0 FOLLOWER]: Starting pre-election (no leader contacted us within the election timeout)
I20260709 13:01:17.628407  8293 catalog_manager.cc:5697] T e3d5b84b382e4f0caa0dbe8c50c7cfc7 P 2122d8c723e84e3da22f81f7eeb4b1a9 reported cstate change: term changed from 0 to 1, leader changed from <none> to 2122d8c723e84e3da22f81f7eeb4b1a9 (127.7.28.193). New cstate: current_term: 1 leader_uuid: "2122d8c723e84e3da22f81f7eeb4b1a9" committed_config { opid_index: -1 OBSOLETE_local: false peers { permanent_uuid: "2122d8c723e84e3da22f81f7eeb4b1a9" member_type: VOTER last_known_addr { host: "127.7.28.193" port: 35967 } health_report { overall_health: HEALTHY } } peers { permanent_uuid: "d2a645dcec4c479ba4c94d075b1bc98c" member_type: VOTER last_known_addr { host: "127.7.28.194" port: 32851 } health_report { overall_health: UNKNOWN } } peers { permanent_uuid: "c45599d1dc3b4823b857cf77f276dc7b" member_type: VOTER last_known_addr { host: "127.7.28.195" port: 40791 } health_report { overall_health: UNKNOWN } } }
I20260709 13:01:17.630661  8698 raft_consensus.cc:515] T 48eb2b2d1e724640bdcade4f8baa0375 P 2122d8c723e84e3da22f81f7eeb4b1a9 [term 0 FOLLOWER]: Starting pre-election with config: opid_index: -1 OBSOLETE_local: false peers { permanent_uuid: "2122d8c723e84e3da22f81f7eeb4b1a9" member_type: VOTER last_known_addr { host: "127.7.28.193" port: 35967 } } peers { permanent_uuid: "d2a645dcec4c479ba4c94d075b1bc98c" member_type: VOTER last_known_addr { host: "127.7.28.194" port: 32851 } } peers { permanent_uuid: "c45599d1dc3b4823b857cf77f276dc7b" member_type: VOTER last_known_addr { host: "127.7.28.195" port: 40791 } }
I20260709 13:01:17.634250  8622 consensus_queue.cc:1048] T 89b5930e207e40d28682b42cd831b68a P d2a645dcec4c479ba4c94d075b1bc98c [LEADER]: Connected to new peer: Peer: permanent_uuid: "c45599d1dc3b4823b857cf77f276dc7b" member_type: VOTER last_known_addr { host: "127.7.28.195" port: 40791 }, Status: LMP_MISMATCH, Last received: 0.0, Next index: 1, Last known committed idx: 0, Time since last communication: 0.000s
I20260709 13:01:17.633496  8666 consensus_queue.cc:1048] T 48eb2b2d1e724640bdcade4f8baa0375 P c45599d1dc3b4823b857cf77f276dc7b [LEADER]: Connected to new peer: Peer: permanent_uuid: "d2a645dcec4c479ba4c94d075b1bc98c" member_type: VOTER last_known_addr { host: "127.7.28.194" port: 32851 }, Status: LMP_MISMATCH, Last received: 0.0, Next index: 1, Last known committed idx: 0, Time since last communication: 0.003s
I20260709 13:01:17.637120  8542 tablet_service.cc:1917] Received RequestConsensusVote() RPC: tablet_id: "48eb2b2d1e724640bdcade4f8baa0375" candidate_uuid: "2122d8c723e84e3da22f81f7eeb4b1a9" candidate_term: 1 candidate_status { last_received { term: 0 index: 0 } } ignore_live_leader: false dest_uuid: "c45599d1dc3b4823b857cf77f276dc7b" is_pre_election: true
I20260709 13:01:17.641973  8698 leader_election.cc:290] T 48eb2b2d1e724640bdcade4f8baa0375 P 2122d8c723e84e3da22f81f7eeb4b1a9 [CANDIDATE]: Term 1 pre-election: Requested pre-vote from peers d2a645dcec4c479ba4c94d075b1bc98c (127.7.28.194:32851), c45599d1dc3b4823b857cf77f276dc7b (127.7.28.195:40791)
I20260709 13:01:17.646487  8468 tablet_service.cc:1917] Received RequestConsensusVote() RPC: tablet_id: "48eb2b2d1e724640bdcade4f8baa0375" candidate_uuid: "2122d8c723e84e3da22f81f7eeb4b1a9" candidate_term: 1 candidate_status { last_received { term: 0 index: 0 } } ignore_live_leader: false dest_uuid: "d2a645dcec4c479ba4c94d075b1bc98c" is_pre_election: true
I20260709 13:01:17.631856  8584 ts_tablet_manager.cc:1434] T 278b4d554f0647ff885c963daff7931d P 2122d8c723e84e3da22f81f7eeb4b1a9: Time spent starting tablet: real 0.008s	user 0.004s	sys 0.004s
I20260709 13:01:17.646593  8590 raft_consensus.cc:2749] T 89b5930e207e40d28682b42cd831b68a P 2122d8c723e84e3da22f81f7eeb4b1a9 [term 1 FOLLOWER]: Leader pre-election lost for term 1. Reason: could not achieve majority
I20260709 13:01:17.649092  8685 raft_consensus.cc:2749] T e3d5b84b382e4f0caa0dbe8c50c7cfc7 P c45599d1dc3b4823b857cf77f276dc7b [term 1 FOLLOWER]: Leader pre-election lost for term 1. Reason: could not achieve majority
I20260709 13:01:17.653558  8584 tablet_bootstrap.cc:492] T 01bec3d6263846f6bc87510cf2213e1e P 2122d8c723e84e3da22f81f7eeb4b1a9: Bootstrap starting.
I20260709 13:01:17.667510  8696 raft_consensus.cc:493] T 278b4d554f0647ff885c963daff7931d P 2122d8c723e84e3da22f81f7eeb4b1a9 [term 0 FOLLOWER]: Starting pre-election (no leader contacted us within the election timeout)
I20260709 13:01:17.669942  8696 raft_consensus.cc:515] T 278b4d554f0647ff885c963daff7931d P 2122d8c723e84e3da22f81f7eeb4b1a9 [term 0 FOLLOWER]: Starting pre-election with config: opid_index: -1 OBSOLETE_local: false peers { permanent_uuid: "2122d8c723e84e3da22f81f7eeb4b1a9" member_type: VOTER last_known_addr { host: "127.7.28.193" port: 35967 } } peers { permanent_uuid: "d2a645dcec4c479ba4c94d075b1bc98c" member_type: VOTER last_known_addr { host: "127.7.28.194" port: 32851 } } peers { permanent_uuid: "c45599d1dc3b4823b857cf77f276dc7b" member_type: VOTER last_known_addr { host: "127.7.28.195" port: 40791 } }
I20260709 13:01:17.654551  8392 raft_consensus.cc:3060] T 48eb2b2d1e724640bdcade4f8baa0375 P 2122d8c723e84e3da22f81f7eeb4b1a9 [term 0 FOLLOWER]: Advancing to term 1
I20260709 13:01:17.677203  8696 leader_election.cc:290] T 278b4d554f0647ff885c963daff7931d P 2122d8c723e84e3da22f81f7eeb4b1a9 [CANDIDATE]: Term 1 pre-election: Requested pre-vote from peers d2a645dcec4c479ba4c94d075b1bc98c (127.7.28.194:32851), c45599d1dc3b4823b857cf77f276dc7b (127.7.28.195:40791)
I20260709 13:01:17.652839  8622 raft_consensus.cc:493] T 412c0e548a4d4e3f90555631b28d234b P d2a645dcec4c479ba4c94d075b1bc98c [term 0 FOLLOWER]: Starting pre-election (no leader contacted us within the election timeout)
I20260709 13:01:17.678539  8622 raft_consensus.cc:515] T 412c0e548a4d4e3f90555631b28d234b P d2a645dcec4c479ba4c94d075b1bc98c [term 0 FOLLOWER]: Starting pre-election with config: opid_index: -1 OBSOLETE_local: false peers { permanent_uuid: "2122d8c723e84e3da22f81f7eeb4b1a9" member_type: VOTER last_known_addr { host: "127.7.28.193" port: 35967 } } peers { permanent_uuid: "d2a645dcec4c479ba4c94d075b1bc98c" member_type: VOTER last_known_addr { host: "127.7.28.194" port: 32851 } } peers { permanent_uuid: "c45599d1dc3b4823b857cf77f276dc7b" member_type: VOTER last_known_addr { host: "127.7.28.195" port: 40791 } }
I20260709 13:01:17.657135  8359 leader_election.cc:304] T 48eb2b2d1e724640bdcade4f8baa0375 P 2122d8c723e84e3da22f81f7eeb4b1a9 [CANDIDATE]: Term 1 pre-election: Election decided. Result: candidate lost. Election summary: received 3 responses out of 3 voters: 1 yes votes; 2 no votes. yes voters: 2122d8c723e84e3da22f81f7eeb4b1a9; no voters: c45599d1dc3b4823b857cf77f276dc7b, d2a645dcec4c479ba4c94d075b1bc98c
I20260709 13:01:17.649663  8592 raft_consensus.cc:493] T a8ce611680844f5b9bbe7f4813048f1b P d2a645dcec4c479ba4c94d075b1bc98c [term 0 FOLLOWER]: Starting pre-election (no leader contacted us within the election timeout)
I20260709 13:01:17.684326  8622 leader_election.cc:290] T 412c0e548a4d4e3f90555631b28d234b P d2a645dcec4c479ba4c94d075b1bc98c [CANDIDATE]: Term 1 pre-election: Requested pre-vote from peers 2122d8c723e84e3da22f81f7eeb4b1a9 (127.7.28.193:35967), c45599d1dc3b4823b857cf77f276dc7b (127.7.28.195:40791)
I20260709 13:01:17.684253  8592 raft_consensus.cc:515] T a8ce611680844f5b9bbe7f4813048f1b P d2a645dcec4c479ba4c94d075b1bc98c [term 0 FOLLOWER]: Starting pre-election with config: opid_index: -1 OBSOLETE_local: false peers { permanent_uuid: "2122d8c723e84e3da22f81f7eeb4b1a9" member_type: VOTER last_known_addr { host: "127.7.28.193" port: 35967 } } peers { permanent_uuid: "d2a645dcec4c479ba4c94d075b1bc98c" member_type: VOTER last_known_addr { host: "127.7.28.194" port: 32851 } } peers { permanent_uuid: "c45599d1dc3b4823b857cf77f276dc7b" member_type: VOTER last_known_addr { host: "127.7.28.195" port: 40791 } }
I20260709 13:01:17.756383  8584 tablet_bootstrap.cc:654] T 01bec3d6263846f6bc87510cf2213e1e P 2122d8c723e84e3da22f81f7eeb4b1a9: Neither blocks nor log segments found. Creating new log.
I20260709 13:01:17.752702  8585 tablet_bootstrap.cc:492] T a30077f266a34706854bc7e6a95ad805 P c45599d1dc3b4823b857cf77f276dc7b: No bootstrap required, opened a new log
I20260709 13:01:17.766424  8585 ts_tablet_manager.cc:1403] T a30077f266a34706854bc7e6a95ad805 P c45599d1dc3b4823b857cf77f276dc7b: Time spent bootstrapping tablet: real 0.144s	user 0.011s	sys 0.026s
I20260709 13:01:17.708698  8685 consensus_queue.cc:1048] T 48eb2b2d1e724640bdcade4f8baa0375 P c45599d1dc3b4823b857cf77f276dc7b [LEADER]: Connected to new peer: Peer: permanent_uuid: "2122d8c723e84e3da22f81f7eeb4b1a9" member_type: VOTER last_known_addr { host: "127.7.28.193" port: 35967 }, Status: LMP_MISMATCH, Last received: 0.0, Next index: 1, Last known committed idx: 0, Time since last communication: 0.057s
I20260709 13:01:17.705282  8625 raft_consensus.cc:2749] T 48eb2b2d1e724640bdcade4f8baa0375 P 2122d8c723e84e3da22f81f7eeb4b1a9 [term 1 FOLLOWER]: Leader pre-election lost for term 1. Reason: could not achieve majority
I20260709 13:01:17.769299  8585 raft_consensus.cc:359] T a30077f266a34706854bc7e6a95ad805 P c45599d1dc3b4823b857cf77f276dc7b [term 0 FOLLOWER]: Replica starting. Triggering 0 pending ops. Active config: opid_index: -1 OBSOLETE_local: false peers { permanent_uuid: "2122d8c723e84e3da22f81f7eeb4b1a9" member_type: VOTER last_known_addr { host: "127.7.28.193" port: 35967 } } peers { permanent_uuid: "d2a645dcec4c479ba4c94d075b1bc98c" member_type: VOTER last_known_addr { host: "127.7.28.194" port: 32851 } } peers { permanent_uuid: "c45599d1dc3b4823b857cf77f276dc7b" member_type: VOTER last_known_addr { host: "127.7.28.195" port: 40791 } }
I20260709 13:01:17.755379  8586 tablet_bootstrap.cc:492] T 58f1670d75c14f7588691908d7b2f1cf P d2a645dcec4c479ba4c94d075b1bc98c: No bootstrap required, opened a new log
I20260709 13:01:17.772396  8586 ts_tablet_manager.cc:1403] T 58f1670d75c14f7588691908d7b2f1cf P d2a645dcec4c479ba4c94d075b1bc98c: Time spent bootstrapping tablet: real 0.188s	user 0.013s	sys 0.016s
I20260709 13:01:17.780124  8592 leader_election.cc:290] T a8ce611680844f5b9bbe7f4813048f1b P d2a645dcec4c479ba4c94d075b1bc98c [CANDIDATE]: Term 1 pre-election: Requested pre-vote from peers 2122d8c723e84e3da22f81f7eeb4b1a9 (127.7.28.193:35967), c45599d1dc3b4823b857cf77f276dc7b (127.7.28.195:40791)
I20260709 13:01:17.688205  8542 tablet_service.cc:1917] Received RequestConsensusVote() RPC: tablet_id: "278b4d554f0647ff885c963daff7931d" candidate_uuid: "2122d8c723e84e3da22f81f7eeb4b1a9" candidate_term: 1 candidate_status { last_received { term: 0 index: 0 } } ignore_live_leader: false dest_uuid: "c45599d1dc3b4823b857cf77f276dc7b" is_pre_election: true
I20260709 13:01:17.782528  8542 raft_consensus.cc:2468] T 278b4d554f0647ff885c963daff7931d P c45599d1dc3b4823b857cf77f276dc7b [term 0 FOLLOWER]: Leader pre-election vote request: Granting yes vote for candidate 2122d8c723e84e3da22f81f7eeb4b1a9 in term 0.
W20260709 13:01:17.743829  8433 outbound_call.cc:321] RPC callback for RPC call kudu.consensus.ConsensusService.UpdateConsensus -> {remote=127.7.28.195:40791, user_credentials={real_user=slave}} blocked reactor thread for 86979.4us
I20260709 13:01:17.785017  8393 tablet_service.cc:1917] Received RequestConsensusVote() RPC: tablet_id: "412c0e548a4d4e3f90555631b28d234b" candidate_uuid: "d2a645dcec4c479ba4c94d075b1bc98c" candidate_term: 1 candidate_status { last_received { term: 0 index: 0 } } ignore_live_leader: false dest_uuid: "2122d8c723e84e3da22f81f7eeb4b1a9" is_pre_election: true
I20260709 13:01:17.770772  8585 raft_consensus.cc:385] T a30077f266a34706854bc7e6a95ad805 P c45599d1dc3b4823b857cf77f276dc7b [term 0 FOLLOWER]: Consensus starting up: Expiring failure detector timer to make a prompt election more likely
I20260709 13:01:17.787268  8585 raft_consensus.cc:740] T a30077f266a34706854bc7e6a95ad805 P c45599d1dc3b4823b857cf77f276dc7b [term 0 FOLLOWER]: Becoming Follower/Learner. State: Replica: c45599d1dc3b4823b857cf77f276dc7b, State: Initialized, Role: FOLLOWER
