I20260709 13:00:57.233409 10638 tablet_service.cc:1917] Received RequestConsensusVote() RPC: tablet_id: "3ba7c5c5559c4a8083a7f2ea5a5549b8" candidate_uuid: "73983dad969e4a80983b429dccc62720" candidate_term: 1 candidate_status { last_received { term: 0 index: 0 } } ignore_live_leader: false dest_uuid: "95c9525be4a244428a8abb220296eca5"
I20260709 13:00:57.233999 10638 raft_consensus.cc:3060] T 3ba7c5c5559c4a8083a7f2ea5a5549b8 P 95c9525be4a244428a8abb220296eca5 [term 0 FOLLOWER]: Advancing to term 1
I20260709 13:00:57.234782 10827 tablet_bootstrap.cc:492] T b8b20a85a03c4c48ba8cb9701a0a0ab4 P 3c4e802a1b37497c9f2d1fe4d66f2507: Bootstrap starting.
I20260709 13:00:57.238117 10786 tablet_service.cc:1917] Received RequestConsensusVote() RPC: tablet_id: "606ca0bde2e84ba3a342870fec63b5b7" candidate_uuid: "3c4e802a1b37497c9f2d1fe4d66f2507" candidate_term: 1 candidate_status { last_received { term: 0 index: 0 } } ignore_live_leader: false dest_uuid: "73983dad969e4a80983b429dccc62720" is_pre_election: true
I20260709 13:00:57.238767 10786 raft_consensus.cc:2468] T 606ca0bde2e84ba3a342870fec63b5b7 P 73983dad969e4a80983b429dccc62720 [term 0 FOLLOWER]: Leader pre-election vote request: Granting yes vote for candidate 3c4e802a1b37497c9f2d1fe4d66f2507 in term 0.
I20260709 13:00:57.239766 10787 tablet_service.cc:1917] Received RequestConsensusVote() RPC: tablet_id: "31e36d6394c24c378777f354ca5911f1" candidate_uuid: "3c4e802a1b37497c9f2d1fe4d66f2507" candidate_term: 1 candidate_status { last_received { term: 0 index: 0 } } ignore_live_leader: false dest_uuid: "73983dad969e4a80983b429dccc62720" is_pre_election: true
I20260709 13:00:57.240373 10787 raft_consensus.cc:2468] T 31e36d6394c24c378777f354ca5911f1 P 73983dad969e4a80983b429dccc62720 [term 0 FOLLOWER]: Leader pre-election vote request: Granting yes vote for candidate 3c4e802a1b37497c9f2d1fe4d66f2507 in term 0.
I20260709 13:00:57.241719 10679 leader_election.cc:304] T 606ca0bde2e84ba3a342870fec63b5b7 P 3c4e802a1b37497c9f2d1fe4d66f2507 [CANDIDATE]: Term 1 pre-election: Election decided. Result: candidate won. Election summary: received 3 responses out of 3 voters: 2 yes votes; 1 no votes. yes voters: 3c4e802a1b37497c9f2d1fe4d66f2507, 73983dad969e4a80983b429dccc62720; no voters: 95c9525be4a244428a8abb220296eca5
I20260709 13:00:57.244711 10827 tablet_bootstrap.cc:654] T b8b20a85a03c4c48ba8cb9701a0a0ab4 P 3c4e802a1b37497c9f2d1fe4d66f2507: Neither blocks nor log segments found. Creating new log.
I20260709 13:00:57.247545 10638 raft_consensus.cc:2468] T 3ba7c5c5559c4a8083a7f2ea5a5549b8 P 95c9525be4a244428a8abb220296eca5 [term 1 FOLLOWER]: Leader election vote request: Granting yes vote for candidate 73983dad969e4a80983b429dccc62720 in term 1.
I20260709 13:00:57.248868 10752 leader_election.cc:304] T 3ba7c5c5559c4a8083a7f2ea5a5549b8 P 73983dad969e4a80983b429dccc62720 [CANDIDATE]: Term 1 election: Election decided. Result: candidate won. Election summary: received 2 responses out of 3 voters: 2 yes votes; 0 no votes. yes voters: 73983dad969e4a80983b429dccc62720, 95c9525be4a244428a8abb220296eca5; no voters: 
I20260709 13:00:57.251519 10833 leader_election.cc:290] T 54c281b54d894d349ff89e02c159885f P 95c9525be4a244428a8abb220296eca5 [CANDIDATE]: Term 1 election: Requested vote from peers 3c4e802a1b37497c9f2d1fe4d66f2507 (127.9.197.194:36999), 73983dad969e4a80983b429dccc62720 (127.9.197.195:36877)
I20260709 13:00:57.257032 10713 tablet_service.cc:1917] Received RequestConsensusVote() RPC: tablet_id: "3ba7c5c5559c4a8083a7f2ea5a5549b8" candidate_uuid: "73983dad969e4a80983b429dccc62720" candidate_term: 1 candidate_status { last_received { term: 0 index: 0 } } ignore_live_leader: false dest_uuid: "3c4e802a1b37497c9f2d1fe4d66f2507"
I20260709 13:00:57.257613 10713 raft_consensus.cc:3060] T 3ba7c5c5559c4a8083a7f2ea5a5549b8 P 3c4e802a1b37497c9f2d1fe4d66f2507 [term 0 FOLLOWER]: Advancing to term 1
I20260709 13:00:57.259925 10787 tablet_service.cc:1917] Received RequestConsensusVote() RPC: tablet_id: "54c281b54d894d349ff89e02c159885f" candidate_uuid: "95c9525be4a244428a8abb220296eca5" candidate_term: 1 candidate_status { last_received { term: 0 index: 0 } } ignore_live_leader: false dest_uuid: "73983dad969e4a80983b429dccc62720"
I20260709 13:00:57.254385 10834 leader_election.cc:290] T 3ba7c5c5559c4a8083a7f2ea5a5549b8 P 73983dad969e4a80983b429dccc62720 [CANDIDATE]: Term 1 election: Requested vote from peers 95c9525be4a244428a8abb220296eca5 (127.9.197.193:44511), 3c4e802a1b37497c9f2d1fe4d66f2507 (127.9.197.194:36999)
I20260709 13:00:57.260882 10712 tablet_service.cc:1917] Received RequestConsensusVote() RPC: tablet_id: "54c281b54d894d349ff89e02c159885f" candidate_uuid: "95c9525be4a244428a8abb220296eca5" candidate_term: 1 candidate_status { last_received { term: 0 index: 0 } } ignore_live_leader: false dest_uuid: "3c4e802a1b37497c9f2d1fe4d66f2507"
I20260709 13:00:57.265204 10833 raft_consensus.cc:2749] T cd84aca5fda24c13b8f54783c7406b05 P 95c9525be4a244428a8abb220296eca5 [term 0 FOLLOWER]: Leader pre-election lost for term 1. Reason: could not achieve majority
I20260709 13:00:57.269734 10863 raft_consensus.cc:2804] T 3ba7c5c5559c4a8083a7f2ea5a5549b8 P 73983dad969e4a80983b429dccc62720 [term 1 FOLLOWER]: Leader election won for term 1
I20260709 13:00:57.270339 10863 raft_consensus.cc:697] T 3ba7c5c5559c4a8083a7f2ea5a5549b8 P 73983dad969e4a80983b429dccc62720 [term 1 LEADER]: Becoming Leader. State: Replica: 73983dad969e4a80983b429dccc62720, State: Running, Role: LEADER
I20260709 13:00:57.271286 10863 consensus_queue.cc:237] T 3ba7c5c5559c4a8083a7f2ea5a5549b8 P 73983dad969e4a80983b429dccc62720 [LEADER]: Queue going to LEADER mode. State: All replicated index: 0, Majority replicated index: 0, Committed index: 0, Last appended: 0.0, Last appended by leader: 0, Current term: 1, Majority size: 2, State: 0, Mode: LEADER, active raft config: opid_index: -1 OBSOLETE_local: false peers { permanent_uuid: "95c9525be4a244428a8abb220296eca5" member_type: VOTER last_known_addr { host: "127.9.197.193" port: 44511 } } peers { permanent_uuid: "3c4e802a1b37497c9f2d1fe4d66f2507" member_type: VOTER last_known_addr { host: "127.9.197.194" port: 36999 } } peers { permanent_uuid: "73983dad969e4a80983b429dccc62720" member_type: VOTER last_known_addr { host: "127.9.197.195" port: 36877 } }
I20260709 13:00:57.266647 10712 raft_consensus.cc:3060] T 54c281b54d894d349ff89e02c159885f P 3c4e802a1b37497c9f2d1fe4d66f2507 [term 0 FOLLOWER]: Advancing to term 1
I20260709 13:00:57.275039 10829 tablet_bootstrap.cc:492] T b8b20a85a03c4c48ba8cb9701a0a0ab4 P 95c9525be4a244428a8abb220296eca5: No bootstrap required, opened a new log
I20260709 13:00:57.275568 10829 ts_tablet_manager.cc:1403] T b8b20a85a03c4c48ba8cb9701a0a0ab4 P 95c9525be4a244428a8abb220296eca5: Time spent bootstrapping tablet: real 0.110s	user 0.016s	sys 0.016s
I20260709 13:00:57.278962 10859 raft_consensus.cc:493] T 1ae2fa22ebe2498193c3ade0c52397cc P 95c9525be4a244428a8abb220296eca5 [term 0 FOLLOWER]: Starting pre-election (no leader contacted us within the election timeout)
I20260709 13:00:57.279554 10828 ts_tablet_manager.cc:1434] T 606ca0bde2e84ba3a342870fec63b5b7 P 73983dad969e4a80983b429dccc62720: Time spent starting tablet: real 0.094s	user 0.012s	sys 0.009s
I20260709 13:00:57.279458 10859 raft_consensus.cc:515] T 1ae2fa22ebe2498193c3ade0c52397cc P 95c9525be4a244428a8abb220296eca5 [term 0 FOLLOWER]: Starting pre-election with config: opid_index: -1 OBSOLETE_local: false peers { permanent_uuid: "95c9525be4a244428a8abb220296eca5" member_type: VOTER last_known_addr { host: "127.9.197.193" port: 44511 } } peers { permanent_uuid: "3c4e802a1b37497c9f2d1fe4d66f2507" member_type: VOTER last_known_addr { host: "127.9.197.194" port: 36999 } } peers { permanent_uuid: "73983dad969e4a80983b429dccc62720" member_type: VOTER last_known_addr { host: "127.9.197.195" port: 36877 } }
I20260709 13:00:57.280572 10828 tablet_bootstrap.cc:492] T cd84aca5fda24c13b8f54783c7406b05 P 73983dad969e4a80983b429dccc62720: Bootstrap starting.
I20260709 13:00:57.282895 10713 raft_consensus.cc:2468] T 3ba7c5c5559c4a8083a7f2ea5a5549b8 P 3c4e802a1b37497c9f2d1fe4d66f2507 [term 1 FOLLOWER]: Leader election vote request: Granting yes vote for candidate 73983dad969e4a80983b429dccc62720 in term 1.
I20260709 13:00:57.284500 10712 raft_consensus.cc:2468] T 54c281b54d894d349ff89e02c159885f P 3c4e802a1b37497c9f2d1fe4d66f2507 [term 1 FOLLOWER]: Leader election vote request: Granting yes vote for candidate 95c9525be4a244428a8abb220296eca5 in term 1.
I20260709 13:00:57.285218 10860 raft_consensus.cc:2804] T 606ca0bde2e84ba3a342870fec63b5b7 P 3c4e802a1b37497c9f2d1fe4d66f2507 [term 0 FOLLOWER]: Leader pre-election won for term 1
I20260709 13:00:57.285636 10860 raft_consensus.cc:493] T 606ca0bde2e84ba3a342870fec63b5b7 P 3c4e802a1b37497c9f2d1fe4d66f2507 [term 0 FOLLOWER]: Starting leader election (no leader contacted us within the election timeout)
I20260709 13:00:57.285995 10860 raft_consensus.cc:3060] T 606ca0bde2e84ba3a342870fec63b5b7 P 3c4e802a1b37497c9f2d1fe4d66f2507 [term 0 FOLLOWER]: Advancing to term 1
I20260709 13:00:57.286067 10601 leader_election.cc:304] T 54c281b54d894d349ff89e02c159885f P 95c9525be4a244428a8abb220296eca5 [CANDIDATE]: Term 1 election: Election decided. Result: candidate won. Election summary: received 2 responses out of 3 voters: 2 yes votes; 0 no votes. yes voters: 3c4e802a1b37497c9f2d1fe4d66f2507, 95c9525be4a244428a8abb220296eca5; no voters: 
I20260709 13:00:57.283171 10829 raft_consensus.cc:359] T b8b20a85a03c4c48ba8cb9701a0a0ab4 P 95c9525be4a244428a8abb220296eca5 [term 0 FOLLOWER]: Replica starting. Triggering 0 pending ops. Active config: opid_index: -1 OBSOLETE_local: false peers { permanent_uuid: "95c9525be4a244428a8abb220296eca5" member_type: VOTER last_known_addr { host: "127.9.197.193" port: 44511 } } peers { permanent_uuid: "3c4e802a1b37497c9f2d1fe4d66f2507" member_type: VOTER last_known_addr { host: "127.9.197.194" port: 36999 } } peers { permanent_uuid: "73983dad969e4a80983b429dccc62720" member_type: VOTER last_known_addr { host: "127.9.197.195" port: 36877 } }
I20260709 13:00:57.268354 10835 raft_consensus.cc:515] T 31e36d6394c24c378777f354ca5911f1 P 3c4e802a1b37497c9f2d1fe4d66f2507 [term 1 FOLLOWER]: Starting leader election with config: opid_index: -1 OBSOLETE_local: false peers { permanent_uuid: "95c9525be4a244428a8abb220296eca5" member_type: VOTER last_known_addr { host: "127.9.197.193" port: 44511 } } peers { permanent_uuid: "3c4e802a1b37497c9f2d1fe4d66f2507" member_type: VOTER last_known_addr { host: "127.9.197.194" port: 36999 } } peers { permanent_uuid: "73983dad969e4a80983b429dccc62720" member_type: VOTER last_known_addr { host: "127.9.197.195" port: 36877 } }
I20260709 13:00:57.290573 10833 raft_consensus.cc:2804] T 54c281b54d894d349ff89e02c159885f P 95c9525be4a244428a8abb220296eca5 [term 1 FOLLOWER]: Leader election won for term 1
I20260709 13:00:57.291029 10833 raft_consensus.cc:697] T 54c281b54d894d349ff89e02c159885f P 95c9525be4a244428a8abb220296eca5 [term 1 LEADER]: Becoming Leader. State: Replica: 95c9525be4a244428a8abb220296eca5, State: Running, Role: LEADER
I20260709 13:00:57.291855 10833 consensus_queue.cc:237] T 54c281b54d894d349ff89e02c159885f P 95c9525be4a244428a8abb220296eca5 [LEADER]: Queue going to LEADER mode. State: All replicated index: 0, Majority replicated index: 0, Committed index: 0, Last appended: 0.0, Last appended by leader: 0, Current term: 1, Majority size: 2, State: 0, Mode: LEADER, active raft config: opid_index: -1 OBSOLETE_local: false peers { permanent_uuid: "3c4e802a1b37497c9f2d1fe4d66f2507" member_type: VOTER last_known_addr { host: "127.9.197.194" port: 36999 } } peers { permanent_uuid: "95c9525be4a244428a8abb220296eca5" member_type: VOTER last_known_addr { host: "127.9.197.193" port: 44511 } } peers { permanent_uuid: "73983dad969e4a80983b429dccc62720" member_type: VOTER last_known_addr { host: "127.9.197.195" port: 36877 } }
I20260709 13:00:57.292373 10835 leader_election.cc:290] T 31e36d6394c24c378777f354ca5911f1 P 3c4e802a1b37497c9f2d1fe4d66f2507 [CANDIDATE]: Term 1 election: Requested vote from peers 95c9525be4a244428a8abb220296eca5 (127.9.197.193:44511), 73983dad969e4a80983b429dccc62720 (127.9.197.195:36877)
I20260709 13:00:57.289003 10829 raft_consensus.cc:385] T b8b20a85a03c4c48ba8cb9701a0a0ab4 P 95c9525be4a244428a8abb220296eca5 [term 0 FOLLOWER]: Consensus starting up: Expiring failure detector timer to make a prompt election more likely
I20260709 13:00:57.295555 10829 raft_consensus.cc:740] T b8b20a85a03c4c48ba8cb9701a0a0ab4 P 95c9525be4a244428a8abb220296eca5 [term 0 FOLLOWER]: Becoming Follower/Learner. State: Replica: 95c9525be4a244428a8abb220296eca5, State: Initialized, Role: FOLLOWER
I20260709 13:00:57.296603 10829 consensus_queue.cc:260] T b8b20a85a03c4c48ba8cb9701a0a0ab4 P 95c9525be4a244428a8abb220296eca5 [NON_LEADER]: Queue going to NON_LEADER mode. State: All replicated index: 0, Majority replicated index: 0, Committed index: 0, Last appended: 0.0, Last appended by leader: 0, Current term: 0, Majority size: -1, State: 0, Mode: NON_LEADER, active raft config: opid_index: -1 OBSOLETE_local: false peers { permanent_uuid: "95c9525be4a244428a8abb220296eca5" member_type: VOTER last_known_addr { host: "127.9.197.193" port: 44511 } } peers { permanent_uuid: "3c4e802a1b37497c9f2d1fe4d66f2507" member_type: VOTER last_known_addr { host: "127.9.197.194" port: 36999 } } peers { permanent_uuid: "73983dad969e4a80983b429dccc62720" member_type: VOTER last_known_addr { host: "127.9.197.195" port: 36877 } }
I20260709 13:00:57.294374 10638 tablet_service.cc:1917] Received RequestConsensusVote() RPC: tablet_id: "31e36d6394c24c378777f354ca5911f1" candidate_uuid: "3c4e802a1b37497c9f2d1fe4d66f2507" candidate_term: 1 candidate_status { last_received { term: 0 index: 0 } } ignore_live_leader: false dest_uuid: "95c9525be4a244428a8abb220296eca5"
I20260709 13:00:57.297544 10856 raft_consensus.cc:515] T 54c281b54d894d349ff89e02c159885f P 73983dad969e4a80983b429dccc62720 [term 1 FOLLOWER]: Starting leader election with config: opid_index: -1 OBSOLETE_local: false peers { permanent_uuid: "3c4e802a1b37497c9f2d1fe4d66f2507" member_type: VOTER last_known_addr { host: "127.9.197.194" port: 36999 } } peers { permanent_uuid: "95c9525be4a244428a8abb220296eca5" member_type: VOTER last_known_addr { host: "127.9.197.193" port: 44511 } } peers { permanent_uuid: "73983dad969e4a80983b429dccc62720" member_type: VOTER last_known_addr { host: "127.9.197.195" port: 36877 } }
I20260709 13:00:57.299467 10787 raft_consensus.cc:2393] T 54c281b54d894d349ff89e02c159885f P 73983dad969e4a80983b429dccc62720 [term 1 FOLLOWER]: Leader election vote request: Denying vote to candidate 95c9525be4a244428a8abb220296eca5 in current term 1: Already voted for candidate 73983dad969e4a80983b429dccc62720 in this term.
I20260709 13:00:57.299383 10786 tablet_service.cc:1917] Received RequestConsensusVote() RPC: tablet_id: "31e36d6394c24c378777f354ca5911f1" candidate_uuid: "3c4e802a1b37497c9f2d1fe4d66f2507" candidate_term: 1 candidate_status { last_received { term: 0 index: 0 } } ignore_live_leader: false dest_uuid: "73983dad969e4a80983b429dccc62720"
I20260709 13:00:57.300586 10638 raft_consensus.cc:3060] T 31e36d6394c24c378777f354ca5911f1 P 95c9525be4a244428a8abb220296eca5 [term 0 FOLLOWER]: Advancing to term 1
I20260709 13:00:57.300377 10786 raft_consensus.cc:3060] T 31e36d6394c24c378777f354ca5911f1 P 73983dad969e4a80983b429dccc62720 [term 0 FOLLOWER]: Advancing to term 1
I20260709 13:00:57.309330 10827 tablet_bootstrap.cc:492] T b8b20a85a03c4c48ba8cb9701a0a0ab4 P 3c4e802a1b37497c9f2d1fe4d66f2507: No bootstrap required, opened a new log
I20260709 13:00:57.310007 10827 ts_tablet_manager.cc:1403] T b8b20a85a03c4c48ba8cb9701a0a0ab4 P 3c4e802a1b37497c9f2d1fe4d66f2507: Time spent bootstrapping tablet: real 0.076s	user 0.023s	sys 0.004s
I20260709 13:00:57.312180 10712 tablet_service.cc:1917] Received RequestConsensusVote() RPC: tablet_id: "54c281b54d894d349ff89e02c159885f" candidate_uuid: "73983dad969e4a80983b429dccc62720" candidate_term: 1 candidate_status { last_received { term: 0 index: 0 } } ignore_live_leader: false dest_uuid: "3c4e802a1b37497c9f2d1fe4d66f2507"
I20260709 13:00:57.313124 10712 raft_consensus.cc:2393] T 54c281b54d894d349ff89e02c159885f P 3c4e802a1b37497c9f2d1fe4d66f2507 [term 1 FOLLOWER]: Leader election vote request: Denying vote to candidate 73983dad969e4a80983b429dccc62720 in current term 1: Already voted for candidate 95c9525be4a244428a8abb220296eca5 in this term.
I20260709 13:00:57.313864 10827 raft_consensus.cc:359] T b8b20a85a03c4c48ba8cb9701a0a0ab4 P 3c4e802a1b37497c9f2d1fe4d66f2507 [term 0 FOLLOWER]: Replica starting. Triggering 0 pending ops. Active config: opid_index: -1 OBSOLETE_local: false peers { permanent_uuid: "95c9525be4a244428a8abb220296eca5" member_type: VOTER last_known_addr { host: "127.9.197.193" port: 44511 } } peers { permanent_uuid: "3c4e802a1b37497c9f2d1fe4d66f2507" member_type: VOTER last_known_addr { host: "127.9.197.194" port: 36999 } } peers { permanent_uuid: "73983dad969e4a80983b429dccc62720" member_type: VOTER last_known_addr { host: "127.9.197.195" port: 36877 } }
I20260709 13:00:57.314657 10827 raft_consensus.cc:385] T b8b20a85a03c4c48ba8cb9701a0a0ab4 P 3c4e802a1b37497c9f2d1fe4d66f2507 [term 0 FOLLOWER]: Consensus starting up: Expiring failure detector timer to make a prompt election more likely
I20260709 13:00:57.315012 10827 raft_consensus.cc:740] T b8b20a85a03c4c48ba8cb9701a0a0ab4 P 3c4e802a1b37497c9f2d1fe4d66f2507 [term 0 FOLLOWER]: Becoming Follower/Learner. State: Replica: 3c4e802a1b37497c9f2d1fe4d66f2507, State: Initialized, Role: FOLLOWER
I20260709 13:00:57.316495 10856 leader_election.cc:290] T 54c281b54d894d349ff89e02c159885f P 73983dad969e4a80983b429dccc62720 [CANDIDATE]: Term 1 election: Requested vote from peers 3c4e802a1b37497c9f2d1fe4d66f2507 (127.9.197.194:36999), 95c9525be4a244428a8abb220296eca5 (127.9.197.193:44511)
I20260709 13:00:57.315881 10827 consensus_queue.cc:260] T b8b20a85a03c4c48ba8cb9701a0a0ab4 P 3c4e802a1b37497c9f2d1fe4d66f2507 [NON_LEADER]: Queue going to NON_LEADER mode. State: All replicated index: 0, Majority replicated index: 0, Committed index: 0, Last appended: 0.0, Last appended by leader: 0, Current term: 0, Majority size: -1, State: 0, Mode: NON_LEADER, active raft config: opid_index: -1 OBSOLETE_local: false peers { permanent_uuid: "95c9525be4a244428a8abb220296eca5" member_type: VOTER last_known_addr { host: "127.9.197.193" port: 44511 } } peers { permanent_uuid: "3c4e802a1b37497c9f2d1fe4d66f2507" member_type: VOTER last_known_addr { host: "127.9.197.194" port: 36999 } } peers { permanent_uuid: "73983dad969e4a80983b429dccc62720" member_type: VOTER last_known_addr { host: "127.9.197.195" port: 36877 } }
I20260709 13:00:57.320478 10827 ts_tablet_manager.cc:1434] T b8b20a85a03c4c48ba8cb9701a0a0ab4 P 3c4e802a1b37497c9f2d1fe4d66f2507: Time spent starting tablet: real 0.010s	user 0.004s	sys 0.003s
I20260709 13:00:57.321650 10827 tablet_bootstrap.cc:492] T 6fd5b708b17d438d805fd8604f848efe P 3c4e802a1b37497c9f2d1fe4d66f2507: Bootstrap starting.
I20260709 13:00:57.322697 10638 raft_consensus.cc:2468] T 31e36d6394c24c378777f354ca5911f1 P 95c9525be4a244428a8abb220296eca5 [term 1 FOLLOWER]: Leader election vote request: Granting yes vote for candidate 3c4e802a1b37497c9f2d1fe4d66f2507 in term 1.
I20260709 13:00:57.324004 10829 ts_tablet_manager.cc:1434] T b8b20a85a03c4c48ba8cb9701a0a0ab4 P 95c9525be4a244428a8abb220296eca5: Time spent starting tablet: real 0.048s	user 0.016s	sys 0.004s
I20260709 13:00:57.323907 10678 leader_election.cc:304] T 31e36d6394c24c378777f354ca5911f1 P 3c4e802a1b37497c9f2d1fe4d66f2507 [CANDIDATE]: Term 1 election: Election decided. Result: candidate won. Election summary: received 2 responses out of 3 voters: 2 yes votes; 0 no votes. yes voters: 3c4e802a1b37497c9f2d1fe4d66f2507, 95c9525be4a244428a8abb220296eca5; no voters: 
I20260709 13:00:57.324923 10835 raft_consensus.cc:2804] T 31e36d6394c24c378777f354ca5911f1 P 3c4e802a1b37497c9f2d1fe4d66f2507 [term 1 FOLLOWER]: Leader election won for term 1
I20260709 13:00:57.315419 10786 raft_consensus.cc:2468] T 31e36d6394c24c378777f354ca5911f1 P 73983dad969e4a80983b429dccc62720 [term 1 FOLLOWER]: Leader election vote request: Granting yes vote for candidate 3c4e802a1b37497c9f2d1fe4d66f2507 in term 1.
I20260709 13:00:57.325595 10829 tablet_bootstrap.cc:492] T 6fd5b708b17d438d805fd8604f848efe P 95c9525be4a244428a8abb220296eca5: Bootstrap starting.
I20260709 13:00:57.330096 10859 leader_election.cc:290] T 1ae2fa22ebe2498193c3ade0c52397cc P 95c9525be4a244428a8abb220296eca5 [CANDIDATE]: Term 1 pre-election: Requested pre-vote from peers 3c4e802a1b37497c9f2d1fe4d66f2507 (127.9.197.194:36999), 73983dad969e4a80983b429dccc62720 (127.9.197.195:36877)
I20260709 13:00:57.332250 10828 tablet_bootstrap.cc:654] T cd84aca5fda24c13b8f54783c7406b05 P 73983dad969e4a80983b429dccc62720: Neither blocks nor log segments found. Creating new log.
I20260709 13:00:57.332614 10827 tablet_bootstrap.cc:654] T 6fd5b708b17d438d805fd8604f848efe P 3c4e802a1b37497c9f2d1fe4d66f2507: Neither blocks nor log segments found. Creating new log.
I20260709 13:00:57.333007 10712 tablet_service.cc:1917] Received RequestConsensusVote() RPC: tablet_id: "1ae2fa22ebe2498193c3ade0c52397cc" candidate_uuid: "95c9525be4a244428a8abb220296eca5" candidate_term: 1 candidate_status { last_received { term: 0 index: 0 } } ignore_live_leader: false dest_uuid: "3c4e802a1b37497c9f2d1fe4d66f2507" is_pre_election: true
I20260709 13:00:57.333700 10712 raft_consensus.cc:2468] T 1ae2fa22ebe2498193c3ade0c52397cc P 3c4e802a1b37497c9f2d1fe4d66f2507 [term 0 FOLLOWER]: Leader pre-election vote request: Granting yes vote for candidate 95c9525be4a244428a8abb220296eca5 in term 0.
I20260709 13:00:57.335068 10601 leader_election.cc:304] T 1ae2fa22ebe2498193c3ade0c52397cc P 95c9525be4a244428a8abb220296eca5 [CANDIDATE]: Term 1 pre-election: Election decided. Result: candidate won. Election summary: received 2 responses out of 3 voters: 2 yes votes; 0 no votes. yes voters: 3c4e802a1b37497c9f2d1fe4d66f2507, 95c9525be4a244428a8abb220296eca5; no voters: 
I20260709 13:00:57.335870 10859 raft_consensus.cc:2804] T 1ae2fa22ebe2498193c3ade0c52397cc P 95c9525be4a244428a8abb220296eca5 [term 0 FOLLOWER]: Leader pre-election won for term 1
I20260709 13:00:57.332942 10786 tablet_service.cc:1917] Received RequestConsensusVote() RPC: tablet_id: "1ae2fa22ebe2498193c3ade0c52397cc" candidate_uuid: "95c9525be4a244428a8abb220296eca5" candidate_term: 1 candidate_status { last_received { term: 0 index: 0 } } ignore_live_leader: false dest_uuid: "73983dad969e4a80983b429dccc62720" is_pre_election: true
I20260709 13:00:57.336217 10859 raft_consensus.cc:493] T 1ae2fa22ebe2498193c3ade0c52397cc P 95c9525be4a244428a8abb220296eca5 [term 0 FOLLOWER]: Starting leader election (no leader contacted us within the election timeout)
I20260709 13:00:57.336702 10859 raft_consensus.cc:3060] T 1ae2fa22ebe2498193c3ade0c52397cc P 95c9525be4a244428a8abb220296eca5 [term 0 FOLLOWER]: Advancing to term 1
I20260709 13:00:57.337049 10637 tablet_service.cc:1917] Received RequestConsensusVote() RPC: tablet_id: "54c281b54d894d349ff89e02c159885f" candidate_uuid: "73983dad969e4a80983b429dccc62720" candidate_term: 1 candidate_status { last_received { term: 0 index: 0 } } ignore_live_leader: false dest_uuid: "95c9525be4a244428a8abb220296eca5"
I20260709 13:00:57.338536 10536 catalog_manager.cc:5697] T 54c281b54d894d349ff89e02c159885f P 95c9525be4a244428a8abb220296eca5 reported cstate change: term changed from 0 to 1, leader changed from <none> to 95c9525be4a244428a8abb220296eca5 (127.9.197.193). New cstate: current_term: 1 leader_uuid: "95c9525be4a244428a8abb220296eca5" committed_config { opid_index: -1 OBSOLETE_local: false peers { permanent_uuid: "3c4e802a1b37497c9f2d1fe4d66f2507" member_type: VOTER last_known_addr { host: "127.9.197.194" port: 36999 } health_report { overall_health: UNKNOWN } } peers { permanent_uuid: "95c9525be4a244428a8abb220296eca5" member_type: VOTER last_known_addr { host: "127.9.197.193" port: 44511 } health_report { overall_health: HEALTHY } } peers { permanent_uuid: "73983dad969e4a80983b429dccc62720" member_type: VOTER last_known_addr { host: "127.9.197.195" port: 36877 } health_report { overall_health: UNKNOWN } } }
I20260709 13:00:57.342592 10752 leader_election.cc:304] T 54c281b54d894d349ff89e02c159885f P 73983dad969e4a80983b429dccc62720 [CANDIDATE]: Term 1 election: Election decided. Result: candidate lost. Election summary: received 3 responses out of 3 voters: 1 yes votes; 2 no votes. yes voters: 73983dad969e4a80983b429dccc62720; no voters: 3c4e802a1b37497c9f2d1fe4d66f2507, 95c9525be4a244428a8abb220296eca5
I20260709 13:00:57.343839 10856 raft_consensus.cc:2749] T 54c281b54d894d349ff89e02c159885f P 73983dad969e4a80983b429dccc62720 [term 1 FOLLOWER]: Leader election lost for term 1. Reason: could not achieve majority
I20260709 13:00:57.344157 10786 raft_consensus.cc:2468] T 1ae2fa22ebe2498193c3ade0c52397cc P 73983dad969e4a80983b429dccc62720 [term 0 FOLLOWER]: Leader pre-election vote request: Granting yes vote for candidate 95c9525be4a244428a8abb220296eca5 in term 0.
I20260709 13:00:57.345136 10860 raft_consensus.cc:515] T 606ca0bde2e84ba3a342870fec63b5b7 P 3c4e802a1b37497c9f2d1fe4d66f2507 [term 1 FOLLOWER]: Starting leader election with config: opid_index: -1 OBSOLETE_local: false peers { permanent_uuid: "95c9525be4a244428a8abb220296eca5" member_type: VOTER last_known_addr { host: "127.9.197.193" port: 44511 } } peers { permanent_uuid: "3c4e802a1b37497c9f2d1fe4d66f2507" member_type: VOTER last_known_addr { host: "127.9.197.194" port: 36999 } } peers { permanent_uuid: "73983dad969e4a80983b429dccc62720" member_type: VOTER last_known_addr { host: "127.9.197.195" port: 36877 } }
I20260709 13:00:57.346448 10828 tablet_bootstrap.cc:492] T cd84aca5fda24c13b8f54783c7406b05 P 73983dad969e4a80983b429dccc62720: No bootstrap required, opened a new log
I20260709 13:00:57.346448 10859 raft_consensus.cc:515] T 1ae2fa22ebe2498193c3ade0c52397cc P 95c9525be4a244428a8abb220296eca5 [term 1 FOLLOWER]: Starting leader election with config: opid_index: -1 OBSOLETE_local: false peers { permanent_uuid: "95c9525be4a244428a8abb220296eca5" member_type: VOTER last_known_addr { host: "127.9.197.193" port: 44511 } } peers { permanent_uuid: "3c4e802a1b37497c9f2d1fe4d66f2507" member_type: VOTER last_known_addr { host: "127.9.197.194" port: 36999 } } peers { permanent_uuid: "73983dad969e4a80983b429dccc62720" member_type: VOTER last_known_addr { host: "127.9.197.195" port: 36877 } }
I20260709 13:00:57.347237 10828 ts_tablet_manager.cc:1403] T cd84aca5fda24c13b8f54783c7406b05 P 73983dad969e4a80983b429dccc62720: Time spent bootstrapping tablet: real 0.067s	user 0.004s	sys 0.013s
I20260709 13:00:57.348479 10637 tablet_service.cc:1917] Received RequestConsensusVote() RPC: tablet_id: "606ca0bde2e84ba3a342870fec63b5b7" candidate_uuid: "3c4e802a1b37497c9f2d1fe4d66f2507" candidate_term: 1 candidate_status { last_received { term: 0 index: 0 } } ignore_live_leader: false dest_uuid: "95c9525be4a244428a8abb220296eca5"
I20260709 13:00:57.349186 10859 leader_election.cc:290] T 1ae2fa22ebe2498193c3ade0c52397cc P 95c9525be4a244428a8abb220296eca5 [CANDIDATE]: Term 1 election: Requested vote from peers 3c4e802a1b37497c9f2d1fe4d66f2507 (127.9.197.194:36999), 73983dad969e4a80983b429dccc62720 (127.9.197.195:36877)
W20260709 13:00:57.350054 10678 leader_election.cc:343] T 606ca0bde2e84ba3a342870fec63b5b7 P 3c4e802a1b37497c9f2d1fe4d66f2507 [CANDIDATE]: Term 1 election: Tablet error from VoteRequest() call to peer 95c9525be4a244428a8abb220296eca5 (127.9.197.193:44511): Illegal state: must be running to vote when last-logged opid is not known
I20260709 13:00:57.350445 10786 tablet_service.cc:1917] Received RequestConsensusVote() RPC: tablet_id: "1ae2fa22ebe2498193c3ade0c52397cc" candidate_uuid: "95c9525be4a244428a8abb220296eca5" candidate_term: 1 candidate_status { last_received { term: 0 index: 0 } } ignore_live_leader: false dest_uuid: "73983dad969e4a80983b429dccc62720"
I20260709 13:00:57.351078 10786 raft_consensus.cc:3060] T 1ae2fa22ebe2498193c3ade0c52397cc P 73983dad969e4a80983b429dccc62720 [term 0 FOLLOWER]: Advancing to term 1
I20260709 13:00:57.351286 10828 raft_consensus.cc:359] T cd84aca5fda24c13b8f54783c7406b05 P 73983dad969e4a80983b429dccc62720 [term 0 FOLLOWER]: Replica starting. Triggering 0 pending ops. Active config: opid_index: -1 OBSOLETE_local: false peers { permanent_uuid: "95c9525be4a244428a8abb220296eca5" member_type: VOTER last_known_addr { host: "127.9.197.193" port: 44511 } } peers { permanent_uuid: "3c4e802a1b37497c9f2d1fe4d66f2507" member_type: VOTER last_known_addr { host: "127.9.197.194" port: 36999 } } peers { permanent_uuid: "73983dad969e4a80983b429dccc62720" member_type: VOTER last_known_addr { host: "127.9.197.195" port: 36877 } }
I20260709 13:00:57.351455 10712 tablet_service.cc:1917] Received RequestConsensusVote() RPC: tablet_id: "1ae2fa22ebe2498193c3ade0c52397cc" candidate_uuid: "95c9525be4a244428a8abb220296eca5" candidate_term: 1 candidate_status { last_received { term: 0 index: 0 } } ignore_live_leader: false dest_uuid: "3c4e802a1b37497c9f2d1fe4d66f2507"
I20260709 13:00:57.352198 10828 raft_consensus.cc:385] T cd84aca5fda24c13b8f54783c7406b05 P 73983dad969e4a80983b429dccc62720 [term 0 FOLLOWER]: Consensus starting up: Expiring failure detector timer to make a prompt election more likely
I20260709 13:00:57.352372 10712 raft_consensus.cc:3060] T 1ae2fa22ebe2498193c3ade0c52397cc P 3c4e802a1b37497c9f2d1fe4d66f2507 [term 0 FOLLOWER]: Advancing to term 1
I20260709 13:00:57.352617 10828 raft_consensus.cc:740] T cd84aca5fda24c13b8f54783c7406b05 P 73983dad969e4a80983b429dccc62720 [term 0 FOLLOWER]: Becoming Follower/Learner. State: Replica: 73983dad969e4a80983b429dccc62720, State: Initialized, Role: FOLLOWER
I20260709 13:00:57.353734 10828 consensus_queue.cc:260] T cd84aca5fda24c13b8f54783c7406b05 P 73983dad969e4a80983b429dccc62720 [NON_LEADER]: Queue going to NON_LEADER mode. State: All replicated index: 0, Majority replicated index: 0, Committed index: 0, Last appended: 0.0, Last appended by leader: 0, Current term: 0, Majority size: -1, State: 0, Mode: NON_LEADER, active raft config: opid_index: -1 OBSOLETE_local: false peers { permanent_uuid: "95c9525be4a244428a8abb220296eca5" member_type: VOTER last_known_addr { host: "127.9.197.193" port: 44511 } } peers { permanent_uuid: "3c4e802a1b37497c9f2d1fe4d66f2507" member_type: VOTER last_known_addr { host: "127.9.197.194" port: 36999 } } peers { permanent_uuid: "73983dad969e4a80983b429dccc62720" member_type: VOTER last_known_addr { host: "127.9.197.195" port: 36877 } }
I20260709 13:00:57.356428 10828 ts_tablet_manager.cc:1434] T cd84aca5fda24c13b8f54783c7406b05 P 73983dad969e4a80983b429dccc62720: Time spent starting tablet: real 0.009s	user 0.006s	sys 0.000s
I20260709 13:00:57.357568 10828 tablet_bootstrap.cc:492] T b8b20a85a03c4c48ba8cb9701a0a0ab4 P 73983dad969e4a80983b429dccc62720: Bootstrap starting.
I20260709 13:00:57.358732 10786 raft_consensus.cc:2468] T 1ae2fa22ebe2498193c3ade0c52397cc P 73983dad969e4a80983b429dccc62720 [term 1 FOLLOWER]: Leader election vote request: Granting yes vote for candidate 95c9525be4a244428a8abb220296eca5 in term 1.
I20260709 13:00:57.359483 10787 tablet_service.cc:1917] Received RequestConsensusVote() RPC: tablet_id: "606ca0bde2e84ba3a342870fec63b5b7" candidate_uuid: "3c4e802a1b37497c9f2d1fe4d66f2507" candidate_term: 1 candidate_status { last_received { term: 0 index: 0 } } ignore_live_leader: false dest_uuid: "73983dad969e4a80983b429dccc62720"
I20260709 13:00:57.360172 10787 raft_consensus.cc:3060] T 606ca0bde2e84ba3a342870fec63b5b7 P 73983dad969e4a80983b429dccc62720 [term 0 FOLLOWER]: Advancing to term 1
I20260709 13:00:57.361380 10827 tablet_bootstrap.cc:492] T 6fd5b708b17d438d805fd8604f848efe P 3c4e802a1b37497c9f2d1fe4d66f2507: No bootstrap required, opened a new log
I20260709 13:00:57.361994 10827 ts_tablet_manager.cc:1403] T 6fd5b708b17d438d805fd8604f848efe P 3c4e802a1b37497c9f2d1fe4d66f2507: Time spent bootstrapping tablet: real 0.041s	user 0.008s	sys 0.004s
I20260709 13:00:57.364352 10829 tablet_bootstrap.cc:654] T 6fd5b708b17d438d805fd8604f848efe P 95c9525be4a244428a8abb220296eca5: Neither blocks nor log segments found. Creating new log.
I20260709 13:00:57.364732 10828 tablet_bootstrap.cc:654] T b8b20a85a03c4c48ba8cb9701a0a0ab4 P 73983dad969e4a80983b429dccc62720: Neither blocks nor log segments found. Creating new log.
I20260709 13:00:57.364569 10604 leader_election.cc:304] T 1ae2fa22ebe2498193c3ade0c52397cc P 95c9525be4a244428a8abb220296eca5 [CANDIDATE]: Term 1 election: Election decided. Result: candidate won. Election summary: received 2 responses out of 3 voters: 2 yes votes; 0 no votes. yes voters: 73983dad969e4a80983b429dccc62720, 95c9525be4a244428a8abb220296eca5; no voters: 
I20260709 13:00:57.364878 10827 raft_consensus.cc:359] T 6fd5b708b17d438d805fd8604f848efe P 3c4e802a1b37497c9f2d1fe4d66f2507 [term 0 FOLLOWER]: Replica starting. Triggering 0 pending ops. Active config: opid_index: -1 OBSOLETE_local: false peers { permanent_uuid: "95c9525be4a244428a8abb220296eca5" member_type: VOTER last_known_addr { host: "127.9.197.193" port: 44511 } } peers { permanent_uuid: "3c4e802a1b37497c9f2d1fe4d66f2507" member_type: VOTER last_known_addr { host: "127.9.197.194" port: 36999 } } peers { permanent_uuid: "73983dad969e4a80983b429dccc62720" member_type: VOTER last_known_addr { host: "127.9.197.195" port: 36877 } }
I20260709 13:00:57.365587 10827 raft_consensus.cc:385] T 6fd5b708b17d438d805fd8604f848efe P 3c4e802a1b37497c9f2d1fe4d66f2507 [term 0 FOLLOWER]: Consensus starting up: Expiring failure detector timer to make a prompt election more likely
I20260709 13:00:57.365669 10859 raft_consensus.cc:2804] T 1ae2fa22ebe2498193c3ade0c52397cc P 95c9525be4a244428a8abb220296eca5 [term 1 FOLLOWER]: Leader election won for term 1
I20260709 13:00:57.365932 10827 raft_consensus.cc:740] T 6fd5b708b17d438d805fd8604f848efe P 3c4e802a1b37497c9f2d1fe4d66f2507 [term 0 FOLLOWER]: Becoming Follower/Learner. State: Replica: 3c4e802a1b37497c9f2d1fe4d66f2507, State: Initialized, Role: FOLLOWER
I20260709 13:00:57.366350 10859 raft_consensus.cc:697] T 1ae2fa22ebe2498193c3ade0c52397cc P 95c9525be4a244428a8abb220296eca5 [term 1 LEADER]: Becoming Leader. State: Replica: 95c9525be4a244428a8abb220296eca5, State: Running, Role: LEADER
I20260709 13:00:57.366992 10827 consensus_queue.cc:260] T 6fd5b708b17d438d805fd8604f848efe P 3c4e802a1b37497c9f2d1fe4d66f2507 [NON_LEADER]: Queue going to NON_LEADER mode. State: All replicated index: 0, Majority replicated index: 0, Committed index: 0, Last appended: 0.0, Last appended by leader: 0, Current term: 0, Majority size: -1, State: 0, Mode: NON_LEADER, active raft config: opid_index: -1 OBSOLETE_local: false peers { permanent_uuid: "95c9525be4a244428a8abb220296eca5" member_type: VOTER last_known_addr { host: "127.9.197.193" port: 44511 } } peers { permanent_uuid: "3c4e802a1b37497c9f2d1fe4d66f2507" member_type: VOTER last_known_addr { host: "127.9.197.194" port: 36999 } } peers { permanent_uuid: "73983dad969e4a80983b429dccc62720" member_type: VOTER last_known_addr { host: "127.9.197.195" port: 36877 } }
I20260709 13:00:57.367496 10859 consensus_queue.cc:237] T 1ae2fa22ebe2498193c3ade0c52397cc P 95c9525be4a244428a8abb220296eca5 [LEADER]: Queue going to LEADER mode. State: All replicated index: 0, Majority replicated index: 0, Committed index: 0, Last appended: 0.0, Last appended by leader: 0, Current term: 1, Majority size: 2, State: 0, Mode: LEADER, active raft config: opid_index: -1 OBSOLETE_local: false peers { permanent_uuid: "95c9525be4a244428a8abb220296eca5" member_type: VOTER last_known_addr { host: "127.9.197.193" port: 44511 } } peers { permanent_uuid: "3c4e802a1b37497c9f2d1fe4d66f2507" member_type: VOTER last_known_addr { host: "127.9.197.194" port: 36999 } } peers { permanent_uuid: "73983dad969e4a80983b429dccc62720" member_type: VOTER last_known_addr { host: "127.9.197.195" port: 36877 } }
I20260709 13:00:57.369257 10827 ts_tablet_manager.cc:1434] T 6fd5b708b17d438d805fd8604f848efe P 3c4e802a1b37497c9f2d1fe4d66f2507: Time spent starting tablet: real 0.007s	user 0.008s	sys 0.000s
I20260709 13:00:57.370190 10827 tablet_bootstrap.cc:492] T cde0ef91b0364a3ea6b0a18cb25a0b06 P 3c4e802a1b37497c9f2d1fe4d66f2507: Bootstrap starting.
I20260709 13:00:57.359669 10860 leader_election.cc:290] T 606ca0bde2e84ba3a342870fec63b5b7 P 3c4e802a1b37497c9f2d1fe4d66f2507 [CANDIDATE]: Term 1 election: Requested vote from peers 95c9525be4a244428a8abb220296eca5 (127.9.197.193:44511), 73983dad969e4a80983b429dccc62720 (127.9.197.195:36877)
I20260709 13:00:57.369508 10712 raft_consensus.cc:2468] T 1ae2fa22ebe2498193c3ade0c52397cc P 3c4e802a1b37497c9f2d1fe4d66f2507 [term 1 FOLLOWER]: Leader election vote request: Granting yes vote for candidate 95c9525be4a244428a8abb220296eca5 in term 1.
I20260709 13:00:57.371219 10835 raft_consensus.cc:697] T 31e36d6394c24c378777f354ca5911f1 P 3c4e802a1b37497c9f2d1fe4d66f2507 [term 1 LEADER]: Becoming Leader. State: Replica: 3c4e802a1b37497c9f2d1fe4d66f2507, State: Running, Role: LEADER
I20260709 13:00:57.377199 10835 consensus_queue.cc:237] T 31e36d6394c24c378777f354ca5911f1 P 3c4e802a1b37497c9f2d1fe4d66f2507 [LEADER]: Queue going to LEADER mode. State: All replicated index: 0, Majority replicated index: 0, Committed index: 0, Last appended: 0.0, Last appended by leader: 0, Current term: 1, Majority size: 2, State: 0, Mode: LEADER, active raft config: opid_index: -1 OBSOLETE_local: false peers { permanent_uuid: "95c9525be4a244428a8abb220296eca5" member_type: VOTER last_known_addr { host: "127.9.197.193" port: 44511 } } peers { permanent_uuid: "3c4e802a1b37497c9f2d1fe4d66f2507" member_type: VOTER last_known_addr { host: "127.9.197.194" port: 36999 } } peers { permanent_uuid: "73983dad969e4a80983b429dccc62720" member_type: VOTER last_known_addr { host: "127.9.197.195" port: 36877 } }
I20260709 13:00:57.382745 10827 tablet_bootstrap.cc:654] T cde0ef91b0364a3ea6b0a18cb25a0b06 P 3c4e802a1b37497c9f2d1fe4d66f2507: Neither blocks nor log segments found. Creating new log.
I20260709 13:00:57.376000 10787 raft_consensus.cc:2468] T 606ca0bde2e84ba3a342870fec63b5b7 P 73983dad969e4a80983b429dccc62720 [term 1 FOLLOWER]: Leader election vote request: Granting yes vote for candidate 3c4e802a1b37497c9f2d1fe4d66f2507 in term 1.
I20260709 13:00:57.389977 10679 leader_election.cc:304] T 606ca0bde2e84ba3a342870fec63b5b7 P 3c4e802a1b37497c9f2d1fe4d66f2507 [CANDIDATE]: Term 1 election: Election decided. Result: candidate won. Election summary: received 3 responses out of 3 voters: 2 yes votes; 1 no votes. yes voters: 3c4e802a1b37497c9f2d1fe4d66f2507, 73983dad969e4a80983b429dccc62720; no voters: 95c9525be4a244428a8abb220296eca5
I20260709 13:00:57.398061 10863 raft_consensus.cc:493] T cd84aca5fda24c13b8f54783c7406b05 P 73983dad969e4a80983b429dccc62720 [term 0 FOLLOWER]: Starting pre-election (no leader contacted us within the election timeout)
I20260709 13:00:57.398576 10863 raft_consensus.cc:515] T cd84aca5fda24c13b8f54783c7406b05 P 73983dad969e4a80983b429dccc62720 [term 0 FOLLOWER]: Starting pre-election with config: opid_index: -1 OBSOLETE_local: false peers { permanent_uuid: "95c9525be4a244428a8abb220296eca5" member_type: VOTER last_known_addr { host: "127.9.197.193" port: 44511 } } peers { permanent_uuid: "3c4e802a1b37497c9f2d1fe4d66f2507" member_type: VOTER last_known_addr { host: "127.9.197.194" port: 36999 } } peers { permanent_uuid: "73983dad969e4a80983b429dccc62720" member_type: VOTER last_known_addr { host: "127.9.197.195" port: 36877 } }
I20260709 13:00:57.400910 10863 leader_election.cc:290] T cd84aca5fda24c13b8f54783c7406b05 P 73983dad969e4a80983b429dccc62720 [CANDIDATE]: Term 1 pre-election: Requested pre-vote from peers 95c9525be4a244428a8abb220296eca5 (127.9.197.193:44511), 3c4e802a1b37497c9f2d1fe4d66f2507 (127.9.197.194:36999)
I20260709 13:00:57.403306 10712 tablet_service.cc:1917] Received RequestConsensusVote() RPC: tablet_id: "cd84aca5fda24c13b8f54783c7406b05" candidate_uuid: "73983dad969e4a80983b429dccc62720" candidate_term: 1 candidate_status { last_received { term: 0 index: 0 } } ignore_live_leader: false dest_uuid: "3c4e802a1b37497c9f2d1fe4d66f2507" is_pre_election: true
I20260709 13:00:57.403285 10637 tablet_service.cc:1917] Received RequestConsensusVote() RPC: tablet_id: "cd84aca5fda24c13b8f54783c7406b05" candidate_uuid: "73983dad969e4a80983b429dccc62720" candidate_term: 1 candidate_status { last_received { term: 0 index: 0 } } ignore_live_leader: false dest_uuid: "95c9525be4a244428a8abb220296eca5" is_pre_election: true
I20260709 13:00:57.404232 10712 raft_consensus.cc:2468] T cd84aca5fda24c13b8f54783c7406b05 P 3c4e802a1b37497c9f2d1fe4d66f2507 [term 0 FOLLOWER]: Leader pre-election vote request: Granting yes vote for candidate 73983dad969e4a80983b429dccc62720 in term 0.
I20260709 13:00:57.404487 10637 raft_consensus.cc:2468] T cd84aca5fda24c13b8f54783c7406b05 P 95c9525be4a244428a8abb220296eca5 [term 0 FOLLOWER]: Leader pre-election vote request: Granting yes vote for candidate 73983dad969e4a80983b429dccc62720 in term 0.
I20260709 13:00:57.405223 10750 leader_election.cc:304] T cd84aca5fda24c13b8f54783c7406b05 P 73983dad969e4a80983b429dccc62720 [CANDIDATE]: Term 1 pre-election: Election decided. Result: candidate won. Election summary: received 2 responses out of 3 voters: 2 yes votes; 0 no votes. yes voters: 3c4e802a1b37497c9f2d1fe4d66f2507, 73983dad969e4a80983b429dccc62720; no voters: 
I20260709 13:00:57.406397 10863 raft_consensus.cc:2804] T cd84aca5fda24c13b8f54783c7406b05 P 73983dad969e4a80983b429dccc62720 [term 0 FOLLOWER]: Leader pre-election won for term 1
I20260709 13:00:57.406716 10863 raft_consensus.cc:493] T cd84aca5fda24c13b8f54783c7406b05 P 73983dad969e4a80983b429dccc62720 [term 0 FOLLOWER]: Starting leader election (no leader contacted us within the election timeout)
I20260709 13:00:57.406998 10863 raft_consensus.cc:3060] T cd84aca5fda24c13b8f54783c7406b05 P 73983dad969e4a80983b429dccc62720 [term 0 FOLLOWER]: Advancing to term 1
I20260709 13:00:57.407997 10829 tablet_bootstrap.cc:492] T 6fd5b708b17d438d805fd8604f848efe P 95c9525be4a244428a8abb220296eca5: No bootstrap required, opened a new log
I20260709 13:00:57.408849 10829 ts_tablet_manager.cc:1403] T 6fd5b708b17d438d805fd8604f848efe P 95c9525be4a244428a8abb220296eca5: Time spent bootstrapping tablet: real 0.084s	user 0.023s	sys 0.000s
I20260709 13:00:57.412606 10863 raft_consensus.cc:515] T cd84aca5fda24c13b8f54783c7406b05 P 73983dad969e4a80983b429dccc62720 [term 1 FOLLOWER]: Starting leader election with config: opid_index: -1 OBSOLETE_local: false peers { permanent_uuid: "95c9525be4a244428a8abb220296eca5" member_type: VOTER last_known_addr { host: "127.9.197.193" port: 44511 } } peers { permanent_uuid: "3c4e802a1b37497c9f2d1fe4d66f2507" member_type: VOTER last_known_addr { host: "127.9.197.194" port: 36999 } } peers { permanent_uuid: "73983dad969e4a80983b429dccc62720" member_type: VOTER last_known_addr { host: "127.9.197.195" port: 36877 } }
I20260709 13:00:57.413138 10829 raft_consensus.cc:359] T 6fd5b708b17d438d805fd8604f848efe P 95c9525be4a244428a8abb220296eca5 [term 0 FOLLOWER]: Replica starting. Triggering 0 pending ops. Active config: opid_index: -1 OBSOLETE_local: false peers { permanent_uuid: "95c9525be4a244428a8abb220296eca5" member_type: VOTER last_known_addr { host: "127.9.197.193" port: 44511 } } peers { permanent_uuid: "3c4e802a1b37497c9f2d1fe4d66f2507" member_type: VOTER last_known_addr { host: "127.9.197.194" port: 36999 } } peers { permanent_uuid: "73983dad969e4a80983b429dccc62720" member_type: VOTER last_known_addr { host: "127.9.197.195" port: 36877 } }
I20260709 13:00:57.414105 10829 raft_consensus.cc:385] T 6fd5b708b17d438d805fd8604f848efe P 95c9525be4a244428a8abb220296eca5 [term 0 FOLLOWER]: Consensus starting up: Expiring failure detector timer to make a prompt election more likely
I20260709 13:00:57.414484 10829 raft_consensus.cc:740] T 6fd5b708b17d438d805fd8604f848efe P 95c9525be4a244428a8abb220296eca5 [term 0 FOLLOWER]: Becoming Follower/Learner. State: Replica: 95c9525be4a244428a8abb220296eca5, State: Initialized, Role: FOLLOWER
I20260709 13:00:57.414628 10867 raft_consensus.cc:2804] T 606ca0bde2e84ba3a342870fec63b5b7 P 3c4e802a1b37497c9f2d1fe4d66f2507 [term 1 FOLLOWER]: Leader election won for term 1
I20260709 13:00:57.415266 10867 raft_consensus.cc:697] T 606ca0bde2e84ba3a342870fec63b5b7 P 3c4e802a1b37497c9f2d1fe4d66f2507 [term 1 LEADER]: Becoming Leader. State: Replica: 3c4e802a1b37497c9f2d1fe4d66f2507, State: Running, Role: LEADER
I20260709 13:00:57.415759 10829 consensus_queue.cc:260] T 6fd5b708b17d438d805fd8604f848efe P 95c9525be4a244428a8abb220296eca5 [NON_LEADER]: Queue going to NON_LEADER mode. State: All replicated index: 0, Majority replicated index: 0, Committed index: 0, Last appended: 0.0, Last appended by leader: 0, Current term: 0, Majority size: -1, State: 0, Mode: NON_LEADER, active raft config: opid_index: -1 OBSOLETE_local: false peers { permanent_uuid: "95c9525be4a244428a8abb220296eca5" member_type: VOTER last_known_addr { host: "127.9.197.193" port: 44511 } } peers { permanent_uuid: "3c4e802a1b37497c9f2d1fe4d66f2507" member_type: VOTER last_known_addr { host: "127.9.197.194" port: 36999 } } peers { permanent_uuid: "73983dad969e4a80983b429dccc62720" member_type: VOTER last_known_addr { host: "127.9.197.195" port: 36877 } }
I20260709 13:00:57.416316 10867 consensus_queue.cc:237] T 606ca0bde2e84ba3a342870fec63b5b7 P 3c4e802a1b37497c9f2d1fe4d66f2507 [LEADER]: Queue going to LEADER mode. State: All replicated index: 0, Majority replicated index: 0, Committed index: 0, Last appended: 0.0, Last appended by leader: 0, Current term: 1, Majority size: 2, State: 0, Mode: LEADER, active raft config: opid_index: -1 OBSOLETE_local: false peers { permanent_uuid: "95c9525be4a244428a8abb220296eca5" member_type: VOTER last_known_addr { host: "127.9.197.193" port: 44511 } } peers { permanent_uuid: "3c4e802a1b37497c9f2d1fe4d66f2507" member_type: VOTER last_known_addr { host: "127.9.197.194" port: 36999 } } peers { permanent_uuid: "73983dad969e4a80983b429dccc62720" member_type: VOTER last_known_addr { host: "127.9.197.195" port: 36877 } }
I20260709 13:00:57.417146 10712 tablet_service.cc:1917] Received RequestConsensusVote() RPC: tablet_id: "cd84aca5fda24c13b8f54783c7406b05" candidate_uuid: "73983dad969e4a80983b429dccc62720" candidate_term: 1 candidate_status { last_received { term: 0 index: 0 } } ignore_live_leader: false dest_uuid: "3c4e802a1b37497c9f2d1fe4d66f2507"
I20260709 13:00:57.417672 10712 raft_consensus.cc:3060] T cd84aca5fda24c13b8f54783c7406b05 P 3c4e802a1b37497c9f2d1fe4d66f2507 [term 0 FOLLOWER]: Advancing to term 1
I20260709 13:00:57.415452 10637 tablet_service.cc:1917] Received RequestConsensusVote() RPC: tablet_id: "cd84aca5fda24c13b8f54783c7406b05" candidate_uuid: "73983dad969e4a80983b429dccc62720" candidate_term: 1 candidate_status { last_received { term: 0 index: 0 } } ignore_live_leader: false dest_uuid: "95c9525be4a244428a8abb220296eca5"
I20260709 13:00:57.418706 10637 raft_consensus.cc:3060] T cd84aca5fda24c13b8f54783c7406b05 P 95c9525be4a244428a8abb220296eca5 [term 0 FOLLOWER]: Advancing to term 1
I20260709 13:00:57.419915 10829 ts_tablet_manager.cc:1434] T 6fd5b708b17d438d805fd8604f848efe P 95c9525be4a244428a8abb220296eca5: Time spent starting tablet: real 0.011s	user 0.009s	sys 0.001s
I20260709 13:00:57.421275 10829 tablet_bootstrap.cc:492] T 606ca0bde2e84ba3a342870fec63b5b7 P 95c9525be4a244428a8abb220296eca5: Bootstrap starting.
I20260709 13:00:57.424894 10863 leader_election.cc:290] T cd84aca5fda24c13b8f54783c7406b05 P 73983dad969e4a80983b429dccc62720 [CANDIDATE]: Term 1 election: Requested vote from peers 95c9525be4a244428a8abb220296eca5 (127.9.197.193:44511), 3c4e802a1b37497c9f2d1fe4d66f2507 (127.9.197.194:36999)
I20260709 13:00:57.425683 10712 raft_consensus.cc:2468] T cd84aca5fda24c13b8f54783c7406b05 P 3c4e802a1b37497c9f2d1fe4d66f2507 [term 1 FOLLOWER]: Leader election vote request: Granting yes vote for candidate 73983dad969e4a80983b429dccc62720 in term 1.
I20260709 13:00:57.428071 10750 leader_election.cc:304] T cd84aca5fda24c13b8f54783c7406b05 P 73983dad969e4a80983b429dccc62720 [CANDIDATE]: Term 1 election: Election decided. Result: candidate won. Election summary: received 2 responses out of 3 voters: 2 yes votes; 0 no votes. yes voters: 3c4e802a1b37497c9f2d1fe4d66f2507, 73983dad969e4a80983b429dccc62720; no voters: 
I20260709 13:00:57.429033 10863 raft_consensus.cc:2804] T cd84aca5fda24c13b8f54783c7406b05 P 73983dad969e4a80983b429dccc62720 [term 1 FOLLOWER]: Leader election won for term 1
I20260709 13:00:57.429839 10863 raft_consensus.cc:697] T cd84aca5fda24c13b8f54783c7406b05 P 73983dad969e4a80983b429dccc62720 [term 1 LEADER]: Becoming Leader. State: Replica: 73983dad969e4a80983b429dccc62720, State: Running, Role: LEADER
I20260709 13:00:57.430264 10829 tablet_bootstrap.cc:654] T 606ca0bde2e84ba3a342870fec63b5b7 P 95c9525be4a244428a8abb220296eca5: Neither blocks nor log segments found. Creating new log.
I20260709 13:00:57.430374 10637 raft_consensus.cc:2468] T cd84aca5fda24c13b8f54783c7406b05 P 95c9525be4a244428a8abb220296eca5 [term 1 FOLLOWER]: Leader election vote request: Granting yes vote for candidate 73983dad969e4a80983b429dccc62720 in term 1.
