I20260709 13:00:56.081185  8371 raft_consensus.cc:993] T 55ac26699fc04ca3b3812310c189e3ed P f0bc608a8f0f4f8d9ad30103c448d1fe: : Instructing follower 113fca9b41d4424ba6cd4715f248126c to start an election
I20260709 13:00:56.081990  8276 raft_consensus.cc:1081] T 55ac26699fc04ca3b3812310c189e3ed P f0bc608a8f0f4f8d9ad30103c448d1fe [term 1 LEADER]: Signalling peer 113fca9b41d4424ba6cd4715f248126c to start an election
I20260709 13:00:56.083841  8057 tablet_service.cc:2044] Received Run Leader Election RPC: tablet_id: "55ac26699fc04ca3b3812310c189e3ed"
dest_uuid: "113fca9b41d4424ba6cd4715f248126c"
 from {username='slave'} at 127.0.0.1:50878
I20260709 13:00:56.084334  8057 raft_consensus.cc:493] T 55ac26699fc04ca3b3812310c189e3ed P 113fca9b41d4424ba6cd4715f248126c [term 1 FOLLOWER]: Starting forced leader election (received explicit request)
I20260709 13:00:56.084621  8057 raft_consensus.cc:3060] T 55ac26699fc04ca3b3812310c189e3ed P 113fca9b41d4424ba6cd4715f248126c [term 1 FOLLOWER]: Advancing to term 2
I20260709 13:00:56.089093  8057 raft_consensus.cc:515] T 55ac26699fc04ca3b3812310c189e3ed P 113fca9b41d4424ba6cd4715f248126c [term 2 FOLLOWER]: Starting forced leader election with config: opid_index: -1 OBSOLETE_local: false peers { permanent_uuid: "113fca9b41d4424ba6cd4715f248126c" member_type: VOTER last_known_addr { host: "127.7.65.129" port: 44685 } } peers { permanent_uuid: "f0bc608a8f0f4f8d9ad30103c448d1fe" member_type: VOTER last_known_addr { host: "127.7.65.130" port: 36775 } } peers { permanent_uuid: "2a9133ba8e1949dc9c1d53bf05ad2fc0" member_type: VOTER last_known_addr { host: "127.7.65.131" port: 45481 } }
I20260709 13:00:56.090673  8057 leader_election.cc:290] T 55ac26699fc04ca3b3812310c189e3ed P 113fca9b41d4424ba6cd4715f248126c [CANDIDATE]: Term 2 election: Requested vote from peers f0bc608a8f0f4f8d9ad30103c448d1fe (127.7.65.130:36775), 2a9133ba8e1949dc9c1d53bf05ad2fc0 (127.7.65.131:45481)
I20260709 13:00:56.091593  8132 tablet_service.cc:1917] Received RequestConsensusVote() RPC: tablet_id: "55ac26699fc04ca3b3812310c189e3ed" candidate_uuid: "113fca9b41d4424ba6cd4715f248126c" candidate_term: 2 candidate_status { last_received { term: 1 index: 1 } } ignore_live_leader: true dest_uuid: "f0bc608a8f0f4f8d9ad30103c448d1fe"
I20260709 13:00:56.091809  8206 tablet_service.cc:1917] Received RequestConsensusVote() RPC: tablet_id: "55ac26699fc04ca3b3812310c189e3ed" candidate_uuid: "113fca9b41d4424ba6cd4715f248126c" candidate_term: 2 candidate_status { last_received { term: 1 index: 1 } } ignore_live_leader: true dest_uuid: "2a9133ba8e1949dc9c1d53bf05ad2fc0"
I20260709 13:00:56.092226  8132 raft_consensus.cc:3055] T 55ac26699fc04ca3b3812310c189e3ed P f0bc608a8f0f4f8d9ad30103c448d1fe [term 1 LEADER]: Stepping down as leader of term 1
I20260709 13:00:56.092301  8206 raft_consensus.cc:3060] T 55ac26699fc04ca3b3812310c189e3ed P 2a9133ba8e1949dc9c1d53bf05ad2fc0 [term 1 FOLLOWER]: Advancing to term 2
I20260709 13:00:56.092685  8132 raft_consensus.cc:740] T 55ac26699fc04ca3b3812310c189e3ed P f0bc608a8f0f4f8d9ad30103c448d1fe [term 1 LEADER]: Becoming Follower/Learner. State: Replica: f0bc608a8f0f4f8d9ad30103c448d1fe, State: Running, Role: LEADER
I20260709 13:00:56.093570  8132 consensus_queue.cc:260] T 55ac26699fc04ca3b3812310c189e3ed P f0bc608a8f0f4f8d9ad30103c448d1fe [NON_LEADER]: Queue going to NON_LEADER mode. State: All replicated index: 0, Majority replicated index: 1, Committed index: 1, Last appended: 1.1, Last appended by leader: 1, Current term: 1, Majority size: -1, State: 0, Mode: NON_LEADER, active raft config: opid_index: -1 OBSOLETE_local: false peers { permanent_uuid: "113fca9b41d4424ba6cd4715f248126c" member_type: VOTER last_known_addr { host: "127.7.65.129" port: 44685 } } peers { permanent_uuid: "f0bc608a8f0f4f8d9ad30103c448d1fe" member_type: VOTER last_known_addr { host: "127.7.65.130" port: 36775 } } peers { permanent_uuid: "2a9133ba8e1949dc9c1d53bf05ad2fc0" member_type: VOTER last_known_addr { host: "127.7.65.131" port: 45481 } }
I20260709 13:00:56.094871  8132 raft_consensus.cc:3060] T 55ac26699fc04ca3b3812310c189e3ed P f0bc608a8f0f4f8d9ad30103c448d1fe [term 1 FOLLOWER]: Advancing to term 2
I20260709 13:00:56.099963  8206 raft_consensus.cc:2468] T 55ac26699fc04ca3b3812310c189e3ed P 2a9133ba8e1949dc9c1d53bf05ad2fc0 [term 2 FOLLOWER]: Leader election vote request: Granting yes vote for candidate 113fca9b41d4424ba6cd4715f248126c in term 2.
I20260709 13:00:56.101243  8024 leader_election.cc:304] T 55ac26699fc04ca3b3812310c189e3ed P 113fca9b41d4424ba6cd4715f248126c [CANDIDATE]: Term 2 election: Election decided. Result: candidate won. Election summary: received 2 responses out of 3 voters: 2 yes votes; 0 no votes. yes voters: 113fca9b41d4424ba6cd4715f248126c, 2a9133ba8e1949dc9c1d53bf05ad2fc0; no voters: 
I20260709 13:00:56.101909  8132 raft_consensus.cc:2468] T 55ac26699fc04ca3b3812310c189e3ed P f0bc608a8f0f4f8d9ad30103c448d1fe [term 2 FOLLOWER]: Leader election vote request: Granting yes vote for candidate 113fca9b41d4424ba6cd4715f248126c in term 2.
I20260709 13:00:56.102746  8259 raft_consensus.cc:2804] T 55ac26699fc04ca3b3812310c189e3ed P 113fca9b41d4424ba6cd4715f248126c [term 2 FOLLOWER]: Leader election won for term 2
I20260709 13:00:56.103268  8259 raft_consensus.cc:697] T 55ac26699fc04ca3b3812310c189e3ed P 113fca9b41d4424ba6cd4715f248126c [term 2 LEADER]: Becoming Leader. State: Replica: 113fca9b41d4424ba6cd4715f248126c, State: Running, Role: LEADER
I20260709 13:00:56.103996  8259 consensus_queue.cc:237] T 55ac26699fc04ca3b3812310c189e3ed P 113fca9b41d4424ba6cd4715f248126c [LEADER]: Queue going to LEADER mode. State: All replicated index: 0, Majority replicated index: 1, Committed index: 1, Last appended: 1.1, Last appended by leader: 1, Current term: 2, Majority size: 2, State: 0, Mode: LEADER, active raft config: opid_index: -1 OBSOLETE_local: false peers { permanent_uuid: "113fca9b41d4424ba6cd4715f248126c" member_type: VOTER last_known_addr { host: "127.7.65.129" port: 44685 } } peers { permanent_uuid: "f0bc608a8f0f4f8d9ad30103c448d1fe" member_type: VOTER last_known_addr { host: "127.7.65.130" port: 36775 } } peers { permanent_uuid: "2a9133ba8e1949dc9c1d53bf05ad2fc0" member_type: VOTER last_known_addr { host: "127.7.65.131" port: 45481 } }
I20260709 13:00:56.110167  7955 catalog_manager.cc:5697] T 55ac26699fc04ca3b3812310c189e3ed P 113fca9b41d4424ba6cd4715f248126c reported cstate change: term changed from 1 to 2, leader changed from f0bc608a8f0f4f8d9ad30103c448d1fe (127.7.65.130) to 113fca9b41d4424ba6cd4715f248126c (127.7.65.129). New cstate: current_term: 2 leader_uuid: "113fca9b41d4424ba6cd4715f248126c" committed_config { opid_index: -1 OBSOLETE_local: false peers { permanent_uuid: "113fca9b41d4424ba6cd4715f248126c" member_type: VOTER last_known_addr { host: "127.7.65.129" port: 44685 } health_report { overall_health: HEALTHY } } peers { permanent_uuid: "f0bc608a8f0f4f8d9ad30103c448d1fe" member_type: VOTER last_known_addr { host: "127.7.65.130" port: 36775 } health_report { overall_health: UNKNOWN } } peers { permanent_uuid: "2a9133ba8e1949dc9c1d53bf05ad2fc0" member_type: VOTER last_known_addr { host: "127.7.65.131" port: 45481 } health_report { overall_health: UNKNOWN } } }
I20260709 13:00:56.196058  8132 raft_consensus.cc:1275] T 0e25281e503f4efe8f6a130378ae9af2 P f0bc608a8f0f4f8d9ad30103c448d1fe [term 3 FOLLOWER]: Refusing update from remote peer 113fca9b41d4424ba6cd4715f248126c: Log matching property violated. Preceding OpId in replica: term: 2 index: 2. Preceding OpId from leader: term: 3 index: 3. (index mismatch)
I20260709 13:00:56.197808  8259 consensus_queue.cc:1048] T 0e25281e503f4efe8f6a130378ae9af2 P 113fca9b41d4424ba6cd4715f248126c [LEADER]: Connected to new peer: Peer: permanent_uuid: "f0bc608a8f0f4f8d9ad30103c448d1fe" member_type: VOTER last_known_addr { host: "127.7.65.130" port: 36775 }, Status: LMP_MISMATCH, Last received: 0.0, Next index: 3, Last known committed idx: 2, Time since last communication: 0.000s
I20260709 13:00:56.215878  8206 raft_consensus.cc:1275] T 0e25281e503f4efe8f6a130378ae9af2 P 2a9133ba8e1949dc9c1d53bf05ad2fc0 [term 3 FOLLOWER]: Refusing update from remote peer 113fca9b41d4424ba6cd4715f248126c: Log matching property violated. Preceding OpId in replica: term: 2 index: 2. Preceding OpId from leader: term: 3 index: 3. (index mismatch)
I20260709 13:00:56.217795  8372 consensus_queue.cc:1048] T 0e25281e503f4efe8f6a130378ae9af2 P 113fca9b41d4424ba6cd4715f248126c [LEADER]: Connected to new peer: Peer: permanent_uuid: "2a9133ba8e1949dc9c1d53bf05ad2fc0" member_type: VOTER last_known_addr { host: "127.7.65.131" port: 45481 }, Status: LMP_MISMATCH, Last received: 0.0, Next index: 3, Last known committed idx: 2, Time since last communication: 0.000s
I20260709 13:00:56.252238  8371 raft_consensus.cc:993] T fcdb96695231492a9de5f4ff1855f0d2 P f0bc608a8f0f4f8d9ad30103c448d1fe: : Instructing follower 113fca9b41d4424ba6cd4715f248126c to start an election
I20260709 13:00:56.252704  8371 raft_consensus.cc:1081] T fcdb96695231492a9de5f4ff1855f0d2 P f0bc608a8f0f4f8d9ad30103c448d1fe [term 2 LEADER]: Signalling peer 113fca9b41d4424ba6cd4715f248126c to start an election
I20260709 13:00:56.254573  8057 tablet_service.cc:2044] Received Run Leader Election RPC: tablet_id: "fcdb96695231492a9de5f4ff1855f0d2"
dest_uuid: "113fca9b41d4424ba6cd4715f248126c"
 from {username='slave'} at 127.0.0.1:50878
I20260709 13:00:56.255170  8057 raft_consensus.cc:493] T fcdb96695231492a9de5f4ff1855f0d2 P 113fca9b41d4424ba6cd4715f248126c [term 2 FOLLOWER]: Starting forced leader election (received explicit request)
I20260709 13:00:56.255445  8057 raft_consensus.cc:3060] T fcdb96695231492a9de5f4ff1855f0d2 P 113fca9b41d4424ba6cd4715f248126c [term 2 FOLLOWER]: Advancing to term 3
I20260709 13:00:56.261044  8057 raft_consensus.cc:515] T fcdb96695231492a9de5f4ff1855f0d2 P 113fca9b41d4424ba6cd4715f248126c [term 3 FOLLOWER]: Starting forced leader election with config: opid_index: -1 OBSOLETE_local: false peers { permanent_uuid: "113fca9b41d4424ba6cd4715f248126c" member_type: VOTER last_known_addr { host: "127.7.65.129" port: 44685 } } peers { permanent_uuid: "f0bc608a8f0f4f8d9ad30103c448d1fe" member_type: VOTER last_known_addr { host: "127.7.65.130" port: 36775 } } peers { permanent_uuid: "2a9133ba8e1949dc9c1d53bf05ad2fc0" member_type: VOTER last_known_addr { host: "127.7.65.131" port: 45481 } }
I20260709 13:00:56.262655  8057 leader_election.cc:290] T fcdb96695231492a9de5f4ff1855f0d2 P 113fca9b41d4424ba6cd4715f248126c [CANDIDATE]: Term 3 election: Requested vote from peers f0bc608a8f0f4f8d9ad30103c448d1fe (127.7.65.130:36775), 2a9133ba8e1949dc9c1d53bf05ad2fc0 (127.7.65.131:45481)
I20260709 13:00:56.263816  8206 tablet_service.cc:1917] Received RequestConsensusVote() RPC: tablet_id: "fcdb96695231492a9de5f4ff1855f0d2" candidate_uuid: "113fca9b41d4424ba6cd4715f248126c" candidate_term: 3 candidate_status { last_received { term: 2 index: 2 } } ignore_live_leader: true dest_uuid: "2a9133ba8e1949dc9c1d53bf05ad2fc0"
I20260709 13:00:56.263816  8132 tablet_service.cc:1917] Received RequestConsensusVote() RPC: tablet_id: "fcdb96695231492a9de5f4ff1855f0d2" candidate_uuid: "113fca9b41d4424ba6cd4715f248126c" candidate_term: 3 candidate_status { last_received { term: 2 index: 2 } } ignore_live_leader: true dest_uuid: "f0bc608a8f0f4f8d9ad30103c448d1fe"
I20260709 13:00:56.264631  8132 raft_consensus.cc:3055] T fcdb96695231492a9de5f4ff1855f0d2 P f0bc608a8f0f4f8d9ad30103c448d1fe [term 2 LEADER]: Stepping down as leader of term 2
I20260709 13:00:56.264976  8132 raft_consensus.cc:740] T fcdb96695231492a9de5f4ff1855f0d2 P f0bc608a8f0f4f8d9ad30103c448d1fe [term 2 LEADER]: Becoming Follower/Learner. State: Replica: f0bc608a8f0f4f8d9ad30103c448d1fe, State: Running, Role: LEADER
I20260709 13:00:56.265172  8206 raft_consensus.cc:3060] T fcdb96695231492a9de5f4ff1855f0d2 P 2a9133ba8e1949dc9c1d53bf05ad2fc0 [term 2 FOLLOWER]: Advancing to term 3
I20260709 13:00:56.265754  8132 consensus_queue.cc:260] T fcdb96695231492a9de5f4ff1855f0d2 P f0bc608a8f0f4f8d9ad30103c448d1fe [NON_LEADER]: Queue going to NON_LEADER mode. State: All replicated index: 0, Majority replicated index: 2, Committed index: 2, Last appended: 2.2, Last appended by leader: 2, Current term: 2, Majority size: -1, State: 0, Mode: NON_LEADER, active raft config: opid_index: -1 OBSOLETE_local: false peers { permanent_uuid: "113fca9b41d4424ba6cd4715f248126c" member_type: VOTER last_known_addr { host: "127.7.65.129" port: 44685 } } peers { permanent_uuid: "f0bc608a8f0f4f8d9ad30103c448d1fe" member_type: VOTER last_known_addr { host: "127.7.65.130" port: 36775 } } peers { permanent_uuid: "2a9133ba8e1949dc9c1d53bf05ad2fc0" member_type: VOTER last_known_addr { host: "127.7.65.131" port: 45481 } }
I20260709 13:00:56.266971  8132 raft_consensus.cc:3060] T fcdb96695231492a9de5f4ff1855f0d2 P f0bc608a8f0f4f8d9ad30103c448d1fe [term 2 FOLLOWER]: Advancing to term 3
I20260709 13:00:56.271051  8206 raft_consensus.cc:2468] T fcdb96695231492a9de5f4ff1855f0d2 P 2a9133ba8e1949dc9c1d53bf05ad2fc0 [term 3 FOLLOWER]: Leader election vote request: Granting yes vote for candidate 113fca9b41d4424ba6cd4715f248126c in term 3.
I20260709 13:00:56.272231  8024 leader_election.cc:304] T fcdb96695231492a9de5f4ff1855f0d2 P 113fca9b41d4424ba6cd4715f248126c [CANDIDATE]: Term 3 election: Election decided. Result: candidate won. Election summary: received 2 responses out of 3 voters: 2 yes votes; 0 no votes. yes voters: 113fca9b41d4424ba6cd4715f248126c, 2a9133ba8e1949dc9c1d53bf05ad2fc0; no voters: 
I20260709 13:00:56.272574  8132 raft_consensus.cc:2468] T fcdb96695231492a9de5f4ff1855f0d2 P f0bc608a8f0f4f8d9ad30103c448d1fe [term 3 FOLLOWER]: Leader election vote request: Granting yes vote for candidate 113fca9b41d4424ba6cd4715f248126c in term 3.
I20260709 13:00:56.273231  8372 raft_consensus.cc:2804] T fcdb96695231492a9de5f4ff1855f0d2 P 113fca9b41d4424ba6cd4715f248126c [term 3 FOLLOWER]: Leader election won for term 3
I20260709 13:00:56.273730  8372 raft_consensus.cc:697] T fcdb96695231492a9de5f4ff1855f0d2 P 113fca9b41d4424ba6cd4715f248126c [term 3 LEADER]: Becoming Leader. State: Replica: 113fca9b41d4424ba6cd4715f248126c, State: Running, Role: LEADER
I20260709 13:00:56.274475  8372 consensus_queue.cc:237] T fcdb96695231492a9de5f4ff1855f0d2 P 113fca9b41d4424ba6cd4715f248126c [LEADER]: Queue going to LEADER mode. State: All replicated index: 0, Majority replicated index: 2, Committed index: 2, Last appended: 2.2, Last appended by leader: 2, Current term: 3, Majority size: 2, State: 0, Mode: LEADER, active raft config: opid_index: -1 OBSOLETE_local: false peers { permanent_uuid: "113fca9b41d4424ba6cd4715f248126c" member_type: VOTER last_known_addr { host: "127.7.65.129" port: 44685 } } peers { permanent_uuid: "f0bc608a8f0f4f8d9ad30103c448d1fe" member_type: VOTER last_known_addr { host: "127.7.65.130" port: 36775 } } peers { permanent_uuid: "2a9133ba8e1949dc9c1d53bf05ad2fc0" member_type: VOTER last_known_addr { host: "127.7.65.131" port: 45481 } }
I20260709 13:00:56.282184  7956 catalog_manager.cc:5697] T fcdb96695231492a9de5f4ff1855f0d2 P 113fca9b41d4424ba6cd4715f248126c reported cstate change: term changed from 2 to 3, leader changed from f0bc608a8f0f4f8d9ad30103c448d1fe (127.7.65.130) to 113fca9b41d4424ba6cd4715f248126c (127.7.65.129). New cstate: current_term: 3 leader_uuid: "113fca9b41d4424ba6cd4715f248126c" committed_config { opid_index: -1 OBSOLETE_local: false peers { permanent_uuid: "113fca9b41d4424ba6cd4715f248126c" member_type: VOTER last_known_addr { host: "127.7.65.129" port: 44685 } health_report { overall_health: HEALTHY } } peers { permanent_uuid: "f0bc608a8f0f4f8d9ad30103c448d1fe" member_type: VOTER last_known_addr { host: "127.7.65.130" port: 36775 } health_report { overall_health: UNKNOWN } } peers { permanent_uuid: "2a9133ba8e1949dc9c1d53bf05ad2fc0" member_type: VOTER last_known_addr { host: "127.7.65.131" port: 45481 } health_report { overall_health: UNKNOWN } } }
I20260709 13:00:56.455580  8132 raft_consensus.cc:1275] T 12d27c2bc22d4647931045a15c8d0bb8 P f0bc608a8f0f4f8d9ad30103c448d1fe [term 3 FOLLOWER]: Refusing update from remote peer 113fca9b41d4424ba6cd4715f248126c: Log matching property violated. Preceding OpId in replica: term: 2 index: 2. Preceding OpId from leader: term: 3 index: 3. (index mismatch)
I20260709 13:00:56.457909  8372 consensus_queue.cc:1048] T 12d27c2bc22d4647931045a15c8d0bb8 P 113fca9b41d4424ba6cd4715f248126c [LEADER]: Connected to new peer: Peer: permanent_uuid: "f0bc608a8f0f4f8d9ad30103c448d1fe" member_type: VOTER last_known_addr { host: "127.7.65.130" port: 36775 }, Status: LMP_MISMATCH, Last received: 0.0, Next index: 3, Last known committed idx: 2, Time since last communication: 0.001s
I20260709 13:00:56.476562  8206 raft_consensus.cc:1275] T 12d27c2bc22d4647931045a15c8d0bb8 P 2a9133ba8e1949dc9c1d53bf05ad2fc0 [term 3 FOLLOWER]: Refusing update from remote peer 113fca9b41d4424ba6cd4715f248126c: Log matching property violated. Preceding OpId in replica: term: 2 index: 2. Preceding OpId from leader: term: 3 index: 3. (index mismatch)
I20260709 13:00:56.478442  8380 consensus_queue.cc:1048] T 12d27c2bc22d4647931045a15c8d0bb8 P 113fca9b41d4424ba6cd4715f248126c [LEADER]: Connected to new peer: Peer: permanent_uuid: "2a9133ba8e1949dc9c1d53bf05ad2fc0" member_type: VOTER last_known_addr { host: "127.7.65.131" port: 45481 }, Status: LMP_MISMATCH, Last received: 0.0, Next index: 3, Last known committed idx: 2, Time since last communication: 0.001s
I20260709 13:00:56.583262  8206 raft_consensus.cc:1275] T d4e630a9c79847e9b52bae9df841168b P 2a9133ba8e1949dc9c1d53bf05ad2fc0 [term 4 FOLLOWER]: Refusing update from remote peer 113fca9b41d4424ba6cd4715f248126c: Log matching property violated. Preceding OpId in replica: term: 3 index: 3. Preceding OpId from leader: term: 4 index: 4. (index mismatch)
I20260709 13:00:56.584782  8380 consensus_queue.cc:1048] T d4e630a9c79847e9b52bae9df841168b P 113fca9b41d4424ba6cd4715f248126c [LEADER]: Connected to new peer: Peer: permanent_uuid: "2a9133ba8e1949dc9c1d53bf05ad2fc0" member_type: VOTER last_known_addr { host: "127.7.65.131" port: 45481 }, Status: LMP_MISMATCH, Last received: 0.0, Next index: 4, Last known committed idx: 3, Time since last communication: 0.000s
I20260709 13:00:56.589996  8133 raft_consensus.cc:1275] T d4e630a9c79847e9b52bae9df841168b P f0bc608a8f0f4f8d9ad30103c448d1fe [term 4 FOLLOWER]: Refusing update from remote peer 113fca9b41d4424ba6cd4715f248126c: Log matching property violated. Preceding OpId in replica: term: 3 index: 3. Preceding OpId from leader: term: 4 index: 4. (index mismatch)
I20260709 13:00:56.591414  8380 consensus_queue.cc:1048] T d4e630a9c79847e9b52bae9df841168b P 113fca9b41d4424ba6cd4715f248126c [LEADER]: Connected to new peer: Peer: permanent_uuid: "f0bc608a8f0f4f8d9ad30103c448d1fe" member_type: VOTER last_known_addr { host: "127.7.65.130" port: 36775 }, Status: LMP_MISMATCH, Last received: 0.0, Next index: 4, Last known committed idx: 3, Time since last communication: 0.000s
I20260709 13:00:56.617676  8206 raft_consensus.cc:1275] T 55ac26699fc04ca3b3812310c189e3ed P 2a9133ba8e1949dc9c1d53bf05ad2fc0 [term 2 FOLLOWER]: Refusing update from remote peer 113fca9b41d4424ba6cd4715f248126c: Log matching property violated. Preceding OpId in replica: term: 1 index: 1. Preceding OpId from leader: term: 2 index: 2. (index mismatch)
I20260709 13:00:56.618976  8380 consensus_queue.cc:1048] T 55ac26699fc04ca3b3812310c189e3ed P 113fca9b41d4424ba6cd4715f248126c [LEADER]: Connected to new peer: Peer: permanent_uuid: "2a9133ba8e1949dc9c1d53bf05ad2fc0" member_type: VOTER last_known_addr { host: "127.7.65.131" port: 45481 }, Status: LMP_MISMATCH, Last received: 0.0, Next index: 2, Last known committed idx: 1, Time since last communication: 0.000s
I20260709 13:00:56.631485  8133 raft_consensus.cc:1275] T 55ac26699fc04ca3b3812310c189e3ed P f0bc608a8f0f4f8d9ad30103c448d1fe [term 2 FOLLOWER]: Refusing update from remote peer 113fca9b41d4424ba6cd4715f248126c: Log matching property violated. Preceding OpId in replica: term: 1 index: 1. Preceding OpId from leader: term: 2 index: 2. (index mismatch)
I20260709 13:00:56.634091  8380 consensus_queue.cc:1048] T 55ac26699fc04ca3b3812310c189e3ed P 113fca9b41d4424ba6cd4715f248126c [LEADER]: Connected to new peer: Peer: permanent_uuid: "f0bc608a8f0f4f8d9ad30103c448d1fe" member_type: VOTER last_known_addr { host: "127.7.65.130" port: 36775 }, Status: LMP_MISMATCH, Last received: 0.0, Next index: 2, Last known committed idx: 1, Time since last communication: 0.001s
I20260709 13:00:56.723063  8206 raft_consensus.cc:1275] T fcdb96695231492a9de5f4ff1855f0d2 P 2a9133ba8e1949dc9c1d53bf05ad2fc0 [term 3 FOLLOWER]: Refusing update from remote peer 113fca9b41d4424ba6cd4715f248126c: Log matching property violated. Preceding OpId in replica: term: 2 index: 2. Preceding OpId from leader: term: 3 index: 3. (index mismatch)
I20260709 13:00:56.724880  8380 consensus_queue.cc:1048] T fcdb96695231492a9de5f4ff1855f0d2 P 113fca9b41d4424ba6cd4715f248126c [LEADER]: Connected to new peer: Peer: permanent_uuid: "2a9133ba8e1949dc9c1d53bf05ad2fc0" member_type: VOTER last_known_addr { host: "127.7.65.131" port: 45481 }, Status: LMP_MISMATCH, Last received: 0.0, Next index: 3, Last known committed idx: 2, Time since last communication: 0.000s
I20260709 13:00:56.739655  8133 raft_consensus.cc:1275] T fcdb96695231492a9de5f4ff1855f0d2 P f0bc608a8f0f4f8d9ad30103c448d1fe [term 3 FOLLOWER]: Refusing update from remote peer 113fca9b41d4424ba6cd4715f248126c: Log matching property violated. Preceding OpId in replica: term: 2 index: 2. Preceding OpId from leader: term: 3 index: 3. (index mismatch)
I20260709 13:00:56.741552  8380 consensus_queue.cc:1048] T fcdb96695231492a9de5f4ff1855f0d2 P 113fca9b41d4424ba6cd4715f248126c [LEADER]: Connected to new peer: Peer: permanent_uuid: "f0bc608a8f0f4f8d9ad30103c448d1fe" member_type: VOTER last_known_addr { host: "127.7.65.130" port: 36775 }, Status: LMP_MISMATCH, Last received: 0.0, Next index: 3, Last known committed idx: 2, Time since last communication: 0.000s
I20260709 13:00:58.802352  7430 auto_leader_rebalancer.cc:141] leader rebalance for table test-workload
I20260709 13:00:58.810032  8057 tablet_service.cc:2072] Received LeaderStepDown RPC: tablet_id: "12d27c2bc22d4647931045a15c8d0bb8"
dest_uuid: "113fca9b41d4424ba6cd4715f248126c"
mode: GRACEFUL
new_leader_uuid: "f0bc608a8f0f4f8d9ad30103c448d1fe"
 from {username='slave'} at 127.0.0.1:50902
I20260709 13:00:58.810634  8057 raft_consensus.cc:606] T 12d27c2bc22d4647931045a15c8d0bb8 P 113fca9b41d4424ba6cd4715f248126c [term 3 LEADER]: Received request to transfer leadership to TS f0bc608a8f0f4f8d9ad30103c448d1fe
I20260709 13:00:58.813385  8057 tablet_service.cc:2072] Received LeaderStepDown RPC: tablet_id: "55ac26699fc04ca3b3812310c189e3ed"
dest_uuid: "113fca9b41d4424ba6cd4715f248126c"
mode: GRACEFUL
new_leader_uuid: "2a9133ba8e1949dc9c1d53bf05ad2fc0"
 from {username='slave'} at 127.0.0.1:50902
I20260709 13:00:58.813864  8057 raft_consensus.cc:606] T 55ac26699fc04ca3b3812310c189e3ed P 113fca9b41d4424ba6cd4715f248126c [term 2 LEADER]: Received request to transfer leadership to TS 2a9133ba8e1949dc9c1d53bf05ad2fc0
I20260709 13:00:58.816349  8057 tablet_service.cc:2072] Received LeaderStepDown RPC: tablet_id: "775d2f6522fe4c0290a1d06bbfc4ae0a"
dest_uuid: "113fca9b41d4424ba6cd4715f248126c"
mode: GRACEFUL
new_leader_uuid: "f0bc608a8f0f4f8d9ad30103c448d1fe"
 from {username='slave'} at 127.0.0.1:50902
I20260709 13:00:58.816897  8057 raft_consensus.cc:606] T 775d2f6522fe4c0290a1d06bbfc4ae0a P 113fca9b41d4424ba6cd4715f248126c [term 2 LEADER]: Received request to transfer leadership to TS f0bc608a8f0f4f8d9ad30103c448d1fe
I20260709 13:00:58.819468  8057 tablet_service.cc:2072] Received LeaderStepDown RPC: tablet_id: "fcdb96695231492a9de5f4ff1855f0d2"
dest_uuid: "113fca9b41d4424ba6cd4715f248126c"
mode: GRACEFUL
new_leader_uuid: "2a9133ba8e1949dc9c1d53bf05ad2fc0"
 from {username='slave'} at 127.0.0.1:50902
I20260709 13:00:58.820096  8057 raft_consensus.cc:606] T fcdb96695231492a9de5f4ff1855f0d2 P 113fca9b41d4424ba6cd4715f248126c [term 3 LEADER]: Received request to transfer leadership to TS 2a9133ba8e1949dc9c1d53bf05ad2fc0
I20260709 13:00:58.821189  7430 auto_leader_rebalancer.cc:452] table: test-workload, leader rebalance finish, leader transfer count: 4
I20260709 13:00:58.821725  7430 auto_leader_rebalancer.cc:527] All tables' leader rebalancing finished this round
I20260709 13:00:58.906486  8380 raft_consensus.cc:993] T fcdb96695231492a9de5f4ff1855f0d2 P 113fca9b41d4424ba6cd4715f248126c: : Instructing follower 2a9133ba8e1949dc9c1d53bf05ad2fc0 to start an election
I20260709 13:00:58.907109  8380 raft_consensus.cc:1081] T fcdb96695231492a9de5f4ff1855f0d2 P 113fca9b41d4424ba6cd4715f248126c [term 3 LEADER]: Signalling peer 2a9133ba8e1949dc9c1d53bf05ad2fc0 to start an election
I20260709 13:00:58.908597  8206 tablet_service.cc:2044] Received Run Leader Election RPC: tablet_id: "fcdb96695231492a9de5f4ff1855f0d2"
dest_uuid: "2a9133ba8e1949dc9c1d53bf05ad2fc0"
 from {username='slave'} at 127.0.0.1:57564
I20260709 13:00:58.909116  8206 raft_consensus.cc:493] T fcdb96695231492a9de5f4ff1855f0d2 P 2a9133ba8e1949dc9c1d53bf05ad2fc0 [term 3 FOLLOWER]: Starting forced leader election (received explicit request)
I20260709 13:00:58.909405  8206 raft_consensus.cc:3060] T fcdb96695231492a9de5f4ff1855f0d2 P 2a9133ba8e1949dc9c1d53bf05ad2fc0 [term 3 FOLLOWER]: Advancing to term 4
I20260709 13:00:58.916474  8206 raft_consensus.cc:515] T fcdb96695231492a9de5f4ff1855f0d2 P 2a9133ba8e1949dc9c1d53bf05ad2fc0 [term 4 FOLLOWER]: Starting forced leader election with config: opid_index: -1 OBSOLETE_local: false peers { permanent_uuid: "113fca9b41d4424ba6cd4715f248126c" member_type: VOTER last_known_addr { host: "127.7.65.129" port: 44685 } } peers { permanent_uuid: "f0bc608a8f0f4f8d9ad30103c448d1fe" member_type: VOTER last_known_addr { host: "127.7.65.130" port: 36775 } } peers { permanent_uuid: "2a9133ba8e1949dc9c1d53bf05ad2fc0" member_type: VOTER last_known_addr { host: "127.7.65.131" port: 45481 } }
I20260709 13:00:58.918172  8206 leader_election.cc:290] T fcdb96695231492a9de5f4ff1855f0d2 P 2a9133ba8e1949dc9c1d53bf05ad2fc0 [CANDIDATE]: Term 4 election: Requested vote from peers 113fca9b41d4424ba6cd4715f248126c (127.7.65.129:44685), f0bc608a8f0f4f8d9ad30103c448d1fe (127.7.65.130:36775)
I20260709 13:00:58.919739  8057 tablet_service.cc:1917] Received RequestConsensusVote() RPC: tablet_id: "fcdb96695231492a9de5f4ff1855f0d2" candidate_uuid: "2a9133ba8e1949dc9c1d53bf05ad2fc0" candidate_term: 4 candidate_status { last_received { term: 3 index: 3 } } ignore_live_leader: true dest_uuid: "113fca9b41d4424ba6cd4715f248126c"
I20260709 13:00:58.919592  8133 tablet_service.cc:1917] Received RequestConsensusVote() RPC: tablet_id: "fcdb96695231492a9de5f4ff1855f0d2" candidate_uuid: "2a9133ba8e1949dc9c1d53bf05ad2fc0" candidate_term: 4 candidate_status { last_received { term: 3 index: 3 } } ignore_live_leader: true dest_uuid: "f0bc608a8f0f4f8d9ad30103c448d1fe"
I20260709 13:00:58.920264  8057 raft_consensus.cc:3055] T fcdb96695231492a9de5f4ff1855f0d2 P 113fca9b41d4424ba6cd4715f248126c [term 3 LEADER]: Stepping down as leader of term 3
I20260709 13:00:58.920347  8133 raft_consensus.cc:3060] T fcdb96695231492a9de5f4ff1855f0d2 P f0bc608a8f0f4f8d9ad30103c448d1fe [term 3 FOLLOWER]: Advancing to term 4
I20260709 13:00:58.920636  8057 raft_consensus.cc:740] T fcdb96695231492a9de5f4ff1855f0d2 P 113fca9b41d4424ba6cd4715f248126c [term 3 LEADER]: Becoming Follower/Learner. State: Replica: 113fca9b41d4424ba6cd4715f248126c, State: Running, Role: LEADER
I20260709 13:00:58.921579  8394 raft_consensus.cc:993] T 775d2f6522fe4c0290a1d06bbfc4ae0a P 113fca9b41d4424ba6cd4715f248126c: : Instructing follower f0bc608a8f0f4f8d9ad30103c448d1fe to start an election
I20260709 13:00:58.921551  8057 consensus_queue.cc:260] T fcdb96695231492a9de5f4ff1855f0d2 P 113fca9b41d4424ba6cd4715f248126c [NON_LEADER]: Queue going to NON_LEADER mode. State: All replicated index: 0, Majority replicated index: 3, Committed index: 3, Last appended: 3.3, Last appended by leader: 3, Current term: 3, Majority size: -1, State: 0, Mode: NON_LEADER, active raft config: opid_index: -1 OBSOLETE_local: false peers { permanent_uuid: "113fca9b41d4424ba6cd4715f248126c" member_type: VOTER last_known_addr { host: "127.7.65.129" port: 44685 } } peers { permanent_uuid: "f0bc608a8f0f4f8d9ad30103c448d1fe" member_type: VOTER last_known_addr { host: "127.7.65.130" port: 36775 } } peers { permanent_uuid: "2a9133ba8e1949dc9c1d53bf05ad2fc0" member_type: VOTER last_known_addr { host: "127.7.65.131" port: 45481 } }
I20260709 13:00:58.922183  8380 raft_consensus.cc:1081] T 775d2f6522fe4c0290a1d06bbfc4ae0a P 113fca9b41d4424ba6cd4715f248126c [term 2 LEADER]: Signalling peer f0bc608a8f0f4f8d9ad30103c448d1fe to start an election
I20260709 13:00:58.922974  8057 raft_consensus.cc:3060] T fcdb96695231492a9de5f4ff1855f0d2 P 113fca9b41d4424ba6cd4715f248126c [term 3 FOLLOWER]: Advancing to term 4
I20260709 13:00:58.923959  8132 tablet_service.cc:2044] Received Run Leader Election RPC: tablet_id: "775d2f6522fe4c0290a1d06bbfc4ae0a"
dest_uuid: "f0bc608a8f0f4f8d9ad30103c448d1fe"
 from {username='slave'} at 127.0.0.1:37092
I20260709 13:00:58.924561  8132 raft_consensus.cc:493] T 775d2f6522fe4c0290a1d06bbfc4ae0a P f0bc608a8f0f4f8d9ad30103c448d1fe [term 2 FOLLOWER]: Starting forced leader election (received explicit request)
I20260709 13:00:58.924954  8132 raft_consensus.cc:3060] T 775d2f6522fe4c0290a1d06bbfc4ae0a P f0bc608a8f0f4f8d9ad30103c448d1fe [term 2 FOLLOWER]: Advancing to term 3
I20260709 13:00:58.926559  8133 raft_consensus.cc:2468] T fcdb96695231492a9de5f4ff1855f0d2 P f0bc608a8f0f4f8d9ad30103c448d1fe [term 4 FOLLOWER]: Leader election vote request: Granting yes vote for candidate 2a9133ba8e1949dc9c1d53bf05ad2fc0 in term 4.
I20260709 13:00:58.928062  8171 leader_election.cc:304] T fcdb96695231492a9de5f4ff1855f0d2 P 2a9133ba8e1949dc9c1d53bf05ad2fc0 [CANDIDATE]: Term 4 election: Election decided. Result: candidate won. Election summary: received 2 responses out of 3 voters: 2 yes votes; 0 no votes. yes voters: 2a9133ba8e1949dc9c1d53bf05ad2fc0, f0bc608a8f0f4f8d9ad30103c448d1fe; no voters: 
I20260709 13:00:58.928958  8369 raft_consensus.cc:2804] T fcdb96695231492a9de5f4ff1855f0d2 P 2a9133ba8e1949dc9c1d53bf05ad2fc0 [term 4 FOLLOWER]: Leader election won for term 4
I20260709 13:00:58.931423  8057 raft_consensus.cc:2468] T fcdb96695231492a9de5f4ff1855f0d2 P 113fca9b41d4424ba6cd4715f248126c [term 4 FOLLOWER]: Leader election vote request: Granting yes vote for candidate 2a9133ba8e1949dc9c1d53bf05ad2fc0 in term 4.
I20260709 13:00:58.932165  8132 raft_consensus.cc:515] T 775d2f6522fe4c0290a1d06bbfc4ae0a P f0bc608a8f0f4f8d9ad30103c448d1fe [term 3 FOLLOWER]: Starting forced leader election with config: opid_index: -1 OBSOLETE_local: false peers { permanent_uuid: "113fca9b41d4424ba6cd4715f248126c" member_type: VOTER last_known_addr { host: "127.7.65.129" port: 44685 } } peers { permanent_uuid: "f0bc608a8f0f4f8d9ad30103c448d1fe" member_type: VOTER last_known_addr { host: "127.7.65.130" port: 36775 } } peers { permanent_uuid: "2a9133ba8e1949dc9c1d53bf05ad2fc0" member_type: VOTER last_known_addr { host: "127.7.65.131" port: 45481 } }
I20260709 13:00:58.932775  8369 raft_consensus.cc:697] T fcdb96695231492a9de5f4ff1855f0d2 P 2a9133ba8e1949dc9c1d53bf05ad2fc0 [term 4 LEADER]: Becoming Leader. State: Replica: 2a9133ba8e1949dc9c1d53bf05ad2fc0, State: Running, Role: LEADER
I20260709 13:00:58.934911  8132 leader_election.cc:290] T 775d2f6522fe4c0290a1d06bbfc4ae0a P f0bc608a8f0f4f8d9ad30103c448d1fe [CANDIDATE]: Term 3 election: Requested vote from peers 113fca9b41d4424ba6cd4715f248126c (127.7.65.129:44685), 2a9133ba8e1949dc9c1d53bf05ad2fc0 (127.7.65.131:45481)
I20260709 13:00:58.935508  8057 tablet_service.cc:1917] Received RequestConsensusVote() RPC: tablet_id: "775d2f6522fe4c0290a1d06bbfc4ae0a" candidate_uuid: "f0bc608a8f0f4f8d9ad30103c448d1fe" candidate_term: 3 candidate_status { last_received { term: 2 index: 2 } } ignore_live_leader: true dest_uuid: "113fca9b41d4424ba6cd4715f248126c"
I20260709 13:00:58.933998  8369 consensus_queue.cc:237] T fcdb96695231492a9de5f4ff1855f0d2 P 2a9133ba8e1949dc9c1d53bf05ad2fc0 [LEADER]: Queue going to LEADER mode. State: All replicated index: 0, Majority replicated index: 3, Committed index: 3, Last appended: 3.3, Last appended by leader: 3, Current term: 4, Majority size: 2, State: 0, Mode: LEADER, active raft config: opid_index: -1 OBSOLETE_local: false peers { permanent_uuid: "113fca9b41d4424ba6cd4715f248126c" member_type: VOTER last_known_addr { host: "127.7.65.129" port: 44685 } } peers { permanent_uuid: "f0bc608a8f0f4f8d9ad30103c448d1fe" member_type: VOTER last_known_addr { host: "127.7.65.130" port: 36775 } } peers { permanent_uuid: "2a9133ba8e1949dc9c1d53bf05ad2fc0" member_type: VOTER last_known_addr { host: "127.7.65.131" port: 45481 } }
I20260709 13:00:58.935760  8206 tablet_service.cc:1917] Received RequestConsensusVote() RPC: tablet_id: "775d2f6522fe4c0290a1d06bbfc4ae0a" candidate_uuid: "f0bc608a8f0f4f8d9ad30103c448d1fe" candidate_term: 3 candidate_status { last_received { term: 2 index: 2 } } ignore_live_leader: true dest_uuid: "2a9133ba8e1949dc9c1d53bf05ad2fc0"
I20260709 13:00:58.936030  8057 raft_consensus.cc:3055] T 775d2f6522fe4c0290a1d06bbfc4ae0a P 113fca9b41d4424ba6cd4715f248126c [term 2 LEADER]: Stepping down as leader of term 2
I20260709 13:00:58.936362  8057 raft_consensus.cc:740] T 775d2f6522fe4c0290a1d06bbfc4ae0a P 113fca9b41d4424ba6cd4715f248126c [term 2 LEADER]: Becoming Follower/Learner. State: Replica: 113fca9b41d4424ba6cd4715f248126c, State: Running, Role: LEADER
I20260709 13:00:58.936371  8206 raft_consensus.cc:3060] T 775d2f6522fe4c0290a1d06bbfc4ae0a P 2a9133ba8e1949dc9c1d53bf05ad2fc0 [term 2 FOLLOWER]: Advancing to term 3
I20260709 13:00:58.937283  8057 consensus_queue.cc:260] T 775d2f6522fe4c0290a1d06bbfc4ae0a P 113fca9b41d4424ba6cd4715f248126c [NON_LEADER]: Queue going to NON_LEADER mode. State: All replicated index: 0, Majority replicated index: 2, Committed index: 2, Last appended: 2.2, Last appended by leader: 2, Current term: 2, Majority size: -1, State: 0, Mode: NON_LEADER, active raft config: opid_index: -1 OBSOLETE_local: false peers { permanent_uuid: "113fca9b41d4424ba6cd4715f248126c" member_type: VOTER last_known_addr { host: "127.7.65.129" port: 44685 } } peers { permanent_uuid: "f0bc608a8f0f4f8d9ad30103c448d1fe" member_type: VOTER last_known_addr { host: "127.7.65.130" port: 36775 } } peers { permanent_uuid: "2a9133ba8e1949dc9c1d53bf05ad2fc0" member_type: VOTER last_known_addr { host: "127.7.65.131" port: 45481 } }
I20260709 13:00:58.938464  8057 raft_consensus.cc:3060] T 775d2f6522fe4c0290a1d06bbfc4ae0a P 113fca9b41d4424ba6cd4715f248126c [term 2 FOLLOWER]: Advancing to term 3
I20260709 13:00:58.943845  8206 raft_consensus.cc:2468] T 775d2f6522fe4c0290a1d06bbfc4ae0a P 2a9133ba8e1949dc9c1d53bf05ad2fc0 [term 3 FOLLOWER]: Leader election vote request: Granting yes vote for candidate f0bc608a8f0f4f8d9ad30103c448d1fe in term 3.
I20260709 13:00:58.944711  8057 raft_consensus.cc:2468] T 775d2f6522fe4c0290a1d06bbfc4ae0a P 113fca9b41d4424ba6cd4715f248126c [term 3 FOLLOWER]: Leader election vote request: Granting yes vote for candidate f0bc608a8f0f4f8d9ad30103c448d1fe in term 3.
I20260709 13:00:58.944243  7952 catalog_manager.cc:5697] T fcdb96695231492a9de5f4ff1855f0d2 P 2a9133ba8e1949dc9c1d53bf05ad2fc0 reported cstate change: term changed from 3 to 4, leader changed from 113fca9b41d4424ba6cd4715f248126c (127.7.65.129) to 2a9133ba8e1949dc9c1d53bf05ad2fc0 (127.7.65.131). New cstate: current_term: 4 leader_uuid: "2a9133ba8e1949dc9c1d53bf05ad2fc0" committed_config { opid_index: -1 OBSOLETE_local: false peers { permanent_uuid: "113fca9b41d4424ba6cd4715f248126c" member_type: VOTER last_known_addr { host: "127.7.65.129" port: 44685 } health_report { overall_health: UNKNOWN } } peers { permanent_uuid: "f0bc608a8f0f4f8d9ad30103c448d1fe" member_type: VOTER last_known_addr { host: "127.7.65.130" port: 36775 } health_report { overall_health: UNKNOWN } } peers { permanent_uuid: "2a9133ba8e1949dc9c1d53bf05ad2fc0" member_type: VOTER last_known_addr { host: "127.7.65.131" port: 45481 } health_report { overall_health: HEALTHY } } }
I20260709 13:00:58.945196  8099 leader_election.cc:304] T 775d2f6522fe4c0290a1d06bbfc4ae0a P f0bc608a8f0f4f8d9ad30103c448d1fe [CANDIDATE]: Term 3 election: Election decided. Result: candidate won. Election summary: received 2 responses out of 3 voters: 2 yes votes; 0 no votes. yes voters: 2a9133ba8e1949dc9c1d53bf05ad2fc0, f0bc608a8f0f4f8d9ad30103c448d1fe; no voters: 
I20260709 13:00:58.946262  8371 raft_consensus.cc:2804] T 775d2f6522fe4c0290a1d06bbfc4ae0a P f0bc608a8f0f4f8d9ad30103c448d1fe [term 3 FOLLOWER]: Leader election won for term 3
I20260709 13:00:58.949009  8371 raft_consensus.cc:697] T 775d2f6522fe4c0290a1d06bbfc4ae0a P f0bc608a8f0f4f8d9ad30103c448d1fe [term 3 LEADER]: Becoming Leader. State: Replica: f0bc608a8f0f4f8d9ad30103c448d1fe, State: Running, Role: LEADER
I20260709 13:00:58.949862  8371 consensus_queue.cc:237] T 775d2f6522fe4c0290a1d06bbfc4ae0a P f0bc608a8f0f4f8d9ad30103c448d1fe [LEADER]: Queue going to LEADER mode. State: All replicated index: 0, Majority replicated index: 2, Committed index: 2, Last appended: 2.2, Last appended by leader: 2, Current term: 3, Majority size: 2, State: 0, Mode: LEADER, active raft config: opid_index: -1 OBSOLETE_local: false peers { permanent_uuid: "113fca9b41d4424ba6cd4715f248126c" member_type: VOTER last_known_addr { host: "127.7.65.129" port: 44685 } } peers { permanent_uuid: "f0bc608a8f0f4f8d9ad30103c448d1fe" member_type: VOTER last_known_addr { host: "127.7.65.130" port: 36775 } } peers { permanent_uuid: "2a9133ba8e1949dc9c1d53bf05ad2fc0" member_type: VOTER last_known_addr { host: "127.7.65.131" port: 45481 } }
I20260709 13:00:58.962646  7956 catalog_manager.cc:5697] T 775d2f6522fe4c0290a1d06bbfc4ae0a P f0bc608a8f0f4f8d9ad30103c448d1fe reported cstate change: term changed from 2 to 3, leader changed from 113fca9b41d4424ba6cd4715f248126c (127.7.65.129) to f0bc608a8f0f4f8d9ad30103c448d1fe (127.7.65.130). New cstate: current_term: 3 leader_uuid: "f0bc608a8f0f4f8d9ad30103c448d1fe" committed_config { opid_index: -1 OBSOLETE_local: false peers { permanent_uuid: "113fca9b41d4424ba6cd4715f248126c" member_type: VOTER last_known_addr { host: "127.7.65.129" port: 44685 } health_report { overall_health: UNKNOWN } } peers { permanent_uuid: "f0bc608a8f0f4f8d9ad30103c448d1fe" member_type: VOTER last_known_addr { host: "127.7.65.130" port: 36775 } health_report { overall_health: HEALTHY } } peers { permanent_uuid: "2a9133ba8e1949dc9c1d53bf05ad2fc0" member_type: VOTER last_known_addr { host: "127.7.65.131" port: 45481 } health_report { overall_health: UNKNOWN } } }
I20260709 13:00:59.160730  8394 raft_consensus.cc:993] T 55ac26699fc04ca3b3812310c189e3ed P 113fca9b41d4424ba6cd4715f248126c: : Instructing follower 2a9133ba8e1949dc9c1d53bf05ad2fc0 to start an election
I20260709 13:00:59.161625  8380 raft_consensus.cc:1081] T 55ac26699fc04ca3b3812310c189e3ed P 113fca9b41d4424ba6cd4715f248126c [term 2 LEADER]: Signalling peer 2a9133ba8e1949dc9c1d53bf05ad2fc0 to start an election
I20260709 13:00:59.163295  8206 tablet_service.cc:2044] Received Run Leader Election RPC: tablet_id: "55ac26699fc04ca3b3812310c189e3ed"
dest_uuid: "2a9133ba8e1949dc9c1d53bf05ad2fc0"
 from {username='slave'} at 127.0.0.1:57564
I20260709 13:00:59.163874  8206 raft_consensus.cc:493] T 55ac26699fc04ca3b3812310c189e3ed P 2a9133ba8e1949dc9c1d53bf05ad2fc0 [term 2 FOLLOWER]: Starting forced leader election (received explicit request)
I20260709 13:00:59.164170  8206 raft_consensus.cc:3060] T 55ac26699fc04ca3b3812310c189e3ed P 2a9133ba8e1949dc9c1d53bf05ad2fc0 [term 2 FOLLOWER]: Advancing to term 3
I20260709 13:00:59.168586  8206 raft_consensus.cc:515] T 55ac26699fc04ca3b3812310c189e3ed P 2a9133ba8e1949dc9c1d53bf05ad2fc0 [term 3 FOLLOWER]: Starting forced leader election with config: opid_index: -1 OBSOLETE_local: false peers { permanent_uuid: "113fca9b41d4424ba6cd4715f248126c" member_type: VOTER last_known_addr { host: "127.7.65.129" port: 44685 } } peers { permanent_uuid: "f0bc608a8f0f4f8d9ad30103c448d1fe" member_type: VOTER last_known_addr { host: "127.7.65.130" port: 36775 } } peers { permanent_uuid: "2a9133ba8e1949dc9c1d53bf05ad2fc0" member_type: VOTER last_known_addr { host: "127.7.65.131" port: 45481 } }
I20260709 13:00:59.170224  8206 leader_election.cc:290] T 55ac26699fc04ca3b3812310c189e3ed P 2a9133ba8e1949dc9c1d53bf05ad2fc0 [CANDIDATE]: Term 3 election: Requested vote from peers 113fca9b41d4424ba6cd4715f248126c (127.7.65.129:44685), f0bc608a8f0f4f8d9ad30103c448d1fe (127.7.65.130:36775)
I20260709 13:00:59.171221  8057 tablet_service.cc:1917] Received RequestConsensusVote() RPC: tablet_id: "55ac26699fc04ca3b3812310c189e3ed" candidate_uuid: "2a9133ba8e1949dc9c1d53bf05ad2fc0" candidate_term: 3 candidate_status { last_received { term: 2 index: 2 } } ignore_live_leader: true dest_uuid: "113fca9b41d4424ba6cd4715f248126c"
I20260709 13:00:59.171331  8132 tablet_service.cc:1917] Received RequestConsensusVote() RPC: tablet_id: "55ac26699fc04ca3b3812310c189e3ed" candidate_uuid: "2a9133ba8e1949dc9c1d53bf05ad2fc0" candidate_term: 3 candidate_status { last_received { term: 2 index: 2 } } ignore_live_leader: true dest_uuid: "f0bc608a8f0f4f8d9ad30103c448d1fe"
I20260709 13:00:59.171721  8057 raft_consensus.cc:3055] T 55ac26699fc04ca3b3812310c189e3ed P 113fca9b41d4424ba6cd4715f248126c [term 2 LEADER]: Stepping down as leader of term 2
I20260709 13:00:59.171875  8132 raft_consensus.cc:3060] T 55ac26699fc04ca3b3812310c189e3ed P f0bc608a8f0f4f8d9ad30103c448d1fe [term 2 FOLLOWER]: Advancing to term 3
I20260709 13:00:59.172159  8057 raft_consensus.cc:740] T 55ac26699fc04ca3b3812310c189e3ed P 113fca9b41d4424ba6cd4715f248126c [term 2 LEADER]: Becoming Follower/Learner. State: Replica: 113fca9b41d4424ba6cd4715f248126c, State: Running, Role: LEADER
I20260709 13:00:59.173048  8057 consensus_queue.cc:260] T 55ac26699fc04ca3b3812310c189e3ed P 113fca9b41d4424ba6cd4715f248126c [NON_LEADER]: Queue going to NON_LEADER mode. State: All replicated index: 0, Majority replicated index: 2, Committed index: 2, Last appended: 2.2, Last appended by leader: 2, Current term: 2, Majority size: -1, State: 0, Mode: NON_LEADER, active raft config: opid_index: -1 OBSOLETE_local: false peers { permanent_uuid: "113fca9b41d4424ba6cd4715f248126c" member_type: VOTER last_known_addr { host: "127.7.65.129" port: 44685 } } peers { permanent_uuid: "f0bc608a8f0f4f8d9ad30103c448d1fe" member_type: VOTER last_known_addr { host: "127.7.65.130" port: 36775 } } peers { permanent_uuid: "2a9133ba8e1949dc9c1d53bf05ad2fc0" member_type: VOTER last_known_addr { host: "127.7.65.131" port: 45481 } }
I20260709 13:00:59.173976  8057 raft_consensus.cc:3060] T 55ac26699fc04ca3b3812310c189e3ed P 113fca9b41d4424ba6cd4715f248126c [term 2 FOLLOWER]: Advancing to term 3
I20260709 13:00:59.176374  8132 raft_consensus.cc:2468] T 55ac26699fc04ca3b3812310c189e3ed P f0bc608a8f0f4f8d9ad30103c448d1fe [term 3 FOLLOWER]: Leader election vote request: Granting yes vote for candidate 2a9133ba8e1949dc9c1d53bf05ad2fc0 in term 3.
I20260709 13:00:59.177485  8171 leader_election.cc:304] T 55ac26699fc04ca3b3812310c189e3ed P 2a9133ba8e1949dc9c1d53bf05ad2fc0 [CANDIDATE]: Term 3 election: Election decided. Result: candidate won. Election summary: received 2 responses out of 3 voters: 2 yes votes; 0 no votes. yes voters: 2a9133ba8e1949dc9c1d53bf05ad2fc0, f0bc608a8f0f4f8d9ad30103c448d1fe; no voters: 
I20260709 13:00:59.178220  8369 raft_consensus.cc:2804] T 55ac26699fc04ca3b3812310c189e3ed P 2a9133ba8e1949dc9c1d53bf05ad2fc0 [term 3 FOLLOWER]: Leader election won for term 3
I20260709 13:00:59.178361  8057 raft_consensus.cc:2468] T 55ac26699fc04ca3b3812310c189e3ed P 113fca9b41d4424ba6cd4715f248126c [term 3 FOLLOWER]: Leader election vote request: Granting yes vote for candidate 2a9133ba8e1949dc9c1d53bf05ad2fc0 in term 3.
I20260709 13:00:59.178606  8369 raft_consensus.cc:697] T 55ac26699fc04ca3b3812310c189e3ed P 2a9133ba8e1949dc9c1d53bf05ad2fc0 [term 3 LEADER]: Becoming Leader. State: Replica: 2a9133ba8e1949dc9c1d53bf05ad2fc0, State: Running, Role: LEADER
I20260709 13:00:59.179554  8369 consensus_queue.cc:237] T 55ac26699fc04ca3b3812310c189e3ed P 2a9133ba8e1949dc9c1d53bf05ad2fc0 [LEADER]: Queue going to LEADER mode. State: All replicated index: 0, Majority replicated index: 2, Committed index: 2, Last appended: 2.2, Last appended by leader: 2, Current term: 3, Majority size: 2, State: 0, Mode: LEADER, active raft config: opid_index: -1 OBSOLETE_local: false peers { permanent_uuid: "113fca9b41d4424ba6cd4715f248126c" member_type: VOTER last_known_addr { host: "127.7.65.129" port: 44685 } } peers { permanent_uuid: "f0bc608a8f0f4f8d9ad30103c448d1fe" member_type: VOTER last_known_addr { host: "127.7.65.130" port: 36775 } } peers { permanent_uuid: "2a9133ba8e1949dc9c1d53bf05ad2fc0" member_type: VOTER last_known_addr { host: "127.7.65.131" port: 45481 } }
I20260709 13:00:59.186712  7956 catalog_manager.cc:5697] T 55ac26699fc04ca3b3812310c189e3ed P 2a9133ba8e1949dc9c1d53bf05ad2fc0 reported cstate change: term changed from 2 to 3, leader changed from 113fca9b41d4424ba6cd4715f248126c (127.7.65.129) to 2a9133ba8e1949dc9c1d53bf05ad2fc0 (127.7.65.131). New cstate: current_term: 3 leader_uuid: "2a9133ba8e1949dc9c1d53bf05ad2fc0" committed_config { opid_index: -1 OBSOLETE_local: false peers { permanent_uuid: "113fca9b41d4424ba6cd4715f248126c" member_type: VOTER last_known_addr { host: "127.7.65.129" port: 44685 } health_report { overall_health: UNKNOWN } } peers { permanent_uuid: "f0bc608a8f0f4f8d9ad30103c448d1fe" member_type: VOTER last_known_addr { host: "127.7.65.130" port: 36775 } health_report { overall_health: UNKNOWN } } peers { permanent_uuid: "2a9133ba8e1949dc9c1d53bf05ad2fc0" member_type: VOTER last_known_addr { host: "127.7.65.131" port: 45481 } health_report { overall_health: HEALTHY } } }
I20260709 13:00:59.221328  8380 raft_consensus.cc:993] T 12d27c2bc22d4647931045a15c8d0bb8 P 113fca9b41d4424ba6cd4715f248126c: : Instructing follower f0bc608a8f0f4f8d9ad30103c448d1fe to start an election
I20260709 13:00:59.221789  8380 raft_consensus.cc:1081] T 12d27c2bc22d4647931045a15c8d0bb8 P 113fca9b41d4424ba6cd4715f248126c [term 3 LEADER]: Signalling peer f0bc608a8f0f4f8d9ad30103c448d1fe to start an election
I20260709 13:00:59.223342  8132 tablet_service.cc:2044] Received Run Leader Election RPC: tablet_id: "12d27c2bc22d4647931045a15c8d0bb8"
dest_uuid: "f0bc608a8f0f4f8d9ad30103c448d1fe"
 from {username='slave'} at 127.0.0.1:37092
I20260709 13:00:59.223788  8132 raft_consensus.cc:493] T 12d27c2bc22d4647931045a15c8d0bb8 P f0bc608a8f0f4f8d9ad30103c448d1fe [term 3 FOLLOWER]: Starting forced leader election (received explicit request)
I20260709 13:00:59.224157  8132 raft_consensus.cc:3060] T 12d27c2bc22d4647931045a15c8d0bb8 P f0bc608a8f0f4f8d9ad30103c448d1fe [term 3 FOLLOWER]: Advancing to term 4
I20260709 13:00:59.228544  8132 raft_consensus.cc:515] T 12d27c2bc22d4647931045a15c8d0bb8 P f0bc608a8f0f4f8d9ad30103c448d1fe [term 4 FOLLOWER]: Starting forced leader election with config: opid_index: -1 OBSOLETE_local: false peers { permanent_uuid: "2a9133ba8e1949dc9c1d53bf05ad2fc0" member_type: VOTER last_known_addr { host: "127.7.65.131" port: 45481 } } peers { permanent_uuid: "f0bc608a8f0f4f8d9ad30103c448d1fe" member_type: VOTER last_known_addr { host: "127.7.65.130" port: 36775 } } peers { permanent_uuid: "113fca9b41d4424ba6cd4715f248126c" member_type: VOTER last_known_addr { host: "127.7.65.129" port: 44685 } }
I20260709 13:00:59.229965  8132 leader_election.cc:290] T 12d27c2bc22d4647931045a15c8d0bb8 P f0bc608a8f0f4f8d9ad30103c448d1fe [CANDIDATE]: Term 4 election: Requested vote from peers 2a9133ba8e1949dc9c1d53bf05ad2fc0 (127.7.65.131:45481), 113fca9b41d4424ba6cd4715f248126c (127.7.65.129:44685)
I20260709 13:00:59.231045  8057 tablet_service.cc:1917] Received RequestConsensusVote() RPC: tablet_id: "12d27c2bc22d4647931045a15c8d0bb8" candidate_uuid: "f0bc608a8f0f4f8d9ad30103c448d1fe" candidate_term: 4 candidate_status { last_received { term: 3 index: 3 } } ignore_live_leader: true dest_uuid: "113fca9b41d4424ba6cd4715f248126c"
I20260709 13:00:59.231072  8206 tablet_service.cc:1917] Received RequestConsensusVote() RPC: tablet_id: "12d27c2bc22d4647931045a15c8d0bb8" candidate_uuid: "f0bc608a8f0f4f8d9ad30103c448d1fe" candidate_term: 4 candidate_status { last_received { term: 3 index: 3 } } ignore_live_leader: true dest_uuid: "2a9133ba8e1949dc9c1d53bf05ad2fc0"
I20260709 13:00:59.231648  8057 raft_consensus.cc:3055] T 12d27c2bc22d4647931045a15c8d0bb8 P 113fca9b41d4424ba6cd4715f248126c [term 3 LEADER]: Stepping down as leader of term 3
I20260709 13:00:59.231739  8206 raft_consensus.cc:3060] T 12d27c2bc22d4647931045a15c8d0bb8 P 2a9133ba8e1949dc9c1d53bf05ad2fc0 [term 3 FOLLOWER]: Advancing to term 4
I20260709 13:00:59.231947  8057 raft_consensus.cc:740] T 12d27c2bc22d4647931045a15c8d0bb8 P 113fca9b41d4424ba6cd4715f248126c [term 3 LEADER]: Becoming Follower/Learner. State: Replica: 113fca9b41d4424ba6cd4715f248126c, State: Running, Role: LEADER
