I20260709 13:01:07.054373  8619 tablet_service.cc:1917] Received RequestConsensusVote() RPC: tablet_id: "633e1db2fdc44d3986878e760d03ca3f" candidate_uuid: "1546dbf90b58466ea3bd05b43d9a5253" candidate_term: 1 candidate_status { last_received { term: 0 index: 0 } } ignore_live_leader: false dest_uuid: "324d9e7344ac471bafac07d17f22a917" is_pre_election: true
I20260709 13:01:07.055258  8619 raft_consensus.cc:2468] T 633e1db2fdc44d3986878e760d03ca3f P 324d9e7344ac471bafac07d17f22a917 [term 0 FOLLOWER]: Leader pre-election vote request: Granting yes vote for candidate 1546dbf90b58466ea3bd05b43d9a5253 in term 0.
W20260709 13:01:07.058176  8510 leader_election.cc:343] T 633e1db2fdc44d3986878e760d03ca3f P 1546dbf90b58466ea3bd05b43d9a5253 [CANDIDATE]: Term 1 pre-election: Tablet error from VoteRequest() call to peer 5e20281adc004798be52ba901fd0d99f (127.7.65.131:42043): Illegal state: must be running to vote when last-logged opid is not known
I20260709 13:01:07.060948  8513 leader_election.cc:304] T 633e1db2fdc44d3986878e760d03ca3f P 1546dbf90b58466ea3bd05b43d9a5253 [CANDIDATE]: Term 1 pre-election: Election decided. Result: candidate won. Election summary: received 3 responses out of 3 voters: 2 yes votes; 1 no votes. yes voters: 1546dbf90b58466ea3bd05b43d9a5253, 324d9e7344ac471bafac07d17f22a917; no voters: 5e20281adc004798be52ba901fd0d99f
I20260709 13:01:07.061830  8820 raft_consensus.cc:2804] T 633e1db2fdc44d3986878e760d03ca3f P 1546dbf90b58466ea3bd05b43d9a5253 [term 0 FOLLOWER]: Leader pre-election won for term 1
I20260709 13:01:07.062227  8820 raft_consensus.cc:493] T 633e1db2fdc44d3986878e760d03ca3f P 1546dbf90b58466ea3bd05b43d9a5253 [term 0 FOLLOWER]: Starting leader election (no leader contacted us within the election timeout)
I20260709 13:01:07.062566  8820 raft_consensus.cc:3060] T 633e1db2fdc44d3986878e760d03ca3f P 1546dbf90b58466ea3bd05b43d9a5253 [term 0 FOLLOWER]: Advancing to term 1
I20260709 13:01:07.070088  8443 catalog_manager.cc:5697] T 668dd235108c48b29d0716d407f4cd84 P 5e20281adc004798be52ba901fd0d99f reported cstate change: term changed from 0 to 1, leader changed from <none> to 5e20281adc004798be52ba901fd0d99f (127.7.65.131). New cstate: current_term: 1 leader_uuid: "5e20281adc004798be52ba901fd0d99f" committed_config { opid_index: -1 OBSOLETE_local: false peers { permanent_uuid: "1546dbf90b58466ea3bd05b43d9a5253" member_type: VOTER last_known_addr { host: "127.7.65.129" port: 44625 } health_report { overall_health: UNKNOWN } } peers { permanent_uuid: "324d9e7344ac471bafac07d17f22a917" member_type: VOTER last_known_addr { host: "127.7.65.130" port: 45255 } health_report { overall_health: UNKNOWN } } peers { permanent_uuid: "5e20281adc004798be52ba901fd0d99f" member_type: VOTER last_known_addr { host: "127.7.65.131" port: 42043 } health_report { overall_health: HEALTHY } } }
I20260709 13:01:07.084534  8820 raft_consensus.cc:515] T 633e1db2fdc44d3986878e760d03ca3f P 1546dbf90b58466ea3bd05b43d9a5253 [term 1 FOLLOWER]: Starting leader election with config: opid_index: -1 OBSOLETE_local: false peers { permanent_uuid: "1546dbf90b58466ea3bd05b43d9a5253" member_type: VOTER last_known_addr { host: "127.7.65.129" port: 44625 } } peers { permanent_uuid: "324d9e7344ac471bafac07d17f22a917" member_type: VOTER last_known_addr { host: "127.7.65.130" port: 45255 } } peers { permanent_uuid: "5e20281adc004798be52ba901fd0d99f" member_type: VOTER last_known_addr { host: "127.7.65.131" port: 42043 } }
I20260709 13:01:07.088583  8694 tablet_service.cc:1917] Received RequestConsensusVote() RPC: tablet_id: "633e1db2fdc44d3986878e760d03ca3f" candidate_uuid: "1546dbf90b58466ea3bd05b43d9a5253" candidate_term: 1 candidate_status { last_received { term: 0 index: 0 } } ignore_live_leader: false dest_uuid: "5e20281adc004798be52ba901fd0d99f"
I20260709 13:01:07.084578  8736 tablet_bootstrap.cc:654] T 0eb8d1c36b254e23af274d5ab6c229f3 P 1546dbf90b58466ea3bd05b43d9a5253: Neither blocks nor log segments found. Creating new log.
W20260709 13:01:07.091383  8510 leader_election.cc:343] T 633e1db2fdc44d3986878e760d03ca3f P 1546dbf90b58466ea3bd05b43d9a5253 [CANDIDATE]: Term 1 election: Tablet error from VoteRequest() call to peer 5e20281adc004798be52ba901fd0d99f (127.7.65.131:42043): Illegal state: must be running to vote when last-logged opid is not known
I20260709 13:01:07.093238  8738 tablet_bootstrap.cc:492] T 10b6f50fede54b4d8d6238e54c4d98ab P 324d9e7344ac471bafac07d17f22a917: No bootstrap required, opened a new log
I20260709 13:01:07.093852  8738 ts_tablet_manager.cc:1403] T 10b6f50fede54b4d8d6238e54c4d98ab P 324d9e7344ac471bafac07d17f22a917: Time spent bootstrapping tablet: real 0.135s	user 0.016s	sys 0.017s
I20260709 13:01:07.086820  8820 leader_election.cc:290] T 633e1db2fdc44d3986878e760d03ca3f P 1546dbf90b58466ea3bd05b43d9a5253 [CANDIDATE]: Term 1 election: Requested vote from peers 324d9e7344ac471bafac07d17f22a917 (127.7.65.130:45255), 5e20281adc004798be52ba901fd0d99f (127.7.65.131:42043)
I20260709 13:01:07.094092  8619 tablet_service.cc:1917] Received RequestConsensusVote() RPC: tablet_id: "633e1db2fdc44d3986878e760d03ca3f" candidate_uuid: "1546dbf90b58466ea3bd05b43d9a5253" candidate_term: 1 candidate_status { last_received { term: 0 index: 0 } } ignore_live_leader: false dest_uuid: "324d9e7344ac471bafac07d17f22a917"
I20260709 13:01:07.098691  8619 raft_consensus.cc:3060] T 633e1db2fdc44d3986878e760d03ca3f P 324d9e7344ac471bafac07d17f22a917 [term 0 FOLLOWER]: Advancing to term 1
I20260709 13:01:07.102731  8737 tablet_bootstrap.cc:492] T 633e1db2fdc44d3986878e760d03ca3f P 5e20281adc004798be52ba901fd0d99f: No bootstrap required, opened a new log
I20260709 13:01:07.103267  8737 ts_tablet_manager.cc:1403] T 633e1db2fdc44d3986878e760d03ca3f P 5e20281adc004798be52ba901fd0d99f: Time spent bootstrapping tablet: real 0.172s	user 0.019s	sys 0.017s
I20260709 13:01:07.104851  8738 raft_consensus.cc:359] T 10b6f50fede54b4d8d6238e54c4d98ab P 324d9e7344ac471bafac07d17f22a917 [term 0 FOLLOWER]: Replica starting. Triggering 0 pending ops. Active config: opid_index: -1 OBSOLETE_local: false peers { permanent_uuid: "1546dbf90b58466ea3bd05b43d9a5253" member_type: VOTER last_known_addr { host: "127.7.65.129" port: 44625 } } peers { permanent_uuid: "324d9e7344ac471bafac07d17f22a917" member_type: VOTER last_known_addr { host: "127.7.65.130" port: 45255 } } peers { permanent_uuid: "5e20281adc004798be52ba901fd0d99f" member_type: VOTER last_known_addr { host: "127.7.65.131" port: 42043 } }
I20260709 13:01:07.105942  8738 raft_consensus.cc:385] T 10b6f50fede54b4d8d6238e54c4d98ab P 324d9e7344ac471bafac07d17f22a917 [term 0 FOLLOWER]: Consensus starting up: Expiring failure detector timer to make a prompt election more likely
I20260709 13:01:07.106161  8738 raft_consensus.cc:740] T 10b6f50fede54b4d8d6238e54c4d98ab P 324d9e7344ac471bafac07d17f22a917 [term 0 FOLLOWER]: Becoming Follower/Learner. State: Replica: 324d9e7344ac471bafac07d17f22a917, State: Initialized, Role: FOLLOWER
I20260709 13:01:07.107431  8738 consensus_queue.cc:260] T 10b6f50fede54b4d8d6238e54c4d98ab P 324d9e7344ac471bafac07d17f22a917 [NON_LEADER]: Queue going to NON_LEADER mode. State: All replicated index: 0, Majority replicated index: 0, Committed index: 0, Last appended: 0.0, Last appended by leader: 0, Current term: 0, Majority size: -1, State: 0, Mode: NON_LEADER, active raft config: opid_index: -1 OBSOLETE_local: false peers { permanent_uuid: "1546dbf90b58466ea3bd05b43d9a5253" member_type: VOTER last_known_addr { host: "127.7.65.129" port: 44625 } } peers { permanent_uuid: "324d9e7344ac471bafac07d17f22a917" member_type: VOTER last_known_addr { host: "127.7.65.130" port: 45255 } } peers { permanent_uuid: "5e20281adc004798be52ba901fd0d99f" member_type: VOTER last_known_addr { host: "127.7.65.131" port: 42043 } }
I20260709 13:01:07.110287  8868 consensus_queue.cc:1048] T 312642317da44b7f8874db230488f10a P 5e20281adc004798be52ba901fd0d99f [LEADER]: Connected to new peer: Peer: permanent_uuid: "324d9e7344ac471bafac07d17f22a917" member_type: VOTER last_known_addr { host: "127.7.65.130" port: 45255 }, Status: LMP_MISMATCH, Last received: 0.0, Next index: 1, Last known committed idx: 0, Time since last communication: 0.001s
I20260709 13:01:07.111558  8737 raft_consensus.cc:359] T 633e1db2fdc44d3986878e760d03ca3f P 5e20281adc004798be52ba901fd0d99f [term 0 FOLLOWER]: Replica starting. Triggering 0 pending ops. Active config: opid_index: -1 OBSOLETE_local: false peers { permanent_uuid: "1546dbf90b58466ea3bd05b43d9a5253" member_type: VOTER last_known_addr { host: "127.7.65.129" port: 44625 } } peers { permanent_uuid: "324d9e7344ac471bafac07d17f22a917" member_type: VOTER last_known_addr { host: "127.7.65.130" port: 45255 } } peers { permanent_uuid: "5e20281adc004798be52ba901fd0d99f" member_type: VOTER last_known_addr { host: "127.7.65.131" port: 42043 } }
I20260709 13:01:07.112291  8737 raft_consensus.cc:385] T 633e1db2fdc44d3986878e760d03ca3f P 5e20281adc004798be52ba901fd0d99f [term 0 FOLLOWER]: Consensus starting up: Expiring failure detector timer to make a prompt election more likely
I20260709 13:01:07.111268  8442 catalog_manager.cc:5697] T 39c6bbd21aff42c29a4ed4100201ebc9 P 324d9e7344ac471bafac07d17f22a917 reported cstate change: term changed from 0 to 1, leader changed from <none> to 324d9e7344ac471bafac07d17f22a917 (127.7.65.130). New cstate: current_term: 1 leader_uuid: "324d9e7344ac471bafac07d17f22a917" committed_config { opid_index: -1 OBSOLETE_local: false peers { permanent_uuid: "1546dbf90b58466ea3bd05b43d9a5253" member_type: VOTER last_known_addr { host: "127.7.65.129" port: 44625 } health_report { overall_health: UNKNOWN } } peers { permanent_uuid: "324d9e7344ac471bafac07d17f22a917" member_type: VOTER last_known_addr { host: "127.7.65.130" port: 45255 } health_report { overall_health: HEALTHY } } peers { permanent_uuid: "5e20281adc004798be52ba901fd0d99f" member_type: VOTER last_known_addr { host: "127.7.65.131" port: 42043 } health_report { overall_health: UNKNOWN } } }
I20260709 13:01:07.112577  8737 raft_consensus.cc:740] T 633e1db2fdc44d3986878e760d03ca3f P 5e20281adc004798be52ba901fd0d99f [term 0 FOLLOWER]: Becoming Follower/Learner. State: Replica: 5e20281adc004798be52ba901fd0d99f, State: Initialized, Role: FOLLOWER
I20260709 13:01:07.114588  8816 raft_consensus.cc:493] T 312642317da44b7f8874db230488f10a P 324d9e7344ac471bafac07d17f22a917 [term 1 FOLLOWER]: Starting pre-election (no leader contacted us within the election timeout)
I20260709 13:01:07.115067  8816 raft_consensus.cc:515] T 312642317da44b7f8874db230488f10a P 324d9e7344ac471bafac07d17f22a917 [term 1 FOLLOWER]: Starting pre-election with config: opid_index: -1 OBSOLETE_local: false peers { permanent_uuid: "1546dbf90b58466ea3bd05b43d9a5253" member_type: VOTER last_known_addr { host: "127.7.65.129" port: 44625 } } peers { permanent_uuid: "324d9e7344ac471bafac07d17f22a917" member_type: VOTER last_known_addr { host: "127.7.65.130" port: 45255 } } peers { permanent_uuid: "5e20281adc004798be52ba901fd0d99f" member_type: VOTER last_known_addr { host: "127.7.65.131" port: 42043 } }
I20260709 13:01:07.115952  8737 consensus_queue.cc:260] T 633e1db2fdc44d3986878e760d03ca3f P 5e20281adc004798be52ba901fd0d99f [NON_LEADER]: Queue going to NON_LEADER mode. State: All replicated index: 0, Majority replicated index: 0, Committed index: 0, Last appended: 0.0, Last appended by leader: 0, Current term: 0, Majority size: -1, State: 0, Mode: NON_LEADER, active raft config: opid_index: -1 OBSOLETE_local: false peers { permanent_uuid: "1546dbf90b58466ea3bd05b43d9a5253" member_type: VOTER last_known_addr { host: "127.7.65.129" port: 44625 } } peers { permanent_uuid: "324d9e7344ac471bafac07d17f22a917" member_type: VOTER last_known_addr { host: "127.7.65.130" port: 45255 } } peers { permanent_uuid: "5e20281adc004798be52ba901fd0d99f" member_type: VOTER last_known_addr { host: "127.7.65.131" port: 42043 } }
I20260709 13:01:07.117583  8816 leader_election.cc:290] T 312642317da44b7f8874db230488f10a P 324d9e7344ac471bafac07d17f22a917 [CANDIDATE]: Term 2 pre-election: Requested pre-vote from peers 1546dbf90b58466ea3bd05b43d9a5253 (127.7.65.129:44625), 5e20281adc004798be52ba901fd0d99f (127.7.65.131:42043)
I20260709 13:01:07.120213  8545 tablet_service.cc:1917] Received RequestConsensusVote() RPC: tablet_id: "312642317da44b7f8874db230488f10a" candidate_uuid: "324d9e7344ac471bafac07d17f22a917" candidate_term: 2 candidate_status { last_received { term: 0 index: 0 } } ignore_live_leader: false dest_uuid: "1546dbf90b58466ea3bd05b43d9a5253" is_pre_election: true
I20260709 13:01:07.120711  8737 ts_tablet_manager.cc:1434] T 633e1db2fdc44d3986878e760d03ca3f P 5e20281adc004798be52ba901fd0d99f: Time spent starting tablet: real 0.017s	user 0.008s	sys 0.000s
I20260709 13:01:07.122637  8738 ts_tablet_manager.cc:1434] T 10b6f50fede54b4d8d6238e54c4d98ab P 324d9e7344ac471bafac07d17f22a917: Time spent starting tablet: real 0.028s	user 0.008s	sys 0.001s
I20260709 13:01:07.123266  8694 tablet_service.cc:1917] Received RequestConsensusVote() RPC: tablet_id: "312642317da44b7f8874db230488f10a" candidate_uuid: "324d9e7344ac471bafac07d17f22a917" candidate_term: 2 candidate_status { last_received { term: 0 index: 0 } } ignore_live_leader: false dest_uuid: "5e20281adc004798be52ba901fd0d99f" is_pre_election: true
I20260709 13:01:07.127069  8816 raft_consensus.cc:493] T c0e556bef3484822bae76a4892d4cef2 P 324d9e7344ac471bafac07d17f22a917 [term 0 FOLLOWER]: Starting pre-election (no leader contacted us within the election timeout)
I20260709 13:01:07.127629  8816 raft_consensus.cc:515] T c0e556bef3484822bae76a4892d4cef2 P 324d9e7344ac471bafac07d17f22a917 [term 0 FOLLOWER]: Starting pre-election with config: opid_index: -1 OBSOLETE_local: false peers { permanent_uuid: "1546dbf90b58466ea3bd05b43d9a5253" member_type: VOTER last_known_addr { host: "127.7.65.129" port: 44625 } } peers { permanent_uuid: "324d9e7344ac471bafac07d17f22a917" member_type: VOTER last_known_addr { host: "127.7.65.130" port: 45255 } } peers { permanent_uuid: "5e20281adc004798be52ba901fd0d99f" member_type: VOTER last_known_addr { host: "127.7.65.131" port: 42043 } }
I20260709 13:01:07.129979  8816 leader_election.cc:290] T c0e556bef3484822bae76a4892d4cef2 P 324d9e7344ac471bafac07d17f22a917 [CANDIDATE]: Term 1 pre-election: Requested pre-vote from peers 1546dbf90b58466ea3bd05b43d9a5253 (127.7.65.129:44625), 5e20281adc004798be52ba901fd0d99f (127.7.65.131:42043)
I20260709 13:01:07.129985  8737 tablet_bootstrap.cc:492] T 90355b826b534b5e999ae4f922b049e0 P 5e20281adc004798be52ba901fd0d99f: Bootstrap starting.
I20260709 13:01:07.131237  8546 tablet_service.cc:1917] Received RequestConsensusVote() RPC: tablet_id: "c0e556bef3484822bae76a4892d4cef2" candidate_uuid: "324d9e7344ac471bafac07d17f22a917" candidate_term: 1 candidate_status { last_received { term: 0 index: 0 } } ignore_live_leader: false dest_uuid: "1546dbf90b58466ea3bd05b43d9a5253" is_pre_election: true
I20260709 13:01:07.134131  8694 tablet_service.cc:1917] Received RequestConsensusVote() RPC: tablet_id: "c0e556bef3484822bae76a4892d4cef2" candidate_uuid: "324d9e7344ac471bafac07d17f22a917" candidate_term: 1 candidate_status { last_received { term: 0 index: 0 } } ignore_live_leader: false dest_uuid: "5e20281adc004798be52ba901fd0d99f" is_pre_election: true
I20260709 13:01:07.137084  8619 raft_consensus.cc:2468] T 633e1db2fdc44d3986878e760d03ca3f P 324d9e7344ac471bafac07d17f22a917 [term 1 FOLLOWER]: Leader election vote request: Granting yes vote for candidate 1546dbf90b58466ea3bd05b43d9a5253 in term 1.
I20260709 13:01:07.137921  8585 leader_election.cc:304] T c0e556bef3484822bae76a4892d4cef2 P 324d9e7344ac471bafac07d17f22a917 [CANDIDATE]: Term 1 pre-election: Election decided. Result: candidate lost. Election summary: received 3 responses out of 3 voters: 1 yes votes; 2 no votes. yes voters: 324d9e7344ac471bafac07d17f22a917; no voters: 1546dbf90b58466ea3bd05b43d9a5253, 5e20281adc004798be52ba901fd0d99f
I20260709 13:01:07.139027  8738 tablet_bootstrap.cc:492] T 90355b826b534b5e999ae4f922b049e0 P 324d9e7344ac471bafac07d17f22a917: Bootstrap starting.
I20260709 13:01:07.144200  8816 raft_consensus.cc:2749] T c0e556bef3484822bae76a4892d4cef2 P 324d9e7344ac471bafac07d17f22a917 [term 0 FOLLOWER]: Leader pre-election lost for term 1. Reason: could not achieve majority
I20260709 13:01:07.146591  8513 leader_election.cc:304] T 633e1db2fdc44d3986878e760d03ca3f P 1546dbf90b58466ea3bd05b43d9a5253 [CANDIDATE]: Term 1 election: Election decided. Result: candidate won. Election summary: received 3 responses out of 3 voters: 2 yes votes; 1 no votes. yes voters: 1546dbf90b58466ea3bd05b43d9a5253, 324d9e7344ac471bafac07d17f22a917; no voters: 5e20281adc004798be52ba901fd0d99f
I20260709 13:01:07.147779  8820 raft_consensus.cc:2804] T 633e1db2fdc44d3986878e760d03ca3f P 1546dbf90b58466ea3bd05b43d9a5253 [term 1 FOLLOWER]: Leader election won for term 1
I20260709 13:01:07.147604  8585 leader_election.cc:304] T 312642317da44b7f8874db230488f10a P 324d9e7344ac471bafac07d17f22a917 [CANDIDATE]: Term 2 pre-election: Election decided. Result: candidate lost. Election summary: received 3 responses out of 3 voters: 1 yes votes; 2 no votes. yes voters: 324d9e7344ac471bafac07d17f22a917; no voters: 1546dbf90b58466ea3bd05b43d9a5253, 5e20281adc004798be52ba901fd0d99f
I20260709 13:01:07.148339  8820 raft_consensus.cc:697] T 633e1db2fdc44d3986878e760d03ca3f P 1546dbf90b58466ea3bd05b43d9a5253 [term 1 LEADER]: Becoming Leader. State: Replica: 1546dbf90b58466ea3bd05b43d9a5253, State: Running, Role: LEADER
I20260709 13:01:07.149294  8820 consensus_queue.cc:237] T 633e1db2fdc44d3986878e760d03ca3f P 1546dbf90b58466ea3bd05b43d9a5253 [LEADER]: Queue going to LEADER mode. State: All replicated index: 0, Majority replicated index: 0, Committed index: 0, Last appended: 0.0, Last appended by leader: 0, Current term: 1, Majority size: 2, State: 0, Mode: LEADER, active raft config: opid_index: -1 OBSOLETE_local: false peers { permanent_uuid: "1546dbf90b58466ea3bd05b43d9a5253" member_type: VOTER last_known_addr { host: "127.7.65.129" port: 44625 } } peers { permanent_uuid: "324d9e7344ac471bafac07d17f22a917" member_type: VOTER last_known_addr { host: "127.7.65.130" port: 45255 } } peers { permanent_uuid: "5e20281adc004798be52ba901fd0d99f" member_type: VOTER last_known_addr { host: "127.7.65.131" port: 42043 } }
I20260709 13:01:07.151335  8810 raft_consensus.cc:493] T d2f88e1eb9724757b77d1055681eb372 P 1546dbf90b58466ea3bd05b43d9a5253 [term 0 FOLLOWER]: Starting pre-election (no leader contacted us within the election timeout)
I20260709 13:01:07.151865  8810 raft_consensus.cc:515] T d2f88e1eb9724757b77d1055681eb372 P 1546dbf90b58466ea3bd05b43d9a5253 [term 0 FOLLOWER]: Starting pre-election with config: opid_index: -1 OBSOLETE_local: false peers { permanent_uuid: "1546dbf90b58466ea3bd05b43d9a5253" member_type: VOTER last_known_addr { host: "127.7.65.129" port: 44625 } } peers { permanent_uuid: "324d9e7344ac471bafac07d17f22a917" member_type: VOTER last_known_addr { host: "127.7.65.130" port: 45255 } } peers { permanent_uuid: "5e20281adc004798be52ba901fd0d99f" member_type: VOTER last_known_addr { host: "127.7.65.131" port: 42043 } }
I20260709 13:01:07.154129  8810 leader_election.cc:290] T d2f88e1eb9724757b77d1055681eb372 P 1546dbf90b58466ea3bd05b43d9a5253 [CANDIDATE]: Term 1 pre-election: Requested pre-vote from peers 324d9e7344ac471bafac07d17f22a917 (127.7.65.130:45255), 5e20281adc004798be52ba901fd0d99f (127.7.65.131:42043)
I20260709 13:01:07.156353  8696 tablet_service.cc:1917] Received RequestConsensusVote() RPC: tablet_id: "d2f88e1eb9724757b77d1055681eb372" candidate_uuid: "1546dbf90b58466ea3bd05b43d9a5253" candidate_term: 1 candidate_status { last_received { term: 0 index: 0 } } ignore_live_leader: false dest_uuid: "5e20281adc004798be52ba901fd0d99f" is_pre_election: true
W20260709 13:01:07.158088  8510 leader_election.cc:343] T d2f88e1eb9724757b77d1055681eb372 P 1546dbf90b58466ea3bd05b43d9a5253 [CANDIDATE]: Term 1 pre-election: Tablet error from VoteRequest() call to peer 5e20281adc004798be52ba901fd0d99f (127.7.65.131:42043): Illegal state: must be running to vote when last-logged opid is not known
I20260709 13:01:07.159297  8619 tablet_service.cc:1917] Received RequestConsensusVote() RPC: tablet_id: "d2f88e1eb9724757b77d1055681eb372" candidate_uuid: "1546dbf90b58466ea3bd05b43d9a5253" candidate_term: 1 candidate_status { last_received { term: 0 index: 0 } } ignore_live_leader: false dest_uuid: "324d9e7344ac471bafac07d17f22a917" is_pre_election: true
I20260709 13:01:07.159976  8619 raft_consensus.cc:2468] T d2f88e1eb9724757b77d1055681eb372 P 324d9e7344ac471bafac07d17f22a917 [term 0 FOLLOWER]: Leader pre-election vote request: Granting yes vote for candidate 1546dbf90b58466ea3bd05b43d9a5253 in term 0.
I20260709 13:01:07.162737  8513 leader_election.cc:304] T d2f88e1eb9724757b77d1055681eb372 P 1546dbf90b58466ea3bd05b43d9a5253 [CANDIDATE]: Term 1 pre-election: Election decided. Result: candidate won. Election summary: received 3 responses out of 3 voters: 2 yes votes; 1 no votes. yes voters: 1546dbf90b58466ea3bd05b43d9a5253, 324d9e7344ac471bafac07d17f22a917; no voters: 5e20281adc004798be52ba901fd0d99f
I20260709 13:01:07.169866  8738 tablet_bootstrap.cc:654] T 90355b826b534b5e999ae4f922b049e0 P 324d9e7344ac471bafac07d17f22a917: Neither blocks nor log segments found. Creating new log.
I20260709 13:01:07.166481  8810 raft_consensus.cc:2804] T d2f88e1eb9724757b77d1055681eb372 P 1546dbf90b58466ea3bd05b43d9a5253 [term 0 FOLLOWER]: Leader pre-election won for term 1
I20260709 13:01:07.172405  8810 raft_consensus.cc:493] T d2f88e1eb9724757b77d1055681eb372 P 1546dbf90b58466ea3bd05b43d9a5253 [term 0 FOLLOWER]: Starting leader election (no leader contacted us within the election timeout)
I20260709 13:01:07.178894  8736 tablet_bootstrap.cc:492] T 0eb8d1c36b254e23af274d5ab6c229f3 P 1546dbf90b58466ea3bd05b43d9a5253: No bootstrap required, opened a new log
I20260709 13:01:07.178838  8810 raft_consensus.cc:3060] T d2f88e1eb9724757b77d1055681eb372 P 1546dbf90b58466ea3bd05b43d9a5253 [term 0 FOLLOWER]: Advancing to term 1
I20260709 13:01:07.179414  8736 ts_tablet_manager.cc:1403] T 0eb8d1c36b254e23af274d5ab6c229f3 P 1546dbf90b58466ea3bd05b43d9a5253: Time spent bootstrapping tablet: real 0.146s	user 0.020s	sys 0.022s
I20260709 13:01:07.182379  8737 tablet_bootstrap.cc:654] T 90355b826b534b5e999ae4f922b049e0 P 5e20281adc004798be52ba901fd0d99f: Neither blocks nor log segments found. Creating new log.
I20260709 13:01:07.182215  8736 raft_consensus.cc:359] T 0eb8d1c36b254e23af274d5ab6c229f3 P 1546dbf90b58466ea3bd05b43d9a5253 [term 0 FOLLOWER]: Replica starting. Triggering 0 pending ops. Active config: opid_index: -1 OBSOLETE_local: false peers { permanent_uuid: "1546dbf90b58466ea3bd05b43d9a5253" member_type: VOTER last_known_addr { host: "127.7.65.129" port: 44625 } } peers { permanent_uuid: "324d9e7344ac471bafac07d17f22a917" member_type: VOTER last_known_addr { host: "127.7.65.130" port: 45255 } } peers { permanent_uuid: "5e20281adc004798be52ba901fd0d99f" member_type: VOTER last_known_addr { host: "127.7.65.131" port: 42043 } }
I20260709 13:01:07.183466  8816 raft_consensus.cc:2749] T 312642317da44b7f8874db230488f10a P 324d9e7344ac471bafac07d17f22a917 [term 1 FOLLOWER]: Leader pre-election lost for term 2. Reason: could not achieve majority
I20260709 13:01:07.182940  8736 raft_consensus.cc:385] T 0eb8d1c36b254e23af274d5ab6c229f3 P 1546dbf90b58466ea3bd05b43d9a5253 [term 0 FOLLOWER]: Consensus starting up: Expiring failure detector timer to make a prompt election more likely
I20260709 13:01:07.186832  8736 raft_consensus.cc:740] T 0eb8d1c36b254e23af274d5ab6c229f3 P 1546dbf90b58466ea3bd05b43d9a5253 [term 0 FOLLOWER]: Becoming Follower/Learner. State: Replica: 1546dbf90b58466ea3bd05b43d9a5253, State: Initialized, Role: FOLLOWER
I20260709 13:01:07.187615  8736 consensus_queue.cc:260] T 0eb8d1c36b254e23af274d5ab6c229f3 P 1546dbf90b58466ea3bd05b43d9a5253 [NON_LEADER]: Queue going to NON_LEADER mode. State: All replicated index: 0, Majority replicated index: 0, Committed index: 0, Last appended: 0.0, Last appended by leader: 0, Current term: 0, Majority size: -1, State: 0, Mode: NON_LEADER, active raft config: opid_index: -1 OBSOLETE_local: false peers { permanent_uuid: "1546dbf90b58466ea3bd05b43d9a5253" member_type: VOTER last_known_addr { host: "127.7.65.129" port: 44625 } } peers { permanent_uuid: "324d9e7344ac471bafac07d17f22a917" member_type: VOTER last_known_addr { host: "127.7.65.130" port: 45255 } } peers { permanent_uuid: "5e20281adc004798be52ba901fd0d99f" member_type: VOTER last_known_addr { host: "127.7.65.131" port: 42043 } }
I20260709 13:01:07.199755  8736 ts_tablet_manager.cc:1434] T 0eb8d1c36b254e23af274d5ab6c229f3 P 1546dbf90b58466ea3bd05b43d9a5253: Time spent starting tablet: real 0.020s	user 0.006s	sys 0.002s
I20260709 13:01:07.200982  8736 tablet_bootstrap.cc:492] T 668dd235108c48b29d0716d407f4cd84 P 1546dbf90b58466ea3bd05b43d9a5253: Bootstrap starting.
I20260709 13:01:07.201499  8737 tablet_bootstrap.cc:492] T 90355b826b534b5e999ae4f922b049e0 P 5e20281adc004798be52ba901fd0d99f: No bootstrap required, opened a new log
I20260709 13:01:07.204545  8737 ts_tablet_manager.cc:1403] T 90355b826b534b5e999ae4f922b049e0 P 5e20281adc004798be52ba901fd0d99f: Time spent bootstrapping tablet: real 0.075s	user 0.014s	sys 0.000s
I20260709 13:01:07.209708  8545 raft_consensus.cc:3060] T 0eb8d1c36b254e23af274d5ab6c229f3 P 1546dbf90b58466ea3bd05b43d9a5253 [term 0 FOLLOWER]: Advancing to term 1
I20260709 13:01:07.213100  8444 catalog_manager.cc:5697] T 633e1db2fdc44d3986878e760d03ca3f P 1546dbf90b58466ea3bd05b43d9a5253 reported cstate change: term changed from 0 to 1, leader changed from <none> to 1546dbf90b58466ea3bd05b43d9a5253 (127.7.65.129). New cstate: current_term: 1 leader_uuid: "1546dbf90b58466ea3bd05b43d9a5253" committed_config { opid_index: -1 OBSOLETE_local: false peers { permanent_uuid: "1546dbf90b58466ea3bd05b43d9a5253" member_type: VOTER last_known_addr { host: "127.7.65.129" port: 44625 } health_report { overall_health: HEALTHY } } peers { permanent_uuid: "324d9e7344ac471bafac07d17f22a917" member_type: VOTER last_known_addr { host: "127.7.65.130" port: 45255 } health_report { overall_health: UNKNOWN } } peers { permanent_uuid: "5e20281adc004798be52ba901fd0d99f" member_type: VOTER last_known_addr { host: "127.7.65.131" port: 42043 } health_report { overall_health: UNKNOWN } } }
I20260709 13:01:07.226502  8622 raft_consensus.cc:3060] T c0e556bef3484822bae76a4892d4cef2 P 324d9e7344ac471bafac07d17f22a917 [term 0 FOLLOWER]: Advancing to term 1
I20260709 13:01:07.220826  8737 raft_consensus.cc:359] T 90355b826b534b5e999ae4f922b049e0 P 5e20281adc004798be52ba901fd0d99f [term 0 FOLLOWER]: Replica starting. Triggering 0 pending ops. Active config: opid_index: -1 OBSOLETE_local: false peers { permanent_uuid: "1546dbf90b58466ea3bd05b43d9a5253" member_type: VOTER last_known_addr { host: "127.7.65.129" port: 44625 } } peers { permanent_uuid: "324d9e7344ac471bafac07d17f22a917" member_type: VOTER last_known_addr { host: "127.7.65.130" port: 45255 } } peers { permanent_uuid: "5e20281adc004798be52ba901fd0d99f" member_type: VOTER last_known_addr { host: "127.7.65.131" port: 42043 } }
I20260709 13:01:07.227650  8737 raft_consensus.cc:385] T 90355b826b534b5e999ae4f922b049e0 P 5e20281adc004798be52ba901fd0d99f [term 0 FOLLOWER]: Consensus starting up: Expiring failure detector timer to make a prompt election more likely
I20260709 13:01:07.227952  8737 raft_consensus.cc:740] T 90355b826b534b5e999ae4f922b049e0 P 5e20281adc004798be52ba901fd0d99f [term 0 FOLLOWER]: Becoming Follower/Learner. State: Replica: 5e20281adc004798be52ba901fd0d99f, State: Initialized, Role: FOLLOWER
I20260709 13:01:07.228052  8736 tablet_bootstrap.cc:654] T 668dd235108c48b29d0716d407f4cd84 P 1546dbf90b58466ea3bd05b43d9a5253: Neither blocks nor log segments found. Creating new log.
I20260709 13:01:07.231151  8744 raft_consensus.cc:493] T 633e1db2fdc44d3986878e760d03ca3f P 5e20281adc004798be52ba901fd0d99f [term 0 FOLLOWER]: Starting pre-election (no leader contacted us within the election timeout)
I20260709 13:01:07.231684  8744 raft_consensus.cc:515] T 633e1db2fdc44d3986878e760d03ca3f P 5e20281adc004798be52ba901fd0d99f [term 0 FOLLOWER]: Starting pre-election with config: opid_index: -1 OBSOLETE_local: false peers { permanent_uuid: "1546dbf90b58466ea3bd05b43d9a5253" member_type: VOTER last_known_addr { host: "127.7.65.129" port: 44625 } } peers { permanent_uuid: "324d9e7344ac471bafac07d17f22a917" member_type: VOTER last_known_addr { host: "127.7.65.130" port: 45255 } } peers { permanent_uuid: "5e20281adc004798be52ba901fd0d99f" member_type: VOTER last_known_addr { host: "127.7.65.131" port: 42043 } }
I20260709 13:01:07.232916  8738 tablet_bootstrap.cc:492] T 90355b826b534b5e999ae4f922b049e0 P 324d9e7344ac471bafac07d17f22a917: No bootstrap required, opened a new log
I20260709 13:01:07.233403  8738 ts_tablet_manager.cc:1403] T 90355b826b534b5e999ae4f922b049e0 P 324d9e7344ac471bafac07d17f22a917: Time spent bootstrapping tablet: real 0.101s	user 0.014s	sys 0.029s
I20260709 13:01:07.231679  8737 consensus_queue.cc:260] T 90355b826b534b5e999ae4f922b049e0 P 5e20281adc004798be52ba901fd0d99f [NON_LEADER]: Queue going to NON_LEADER mode. State: All replicated index: 0, Majority replicated index: 0, Committed index: 0, Last appended: 0.0, Last appended by leader: 0, Current term: 0, Majority size: -1, State: 0, Mode: NON_LEADER, active raft config: opid_index: -1 OBSOLETE_local: false peers { permanent_uuid: "1546dbf90b58466ea3bd05b43d9a5253" member_type: VOTER last_known_addr { host: "127.7.65.129" port: 44625 } } peers { permanent_uuid: "324d9e7344ac471bafac07d17f22a917" member_type: VOTER last_known_addr { host: "127.7.65.130" port: 45255 } } peers { permanent_uuid: "5e20281adc004798be52ba901fd0d99f" member_type: VOTER last_known_addr { host: "127.7.65.131" port: 42043 } }
I20260709 13:01:07.236101  8546 tablet_service.cc:1917] Received RequestConsensusVote() RPC: tablet_id: "633e1db2fdc44d3986878e760d03ca3f" candidate_uuid: "5e20281adc004798be52ba901fd0d99f" candidate_term: 1 candidate_status { last_received { term: 0 index: 0 } } ignore_live_leader: false dest_uuid: "1546dbf90b58466ea3bd05b43d9a5253" is_pre_election: true
I20260709 13:01:07.233927  8744 leader_election.cc:290] T 633e1db2fdc44d3986878e760d03ca3f P 5e20281adc004798be52ba901fd0d99f [CANDIDATE]: Term 1 pre-election: Requested pre-vote from peers 1546dbf90b58466ea3bd05b43d9a5253 (127.7.65.129:44625), 324d9e7344ac471bafac07d17f22a917 (127.7.65.130:45255)
I20260709 13:01:07.238273  8810 raft_consensus.cc:515] T d2f88e1eb9724757b77d1055681eb372 P 1546dbf90b58466ea3bd05b43d9a5253 [term 1 FOLLOWER]: Starting leader election with config: opid_index: -1 OBSOLETE_local: false peers { permanent_uuid: "1546dbf90b58466ea3bd05b43d9a5253" member_type: VOTER last_known_addr { host: "127.7.65.129" port: 44625 } } peers { permanent_uuid: "324d9e7344ac471bafac07d17f22a917" member_type: VOTER last_known_addr { host: "127.7.65.130" port: 45255 } } peers { permanent_uuid: "5e20281adc004798be52ba901fd0d99f" member_type: VOTER last_known_addr { host: "127.7.65.131" port: 42043 } }
I20260709 13:01:07.238749  8619 tablet_service.cc:1917] Received RequestConsensusVote() RPC: tablet_id: "633e1db2fdc44d3986878e760d03ca3f" candidate_uuid: "5e20281adc004798be52ba901fd0d99f" candidate_term: 1 candidate_status { last_received { term: 0 index: 0 } } ignore_live_leader: false dest_uuid: "324d9e7344ac471bafac07d17f22a917" is_pre_election: true
I20260709 13:01:07.240795  8619 raft_consensus.cc:2393] T 633e1db2fdc44d3986878e760d03ca3f P 324d9e7344ac471bafac07d17f22a917 [term 1 FOLLOWER]: Leader pre-election vote request: Denying vote to candidate 5e20281adc004798be52ba901fd0d99f in current term 1: Already voted for candidate 1546dbf90b58466ea3bd05b43d9a5253 in this term.
I20260709 13:01:07.242483  8659 leader_election.cc:304] T 633e1db2fdc44d3986878e760d03ca3f P 5e20281adc004798be52ba901fd0d99f [CANDIDATE]: Term 1 pre-election: Election decided. Result: candidate lost. Election summary: received 3 responses out of 3 voters: 1 yes votes; 2 no votes. yes voters: 5e20281adc004798be52ba901fd0d99f; no voters: 1546dbf90b58466ea3bd05b43d9a5253, 324d9e7344ac471bafac07d17f22a917
I20260709 13:01:07.244361  8816 consensus_queue.cc:1048] T 0eb8d1c36b254e23af274d5ab6c229f3 P 324d9e7344ac471bafac07d17f22a917 [LEADER]: Connected to new peer: Peer: permanent_uuid: "1546dbf90b58466ea3bd05b43d9a5253" member_type: VOTER last_known_addr { host: "127.7.65.129" port: 44625 }, Status: LMP_MISMATCH, Last received: 0.0, Next index: 1, Last known committed idx: 0, Time since last communication: 0.000s
I20260709 13:01:07.244421  8744 raft_consensus.cc:3060] T 633e1db2fdc44d3986878e760d03ca3f P 5e20281adc004798be52ba901fd0d99f [term 0 FOLLOWER]: Advancing to term 1
I20260709 13:01:07.244983  8737 ts_tablet_manager.cc:1434] T 90355b826b534b5e999ae4f922b049e0 P 5e20281adc004798be52ba901fd0d99f: Time spent starting tablet: real 0.040s	user 0.007s	sys 0.000s
I20260709 13:01:07.246060  8737 tablet_bootstrap.cc:492] T 2815f31f1da148a1921a5b79b7066c56 P 5e20281adc004798be52ba901fd0d99f: Bootstrap starting.
I20260709 13:01:07.248479  8619 tablet_service.cc:1917] Received RequestConsensusVote() RPC: tablet_id: "d2f88e1eb9724757b77d1055681eb372" candidate_uuid: "1546dbf90b58466ea3bd05b43d9a5253" candidate_term: 1 candidate_status { last_received { term: 0 index: 0 } } ignore_live_leader: false dest_uuid: "324d9e7344ac471bafac07d17f22a917"
I20260709 13:01:07.253583  8619 raft_consensus.cc:3060] T d2f88e1eb9724757b77d1055681eb372 P 324d9e7344ac471bafac07d17f22a917 [term 0 FOLLOWER]: Advancing to term 1
I20260709 13:01:07.258488  8773 raft_consensus.cc:493] T 9203b82d203548aba17006fa993bdbcb P 5e20281adc004798be52ba901fd0d99f [term 0 FOLLOWER]: Starting pre-election (no leader contacted us within the election timeout)
I20260709 13:01:07.264000  8773 raft_consensus.cc:515] T 9203b82d203548aba17006fa993bdbcb P 5e20281adc004798be52ba901fd0d99f [term 0 FOLLOWER]: Starting pre-election with config: opid_index: -1 OBSOLETE_local: false peers { permanent_uuid: "1546dbf90b58466ea3bd05b43d9a5253" member_type: VOTER last_known_addr { host: "127.7.65.129" port: 44625 } } peers { permanent_uuid: "324d9e7344ac471bafac07d17f22a917" member_type: VOTER last_known_addr { host: "127.7.65.130" port: 45255 } } peers { permanent_uuid: "5e20281adc004798be52ba901fd0d99f" member_type: VOTER last_known_addr { host: "127.7.65.131" port: 42043 } }
I20260709 13:01:07.274586  8816 consensus_queue.cc:1048] T 0eb8d1c36b254e23af274d5ab6c229f3 P 324d9e7344ac471bafac07d17f22a917 [LEADER]: Connected to new peer: Peer: permanent_uuid: "5e20281adc004798be52ba901fd0d99f" member_type: VOTER last_known_addr { host: "127.7.65.131" port: 42043 }, Status: LMP_MISMATCH, Last received: 0.0, Next index: 1, Last known committed idx: 0, Time since last communication: 0.001s
I20260709 13:01:07.286742  8738 raft_consensus.cc:359] T 90355b826b534b5e999ae4f922b049e0 P 324d9e7344ac471bafac07d17f22a917 [term 0 FOLLOWER]: Replica starting. Triggering 0 pending ops. Active config: opid_index: -1 OBSOLETE_local: false peers { permanent_uuid: "1546dbf90b58466ea3bd05b43d9a5253" member_type: VOTER last_known_addr { host: "127.7.65.129" port: 44625 } } peers { permanent_uuid: "324d9e7344ac471bafac07d17f22a917" member_type: VOTER last_known_addr { host: "127.7.65.130" port: 45255 } } peers { permanent_uuid: "5e20281adc004798be52ba901fd0d99f" member_type: VOTER last_known_addr { host: "127.7.65.131" port: 42043 } }
I20260709 13:01:07.288327  8738 raft_consensus.cc:385] T 90355b826b534b5e999ae4f922b049e0 P 324d9e7344ac471bafac07d17f22a917 [term 0 FOLLOWER]: Consensus starting up: Expiring failure detector timer to make a prompt election more likely
I20260709 13:01:07.288756  8738 raft_consensus.cc:740] T 90355b826b534b5e999ae4f922b049e0 P 324d9e7344ac471bafac07d17f22a917 [term 0 FOLLOWER]: Becoming Follower/Learner. State: Replica: 324d9e7344ac471bafac07d17f22a917, State: Initialized, Role: FOLLOWER
I20260709 13:01:07.290815  8810 leader_election.cc:290] T d2f88e1eb9724757b77d1055681eb372 P 1546dbf90b58466ea3bd05b43d9a5253 [CANDIDATE]: Term 1 election: Requested vote from peers 324d9e7344ac471bafac07d17f22a917 (127.7.65.130:45255), 5e20281adc004798be52ba901fd0d99f (127.7.65.131:42043)
I20260709 13:01:07.291910  8694 tablet_service.cc:1917] Received RequestConsensusVote() RPC: tablet_id: "d2f88e1eb9724757b77d1055681eb372" candidate_uuid: "1546dbf90b58466ea3bd05b43d9a5253" candidate_term: 1 candidate_status { last_received { term: 0 index: 0 } } ignore_live_leader: false dest_uuid: "5e20281adc004798be52ba901fd0d99f"
I20260709 13:01:07.298183  8738 consensus_queue.cc:260] T 90355b826b534b5e999ae4f922b049e0 P 324d9e7344ac471bafac07d17f22a917 [NON_LEADER]: Queue going to NON_LEADER mode. State: All replicated index: 0, Majority replicated index: 0, Committed index: 0, Last appended: 0.0, Last appended by leader: 0, Current term: 0, Majority size: -1, State: 0, Mode: NON_LEADER, active raft config: opid_index: -1 OBSOLETE_local: false peers { permanent_uuid: "1546dbf90b58466ea3bd05b43d9a5253" member_type: VOTER last_known_addr { host: "127.7.65.129" port: 44625 } } peers { permanent_uuid: "324d9e7344ac471bafac07d17f22a917" member_type: VOTER last_known_addr { host: "127.7.65.130" port: 45255 } } peers { permanent_uuid: "5e20281adc004798be52ba901fd0d99f" member_type: VOTER last_known_addr { host: "127.7.65.131" port: 42043 } }
W20260709 13:01:07.304018  8510 leader_election.cc:343] T d2f88e1eb9724757b77d1055681eb372 P 1546dbf90b58466ea3bd05b43d9a5253 [CANDIDATE]: Term 1 election: Tablet error from VoteRequest() call to peer 5e20281adc004798be52ba901fd0d99f (127.7.65.131:42043): Illegal state: must be running to vote when last-logged opid is not known
I20260709 13:01:07.276593  8619 raft_consensus.cc:2468] T d2f88e1eb9724757b77d1055681eb372 P 324d9e7344ac471bafac07d17f22a917 [term 1 FOLLOWER]: Leader election vote request: Granting yes vote for candidate 1546dbf90b58466ea3bd05b43d9a5253 in term 1.
I20260709 13:01:07.316102  8738 ts_tablet_manager.cc:1434] T 90355b826b534b5e999ae4f922b049e0 P 324d9e7344ac471bafac07d17f22a917: Time spent starting tablet: real 0.082s	user 0.009s	sys 0.002s
I20260709 13:01:07.319113  8513 leader_election.cc:304] T d2f88e1eb9724757b77d1055681eb372 P 1546dbf90b58466ea3bd05b43d9a5253 [CANDIDATE]: Term 1 election: Election decided. Result: candidate won. Election summary: received 3 responses out of 3 voters: 2 yes votes; 1 no votes. yes voters: 1546dbf90b58466ea3bd05b43d9a5253, 324d9e7344ac471bafac07d17f22a917; no voters: 5e20281adc004798be52ba901fd0d99f
I20260709 13:01:07.321656  8810 raft_consensus.cc:2804] T d2f88e1eb9724757b77d1055681eb372 P 1546dbf90b58466ea3bd05b43d9a5253 [term 1 FOLLOWER]: Leader election won for term 1
I20260709 13:01:07.326447  8773 leader_election.cc:290] T 9203b82d203548aba17006fa993bdbcb P 5e20281adc004798be52ba901fd0d99f [CANDIDATE]: Term 1 pre-election: Requested pre-vote from peers 1546dbf90b58466ea3bd05b43d9a5253 (127.7.65.129:44625), 324d9e7344ac471bafac07d17f22a917 (127.7.65.130:45255)
I20260709 13:01:07.329125  8738 tablet_bootstrap.cc:492] T 9203b82d203548aba17006fa993bdbcb P 324d9e7344ac471bafac07d17f22a917: Bootstrap starting.
I20260709 13:01:07.331455  8544 tablet_service.cc:1917] Received RequestConsensusVote() RPC: tablet_id: "9203b82d203548aba17006fa993bdbcb" candidate_uuid: "5e20281adc004798be52ba901fd0d99f" candidate_term: 1 candidate_status { last_received { term: 0 index: 0 } } ignore_live_leader: false dest_uuid: "1546dbf90b58466ea3bd05b43d9a5253" is_pre_election: true
I20260709 13:01:07.331470  8810 raft_consensus.cc:697] T d2f88e1eb9724757b77d1055681eb372 P 1546dbf90b58466ea3bd05b43d9a5253 [term 1 LEADER]: Becoming Leader. State: Replica: 1546dbf90b58466ea3bd05b43d9a5253, State: Running, Role: LEADER
I20260709 13:01:07.333673  8544 raft_consensus.cc:2468] T 9203b82d203548aba17006fa993bdbcb P 1546dbf90b58466ea3bd05b43d9a5253 [term 0 FOLLOWER]: Leader pre-election vote request: Granting yes vote for candidate 5e20281adc004798be52ba901fd0d99f in term 0.
I20260709 13:01:07.327630  8619 tablet_service.cc:1917] Received RequestConsensusVote() RPC: tablet_id: "9203b82d203548aba17006fa993bdbcb" candidate_uuid: "5e20281adc004798be52ba901fd0d99f" candidate_term: 1 candidate_status { last_received { term: 0 index: 0 } } ignore_live_leader: false dest_uuid: "324d9e7344ac471bafac07d17f22a917" is_pre_election: true
I20260709 13:01:07.334575  8810 consensus_queue.cc:237] T d2f88e1eb9724757b77d1055681eb372 P 1546dbf90b58466ea3bd05b43d9a5253 [LEADER]: Queue going to LEADER mode. State: All replicated index: 0, Majority replicated index: 0, Committed index: 0, Last appended: 0.0, Last appended by leader: 0, Current term: 1, Majority size: 2, State: 0, Mode: LEADER, active raft config: opid_index: -1 OBSOLETE_local: false peers { permanent_uuid: "1546dbf90b58466ea3bd05b43d9a5253" member_type: VOTER last_known_addr { host: "127.7.65.129" port: 44625 } } peers { permanent_uuid: "324d9e7344ac471bafac07d17f22a917" member_type: VOTER last_known_addr { host: "127.7.65.130" port: 45255 } } peers { permanent_uuid: "5e20281adc004798be52ba901fd0d99f" member_type: VOTER last_known_addr { host: "127.7.65.131" port: 42043 } }
W20260709 13:01:07.335770  8662 leader_election.cc:343] T 9203b82d203548aba17006fa993bdbcb P 5e20281adc004798be52ba901fd0d99f [CANDIDATE]: Term 1 pre-election: Tablet error from VoteRequest() call to peer 324d9e7344ac471bafac07d17f22a917 (127.7.65.130:45255): Illegal state: must be running to vote when last-logged opid is not known
I20260709 13:01:07.338033  8659 leader_election.cc:304] T 9203b82d203548aba17006fa993bdbcb P 5e20281adc004798be52ba901fd0d99f [CANDIDATE]: Term 1 pre-election: Election decided. Result: candidate won. Election summary: received 3 responses out of 3 voters: 2 yes votes; 1 no votes. yes voters: 1546dbf90b58466ea3bd05b43d9a5253, 5e20281adc004798be52ba901fd0d99f; no voters: 324d9e7344ac471bafac07d17f22a917
I20260709 13:01:07.341106  8808 raft_consensus.cc:2804] T 9203b82d203548aba17006fa993bdbcb P 5e20281adc004798be52ba901fd0d99f [term 0 FOLLOWER]: Leader pre-election won for term 1
I20260709 13:01:07.341521  8808 raft_consensus.cc:493] T 9203b82d203548aba17006fa993bdbcb P 5e20281adc004798be52ba901fd0d99f [term 0 FOLLOWER]: Starting leader election (no leader contacted us within the election timeout)
I20260709 13:01:07.341854  8808 raft_consensus.cc:3060] T 9203b82d203548aba17006fa993bdbcb P 5e20281adc004798be52ba901fd0d99f [term 0 FOLLOWER]: Advancing to term 1
I20260709 13:01:07.330106  8744 raft_consensus.cc:2749] T 633e1db2fdc44d3986878e760d03ca3f P 5e20281adc004798be52ba901fd0d99f [term 1 FOLLOWER]: Leader pre-election lost for term 1. Reason: could not achieve majority
W20260709 13:01:07.358554  8510 consensus_peers.cc:597] T 2815f31f1da148a1921a5b79b7066c56 P 1546dbf90b58466ea3bd05b43d9a5253 -> Peer 5e20281adc004798be52ba901fd0d99f (127.7.65.131:42043): Couldn't send request to peer 5e20281adc004798be52ba901fd0d99f. Error code: TABLET_NOT_RUNNING (12). Status: Illegal state: Tablet not RUNNING: BOOTSTRAPPING. This is attempt 1: this message will repeat every 5th retry.
I20260709 13:01:07.370276  8736 tablet_bootstrap.cc:492] T 668dd235108c48b29d0716d407f4cd84 P 1546dbf90b58466ea3bd05b43d9a5253: No bootstrap required, opened a new log
I20260709 13:01:07.370712  8736 ts_tablet_manager.cc:1403] T 668dd235108c48b29d0716d407f4cd84 P 1546dbf90b58466ea3bd05b43d9a5253: Time spent bootstrapping tablet: real 0.170s	user 0.022s	sys 0.048s
I20260709 13:01:07.370728  8737 tablet_bootstrap.cc:654] T 2815f31f1da148a1921a5b79b7066c56 P 5e20281adc004798be52ba901fd0d99f: Neither blocks nor log segments found. Creating new log.
I20260709 13:01:07.371738  8808 raft_consensus.cc:515] T 9203b82d203548aba17006fa993bdbcb P 5e20281adc004798be52ba901fd0d99f [term 1 FOLLOWER]: Starting leader election with config: opid_index: -1 OBSOLETE_local: false peers { permanent_uuid: "1546dbf90b58466ea3bd05b43d9a5253" member_type: VOTER last_known_addr { host: "127.7.65.129" port: 44625 } } peers { permanent_uuid: "324d9e7344ac471bafac07d17f22a917" member_type: VOTER last_known_addr { host: "127.7.65.130" port: 45255 } } peers { permanent_uuid: "5e20281adc004798be52ba901fd0d99f" member_type: VOTER last_known_addr { host: "127.7.65.131" port: 42043 } }
I20260709 13:01:07.377345  8544 tablet_service.cc:1917] Received RequestConsensusVote() RPC: tablet_id: "9203b82d203548aba17006fa993bdbcb" candidate_uuid: "5e20281adc004798be52ba901fd0d99f" candidate_term: 1 candidate_status { last_received { term: 0 index: 0 } } ignore_live_leader: false dest_uuid: "1546dbf90b58466ea3bd05b43d9a5253"
I20260709 13:01:07.378101  8544 raft_consensus.cc:3060] T 9203b82d203548aba17006fa993bdbcb P 1546dbf90b58466ea3bd05b43d9a5253 [term 0 FOLLOWER]: Advancing to term 1
I20260709 13:01:07.381568  8738 tablet_bootstrap.cc:654] T 9203b82d203548aba17006fa993bdbcb P 324d9e7344ac471bafac07d17f22a917: Neither blocks nor log segments found. Creating new log.
I20260709 13:01:07.387090  8736 raft_consensus.cc:359] T 668dd235108c48b29d0716d407f4cd84 P 1546dbf90b58466ea3bd05b43d9a5253 [term 0 FOLLOWER]: Replica starting. Triggering 0 pending ops. Active config: opid_index: -1 OBSOLETE_local: false peers { permanent_uuid: "1546dbf90b58466ea3bd05b43d9a5253" member_type: VOTER last_known_addr { host: "127.7.65.129" port: 44625 } } peers { permanent_uuid: "324d9e7344ac471bafac07d17f22a917" member_type: VOTER last_known_addr { host: "127.7.65.130" port: 45255 } } peers { permanent_uuid: "5e20281adc004798be52ba901fd0d99f" member_type: VOTER last_known_addr { host: "127.7.65.131" port: 42043 } }
I20260709 13:01:07.388653  8736 raft_consensus.cc:385] T 668dd235108c48b29d0716d407f4cd84 P 1546dbf90b58466ea3bd05b43d9a5253 [term 0 FOLLOWER]: Consensus starting up: Expiring failure detector timer to make a prompt election more likely
I20260709 13:01:07.389108  8736 raft_consensus.cc:740] T 668dd235108c48b29d0716d407f4cd84 P 1546dbf90b58466ea3bd05b43d9a5253 [term 0 FOLLOWER]: Becoming Follower/Learner. State: Replica: 1546dbf90b58466ea3bd05b43d9a5253, State: Initialized, Role: FOLLOWER
W20260709 13:01:07.391269  8659 consensus_peers.cc:597] T a8e836a6e4304411b3e3364654428fb5 P 5e20281adc004798be52ba901fd0d99f -> Peer 1546dbf90b58466ea3bd05b43d9a5253 (127.7.65.129:44625): Couldn't send request to peer 1546dbf90b58466ea3bd05b43d9a5253. Error code: TABLET_NOT_RUNNING (12). Status: Illegal state: Tablet not RUNNING: INITIALIZED. This is attempt 1: this message will repeat every 5th retry.
I20260709 13:01:07.391364  8619 tablet_service.cc:1917] Received RequestConsensusVote() RPC: tablet_id: "9203b82d203548aba17006fa993bdbcb" candidate_uuid: "5e20281adc004798be52ba901fd0d99f" candidate_term: 1 candidate_status { last_received { term: 0 index: 0 } } ignore_live_leader: false dest_uuid: "324d9e7344ac471bafac07d17f22a917"
W20260709 13:01:07.393273  8662 leader_election.cc:343] T 9203b82d203548aba17006fa993bdbcb P 5e20281adc004798be52ba901fd0d99f [CANDIDATE]: Term 1 election: Tablet error from VoteRequest() call to peer 324d9e7344ac471bafac07d17f22a917 (127.7.65.130:45255): Illegal state: must be running to vote when last-logged opid is not known
I20260709 13:01:07.393188  8736 consensus_queue.cc:260] T 668dd235108c48b29d0716d407f4cd84 P 1546dbf90b58466ea3bd05b43d9a5253 [NON_LEADER]: Queue going to NON_LEADER mode. State: All replicated index: 0, Majority replicated index: 0, Committed index: 0, Last appended: 0.0, Last appended by leader: 0, Current term: 0, Majority size: -1, State: 0, Mode: NON_LEADER, active raft config: opid_index: -1 OBSOLETE_local: false peers { permanent_uuid: "1546dbf90b58466ea3bd05b43d9a5253" member_type: VOTER last_known_addr { host: "127.7.65.129" port: 44625 } } peers { permanent_uuid: "324d9e7344ac471bafac07d17f22a917" member_type: VOTER last_known_addr { host: "127.7.65.130" port: 45255 } } peers { permanent_uuid: "5e20281adc004798be52ba901fd0d99f" member_type: VOTER last_known_addr { host: "127.7.65.131" port: 42043 } }
I20260709 13:01:07.395475  8736 ts_tablet_manager.cc:1434] T 668dd235108c48b29d0716d407f4cd84 P 1546dbf90b58466ea3bd05b43d9a5253: Time spent starting tablet: real 0.024s	user 0.006s	sys 0.002s
I20260709 13:01:07.396601  8736 tablet_bootstrap.cc:492] T a8e836a6e4304411b3e3364654428fb5 P 1546dbf90b58466ea3bd05b43d9a5253: Bootstrap starting.
I20260709 13:01:07.399080  8544 raft_consensus.cc:2468] T 9203b82d203548aba17006fa993bdbcb P 1546dbf90b58466ea3bd05b43d9a5253 [term 1 FOLLOWER]: Leader election vote request: Granting yes vote for candidate 5e20281adc004798be52ba901fd0d99f in term 1.
I20260709 13:01:07.379684  8808 leader_election.cc:290] T 9203b82d203548aba17006fa993bdbcb P 5e20281adc004798be52ba901fd0d99f [CANDIDATE]: Term 1 election: Requested vote from peers 1546dbf90b58466ea3bd05b43d9a5253 (127.7.65.129:44625), 324d9e7344ac471bafac07d17f22a917 (127.7.65.130:45255)
I20260709 13:01:07.410317  8659 leader_election.cc:304] T 9203b82d203548aba17006fa993bdbcb P 5e20281adc004798be52ba901fd0d99f [CANDIDATE]: Term 1 election: Election decided. Result: candidate won. Election summary: received 3 responses out of 3 voters: 2 yes votes; 1 no votes. yes voters: 1546dbf90b58466ea3bd05b43d9a5253, 5e20281adc004798be52ba901fd0d99f; no voters: 324d9e7344ac471bafac07d17f22a917
I20260709 13:01:07.418388  8744 raft_consensus.cc:2804] T 9203b82d203548aba17006fa993bdbcb P 5e20281adc004798be52ba901fd0d99f [term 1 FOLLOWER]: Leader election won for term 1
I20260709 13:01:07.420416  8744 raft_consensus.cc:697] T 9203b82d203548aba17006fa993bdbcb P 5e20281adc004798be52ba901fd0d99f [term 1 LEADER]: Becoming Leader. State: Replica: 5e20281adc004798be52ba901fd0d99f, State: Running, Role: LEADER
