I20260709 12:56:51.355361  1719 consensus_queue.cc:260] T f2247d77ecf34247bb07b234973c5813 P 8fd6772421d0422b94434e9b239c2cf0 [NON_LEADER]: Queue going to NON_LEADER mode. State: All replicated index: 0, Majority replicated index: 0, Committed index: 0, Last appended: 0.0, Last appended by leader: 0, Current term: 0, Majority size: -1, State: 0, Mode: NON_LEADER, active raft config: opid_index: -1 OBSOLETE_local: false peers { permanent_uuid: "59ab7a10e74c444d8300747012afeae7" member_type: VOTER last_known_addr { host: "127.0.107.193" port: 41351 } } peers { permanent_uuid: "8fd6772421d0422b94434e9b239c2cf0" member_type: VOTER last_known_addr { host: "127.0.107.194" port: 37207 } } peers { permanent_uuid: "425471c652f14218abd424184f98918c" member_type: VOTER last_known_addr { host: "127.0.107.195" port: 46073 } }
I20260709 12:56:51.357396  1719 ts_tablet_manager.cc:1434] T f2247d77ecf34247bb07b234973c5813 P 8fd6772421d0422b94434e9b239c2cf0: Time spent starting tablet: real 0.006s	user 0.003s	sys 0.000s
I20260709 12:56:51.357569  1796 leader_election.cc:290] T 4a3e2b606dcf49069ea5ff71e1a4c57c P 425471c652f14218abd424184f98918c [CANDIDATE]: Term 1 pre-election: Requested pre-vote from peers 59ab7a10e74c444d8300747012afeae7 (127.0.107.193:41351), 8fd6772421d0422b94434e9b239c2cf0 (127.0.107.194:37207)
I20260709 12:56:51.358285  1719 tablet_bootstrap.cc:492] T 9f13249c92784f99a3c0a300cdf9fa71 P 8fd6772421d0422b94434e9b239c2cf0: Bootstrap starting.
I20260709 12:56:51.359704  1601 tablet_service.cc:1917] Received RequestConsensusVote() RPC: tablet_id: "4a3e2b606dcf49069ea5ff71e1a4c57c" candidate_uuid: "425471c652f14218abd424184f98918c" candidate_term: 1 candidate_status { last_received { term: 0 index: 0 } } ignore_live_leader: false dest_uuid: "8fd6772421d0422b94434e9b239c2cf0" is_pre_election: true
I20260709 12:56:51.363477  1530 tablet_service.cc:1917] Received RequestConsensusVote() RPC: tablet_id: "4a3e2b606dcf49069ea5ff71e1a4c57c" candidate_uuid: "425471c652f14218abd424184f98918c" candidate_term: 1 candidate_status { last_received { term: 0 index: 0 } } ignore_live_leader: false dest_uuid: "59ab7a10e74c444d8300747012afeae7" is_pre_election: true
W20260709 12:56:51.363740  1645 leader_election.cc:343] T 4a3e2b606dcf49069ea5ff71e1a4c57c P 425471c652f14218abd424184f98918c [CANDIDATE]: Term 1 pre-election: Tablet error from VoteRequest() call to peer 8fd6772421d0422b94434e9b239c2cf0 (127.0.107.194:37207): Illegal state: must be running to vote when last-logged opid is not known
I20260709 12:56:51.364094  1719 tablet_bootstrap.cc:654] T 9f13249c92784f99a3c0a300cdf9fa71 P 8fd6772421d0422b94434e9b239c2cf0: Neither blocks nor log segments found. Creating new log.
I20260709 12:56:51.364173  1530 raft_consensus.cc:2468] T 4a3e2b606dcf49069ea5ff71e1a4c57c P 59ab7a10e74c444d8300747012afeae7 [term 0 FOLLOWER]: Leader pre-election vote request: Granting yes vote for candidate 425471c652f14218abd424184f98918c in term 0.
I20260709 12:56:51.365625  1644 leader_election.cc:304] T 4a3e2b606dcf49069ea5ff71e1a4c57c P 425471c652f14218abd424184f98918c [CANDIDATE]: Term 1 pre-election: Election decided. Result: candidate won. Election summary: received 3 responses out of 3 voters: 2 yes votes; 1 no votes. yes voters: 425471c652f14218abd424184f98918c, 59ab7a10e74c444d8300747012afeae7; no voters: 8fd6772421d0422b94434e9b239c2cf0
I20260709 12:56:51.366719  1796 raft_consensus.cc:2804] T 4a3e2b606dcf49069ea5ff71e1a4c57c P 425471c652f14218abd424184f98918c [term 0 FOLLOWER]: Leader pre-election won for term 1
I20260709 12:56:51.367090  1796 raft_consensus.cc:493] T 4a3e2b606dcf49069ea5ff71e1a4c57c P 425471c652f14218abd424184f98918c [term 0 FOLLOWER]: Starting leader election (no leader contacted us within the election timeout)
I20260709 12:56:51.367435  1796 raft_consensus.cc:3060] T 4a3e2b606dcf49069ea5ff71e1a4c57c P 425471c652f14218abd424184f98918c [term 0 FOLLOWER]: Advancing to term 1
I20260709 12:56:51.373785  1796 raft_consensus.cc:515] T 4a3e2b606dcf49069ea5ff71e1a4c57c P 425471c652f14218abd424184f98918c [term 1 FOLLOWER]: Starting leader election with config: opid_index: -1 OBSOLETE_local: false peers { permanent_uuid: "59ab7a10e74c444d8300747012afeae7" member_type: VOTER last_known_addr { host: "127.0.107.193" port: 41351 } } peers { permanent_uuid: "8fd6772421d0422b94434e9b239c2cf0" member_type: VOTER last_known_addr { host: "127.0.107.194" port: 37207 } } peers { permanent_uuid: "425471c652f14218abd424184f98918c" member_type: VOTER last_known_addr { host: "127.0.107.195" port: 46073 } }
I20260709 12:56:51.376618  1528 tablet_service.cc:1917] Received RequestConsensusVote() RPC: tablet_id: "4a3e2b606dcf49069ea5ff71e1a4c57c" candidate_uuid: "425471c652f14218abd424184f98918c" candidate_term: 1 candidate_status { last_received { term: 0 index: 0 } } ignore_live_leader: false dest_uuid: "59ab7a10e74c444d8300747012afeae7"
I20260709 12:56:51.377210  1528 raft_consensus.cc:3060] T 4a3e2b606dcf49069ea5ff71e1a4c57c P 59ab7a10e74c444d8300747012afeae7 [term 0 FOLLOWER]: Advancing to term 1
I20260709 12:56:51.383852  1528 raft_consensus.cc:2468] T 4a3e2b606dcf49069ea5ff71e1a4c57c P 59ab7a10e74c444d8300747012afeae7 [term 1 FOLLOWER]: Leader election vote request: Granting yes vote for candidate 425471c652f14218abd424184f98918c in term 1.
I20260709 12:56:51.384954  1644 leader_election.cc:304] T 4a3e2b606dcf49069ea5ff71e1a4c57c P 425471c652f14218abd424184f98918c [CANDIDATE]: Term 1 election: Election decided. Result: candidate won. Election summary: received 2 responses out of 3 voters: 2 yes votes; 0 no votes. yes voters: 425471c652f14218abd424184f98918c, 59ab7a10e74c444d8300747012afeae7; no voters: 
I20260709 12:56:51.385768  1798 raft_consensus.cc:2804] T 4a3e2b606dcf49069ea5ff71e1a4c57c P 425471c652f14218abd424184f98918c [term 1 FOLLOWER]: Leader election won for term 1
I20260709 12:56:51.386236  1798 raft_consensus.cc:697] T 4a3e2b606dcf49069ea5ff71e1a4c57c P 425471c652f14218abd424184f98918c [term 1 LEADER]: Becoming Leader. State: Replica: 425471c652f14218abd424184f98918c, State: Running, Role: LEADER
I20260709 12:56:51.386580  1719 tablet_bootstrap.cc:492] T 9f13249c92784f99a3c0a300cdf9fa71 P 8fd6772421d0422b94434e9b239c2cf0: No bootstrap required, opened a new log
I20260709 12:56:51.387112  1719 ts_tablet_manager.cc:1403] T 9f13249c92784f99a3c0a300cdf9fa71 P 8fd6772421d0422b94434e9b239c2cf0: Time spent bootstrapping tablet: real 0.029s	user 0.015s	sys 0.013s
I20260709 12:56:51.387029  1798 consensus_queue.cc:237] T 4a3e2b606dcf49069ea5ff71e1a4c57c P 425471c652f14218abd424184f98918c [LEADER]: Queue going to LEADER mode. State: All replicated index: 0, Majority replicated index: 0, Committed index: 0, Last appended: 0.0, Last appended by leader: 0, Current term: 1, Majority size: 2, State: 0, Mode: LEADER, active raft config: opid_index: -1 OBSOLETE_local: false peers { permanent_uuid: "59ab7a10e74c444d8300747012afeae7" member_type: VOTER last_known_addr { host: "127.0.107.193" port: 41351 } } peers { permanent_uuid: "8fd6772421d0422b94434e9b239c2cf0" member_type: VOTER last_known_addr { host: "127.0.107.194" port: 37207 } } peers { permanent_uuid: "425471c652f14218abd424184f98918c" member_type: VOTER last_known_addr { host: "127.0.107.195" port: 46073 } }
I20260709 12:56:51.389678  1719 raft_consensus.cc:359] T 9f13249c92784f99a3c0a300cdf9fa71 P 8fd6772421d0422b94434e9b239c2cf0 [term 0 FOLLOWER]: Replica starting. Triggering 0 pending ops. Active config: opid_index: -1 OBSOLETE_local: false peers { permanent_uuid: "59ab7a10e74c444d8300747012afeae7" member_type: VOTER last_known_addr { host: "127.0.107.193" port: 41351 } } peers { permanent_uuid: "8fd6772421d0422b94434e9b239c2cf0" member_type: VOTER last_known_addr { host: "127.0.107.194" port: 37207 } } peers { permanent_uuid: "425471c652f14218abd424184f98918c" member_type: VOTER last_known_addr { host: "127.0.107.195" port: 46073 } }
I20260709 12:56:51.390362  1719 raft_consensus.cc:385] T 9f13249c92784f99a3c0a300cdf9fa71 P 8fd6772421d0422b94434e9b239c2cf0 [term 0 FOLLOWER]: Consensus starting up: Expiring failure detector timer to make a prompt election more likely
I20260709 12:56:51.390621  1719 raft_consensus.cc:740] T 9f13249c92784f99a3c0a300cdf9fa71 P 8fd6772421d0422b94434e9b239c2cf0 [term 0 FOLLOWER]: Becoming Follower/Learner. State: Replica: 8fd6772421d0422b94434e9b239c2cf0, State: Initialized, Role: FOLLOWER
I20260709 12:56:51.391299  1719 consensus_queue.cc:260] T 9f13249c92784f99a3c0a300cdf9fa71 P 8fd6772421d0422b94434e9b239c2cf0 [NON_LEADER]: Queue going to NON_LEADER mode. State: All replicated index: 0, Majority replicated index: 0, Committed index: 0, Last appended: 0.0, Last appended by leader: 0, Current term: 0, Majority size: -1, State: 0, Mode: NON_LEADER, active raft config: opid_index: -1 OBSOLETE_local: false peers { permanent_uuid: "59ab7a10e74c444d8300747012afeae7" member_type: VOTER last_known_addr { host: "127.0.107.193" port: 41351 } } peers { permanent_uuid: "8fd6772421d0422b94434e9b239c2cf0" member_type: VOTER last_known_addr { host: "127.0.107.194" port: 37207 } } peers { permanent_uuid: "425471c652f14218abd424184f98918c" member_type: VOTER last_known_addr { host: "127.0.107.195" port: 46073 } }
I20260709 12:56:51.393340  1719 ts_tablet_manager.cc:1434] T 9f13249c92784f99a3c0a300cdf9fa71 P 8fd6772421d0422b94434e9b239c2cf0: Time spent starting tablet: real 0.006s	user 0.003s	sys 0.001s
I20260709 12:56:51.394174  1719 tablet_bootstrap.cc:492] T 4a3e2b606dcf49069ea5ff71e1a4c57c P 8fd6772421d0422b94434e9b239c2cf0: Bootstrap starting.
I20260709 12:56:51.394616  1601 tablet_service.cc:1917] Received RequestConsensusVote() RPC: tablet_id: "4a3e2b606dcf49069ea5ff71e1a4c57c" candidate_uuid: "425471c652f14218abd424184f98918c" candidate_term: 1 candidate_status { last_received { term: 0 index: 0 } } ignore_live_leader: false dest_uuid: "8fd6772421d0422b94434e9b239c2cf0"
W20260709 12:56:51.397053  1645 leader_election.cc:343] T 4a3e2b606dcf49069ea5ff71e1a4c57c P 425471c652f14218abd424184f98918c [CANDIDATE]: Term 1 election: Tablet error from VoteRequest() call to peer 8fd6772421d0422b94434e9b239c2cf0 (127.0.107.194:37207): Illegal state: must be running to vote when last-logged opid is not known
I20260709 12:56:51.400516  1721 tablet_bootstrap.cc:492] T b086969fc0824a7ca51fc78493924889 P 425471c652f14218abd424184f98918c: No bootstrap required, opened a new log
I20260709 12:56:51.401000  1721 ts_tablet_manager.cc:1403] T b086969fc0824a7ca51fc78493924889 P 425471c652f14218abd424184f98918c: Time spent bootstrapping tablet: real 0.116s	user 0.010s	sys 0.005s
I20260709 12:56:51.401422  1719 tablet_bootstrap.cc:654] T 4a3e2b606dcf49069ea5ff71e1a4c57c P 8fd6772421d0422b94434e9b239c2cf0: Neither blocks nor log segments found. Creating new log.
I20260709 12:56:51.401736  1796 leader_election.cc:290] T 4a3e2b606dcf49069ea5ff71e1a4c57c P 425471c652f14218abd424184f98918c [CANDIDATE]: Term 1 election: Requested vote from peers 59ab7a10e74c444d8300747012afeae7 (127.0.107.193:41351), 8fd6772421d0422b94434e9b239c2cf0 (127.0.107.194:37207)
I20260709 12:56:51.403460  1721 raft_consensus.cc:359] T b086969fc0824a7ca51fc78493924889 P 425471c652f14218abd424184f98918c [term 0 FOLLOWER]: Replica starting. Triggering 0 pending ops. Active config: opid_index: -1 OBSOLETE_local: false peers { permanent_uuid: "59ab7a10e74c444d8300747012afeae7" member_type: VOTER last_known_addr { host: "127.0.107.193" port: 41351 } } peers { permanent_uuid: "8fd6772421d0422b94434e9b239c2cf0" member_type: VOTER last_known_addr { host: "127.0.107.194" port: 37207 } } peers { permanent_uuid: "425471c652f14218abd424184f98918c" member_type: VOTER last_known_addr { host: "127.0.107.195" port: 46073 } }
I20260709 12:56:51.404107  1721 raft_consensus.cc:385] T b086969fc0824a7ca51fc78493924889 P 425471c652f14218abd424184f98918c [term 0 FOLLOWER]: Consensus starting up: Expiring failure detector timer to make a prompt election more likely
I20260709 12:56:51.404367  1721 raft_consensus.cc:740] T b086969fc0824a7ca51fc78493924889 P 425471c652f14218abd424184f98918c [term 0 FOLLOWER]: Becoming Follower/Learner. State: Replica: 425471c652f14218abd424184f98918c, State: Initialized, Role: FOLLOWER
I20260709 12:56:51.410828  1721 consensus_queue.cc:260] T b086969fc0824a7ca51fc78493924889 P 425471c652f14218abd424184f98918c [NON_LEADER]: Queue going to NON_LEADER mode. State: All replicated index: 0, Majority replicated index: 0, Committed index: 0, Last appended: 0.0, Last appended by leader: 0, Current term: 0, Majority size: -1, State: 0, Mode: NON_LEADER, active raft config: opid_index: -1 OBSOLETE_local: false peers { permanent_uuid: "59ab7a10e74c444d8300747012afeae7" member_type: VOTER last_known_addr { host: "127.0.107.193" port: 41351 } } peers { permanent_uuid: "8fd6772421d0422b94434e9b239c2cf0" member_type: VOTER last_known_addr { host: "127.0.107.194" port: 37207 } } peers { permanent_uuid: "425471c652f14218abd424184f98918c" member_type: VOTER last_known_addr { host: "127.0.107.195" port: 46073 } }
I20260709 12:56:51.418888  1425 catalog_manager.cc:5697] T 4a3e2b606dcf49069ea5ff71e1a4c57c P 425471c652f14218abd424184f98918c reported cstate change: term changed from 0 to 1, leader changed from <none> to 425471c652f14218abd424184f98918c (127.0.107.195). New cstate: current_term: 1 leader_uuid: "425471c652f14218abd424184f98918c" committed_config { opid_index: -1 OBSOLETE_local: false peers { permanent_uuid: "59ab7a10e74c444d8300747012afeae7" member_type: VOTER last_known_addr { host: "127.0.107.193" port: 41351 } health_report { overall_health: UNKNOWN } } peers { permanent_uuid: "8fd6772421d0422b94434e9b239c2cf0" member_type: VOTER last_known_addr { host: "127.0.107.194" port: 37207 } health_report { overall_health: UNKNOWN } } peers { permanent_uuid: "425471c652f14218abd424184f98918c" member_type: VOTER last_known_addr { host: "127.0.107.195" port: 46073 } health_report { overall_health: HEALTHY } } }
I20260709 12:56:51.420050  1887 raft_consensus.cc:493] T b086969fc0824a7ca51fc78493924889 P 59ab7a10e74c444d8300747012afeae7 [term 0 FOLLOWER]: Starting pre-election (no leader contacted us within the election timeout)
I20260709 12:56:51.420878  1887 raft_consensus.cc:515] T b086969fc0824a7ca51fc78493924889 P 59ab7a10e74c444d8300747012afeae7 [term 0 FOLLOWER]: Starting pre-election with config: opid_index: -1 OBSOLETE_local: false peers { permanent_uuid: "59ab7a10e74c444d8300747012afeae7" member_type: VOTER last_known_addr { host: "127.0.107.193" port: 41351 } } peers { permanent_uuid: "8fd6772421d0422b94434e9b239c2cf0" member_type: VOTER last_known_addr { host: "127.0.107.194" port: 37207 } } peers { permanent_uuid: "425471c652f14218abd424184f98918c" member_type: VOTER last_known_addr { host: "127.0.107.195" port: 46073 } }
I20260709 12:56:51.422828  1887 leader_election.cc:290] T b086969fc0824a7ca51fc78493924889 P 59ab7a10e74c444d8300747012afeae7 [CANDIDATE]: Term 1 pre-election: Requested pre-vote from peers 8fd6772421d0422b94434e9b239c2cf0 (127.0.107.194:37207), 425471c652f14218abd424184f98918c (127.0.107.195:46073)
I20260709 12:56:51.423359  1720 tablet_bootstrap.cc:492] T 9f13249c92784f99a3c0a300cdf9fa71 P 59ab7a10e74c444d8300747012afeae7: No bootstrap required, opened a new log
I20260709 12:56:51.423846  1720 ts_tablet_manager.cc:1403] T 9f13249c92784f99a3c0a300cdf9fa71 P 59ab7a10e74c444d8300747012afeae7: Time spent bootstrapping tablet: real 0.179s	user 0.012s	sys 0.004s
I20260709 12:56:51.429630  1675 tablet_service.cc:1917] Received RequestConsensusVote() RPC: tablet_id: "b086969fc0824a7ca51fc78493924889" candidate_uuid: "59ab7a10e74c444d8300747012afeae7" candidate_term: 1 candidate_status { last_received { term: 0 index: 0 } } ignore_live_leader: false dest_uuid: "425471c652f14218abd424184f98918c" is_pre_election: true
I20260709 12:56:51.431692  1601 tablet_service.cc:1917] Received RequestConsensusVote() RPC: tablet_id: "b086969fc0824a7ca51fc78493924889" candidate_uuid: "59ab7a10e74c444d8300747012afeae7" candidate_term: 1 candidate_status { last_received { term: 0 index: 0 } } ignore_live_leader: false dest_uuid: "8fd6772421d0422b94434e9b239c2cf0" is_pre_election: true
I20260709 12:56:51.430464  1675 raft_consensus.cc:2468] T b086969fc0824a7ca51fc78493924889 P 425471c652f14218abd424184f98918c [term 0 FOLLOWER]: Leader pre-election vote request: Granting yes vote for candidate 59ab7a10e74c444d8300747012afeae7 in term 0.
I20260709 12:56:51.433734  1493 leader_election.cc:304] T b086969fc0824a7ca51fc78493924889 P 59ab7a10e74c444d8300747012afeae7 [CANDIDATE]: Term 1 pre-election: Election decided. Result: candidate won. Election summary: received 2 responses out of 3 voters: 2 yes votes; 0 no votes. yes voters: 425471c652f14218abd424184f98918c, 59ab7a10e74c444d8300747012afeae7; no voters: 
I20260709 12:56:51.434549  1887 raft_consensus.cc:2804] T b086969fc0824a7ca51fc78493924889 P 59ab7a10e74c444d8300747012afeae7 [term 0 FOLLOWER]: Leader pre-election won for term 1
I20260709 12:56:51.434930  1887 raft_consensus.cc:493] T b086969fc0824a7ca51fc78493924889 P 59ab7a10e74c444d8300747012afeae7 [term 0 FOLLOWER]: Starting leader election (no leader contacted us within the election timeout)
I20260709 12:56:51.435249  1887 raft_consensus.cc:3060] T b086969fc0824a7ca51fc78493924889 P 59ab7a10e74c444d8300747012afeae7 [term 0 FOLLOWER]: Advancing to term 1
I20260709 12:56:51.441303  1721 ts_tablet_manager.cc:1434] T b086969fc0824a7ca51fc78493924889 P 425471c652f14218abd424184f98918c: Time spent starting tablet: real 0.040s	user 0.006s	sys 0.000s
I20260709 12:56:51.442049  1721 tablet_bootstrap.cc:492] T 9f13249c92784f99a3c0a300cdf9fa71 P 425471c652f14218abd424184f98918c: Bootstrap starting.
W20260709 12:56:51.443367  1496 leader_election.cc:343] T b086969fc0824a7ca51fc78493924889 P 59ab7a10e74c444d8300747012afeae7 [CANDIDATE]: Term 1 pre-election: Tablet error from VoteRequest() call to peer 8fd6772421d0422b94434e9b239c2cf0 (127.0.107.194:37207): Illegal state: must be running to vote when last-logged opid is not known
I20260709 12:56:51.452796  1720 raft_consensus.cc:359] T 9f13249c92784f99a3c0a300cdf9fa71 P 59ab7a10e74c444d8300747012afeae7 [term 0 FOLLOWER]: Replica starting. Triggering 0 pending ops. Active config: opid_index: -1 OBSOLETE_local: false peers { permanent_uuid: "59ab7a10e74c444d8300747012afeae7" member_type: VOTER last_known_addr { host: "127.0.107.193" port: 41351 } } peers { permanent_uuid: "8fd6772421d0422b94434e9b239c2cf0" member_type: VOTER last_known_addr { host: "127.0.107.194" port: 37207 } } peers { permanent_uuid: "425471c652f14218abd424184f98918c" member_type: VOTER last_known_addr { host: "127.0.107.195" port: 46073 } }
I20260709 12:56:51.453450  1720 raft_consensus.cc:385] T 9f13249c92784f99a3c0a300cdf9fa71 P 59ab7a10e74c444d8300747012afeae7 [term 0 FOLLOWER]: Consensus starting up: Expiring failure detector timer to make a prompt election more likely
I20260709 12:56:51.453696  1720 raft_consensus.cc:740] T 9f13249c92784f99a3c0a300cdf9fa71 P 59ab7a10e74c444d8300747012afeae7 [term 0 FOLLOWER]: Becoming Follower/Learner. State: Replica: 59ab7a10e74c444d8300747012afeae7, State: Initialized, Role: FOLLOWER
I20260709 12:56:51.454293  1720 consensus_queue.cc:260] T 9f13249c92784f99a3c0a300cdf9fa71 P 59ab7a10e74c444d8300747012afeae7 [NON_LEADER]: Queue going to NON_LEADER mode. State: All replicated index: 0, Majority replicated index: 0, Committed index: 0, Last appended: 0.0, Last appended by leader: 0, Current term: 0, Majority size: -1, State: 0, Mode: NON_LEADER, active raft config: opid_index: -1 OBSOLETE_local: false peers { permanent_uuid: "59ab7a10e74c444d8300747012afeae7" member_type: VOTER last_known_addr { host: "127.0.107.193" port: 41351 } } peers { permanent_uuid: "8fd6772421d0422b94434e9b239c2cf0" member_type: VOTER last_known_addr { host: "127.0.107.194" port: 37207 } } peers { permanent_uuid: "425471c652f14218abd424184f98918c" member_type: VOTER last_known_addr { host: "127.0.107.195" port: 46073 } }
I20260709 12:56:51.458600  1720 ts_tablet_manager.cc:1434] T 9f13249c92784f99a3c0a300cdf9fa71 P 59ab7a10e74c444d8300747012afeae7: Time spent starting tablet: real 0.034s	user 0.007s	sys 0.000s
I20260709 12:56:51.459499  1720 tablet_bootstrap.cc:492] T 81fe9ba3539b40938fad1b1a74497509 P 59ab7a10e74c444d8300747012afeae7: Bootstrap starting.
I20260709 12:56:51.459353  1887 raft_consensus.cc:515] T b086969fc0824a7ca51fc78493924889 P 59ab7a10e74c444d8300747012afeae7 [term 1 FOLLOWER]: Starting leader election with config: opid_index: -1 OBSOLETE_local: false peers { permanent_uuid: "59ab7a10e74c444d8300747012afeae7" member_type: VOTER last_known_addr { host: "127.0.107.193" port: 41351 } } peers { permanent_uuid: "8fd6772421d0422b94434e9b239c2cf0" member_type: VOTER last_known_addr { host: "127.0.107.194" port: 37207 } } peers { permanent_uuid: "425471c652f14218abd424184f98918c" member_type: VOTER last_known_addr { host: "127.0.107.195" port: 46073 } }
I20260709 12:56:51.461704  1719 tablet_bootstrap.cc:492] T 4a3e2b606dcf49069ea5ff71e1a4c57c P 8fd6772421d0422b94434e9b239c2cf0: No bootstrap required, opened a new log
I20260709 12:56:51.462162  1719 ts_tablet_manager.cc:1403] T 4a3e2b606dcf49069ea5ff71e1a4c57c P 8fd6772421d0422b94434e9b239c2cf0: Time spent bootstrapping tablet: real 0.068s	user 0.022s	sys 0.019s
I20260709 12:56:51.463933  1675 tablet_service.cc:1917] Received RequestConsensusVote() RPC: tablet_id: "b086969fc0824a7ca51fc78493924889" candidate_uuid: "59ab7a10e74c444d8300747012afeae7" candidate_term: 1 candidate_status { last_received { term: 0 index: 0 } } ignore_live_leader: false dest_uuid: "425471c652f14218abd424184f98918c"
I20260709 12:56:51.464507  1675 raft_consensus.cc:3060] T b086969fc0824a7ca51fc78493924889 P 425471c652f14218abd424184f98918c [term 0 FOLLOWER]: Advancing to term 1
I20260709 12:56:51.464746  1719 raft_consensus.cc:359] T 4a3e2b606dcf49069ea5ff71e1a4c57c P 8fd6772421d0422b94434e9b239c2cf0 [term 0 FOLLOWER]: Replica starting. Triggering 0 pending ops. Active config: opid_index: -1 OBSOLETE_local: false peers { permanent_uuid: "59ab7a10e74c444d8300747012afeae7" member_type: VOTER last_known_addr { host: "127.0.107.193" port: 41351 } } peers { permanent_uuid: "8fd6772421d0422b94434e9b239c2cf0" member_type: VOTER last_known_addr { host: "127.0.107.194" port: 37207 } } peers { permanent_uuid: "425471c652f14218abd424184f98918c" member_type: VOTER last_known_addr { host: "127.0.107.195" port: 46073 } }
I20260709 12:56:51.465416  1719 raft_consensus.cc:385] T 4a3e2b606dcf49069ea5ff71e1a4c57c P 8fd6772421d0422b94434e9b239c2cf0 [term 0 FOLLOWER]: Consensus starting up: Expiring failure detector timer to make a prompt election more likely
I20260709 12:56:51.465778  1719 raft_consensus.cc:740] T 4a3e2b606dcf49069ea5ff71e1a4c57c P 8fd6772421d0422b94434e9b239c2cf0 [term 0 FOLLOWER]: Becoming Follower/Learner. State: Replica: 8fd6772421d0422b94434e9b239c2cf0, State: Initialized, Role: FOLLOWER
I20260709 12:56:51.466418  1719 consensus_queue.cc:260] T 4a3e2b606dcf49069ea5ff71e1a4c57c P 8fd6772421d0422b94434e9b239c2cf0 [NON_LEADER]: Queue going to NON_LEADER mode. State: All replicated index: 0, Majority replicated index: 0, Committed index: 0, Last appended: 0.0, Last appended by leader: 0, Current term: 0, Majority size: -1, State: 0, Mode: NON_LEADER, active raft config: opid_index: -1 OBSOLETE_local: false peers { permanent_uuid: "59ab7a10e74c444d8300747012afeae7" member_type: VOTER last_known_addr { host: "127.0.107.193" port: 41351 } } peers { permanent_uuid: "8fd6772421d0422b94434e9b239c2cf0" member_type: VOTER last_known_addr { host: "127.0.107.194" port: 37207 } } peers { permanent_uuid: "425471c652f14218abd424184f98918c" member_type: VOTER last_known_addr { host: "127.0.107.195" port: 46073 } }
I20260709 12:56:51.468364  1719 ts_tablet_manager.cc:1434] T 4a3e2b606dcf49069ea5ff71e1a4c57c P 8fd6772421d0422b94434e9b239c2cf0: Time spent starting tablet: real 0.006s	user 0.006s	sys 0.000s
I20260709 12:56:51.469018  1721 tablet_bootstrap.cc:654] T 9f13249c92784f99a3c0a300cdf9fa71 P 425471c652f14218abd424184f98918c: Neither blocks nor log segments found. Creating new log.
I20260709 12:56:51.465329  1887 leader_election.cc:290] T b086969fc0824a7ca51fc78493924889 P 59ab7a10e74c444d8300747012afeae7 [CANDIDATE]: Term 1 election: Requested vote from peers 8fd6772421d0422b94434e9b239c2cf0 (127.0.107.194:37207), 425471c652f14218abd424184f98918c (127.0.107.195:46073)
I20260709 12:56:51.471100  1719 tablet_bootstrap.cc:492] T ebdae3b73c4d4c05b0e991b4f6f6948f P 8fd6772421d0422b94434e9b239c2cf0: Bootstrap starting.
I20260709 12:56:51.474087  1720 tablet_bootstrap.cc:654] T 81fe9ba3539b40938fad1b1a74497509 P 59ab7a10e74c444d8300747012afeae7: Neither blocks nor log segments found. Creating new log.
I20260709 12:56:51.475010  1887 raft_consensus.cc:493] T 9f13249c92784f99a3c0a300cdf9fa71 P 59ab7a10e74c444d8300747012afeae7 [term 0 FOLLOWER]: Starting pre-election (no leader contacted us within the election timeout)
I20260709 12:56:51.475442  1887 raft_consensus.cc:515] T 9f13249c92784f99a3c0a300cdf9fa71 P 59ab7a10e74c444d8300747012afeae7 [term 0 FOLLOWER]: Starting pre-election with config: opid_index: -1 OBSOLETE_local: false peers { permanent_uuid: "59ab7a10e74c444d8300747012afeae7" member_type: VOTER last_known_addr { host: "127.0.107.193" port: 41351 } } peers { permanent_uuid: "8fd6772421d0422b94434e9b239c2cf0" member_type: VOTER last_known_addr { host: "127.0.107.194" port: 37207 } } peers { permanent_uuid: "425471c652f14218abd424184f98918c" member_type: VOTER last_known_addr { host: "127.0.107.195" port: 46073 } }
I20260709 12:56:51.479099  1719 tablet_bootstrap.cc:654] T ebdae3b73c4d4c05b0e991b4f6f6948f P 8fd6772421d0422b94434e9b239c2cf0: Neither blocks nor log segments found. Creating new log.
I20260709 12:56:51.478895  1676 tablet_service.cc:1917] Received RequestConsensusVote() RPC: tablet_id: "9f13249c92784f99a3c0a300cdf9fa71" candidate_uuid: "59ab7a10e74c444d8300747012afeae7" candidate_term: 1 candidate_status { last_received { term: 0 index: 0 } } ignore_live_leader: false dest_uuid: "425471c652f14218abd424184f98918c" is_pre_election: true
W20260709 12:56:51.480434  1493 leader_election.cc:343] T 9f13249c92784f99a3c0a300cdf9fa71 P 59ab7a10e74c444d8300747012afeae7 [CANDIDATE]: Term 1 pre-election: Tablet error from VoteRequest() call to peer 425471c652f14218abd424184f98918c (127.0.107.195:46073): Illegal state: must be running to vote when last-logged opid is not known
I20260709 12:56:51.481098  1601 tablet_service.cc:1917] Received RequestConsensusVote() RPC: tablet_id: "b086969fc0824a7ca51fc78493924889" candidate_uuid: "59ab7a10e74c444d8300747012afeae7" candidate_term: 1 candidate_status { last_received { term: 0 index: 0 } } ignore_live_leader: false dest_uuid: "8fd6772421d0422b94434e9b239c2cf0"
W20260709 12:56:51.482621  1496 leader_election.cc:343] T b086969fc0824a7ca51fc78493924889 P 59ab7a10e74c444d8300747012afeae7 [CANDIDATE]: Term 1 election: Tablet error from VoteRequest() call to peer 8fd6772421d0422b94434e9b239c2cf0 (127.0.107.194:37207): Illegal state: must be running to vote when last-logged opid is not known
I20260709 12:56:51.487761  1599 tablet_service.cc:1917] Received RequestConsensusVote() RPC: tablet_id: "9f13249c92784f99a3c0a300cdf9fa71" candidate_uuid: "59ab7a10e74c444d8300747012afeae7" candidate_term: 1 candidate_status { last_received { term: 0 index: 0 } } ignore_live_leader: false dest_uuid: "8fd6772421d0422b94434e9b239c2cf0" is_pre_election: true
I20260709 12:56:51.488680  1599 raft_consensus.cc:2468] T 9f13249c92784f99a3c0a300cdf9fa71 P 8fd6772421d0422b94434e9b239c2cf0 [term 0 FOLLOWER]: Leader pre-election vote request: Granting yes vote for candidate 59ab7a10e74c444d8300747012afeae7 in term 0.
I20260709 12:56:51.490298  1496 leader_election.cc:304] T 9f13249c92784f99a3c0a300cdf9fa71 P 59ab7a10e74c444d8300747012afeae7 [CANDIDATE]: Term 1 pre-election: Election decided. Result: candidate won. Election summary: received 3 responses out of 3 voters: 2 yes votes; 1 no votes. yes voters: 59ab7a10e74c444d8300747012afeae7, 8fd6772421d0422b94434e9b239c2cf0; no voters: 425471c652f14218abd424184f98918c
I20260709 12:56:51.491626  1888 raft_consensus.cc:2804] T 9f13249c92784f99a3c0a300cdf9fa71 P 59ab7a10e74c444d8300747012afeae7 [term 0 FOLLOWER]: Leader pre-election won for term 1
I20260709 12:56:51.492022  1888 raft_consensus.cc:493] T 9f13249c92784f99a3c0a300cdf9fa71 P 59ab7a10e74c444d8300747012afeae7 [term 0 FOLLOWER]: Starting leader election (no leader contacted us within the election timeout)
I20260709 12:56:51.492341  1888 raft_consensus.cc:3060] T 9f13249c92784f99a3c0a300cdf9fa71 P 59ab7a10e74c444d8300747012afeae7 [term 0 FOLLOWER]: Advancing to term 1
I20260709 12:56:51.494091  1675 raft_consensus.cc:2468] T b086969fc0824a7ca51fc78493924889 P 425471c652f14218abd424184f98918c [term 1 FOLLOWER]: Leader election vote request: Granting yes vote for candidate 59ab7a10e74c444d8300747012afeae7 in term 1.
I20260709 12:56:51.495296  1887 leader_election.cc:290] T 9f13249c92784f99a3c0a300cdf9fa71 P 59ab7a10e74c444d8300747012afeae7 [CANDIDATE]: Term 1 pre-election: Requested pre-vote from peers 8fd6772421d0422b94434e9b239c2cf0 (127.0.107.194:37207), 425471c652f14218abd424184f98918c (127.0.107.195:46073)
I20260709 12:56:51.496943  1493 leader_election.cc:304] T b086969fc0824a7ca51fc78493924889 P 59ab7a10e74c444d8300747012afeae7 [CANDIDATE]: Term 1 election: Election decided. Result: candidate won. Election summary: received 3 responses out of 3 voters: 2 yes votes; 1 no votes. yes voters: 425471c652f14218abd424184f98918c, 59ab7a10e74c444d8300747012afeae7; no voters: 8fd6772421d0422b94434e9b239c2cf0
I20260709 12:56:51.498116  1887 raft_consensus.cc:2804] T b086969fc0824a7ca51fc78493924889 P 59ab7a10e74c444d8300747012afeae7 [term 1 FOLLOWER]: Leader election won for term 1
I20260709 12:56:51.498719  1720 tablet_bootstrap.cc:492] T 81fe9ba3539b40938fad1b1a74497509 P 59ab7a10e74c444d8300747012afeae7: No bootstrap required, opened a new log
I20260709 12:56:51.498612  1887 raft_consensus.cc:697] T b086969fc0824a7ca51fc78493924889 P 59ab7a10e74c444d8300747012afeae7 [term 1 LEADER]: Becoming Leader. State: Replica: 59ab7a10e74c444d8300747012afeae7, State: Running, Role: LEADER
I20260709 12:56:51.499272  1720 ts_tablet_manager.cc:1403] T 81fe9ba3539b40938fad1b1a74497509 P 59ab7a10e74c444d8300747012afeae7: Time spent bootstrapping tablet: real 0.040s	user 0.017s	sys 0.008s
I20260709 12:56:51.499645  1887 consensus_queue.cc:237] T b086969fc0824a7ca51fc78493924889 P 59ab7a10e74c444d8300747012afeae7 [LEADER]: Queue going to LEADER mode. State: All replicated index: 0, Majority replicated index: 0, Committed index: 0, Last appended: 0.0, Last appended by leader: 0, Current term: 1, Majority size: 2, State: 0, Mode: LEADER, active raft config: opid_index: -1 OBSOLETE_local: false peers { permanent_uuid: "59ab7a10e74c444d8300747012afeae7" member_type: VOTER last_known_addr { host: "127.0.107.193" port: 41351 } } peers { permanent_uuid: "8fd6772421d0422b94434e9b239c2cf0" member_type: VOTER last_known_addr { host: "127.0.107.194" port: 37207 } } peers { permanent_uuid: "425471c652f14218abd424184f98918c" member_type: VOTER last_known_addr { host: "127.0.107.195" port: 46073 } }
I20260709 12:56:51.500182  1831 raft_consensus.cc:493] T 6172c3437f8340e2bd40ff6304809761 P 8fd6772421d0422b94434e9b239c2cf0 [term 0 FOLLOWER]: Starting pre-election (no leader contacted us within the election timeout)
I20260709 12:56:51.500190  1888 raft_consensus.cc:515] T 9f13249c92784f99a3c0a300cdf9fa71 P 59ab7a10e74c444d8300747012afeae7 [term 1 FOLLOWER]: Starting leader election with config: opid_index: -1 OBSOLETE_local: false peers { permanent_uuid: "59ab7a10e74c444d8300747012afeae7" member_type: VOTER last_known_addr { host: "127.0.107.193" port: 41351 } } peers { permanent_uuid: "8fd6772421d0422b94434e9b239c2cf0" member_type: VOTER last_known_addr { host: "127.0.107.194" port: 37207 } } peers { permanent_uuid: "425471c652f14218abd424184f98918c" member_type: VOTER last_known_addr { host: "127.0.107.195" port: 46073 } }
I20260709 12:56:51.500813  1831 raft_consensus.cc:515] T 6172c3437f8340e2bd40ff6304809761 P 8fd6772421d0422b94434e9b239c2cf0 [term 0 FOLLOWER]: Starting pre-election with config: opid_index: -1 OBSOLETE_local: false peers { permanent_uuid: "59ab7a10e74c444d8300747012afeae7" member_type: VOTER last_known_addr { host: "127.0.107.193" port: 41351 } } peers { permanent_uuid: "8fd6772421d0422b94434e9b239c2cf0" member_type: VOTER last_known_addr { host: "127.0.107.194" port: 37207 } } peers { permanent_uuid: "425471c652f14218abd424184f98918c" member_type: VOTER last_known_addr { host: "127.0.107.195" port: 46073 } }
I20260709 12:56:51.502862  1831 leader_election.cc:290] T 6172c3437f8340e2bd40ff6304809761 P 8fd6772421d0422b94434e9b239c2cf0 [CANDIDATE]: Term 1 pre-election: Requested pre-vote from peers 59ab7a10e74c444d8300747012afeae7 (127.0.107.193:41351), 425471c652f14218abd424184f98918c (127.0.107.195:46073)
I20260709 12:56:51.503464  1721 tablet_bootstrap.cc:492] T 9f13249c92784f99a3c0a300cdf9fa71 P 425471c652f14218abd424184f98918c: No bootstrap required, opened a new log
I20260709 12:56:51.504132  1601 tablet_service.cc:1917] Received RequestConsensusVote() RPC: tablet_id: "9f13249c92784f99a3c0a300cdf9fa71" candidate_uuid: "59ab7a10e74c444d8300747012afeae7" candidate_term: 1 candidate_status { last_received { term: 0 index: 0 } } ignore_live_leader: false dest_uuid: "8fd6772421d0422b94434e9b239c2cf0"
I20260709 12:56:51.504680  1721 ts_tablet_manager.cc:1403] T 9f13249c92784f99a3c0a300cdf9fa71 P 425471c652f14218abd424184f98918c: Time spent bootstrapping tablet: real 0.063s	user 0.013s	sys 0.007s
I20260709 12:56:51.504842  1601 raft_consensus.cc:3060] T 9f13249c92784f99a3c0a300cdf9fa71 P 8fd6772421d0422b94434e9b239c2cf0 [term 0 FOLLOWER]: Advancing to term 1
I20260709 12:56:51.506748  1720 raft_consensus.cc:359] T 81fe9ba3539b40938fad1b1a74497509 P 59ab7a10e74c444d8300747012afeae7 [term 0 FOLLOWER]: Replica starting. Triggering 0 pending ops. Active config: opid_index: -1 OBSOLETE_local: false peers { permanent_uuid: "59ab7a10e74c444d8300747012afeae7" member_type: VOTER last_known_addr { host: "127.0.107.193" port: 41351 } } peers { permanent_uuid: "8fd6772421d0422b94434e9b239c2cf0" member_type: VOTER last_known_addr { host: "127.0.107.194" port: 37207 } } peers { permanent_uuid: "425471c652f14218abd424184f98918c" member_type: VOTER last_known_addr { host: "127.0.107.195" port: 46073 } }
I20260709 12:56:51.507393  1720 raft_consensus.cc:385] T 81fe9ba3539b40938fad1b1a74497509 P 59ab7a10e74c444d8300747012afeae7 [term 0 FOLLOWER]: Consensus starting up: Expiring failure detector timer to make a prompt election more likely
I20260709 12:56:51.507503  1528 tablet_service.cc:1917] Received RequestConsensusVote() RPC: tablet_id: "6172c3437f8340e2bd40ff6304809761" candidate_uuid: "8fd6772421d0422b94434e9b239c2cf0" candidate_term: 1 candidate_status { last_received { term: 0 index: 0 } } ignore_live_leader: false dest_uuid: "59ab7a10e74c444d8300747012afeae7" is_pre_election: true
I20260709 12:56:51.507766  1720 raft_consensus.cc:740] T 81fe9ba3539b40938fad1b1a74497509 P 59ab7a10e74c444d8300747012afeae7 [term 0 FOLLOWER]: Becoming Follower/Learner. State: Replica: 59ab7a10e74c444d8300747012afeae7, State: Initialized, Role: FOLLOWER
I20260709 12:56:51.507498  1721 raft_consensus.cc:359] T 9f13249c92784f99a3c0a300cdf9fa71 P 425471c652f14218abd424184f98918c [term 0 FOLLOWER]: Replica starting. Triggering 0 pending ops. Active config: opid_index: -1 OBSOLETE_local: false peers { permanent_uuid: "59ab7a10e74c444d8300747012afeae7" member_type: VOTER last_known_addr { host: "127.0.107.193" port: 41351 } } peers { permanent_uuid: "8fd6772421d0422b94434e9b239c2cf0" member_type: VOTER last_known_addr { host: "127.0.107.194" port: 37207 } } peers { permanent_uuid: "425471c652f14218abd424184f98918c" member_type: VOTER last_known_addr { host: "127.0.107.195" port: 46073 } }
I20260709 12:56:51.507458  1675 tablet_service.cc:1917] Received RequestConsensusVote() RPC: tablet_id: "6172c3437f8340e2bd40ff6304809761" candidate_uuid: "8fd6772421d0422b94434e9b239c2cf0" candidate_term: 1 candidate_status { last_received { term: 0 index: 0 } } ignore_live_leader: false dest_uuid: "425471c652f14218abd424184f98918c" is_pre_election: true
I20260709 12:56:51.508493  1721 raft_consensus.cc:385] T 9f13249c92784f99a3c0a300cdf9fa71 P 425471c652f14218abd424184f98918c [term 0 FOLLOWER]: Consensus starting up: Expiring failure detector timer to make a prompt election more likely
I20260709 12:56:51.508886  1719 tablet_bootstrap.cc:492] T ebdae3b73c4d4c05b0e991b4f6f6948f P 8fd6772421d0422b94434e9b239c2cf0: No bootstrap required, opened a new log
I20260709 12:56:51.508608  1720 consensus_queue.cc:260] T 81fe9ba3539b40938fad1b1a74497509 P 59ab7a10e74c444d8300747012afeae7 [NON_LEADER]: Queue going to NON_LEADER mode. State: All replicated index: 0, Majority replicated index: 0, Committed index: 0, Last appended: 0.0, Last appended by leader: 0, Current term: 0, Majority size: -1, State: 0, Mode: NON_LEADER, active raft config: opid_index: -1 OBSOLETE_local: false peers { permanent_uuid: "59ab7a10e74c444d8300747012afeae7" member_type: VOTER last_known_addr { host: "127.0.107.193" port: 41351 } } peers { permanent_uuid: "8fd6772421d0422b94434e9b239c2cf0" member_type: VOTER last_known_addr { host: "127.0.107.194" port: 37207 } } peers { permanent_uuid: "425471c652f14218abd424184f98918c" member_type: VOTER last_known_addr { host: "127.0.107.195" port: 46073 } }
I20260709 12:56:51.508857  1721 raft_consensus.cc:740] T 9f13249c92784f99a3c0a300cdf9fa71 P 425471c652f14218abd424184f98918c [term 0 FOLLOWER]: Becoming Follower/Learner. State: Replica: 425471c652f14218abd424184f98918c, State: Initialized, Role: FOLLOWER
I20260709 12:56:51.509492  1719 ts_tablet_manager.cc:1403] T ebdae3b73c4d4c05b0e991b4f6f6948f P 8fd6772421d0422b94434e9b239c2cf0: Time spent bootstrapping tablet: real 0.039s	user 0.013s	sys 0.001s
I20260709 12:56:51.509861  1721 consensus_queue.cc:260] T 9f13249c92784f99a3c0a300cdf9fa71 P 425471c652f14218abd424184f98918c [NON_LEADER]: Queue going to NON_LEADER mode. State: All replicated index: 0, Majority replicated index: 0, Committed index: 0, Last appended: 0.0, Last appended by leader: 0, Current term: 0, Majority size: -1, State: 0, Mode: NON_LEADER, active raft config: opid_index: -1 OBSOLETE_local: false peers { permanent_uuid: "59ab7a10e74c444d8300747012afeae7" member_type: VOTER last_known_addr { host: "127.0.107.193" port: 41351 } } peers { permanent_uuid: "8fd6772421d0422b94434e9b239c2cf0" member_type: VOTER last_known_addr { host: "127.0.107.194" port: 37207 } } peers { permanent_uuid: "425471c652f14218abd424184f98918c" member_type: VOTER last_known_addr { host: "127.0.107.195" port: 46073 } }
I20260709 12:56:51.511129  1720 ts_tablet_manager.cc:1434] T 81fe9ba3539b40938fad1b1a74497509 P 59ab7a10e74c444d8300747012afeae7: Time spent starting tablet: real 0.007s	user 0.006s	sys 0.000s
I20260709 12:56:51.512151  1720 tablet_bootstrap.cc:492] T 7aaf11e0bcd9461ea223c1c5b8050398 P 59ab7a10e74c444d8300747012afeae7: Bootstrap starting.
I20260709 12:56:51.512665  1721 ts_tablet_manager.cc:1434] T 9f13249c92784f99a3c0a300cdf9fa71 P 425471c652f14218abd424184f98918c: Time spent starting tablet: real 0.007s	user 0.006s	sys 0.000s
I20260709 12:56:51.515609  1721 tablet_bootstrap.cc:492] T ebdae3b73c4d4c05b0e991b4f6f6948f P 425471c652f14218abd424184f98918c: Bootstrap starting.
I20260709 12:56:51.516595  1719 raft_consensus.cc:359] T ebdae3b73c4d4c05b0e991b4f6f6948f P 8fd6772421d0422b94434e9b239c2cf0 [term 0 FOLLOWER]: Replica starting. Triggering 0 pending ops. Active config: opid_index: -1 OBSOLETE_local: false peers { permanent_uuid: "59ab7a10e74c444d8300747012afeae7" member_type: VOTER last_known_addr { host: "127.0.107.193" port: 41351 } } peers { permanent_uuid: "8fd6772421d0422b94434e9b239c2cf0" member_type: VOTER last_known_addr { host: "127.0.107.194" port: 37207 } } peers { permanent_uuid: "425471c652f14218abd424184f98918c" member_type: VOTER last_known_addr { host: "127.0.107.195" port: 46073 } }
I20260709 12:56:51.517803  1719 raft_consensus.cc:385] T ebdae3b73c4d4c05b0e991b4f6f6948f P 8fd6772421d0422b94434e9b239c2cf0 [term 0 FOLLOWER]: Consensus starting up: Expiring failure detector timer to make a prompt election more likely
I20260709 12:56:51.518090  1719 raft_consensus.cc:740] T ebdae3b73c4d4c05b0e991b4f6f6948f P 8fd6772421d0422b94434e9b239c2cf0 [term 0 FOLLOWER]: Becoming Follower/Learner. State: Replica: 8fd6772421d0422b94434e9b239c2cf0, State: Initialized, Role: FOLLOWER
I20260709 12:56:51.508869  1675 raft_consensus.cc:2393] T 6172c3437f8340e2bd40ff6304809761 P 425471c652f14218abd424184f98918c [term 1 FOLLOWER]: Leader pre-election vote request: Denying vote to candidate 8fd6772421d0422b94434e9b239c2cf0 in current term 1: Already voted for candidate 59ab7a10e74c444d8300747012afeae7 in this term.
I20260709 12:56:51.518832  1719 consensus_queue.cc:260] T ebdae3b73c4d4c05b0e991b4f6f6948f P 8fd6772421d0422b94434e9b239c2cf0 [NON_LEADER]: Queue going to NON_LEADER mode. State: All replicated index: 0, Majority replicated index: 0, Committed index: 0, Last appended: 0.0, Last appended by leader: 0, Current term: 0, Majority size: -1, State: 0, Mode: NON_LEADER, active raft config: opid_index: -1 OBSOLETE_local: false peers { permanent_uuid: "59ab7a10e74c444d8300747012afeae7" member_type: VOTER last_known_addr { host: "127.0.107.193" port: 41351 } } peers { permanent_uuid: "8fd6772421d0422b94434e9b239c2cf0" member_type: VOTER last_known_addr { host: "127.0.107.194" port: 37207 } } peers { permanent_uuid: "425471c652f14218abd424184f98918c" member_type: VOTER last_known_addr { host: "127.0.107.195" port: 46073 } }
I20260709 12:56:51.520095  1568 leader_election.cc:304] T 6172c3437f8340e2bd40ff6304809761 P 8fd6772421d0422b94434e9b239c2cf0 [CANDIDATE]: Term 1 pre-election: Election decided. Result: candidate lost. Election summary: received 3 responses out of 3 voters: 1 yes votes; 2 no votes. yes voters: 8fd6772421d0422b94434e9b239c2cf0; no voters: 425471c652f14218abd424184f98918c, 59ab7a10e74c444d8300747012afeae7
I20260709 12:56:51.521049  1719 ts_tablet_manager.cc:1434] T ebdae3b73c4d4c05b0e991b4f6f6948f P 8fd6772421d0422b94434e9b239c2cf0: Time spent starting tablet: real 0.011s	user 0.003s	sys 0.007s
I20260709 12:56:51.521253  1831 raft_consensus.cc:3060] T 6172c3437f8340e2bd40ff6304809761 P 8fd6772421d0422b94434e9b239c2cf0 [term 0 FOLLOWER]: Advancing to term 1
I20260709 12:56:51.522269  1719 tablet_bootstrap.cc:492] T b086969fc0824a7ca51fc78493924889 P 8fd6772421d0422b94434e9b239c2cf0: Bootstrap starting.
I20260709 12:56:51.529580  1719 tablet_bootstrap.cc:654] T b086969fc0824a7ca51fc78493924889 P 8fd6772421d0422b94434e9b239c2cf0: Neither blocks nor log segments found. Creating new log.
I20260709 12:56:51.531920  1425 catalog_manager.cc:5697] T b086969fc0824a7ca51fc78493924889 P 59ab7a10e74c444d8300747012afeae7 reported cstate change: term changed from 0 to 1, leader changed from <none> to 59ab7a10e74c444d8300747012afeae7 (127.0.107.193). New cstate: current_term: 1 leader_uuid: "59ab7a10e74c444d8300747012afeae7" committed_config { opid_index: -1 OBSOLETE_local: false peers { permanent_uuid: "59ab7a10e74c444d8300747012afeae7" member_type: VOTER last_known_addr { host: "127.0.107.193" port: 41351 } health_report { overall_health: HEALTHY } } peers { permanent_uuid: "8fd6772421d0422b94434e9b239c2cf0" member_type: VOTER last_known_addr { host: "127.0.107.194" port: 37207 } health_report { overall_health: UNKNOWN } } peers { permanent_uuid: "425471c652f14218abd424184f98918c" member_type: VOTER last_known_addr { host: "127.0.107.195" port: 46073 } health_report { overall_health: UNKNOWN } } }
I20260709 12:56:51.532756  1831 raft_consensus.cc:2749] T 6172c3437f8340e2bd40ff6304809761 P 8fd6772421d0422b94434e9b239c2cf0 [term 1 FOLLOWER]: Leader pre-election lost for term 1. Reason: could not achieve majority
I20260709 12:56:51.534919  1888 leader_election.cc:290] T 9f13249c92784f99a3c0a300cdf9fa71 P 59ab7a10e74c444d8300747012afeae7 [CANDIDATE]: Term 1 election: Requested vote from peers 8fd6772421d0422b94434e9b239c2cf0 (127.0.107.194:37207), 425471c652f14218abd424184f98918c (127.0.107.195:46073)
I20260709 12:56:51.535166  1675 tablet_service.cc:1917] Received RequestConsensusVote() RPC: tablet_id: "9f13249c92784f99a3c0a300cdf9fa71" candidate_uuid: "59ab7a10e74c444d8300747012afeae7" candidate_term: 1 candidate_status { last_received { term: 0 index: 0 } } ignore_live_leader: false dest_uuid: "425471c652f14218abd424184f98918c"
I20260709 12:56:51.543891  1675 raft_consensus.cc:3060] T 9f13249c92784f99a3c0a300cdf9fa71 P 425471c652f14218abd424184f98918c [term 0 FOLLOWER]: Advancing to term 1
I20260709 12:56:51.544420  1721 tablet_bootstrap.cc:654] T ebdae3b73c4d4c05b0e991b4f6f6948f P 425471c652f14218abd424184f98918c: Neither blocks nor log segments found. Creating new log.
I20260709 12:56:51.533486  1601 raft_consensus.cc:2468] T 9f13249c92784f99a3c0a300cdf9fa71 P 8fd6772421d0422b94434e9b239c2cf0 [term 1 FOLLOWER]: Leader election vote request: Granting yes vote for candidate 59ab7a10e74c444d8300747012afeae7 in term 1.
I20260709 12:56:51.551477  1496 leader_election.cc:304] T 9f13249c92784f99a3c0a300cdf9fa71 P 59ab7a10e74c444d8300747012afeae7 [CANDIDATE]: Term 1 election: Election decided. Result: candidate won. Election summary: received 2 responses out of 3 voters: 2 yes votes; 0 no votes. yes voters: 59ab7a10e74c444d8300747012afeae7, 8fd6772421d0422b94434e9b239c2cf0; no voters: 
I20260709 12:56:51.552438  1888 raft_consensus.cc:2804] T 9f13249c92784f99a3c0a300cdf9fa71 P 59ab7a10e74c444d8300747012afeae7 [term 1 FOLLOWER]: Leader election won for term 1
I20260709 12:56:51.553158  1888 raft_consensus.cc:697] T 9f13249c92784f99a3c0a300cdf9fa71 P 59ab7a10e74c444d8300747012afeae7 [term 1 LEADER]: Becoming Leader. State: Replica: 59ab7a10e74c444d8300747012afeae7, State: Running, Role: LEADER
I20260709 12:56:51.553978  1888 consensus_queue.cc:237] T 9f13249c92784f99a3c0a300cdf9fa71 P 59ab7a10e74c444d8300747012afeae7 [LEADER]: Queue going to LEADER mode. State: All replicated index: 0, Majority replicated index: 0, Committed index: 0, Last appended: 0.0, Last appended by leader: 0, Current term: 1, Majority size: 2, State: 0, Mode: LEADER, active raft config: opid_index: -1 OBSOLETE_local: false peers { permanent_uuid: "59ab7a10e74c444d8300747012afeae7" member_type: VOTER last_known_addr { host: "127.0.107.193" port: 41351 } } peers { permanent_uuid: "8fd6772421d0422b94434e9b239c2cf0" member_type: VOTER last_known_addr { host: "127.0.107.194" port: 37207 } } peers { permanent_uuid: "425471c652f14218abd424184f98918c" member_type: VOTER last_known_addr { host: "127.0.107.195" port: 46073 } }
I20260709 12:56:51.561153  1601 raft_consensus.cc:3060] T 3af5b7f2df8543249f8b69f9d1b0b9a2 P 8fd6772421d0422b94434e9b239c2cf0 [term 0 FOLLOWER]: Advancing to term 1
I20260709 12:56:51.561544  1720 tablet_bootstrap.cc:654] T 7aaf11e0bcd9461ea223c1c5b8050398 P 59ab7a10e74c444d8300747012afeae7: Neither blocks nor log segments found. Creating new log.
I20260709 12:56:51.569773  1720 tablet_bootstrap.cc:492] T 7aaf11e0bcd9461ea223c1c5b8050398 P 59ab7a10e74c444d8300747012afeae7: No bootstrap required, opened a new log
I20260709 12:56:51.570403  1720 ts_tablet_manager.cc:1403] T 7aaf11e0bcd9461ea223c1c5b8050398 P 59ab7a10e74c444d8300747012afeae7: Time spent bootstrapping tablet: real 0.058s	user 0.013s	sys 0.001s
I20260709 12:56:51.570444  1719 tablet_bootstrap.cc:492] T b086969fc0824a7ca51fc78493924889 P 8fd6772421d0422b94434e9b239c2cf0: No bootstrap required, opened a new log
I20260709 12:56:51.572007  1721 tablet_bootstrap.cc:492] T ebdae3b73c4d4c05b0e991b4f6f6948f P 425471c652f14218abd424184f98918c: No bootstrap required, opened a new log
I20260709 12:56:51.572163  1675 raft_consensus.cc:2468] T 9f13249c92784f99a3c0a300cdf9fa71 P 425471c652f14218abd424184f98918c [term 1 FOLLOWER]: Leader election vote request: Granting yes vote for candidate 59ab7a10e74c444d8300747012afeae7 in term 1.
I20260709 12:56:51.572613  1719 ts_tablet_manager.cc:1403] T b086969fc0824a7ca51fc78493924889 P 8fd6772421d0422b94434e9b239c2cf0: Time spent bootstrapping tablet: real 0.051s	user 0.018s	sys 0.012s
I20260709 12:56:51.572654  1721 ts_tablet_manager.cc:1403] T ebdae3b73c4d4c05b0e991b4f6f6948f P 425471c652f14218abd424184f98918c: Time spent bootstrapping tablet: real 0.058s	user 0.026s	sys 0.006s
I20260709 12:56:51.575232  1719 raft_consensus.cc:359] T b086969fc0824a7ca51fc78493924889 P 8fd6772421d0422b94434e9b239c2cf0 [term 0 FOLLOWER]: Replica starting. Triggering 0 pending ops. Active config: opid_index: -1 OBSOLETE_local: false peers { permanent_uuid: "59ab7a10e74c444d8300747012afeae7" member_type: VOTER last_known_addr { host: "127.0.107.193" port: 41351 } } peers { permanent_uuid: "8fd6772421d0422b94434e9b239c2cf0" member_type: VOTER last_known_addr { host: "127.0.107.194" port: 37207 } } peers { permanent_uuid: "425471c652f14218abd424184f98918c" member_type: VOTER last_known_addr { host: "127.0.107.195" port: 46073 } }
I20260709 12:56:51.575850  1719 raft_consensus.cc:385] T b086969fc0824a7ca51fc78493924889 P 8fd6772421d0422b94434e9b239c2cf0 [term 0 FOLLOWER]: Consensus starting up: Expiring failure detector timer to make a prompt election more likely
I20260709 12:56:51.576083  1719 raft_consensus.cc:740] T b086969fc0824a7ca51fc78493924889 P 8fd6772421d0422b94434e9b239c2cf0 [term 0 FOLLOWER]: Becoming Follower/Learner. State: Replica: 8fd6772421d0422b94434e9b239c2cf0, State: Initialized, Role: FOLLOWER
