W20260709 13:00:57.062781 11309 leader_election.cc:343] T f3b5e8b4bf3842dc9abacf97914ecfb1 P 8d7c05eeba7241dca173358a3a2b2868 [CANDIDATE]: Term 1 pre-election: Tablet error from VoteRequest() call to peer 0f4b59a0125d4238a7887edacd918cbe (127.9.236.67:44389): Illegal state: must be running to vote when last-logged opid is not known
I20260709 13:00:57.065810 11675 raft_consensus.cc:2804] T f3b5e8b4bf3842dc9abacf97914ecfb1 P 8d7c05eeba7241dca173358a3a2b2868 [term 0 FOLLOWER]: Leader pre-election won for term 1
I20260709 13:00:57.067474 11675 raft_consensus.cc:493] T f3b5e8b4bf3842dc9abacf97914ecfb1 P 8d7c05eeba7241dca173358a3a2b2868 [term 0 FOLLOWER]: Starting leader election (no leader contacted us within the election timeout)
I20260709 13:00:57.067873 11675 raft_consensus.cc:3060] T f3b5e8b4bf3842dc9abacf97914ecfb1 P 8d7c05eeba7241dca173358a3a2b2868 [term 0 FOLLOWER]: Advancing to term 1
I20260709 13:00:57.070814 11658 raft_consensus.cc:515] T b47d45d8980f4ad1a2d9cdf030e08413 P 0f4b59a0125d4238a7887edacd918cbe [term 1 FOLLOWER]: Starting leader election with config: opid_index: -1 OBSOLETE_local: false peers { permanent_uuid: "72a184632cac478f8fa62689b042f46d" member_type: VOTER last_known_addr { host: "127.9.236.65" port: 36739 } } peers { permanent_uuid: "8d7c05eeba7241dca173358a3a2b2868" member_type: VOTER last_known_addr { host: "127.9.236.66" port: 40919 } } peers { permanent_uuid: "0f4b59a0125d4238a7887edacd918cbe" member_type: VOTER last_known_addr { host: "127.9.236.67" port: 44389 } }
I20260709 13:00:57.075740 11458 tablet_bootstrap.cc:654] T ba358819ee4c4212b8f020319f299d59 P 72a184632cac478f8fa62689b042f46d: Neither blocks nor log segments found. Creating new log.
I20260709 13:00:57.076987 11269 tablet_service.cc:1917] Received RequestConsensusVote() RPC: tablet_id: "b47d45d8980f4ad1a2d9cdf030e08413" candidate_uuid: "0f4b59a0125d4238a7887edacd918cbe" candidate_term: 1 candidate_status { last_received { term: 0 index: 0 } } ignore_live_leader: false dest_uuid: "72a184632cac478f8fa62689b042f46d"
I20260709 13:00:57.078497 11269 raft_consensus.cc:3060] T b47d45d8980f4ad1a2d9cdf030e08413 P 72a184632cac478f8fa62689b042f46d [term 0 FOLLOWER]: Advancing to term 1
I20260709 13:00:57.083700 11461 tablet_bootstrap.cc:492] T b47d45d8980f4ad1a2d9cdf030e08413 P 8d7c05eeba7241dca173358a3a2b2868: No bootstrap required, opened a new log
I20260709 13:00:57.084250 11461 ts_tablet_manager.cc:1403] T b47d45d8980f4ad1a2d9cdf030e08413 P 8d7c05eeba7241dca173358a3a2b2868: Time spent bootstrapping tablet: real 0.110s	user 0.022s	sys 0.015s
I20260709 13:00:57.088151 11163 catalog_manager.cc:5697] T 1603c64278ab42378391d7f0ad014913 P 0f4b59a0125d4238a7887edacd918cbe reported cstate change: term changed from 0 to 1, leader changed from <none> to 0f4b59a0125d4238a7887edacd918cbe (127.9.236.67). New cstate: current_term: 1 leader_uuid: "0f4b59a0125d4238a7887edacd918cbe" committed_config { opid_index: -1 OBSOLETE_local: false peers { permanent_uuid: "72a184632cac478f8fa62689b042f46d" member_type: VOTER last_known_addr { host: "127.9.236.65" port: 36739 } health_report { overall_health: UNKNOWN } } peers { permanent_uuid: "8d7c05eeba7241dca173358a3a2b2868" member_type: VOTER last_known_addr { host: "127.9.236.66" port: 40919 } health_report { overall_health: UNKNOWN } } peers { permanent_uuid: "0f4b59a0125d4238a7887edacd918cbe" member_type: VOTER last_known_addr { host: "127.9.236.67" port: 44389 } health_report { overall_health: HEALTHY } } }
I20260709 13:00:57.094274 11269 raft_consensus.cc:2468] T b47d45d8980f4ad1a2d9cdf030e08413 P 72a184632cac478f8fa62689b042f46d [term 1 FOLLOWER]: Leader election vote request: Granting yes vote for candidate 0f4b59a0125d4238a7887edacd918cbe in term 1.
I20260709 13:00:57.094345 11533 raft_consensus.cc:493] T e5e2652a8fb34019a4330d3d0c48e896 P 72a184632cac478f8fa62689b042f46d [term 0 FOLLOWER]: Starting pre-election (no leader contacted us within the election timeout)
I20260709 13:00:57.095033 11533 raft_consensus.cc:515] T e5e2652a8fb34019a4330d3d0c48e896 P 72a184632cac478f8fa62689b042f46d [term 0 FOLLOWER]: Starting pre-election with config: opid_index: -1 OBSOLETE_local: false peers { permanent_uuid: "72a184632cac478f8fa62689b042f46d" member_type: VOTER last_known_addr { host: "127.9.236.65" port: 36739 } } peers { permanent_uuid: "8d7c05eeba7241dca173358a3a2b2868" member_type: VOTER last_known_addr { host: "127.9.236.66" port: 40919 } } peers { permanent_uuid: "0f4b59a0125d4238a7887edacd918cbe" member_type: VOTER last_known_addr { host: "127.9.236.67" port: 44389 } }
I20260709 13:00:57.095834 11383 leader_election.cc:304] T b47d45d8980f4ad1a2d9cdf030e08413 P 0f4b59a0125d4238a7887edacd918cbe [CANDIDATE]: Term 1 election: Election decided. Result: candidate won. Election summary: received 2 responses out of 3 voters: 2 yes votes; 0 no votes. yes voters: 0f4b59a0125d4238a7887edacd918cbe, 72a184632cac478f8fa62689b042f46d; no voters: 
I20260709 13:00:57.096693 11557 raft_consensus.cc:2804] T b47d45d8980f4ad1a2d9cdf030e08413 P 0f4b59a0125d4238a7887edacd918cbe [term 1 FOLLOWER]: Leader election won for term 1
I20260709 13:00:57.097329 11557 raft_consensus.cc:697] T b47d45d8980f4ad1a2d9cdf030e08413 P 0f4b59a0125d4238a7887edacd918cbe [term 1 LEADER]: Becoming Leader. State: Replica: 0f4b59a0125d4238a7887edacd918cbe, State: Running, Role: LEADER
I20260709 13:00:57.098277 11557 consensus_queue.cc:237] T b47d45d8980f4ad1a2d9cdf030e08413 P 0f4b59a0125d4238a7887edacd918cbe [LEADER]: Queue going to LEADER mode. State: All replicated index: 0, Majority replicated index: 0, Committed index: 0, Last appended: 0.0, Last appended by leader: 0, Current term: 1, Majority size: 2, State: 0, Mode: LEADER, active raft config: opid_index: -1 OBSOLETE_local: false peers { permanent_uuid: "72a184632cac478f8fa62689b042f46d" member_type: VOTER last_known_addr { host: "127.9.236.65" port: 36739 } } peers { permanent_uuid: "8d7c05eeba7241dca173358a3a2b2868" member_type: VOTER last_known_addr { host: "127.9.236.66" port: 40919 } } peers { permanent_uuid: "0f4b59a0125d4238a7887edacd918cbe" member_type: VOTER last_known_addr { host: "127.9.236.67" port: 44389 } }
I20260709 13:00:57.099574 11533 leader_election.cc:290] T e5e2652a8fb34019a4330d3d0c48e896 P 72a184632cac478f8fa62689b042f46d [CANDIDATE]: Term 1 pre-election: Requested pre-vote from peers 8d7c05eeba7241dca173358a3a2b2868 (127.9.236.66:40919), 0f4b59a0125d4238a7887edacd918cbe (127.9.236.67:44389)
I20260709 13:00:57.100136 11343 tablet_service.cc:1917] Received RequestConsensusVote() RPC: tablet_id: "e5e2652a8fb34019a4330d3d0c48e896" candidate_uuid: "72a184632cac478f8fa62689b042f46d" candidate_term: 1 candidate_status { last_received { term: 0 index: 0 } } ignore_live_leader: false dest_uuid: "8d7c05eeba7241dca173358a3a2b2868" is_pre_election: true
I20260709 13:00:57.110474 11416 tablet_service.cc:1917] Received RequestConsensusVote() RPC: tablet_id: "e5e2652a8fb34019a4330d3d0c48e896" candidate_uuid: "72a184632cac478f8fa62689b042f46d" candidate_term: 1 candidate_status { last_received { term: 0 index: 0 } } ignore_live_leader: false dest_uuid: "0f4b59a0125d4238a7887edacd918cbe" is_pre_election: true
I20260709 13:00:57.115037 11416 raft_consensus.cc:2393] T e5e2652a8fb34019a4330d3d0c48e896 P 0f4b59a0125d4238a7887edacd918cbe [term 1 FOLLOWER]: Leader pre-election vote request: Denying vote to candidate 72a184632cac478f8fa62689b042f46d in current term 1: Already voted for candidate 8d7c05eeba7241dca173358a3a2b2868 in this term.
I20260709 13:00:57.116228 11234 leader_election.cc:304] T e5e2652a8fb34019a4330d3d0c48e896 P 72a184632cac478f8fa62689b042f46d [CANDIDATE]: Term 1 pre-election: Election decided. Result: candidate lost. Election summary: received 3 responses out of 3 voters: 1 yes votes; 2 no votes. yes voters: 72a184632cac478f8fa62689b042f46d; no voters: 0f4b59a0125d4238a7887edacd918cbe, 8d7c05eeba7241dca173358a3a2b2868
I20260709 13:00:57.118162 11613 raft_consensus.cc:3060] T e5e2652a8fb34019a4330d3d0c48e896 P 72a184632cac478f8fa62689b042f46d [term 0 FOLLOWER]: Advancing to term 1
I20260709 13:00:57.118247 11461 raft_consensus.cc:359] T b47d45d8980f4ad1a2d9cdf030e08413 P 8d7c05eeba7241dca173358a3a2b2868 [term 0 FOLLOWER]: Replica starting. Triggering 0 pending ops. Active config: opid_index: -1 OBSOLETE_local: false peers { permanent_uuid: "72a184632cac478f8fa62689b042f46d" member_type: VOTER last_known_addr { host: "127.9.236.65" port: 36739 } } peers { permanent_uuid: "8d7c05eeba7241dca173358a3a2b2868" member_type: VOTER last_known_addr { host: "127.9.236.66" port: 40919 } } peers { permanent_uuid: "0f4b59a0125d4238a7887edacd918cbe" member_type: VOTER last_known_addr { host: "127.9.236.67" port: 44389 } }
I20260709 13:00:57.119805 11461 raft_consensus.cc:385] T b47d45d8980f4ad1a2d9cdf030e08413 P 8d7c05eeba7241dca173358a3a2b2868 [term 0 FOLLOWER]: Consensus starting up: Expiring failure detector timer to make a prompt election more likely
I20260709 13:00:57.120229 11461 raft_consensus.cc:740] T b47d45d8980f4ad1a2d9cdf030e08413 P 8d7c05eeba7241dca173358a3a2b2868 [term 0 FOLLOWER]: Becoming Follower/Learner. State: Replica: 8d7c05eeba7241dca173358a3a2b2868, State: Initialized, Role: FOLLOWER
I20260709 13:00:57.121138 11461 consensus_queue.cc:260] T b47d45d8980f4ad1a2d9cdf030e08413 P 8d7c05eeba7241dca173358a3a2b2868 [NON_LEADER]: Queue going to NON_LEADER mode. State: All replicated index: 0, Majority replicated index: 0, Committed index: 0, Last appended: 0.0, Last appended by leader: 0, Current term: 0, Majority size: -1, State: 0, Mode: NON_LEADER, active raft config: opid_index: -1 OBSOLETE_local: false peers { permanent_uuid: "72a184632cac478f8fa62689b042f46d" member_type: VOTER last_known_addr { host: "127.9.236.65" port: 36739 } } peers { permanent_uuid: "8d7c05eeba7241dca173358a3a2b2868" member_type: VOTER last_known_addr { host: "127.9.236.66" port: 40919 } } peers { permanent_uuid: "0f4b59a0125d4238a7887edacd918cbe" member_type: VOTER last_known_addr { host: "127.9.236.67" port: 44389 } }
I20260709 13:00:57.124080 11461 ts_tablet_manager.cc:1434] T b47d45d8980f4ad1a2d9cdf030e08413 P 8d7c05eeba7241dca173358a3a2b2868: Time spent starting tablet: real 0.039s	user 0.006s	sys 0.000s
I20260709 13:00:57.132265 11458 tablet_bootstrap.cc:492] T ba358819ee4c4212b8f020319f299d59 P 72a184632cac478f8fa62689b042f46d: No bootstrap required, opened a new log
I20260709 13:00:57.131749 11343 tablet_service.cc:1917] Received RequestConsensusVote() RPC: tablet_id: "b47d45d8980f4ad1a2d9cdf030e08413" candidate_uuid: "0f4b59a0125d4238a7887edacd918cbe" candidate_term: 1 candidate_status { last_received { term: 0 index: 0 } } ignore_live_leader: false dest_uuid: "8d7c05eeba7241dca173358a3a2b2868"
I20260709 13:00:57.132874 11458 ts_tablet_manager.cc:1403] T ba358819ee4c4212b8f020319f299d59 P 72a184632cac478f8fa62689b042f46d: Time spent bootstrapping tablet: real 0.090s	user 0.019s	sys 0.017s
I20260709 13:00:57.133044 11343 raft_consensus.cc:3060] T b47d45d8980f4ad1a2d9cdf030e08413 P 8d7c05eeba7241dca173358a3a2b2868 [term 0 FOLLOWER]: Advancing to term 1
I20260709 13:00:57.133592 11461 tablet_bootstrap.cc:492] T ba358819ee4c4212b8f020319f299d59 P 8d7c05eeba7241dca173358a3a2b2868: Bootstrap starting.
I20260709 13:00:57.135247 11533 raft_consensus.cc:493] T 7ca91fdf86e44266a4f38adb52bca817 P 72a184632cac478f8fa62689b042f46d [term 0 FOLLOWER]: Starting pre-election (no leader contacted us within the election timeout)
I20260709 13:00:57.135711 11533 raft_consensus.cc:515] T 7ca91fdf86e44266a4f38adb52bca817 P 72a184632cac478f8fa62689b042f46d [term 0 FOLLOWER]: Starting pre-election with config: opid_index: -1 OBSOLETE_local: false peers { permanent_uuid: "72a184632cac478f8fa62689b042f46d" member_type: VOTER last_known_addr { host: "127.9.236.65" port: 36739 } } peers { permanent_uuid: "8d7c05eeba7241dca173358a3a2b2868" member_type: VOTER last_known_addr { host: "127.9.236.66" port: 40919 } } peers { permanent_uuid: "0f4b59a0125d4238a7887edacd918cbe" member_type: VOTER last_known_addr { host: "127.9.236.67" port: 44389 } }
I20260709 13:00:57.137116 11458 raft_consensus.cc:359] T ba358819ee4c4212b8f020319f299d59 P 72a184632cac478f8fa62689b042f46d [term 0 FOLLOWER]: Replica starting. Triggering 0 pending ops. Active config: opid_index: -1 OBSOLETE_local: false peers { permanent_uuid: "72a184632cac478f8fa62689b042f46d" member_type: VOTER last_known_addr { host: "127.9.236.65" port: 36739 } } peers { permanent_uuid: "8d7c05eeba7241dca173358a3a2b2868" member_type: VOTER last_known_addr { host: "127.9.236.66" port: 40919 } } peers { permanent_uuid: "0f4b59a0125d4238a7887edacd918cbe" member_type: VOTER last_known_addr { host: "127.9.236.67" port: 44389 } }
I20260709 13:00:57.137650 11533 leader_election.cc:290] T 7ca91fdf86e44266a4f38adb52bca817 P 72a184632cac478f8fa62689b042f46d [CANDIDATE]: Term 1 pre-election: Requested pre-vote from peers 8d7c05eeba7241dca173358a3a2b2868 (127.9.236.66:40919), 0f4b59a0125d4238a7887edacd918cbe (127.9.236.67:44389)
I20260709 13:00:57.137880 11458 raft_consensus.cc:385] T ba358819ee4c4212b8f020319f299d59 P 72a184632cac478f8fa62689b042f46d [term 0 FOLLOWER]: Consensus starting up: Expiring failure detector timer to make a prompt election more likely
I20260709 13:00:57.138198 11458 raft_consensus.cc:740] T ba358819ee4c4212b8f020319f299d59 P 72a184632cac478f8fa62689b042f46d [term 0 FOLLOWER]: Becoming Follower/Learner. State: Replica: 72a184632cac478f8fa62689b042f46d, State: Initialized, Role: FOLLOWER
I20260709 13:00:57.138952 11458 consensus_queue.cc:260] T ba358819ee4c4212b8f020319f299d59 P 72a184632cac478f8fa62689b042f46d [NON_LEADER]: Queue going to NON_LEADER mode. State: All replicated index: 0, Majority replicated index: 0, Committed index: 0, Last appended: 0.0, Last appended by leader: 0, Current term: 0, Majority size: -1, State: 0, Mode: NON_LEADER, active raft config: opid_index: -1 OBSOLETE_local: false peers { permanent_uuid: "72a184632cac478f8fa62689b042f46d" member_type: VOTER last_known_addr { host: "127.9.236.65" port: 36739 } } peers { permanent_uuid: "8d7c05eeba7241dca173358a3a2b2868" member_type: VOTER last_known_addr { host: "127.9.236.66" port: 40919 } } peers { permanent_uuid: "0f4b59a0125d4238a7887edacd918cbe" member_type: VOTER last_known_addr { host: "127.9.236.67" port: 44389 } }
I20260709 13:00:57.140098 11341 tablet_service.cc:1917] Received RequestConsensusVote() RPC: tablet_id: "7ca91fdf86e44266a4f38adb52bca817" candidate_uuid: "72a184632cac478f8fa62689b042f46d" candidate_term: 1 candidate_status { last_received { term: 0 index: 0 } } ignore_live_leader: false dest_uuid: "8d7c05eeba7241dca173358a3a2b2868" is_pre_election: true
I20260709 13:00:57.140761 11461 tablet_bootstrap.cc:654] T ba358819ee4c4212b8f020319f299d59 P 8d7c05eeba7241dca173358a3a2b2868: Neither blocks nor log segments found. Creating new log.
I20260709 13:00:57.141228 11458 ts_tablet_manager.cc:1434] T ba358819ee4c4212b8f020319f299d59 P 72a184632cac478f8fa62689b042f46d: Time spent starting tablet: real 0.008s	user 0.007s	sys 0.000s
W20260709 13:00:57.141563 11235 leader_election.cc:343] T 7ca91fdf86e44266a4f38adb52bca817 P 72a184632cac478f8fa62689b042f46d [CANDIDATE]: Term 1 pre-election: Tablet error from VoteRequest() call to peer 8d7c05eeba7241dca173358a3a2b2868 (127.9.236.66:40919): Illegal state: must be running to vote when last-logged opid is not known
I20260709 13:00:57.142436 11458 tablet_bootstrap.cc:492] T 6d05027dacdd49da986c9e52d0a6dade P 72a184632cac478f8fa62689b042f46d: Bootstrap starting.
I20260709 13:00:57.145859 11416 tablet_service.cc:1917] Received RequestConsensusVote() RPC: tablet_id: "7ca91fdf86e44266a4f38adb52bca817" candidate_uuid: "72a184632cac478f8fa62689b042f46d" candidate_term: 1 candidate_status { last_received { term: 0 index: 0 } } ignore_live_leader: false dest_uuid: "0f4b59a0125d4238a7887edacd918cbe" is_pre_election: true
W20260709 13:00:57.147013 11234 leader_election.cc:343] T 7ca91fdf86e44266a4f38adb52bca817 P 72a184632cac478f8fa62689b042f46d [CANDIDATE]: Term 1 pre-election: Tablet error from VoteRequest() call to peer 0f4b59a0125d4238a7887edacd918cbe (127.9.236.67:44389): Illegal state: must be running to vote when last-logged opid is not known
I20260709 13:00:57.147399 11234 leader_election.cc:304] T 7ca91fdf86e44266a4f38adb52bca817 P 72a184632cac478f8fa62689b042f46d [CANDIDATE]: Term 1 pre-election: Election decided. Result: candidate lost. Election summary: received 3 responses out of 3 voters: 1 yes votes; 2 no votes. yes voters: 72a184632cac478f8fa62689b042f46d; no voters: 0f4b59a0125d4238a7887edacd918cbe, 8d7c05eeba7241dca173358a3a2b2868
I20260709 13:00:57.148293 11533 raft_consensus.cc:2749] T 7ca91fdf86e44266a4f38adb52bca817 P 72a184632cac478f8fa62689b042f46d [term 0 FOLLOWER]: Leader pre-election lost for term 1. Reason: could not achieve majority
I20260709 13:00:57.149847 11458 tablet_bootstrap.cc:654] T 6d05027dacdd49da986c9e52d0a6dade P 72a184632cac478f8fa62689b042f46d: Neither blocks nor log segments found. Creating new log.
I20260709 13:00:57.152980 11167 catalog_manager.cc:5697] T b47d45d8980f4ad1a2d9cdf030e08413 P 0f4b59a0125d4238a7887edacd918cbe reported cstate change: term changed from 0 to 1, leader changed from <none> to 0f4b59a0125d4238a7887edacd918cbe (127.9.236.67). New cstate: current_term: 1 leader_uuid: "0f4b59a0125d4238a7887edacd918cbe" committed_config { opid_index: -1 OBSOLETE_local: false peers { permanent_uuid: "72a184632cac478f8fa62689b042f46d" member_type: VOTER last_known_addr { host: "127.9.236.65" port: 36739 } health_report { overall_health: UNKNOWN } } peers { permanent_uuid: "8d7c05eeba7241dca173358a3a2b2868" member_type: VOTER last_known_addr { host: "127.9.236.66" port: 40919 } health_report { overall_health: UNKNOWN } } peers { permanent_uuid: "0f4b59a0125d4238a7887edacd918cbe" member_type: VOTER last_known_addr { host: "127.9.236.67" port: 44389 } health_report { overall_health: HEALTHY } } }
I20260709 13:00:57.155193 11506 consensus_queue.cc:1048] T 41cb148801f148be86813690c4d1272a P 8d7c05eeba7241dca173358a3a2b2868 [LEADER]: Connected to new peer: Peer: permanent_uuid: "0f4b59a0125d4238a7887edacd918cbe" member_type: VOTER last_known_addr { host: "127.9.236.67" port: 44389 }, Status: LMP_MISMATCH, Last received: 0.0, Next index: 1, Last known committed idx: 0, Time since last communication: 0.000s
I20260709 13:00:57.165665 11343 raft_consensus.cc:2468] T b47d45d8980f4ad1a2d9cdf030e08413 P 8d7c05eeba7241dca173358a3a2b2868 [term 1 FOLLOWER]: Leader election vote request: Granting yes vote for candidate 0f4b59a0125d4238a7887edacd918cbe in term 1.
I20260709 13:00:57.132171 11459 tablet_bootstrap.cc:492] T f3b5e8b4bf3842dc9abacf97914ecfb1 P 0f4b59a0125d4238a7887edacd918cbe: No bootstrap required, opened a new log
I20260709 13:00:57.169759 11459 ts_tablet_manager.cc:1403] T f3b5e8b4bf3842dc9abacf97914ecfb1 P 0f4b59a0125d4238a7887edacd918cbe: Time spent bootstrapping tablet: real 0.164s	user 0.016s	sys 0.016s
I20260709 13:00:57.172899 11459 raft_consensus.cc:359] T f3b5e8b4bf3842dc9abacf97914ecfb1 P 0f4b59a0125d4238a7887edacd918cbe [term 0 FOLLOWER]: Replica starting. Triggering 0 pending ops. Active config: opid_index: -1 OBSOLETE_local: false peers { permanent_uuid: "72a184632cac478f8fa62689b042f46d" member_type: VOTER last_known_addr { host: "127.9.236.65" port: 36739 } } peers { permanent_uuid: "8d7c05eeba7241dca173358a3a2b2868" member_type: VOTER last_known_addr { host: "127.9.236.66" port: 40919 } } peers { permanent_uuid: "0f4b59a0125d4238a7887edacd918cbe" member_type: VOTER last_known_addr { host: "127.9.236.67" port: 44389 } }
I20260709 13:00:57.173630 11459 raft_consensus.cc:385] T f3b5e8b4bf3842dc9abacf97914ecfb1 P 0f4b59a0125d4238a7887edacd918cbe [term 0 FOLLOWER]: Consensus starting up: Expiring failure detector timer to make a prompt election more likely
I20260709 13:00:57.173941 11459 raft_consensus.cc:740] T f3b5e8b4bf3842dc9abacf97914ecfb1 P 0f4b59a0125d4238a7887edacd918cbe [term 0 FOLLOWER]: Becoming Follower/Learner. State: Replica: 0f4b59a0125d4238a7887edacd918cbe, State: Initialized, Role: FOLLOWER
I20260709 13:00:57.174985 11459 consensus_queue.cc:260] T f3b5e8b4bf3842dc9abacf97914ecfb1 P 0f4b59a0125d4238a7887edacd918cbe [NON_LEADER]: Queue going to NON_LEADER mode. State: All replicated index: 0, Majority replicated index: 0, Committed index: 0, Last appended: 0.0, Last appended by leader: 0, Current term: 0, Majority size: -1, State: 0, Mode: NON_LEADER, active raft config: opid_index: -1 OBSOLETE_local: false peers { permanent_uuid: "72a184632cac478f8fa62689b042f46d" member_type: VOTER last_known_addr { host: "127.9.236.65" port: 36739 } } peers { permanent_uuid: "8d7c05eeba7241dca173358a3a2b2868" member_type: VOTER last_known_addr { host: "127.9.236.66" port: 40919 } } peers { permanent_uuid: "0f4b59a0125d4238a7887edacd918cbe" member_type: VOTER last_known_addr { host: "127.9.236.67" port: 44389 } }
I20260709 13:00:57.130668 11658 leader_election.cc:290] T b47d45d8980f4ad1a2d9cdf030e08413 P 0f4b59a0125d4238a7887edacd918cbe [CANDIDATE]: Term 1 election: Requested vote from peers 72a184632cac478f8fa62689b042f46d (127.9.236.65:36739), 8d7c05eeba7241dca173358a3a2b2868 (127.9.236.66:40919)
I20260709 13:00:57.180580 11459 ts_tablet_manager.cc:1434] T f3b5e8b4bf3842dc9abacf97914ecfb1 P 0f4b59a0125d4238a7887edacd918cbe: Time spent starting tablet: real 0.010s	user 0.001s	sys 0.006s
I20260709 13:00:57.183102 11459 tablet_bootstrap.cc:492] T cbdffb1b35d3421b99eeba80295b2862 P 0f4b59a0125d4238a7887edacd918cbe: Bootstrap starting.
I20260709 13:00:57.210793 11461 tablet_bootstrap.cc:492] T ba358819ee4c4212b8f020319f299d59 P 8d7c05eeba7241dca173358a3a2b2868: No bootstrap required, opened a new log
I20260709 13:00:57.211290 11461 ts_tablet_manager.cc:1403] T ba358819ee4c4212b8f020319f299d59 P 8d7c05eeba7241dca173358a3a2b2868: Time spent bootstrapping tablet: real 0.078s	user 0.038s	sys 0.031s
I20260709 13:00:57.131847 11613 raft_consensus.cc:2749] T e5e2652a8fb34019a4330d3d0c48e896 P 72a184632cac478f8fa62689b042f46d [term 1 FOLLOWER]: Leader pre-election lost for term 1. Reason: could not achieve majority
I20260709 13:00:57.176247 11458 tablet_bootstrap.cc:492] T 6d05027dacdd49da986c9e52d0a6dade P 72a184632cac478f8fa62689b042f46d: No bootstrap required, opened a new log
I20260709 13:00:57.214762 11461 raft_consensus.cc:359] T ba358819ee4c4212b8f020319f299d59 P 8d7c05eeba7241dca173358a3a2b2868 [term 0 FOLLOWER]: Replica starting. Triggering 0 pending ops. Active config: opid_index: -1 OBSOLETE_local: false peers { permanent_uuid: "72a184632cac478f8fa62689b042f46d" member_type: VOTER last_known_addr { host: "127.9.236.65" port: 36739 } } peers { permanent_uuid: "8d7c05eeba7241dca173358a3a2b2868" member_type: VOTER last_known_addr { host: "127.9.236.66" port: 40919 } } peers { permanent_uuid: "0f4b59a0125d4238a7887edacd918cbe" member_type: VOTER last_known_addr { host: "127.9.236.67" port: 44389 } }
I20260709 13:00:57.215516 11461 raft_consensus.cc:385] T ba358819ee4c4212b8f020319f299d59 P 8d7c05eeba7241dca173358a3a2b2868 [term 0 FOLLOWER]: Consensus starting up: Expiring failure detector timer to make a prompt election more likely
I20260709 13:00:57.215612 11458 ts_tablet_manager.cc:1403] T 6d05027dacdd49da986c9e52d0a6dade P 72a184632cac478f8fa62689b042f46d: Time spent bootstrapping tablet: real 0.073s	user 0.013s	sys 0.007s
I20260709 13:00:57.215830 11461 raft_consensus.cc:740] T ba358819ee4c4212b8f020319f299d59 P 8d7c05eeba7241dca173358a3a2b2868 [term 0 FOLLOWER]: Becoming Follower/Learner. State: Replica: 8d7c05eeba7241dca173358a3a2b2868, State: Initialized, Role: FOLLOWER
I20260709 13:00:57.220316 11458 raft_consensus.cc:359] T 6d05027dacdd49da986c9e52d0a6dade P 72a184632cac478f8fa62689b042f46d [term 0 FOLLOWER]: Replica starting. Triggering 0 pending ops. Active config: opid_index: -1 OBSOLETE_local: false peers { permanent_uuid: "72a184632cac478f8fa62689b042f46d" member_type: VOTER last_known_addr { host: "127.9.236.65" port: 36739 } } peers { permanent_uuid: "8d7c05eeba7241dca173358a3a2b2868" member_type: VOTER last_known_addr { host: "127.9.236.66" port: 40919 } } peers { permanent_uuid: "0f4b59a0125d4238a7887edacd918cbe" member_type: VOTER last_known_addr { host: "127.9.236.67" port: 44389 } }
I20260709 13:00:57.222457 11461 consensus_queue.cc:260] T ba358819ee4c4212b8f020319f299d59 P 8d7c05eeba7241dca173358a3a2b2868 [NON_LEADER]: Queue going to NON_LEADER mode. State: All replicated index: 0, Majority replicated index: 0, Committed index: 0, Last appended: 0.0, Last appended by leader: 0, Current term: 0, Majority size: -1, State: 0, Mode: NON_LEADER, active raft config: opid_index: -1 OBSOLETE_local: false peers { permanent_uuid: "72a184632cac478f8fa62689b042f46d" member_type: VOTER last_known_addr { host: "127.9.236.65" port: 36739 } } peers { permanent_uuid: "8d7c05eeba7241dca173358a3a2b2868" member_type: VOTER last_known_addr { host: "127.9.236.66" port: 40919 } } peers { permanent_uuid: "0f4b59a0125d4238a7887edacd918cbe" member_type: VOTER last_known_addr { host: "127.9.236.67" port: 44389 } }
I20260709 13:00:57.222922 11458 raft_consensus.cc:385] T 6d05027dacdd49da986c9e52d0a6dade P 72a184632cac478f8fa62689b042f46d [term 0 FOLLOWER]: Consensus starting up: Expiring failure detector timer to make a prompt election more likely
I20260709 13:00:57.223202 11458 raft_consensus.cc:740] T 6d05027dacdd49da986c9e52d0a6dade P 72a184632cac478f8fa62689b042f46d [term 0 FOLLOWER]: Becoming Follower/Learner. State: Replica: 72a184632cac478f8fa62689b042f46d, State: Initialized, Role: FOLLOWER
I20260709 13:00:57.223837 11458 consensus_queue.cc:260] T 6d05027dacdd49da986c9e52d0a6dade P 72a184632cac478f8fa62689b042f46d [NON_LEADER]: Queue going to NON_LEADER mode. State: All replicated index: 0, Majority replicated index: 0, Committed index: 0, Last appended: 0.0, Last appended by leader: 0, Current term: 0, Majority size: -1, State: 0, Mode: NON_LEADER, active raft config: opid_index: -1 OBSOLETE_local: false peers { permanent_uuid: "72a184632cac478f8fa62689b042f46d" member_type: VOTER last_known_addr { host: "127.9.236.65" port: 36739 } } peers { permanent_uuid: "8d7c05eeba7241dca173358a3a2b2868" member_type: VOTER last_known_addr { host: "127.9.236.66" port: 40919 } } peers { permanent_uuid: "0f4b59a0125d4238a7887edacd918cbe" member_type: VOTER last_known_addr { host: "127.9.236.67" port: 44389 } }
I20260709 13:00:57.224761 11461 ts_tablet_manager.cc:1434] T ba358819ee4c4212b8f020319f299d59 P 8d7c05eeba7241dca173358a3a2b2868: Time spent starting tablet: real 0.013s	user 0.007s	sys 0.001s
I20260709 13:00:57.224970 11459 tablet_bootstrap.cc:654] T cbdffb1b35d3421b99eeba80295b2862 P 0f4b59a0125d4238a7887edacd918cbe: Neither blocks nor log segments found. Creating new log.
I20260709 13:00:57.225709 11461 tablet_bootstrap.cc:492] T 2bab870ccc554829a436bdd3fc522612 P 8d7c05eeba7241dca173358a3a2b2868: Bootstrap starting.
I20260709 13:00:57.225891 11458 ts_tablet_manager.cc:1434] T 6d05027dacdd49da986c9e52d0a6dade P 72a184632cac478f8fa62689b042f46d: Time spent starting tablet: real 0.010s	user 0.005s	sys 0.000s
I20260709 13:00:57.230592 11469 consensus_queue.cc:1048] T e5e2652a8fb34019a4330d3d0c48e896 P 8d7c05eeba7241dca173358a3a2b2868 [LEADER]: Connected to new peer: Peer: permanent_uuid: "72a184632cac478f8fa62689b042f46d" member_type: VOTER last_known_addr { host: "127.9.236.65" port: 36739 }, Status: LMP_MISMATCH, Last received: 0.0, Next index: 1, Last known committed idx: 0, Time since last communication: 0.001s
I20260709 13:00:57.232522 11461 tablet_bootstrap.cc:654] T 2bab870ccc554829a436bdd3fc522612 P 8d7c05eeba7241dca173358a3a2b2868: Neither blocks nor log segments found. Creating new log.
I20260709 13:00:57.127031 11675 raft_consensus.cc:515] T f3b5e8b4bf3842dc9abacf97914ecfb1 P 8d7c05eeba7241dca173358a3a2b2868 [term 1 FOLLOWER]: Starting leader election with config: opid_index: -1 OBSOLETE_local: false peers { permanent_uuid: "72a184632cac478f8fa62689b042f46d" member_type: VOTER last_known_addr { host: "127.9.236.65" port: 36739 } } peers { permanent_uuid: "8d7c05eeba7241dca173358a3a2b2868" member_type: VOTER last_known_addr { host: "127.9.236.66" port: 40919 } } peers { permanent_uuid: "0f4b59a0125d4238a7887edacd918cbe" member_type: VOTER last_known_addr { host: "127.9.236.67" port: 44389 } }
I20260709 13:00:57.240024 11675 leader_election.cc:290] T f3b5e8b4bf3842dc9abacf97914ecfb1 P 8d7c05eeba7241dca173358a3a2b2868 [CANDIDATE]: Term 1 election: Requested vote from peers 72a184632cac478f8fa62689b042f46d (127.9.236.65:36739), 0f4b59a0125d4238a7887edacd918cbe (127.9.236.67:44389)
I20260709 13:00:57.252740 11533 consensus_queue.cc:1048] T 7195cc9a26894269a35702013c52f082 P 72a184632cac478f8fa62689b042f46d [LEADER]: Connected to new peer: Peer: permanent_uuid: "8d7c05eeba7241dca173358a3a2b2868" member_type: VOTER last_known_addr { host: "127.9.236.66" port: 40919 }, Status: LMP_MISMATCH, Last received: 0.0, Next index: 1, Last known committed idx: 0, Time since last communication: 0.001s
I20260709 13:00:57.226923 11458 tablet_bootstrap.cc:492] T 14b8d6918b964d81aaef471e693330f1 P 72a184632cac478f8fa62689b042f46d: Bootstrap starting.
I20260709 13:00:57.243515 11416 tablet_service.cc:1917] Received RequestConsensusVote() RPC: tablet_id: "f3b5e8b4bf3842dc9abacf97914ecfb1" candidate_uuid: "8d7c05eeba7241dca173358a3a2b2868" candidate_term: 1 candidate_status { last_received { term: 0 index: 0 } } ignore_live_leader: false dest_uuid: "0f4b59a0125d4238a7887edacd918cbe"
I20260709 13:00:57.244218 11265 tablet_service.cc:1917] Received RequestConsensusVote() RPC: tablet_id: "f3b5e8b4bf3842dc9abacf97914ecfb1" candidate_uuid: "8d7c05eeba7241dca173358a3a2b2868" candidate_term: 1 candidate_status { last_received { term: 0 index: 0 } } ignore_live_leader: false dest_uuid: "72a184632cac478f8fa62689b042f46d"
I20260709 13:00:57.255625 11416 raft_consensus.cc:3060] T f3b5e8b4bf3842dc9abacf97914ecfb1 P 0f4b59a0125d4238a7887edacd918cbe [term 0 FOLLOWER]: Advancing to term 1
I20260709 13:00:57.256103 11265 raft_consensus.cc:3060] T f3b5e8b4bf3842dc9abacf97914ecfb1 P 72a184632cac478f8fa62689b042f46d [term 0 FOLLOWER]: Advancing to term 1
I20260709 13:00:57.246873 11506 consensus_queue.cc:1048] T 41cb148801f148be86813690c4d1272a P 8d7c05eeba7241dca173358a3a2b2868 [LEADER]: Connected to new peer: Peer: permanent_uuid: "72a184632cac478f8fa62689b042f46d" member_type: VOTER last_known_addr { host: "127.9.236.65" port: 36739 }, Status: LMP_MISMATCH, Last received: 0.0, Next index: 1, Last known committed idx: 0, Time since last communication: 0.014s
I20260709 13:00:57.262826 11416 raft_consensus.cc:2468] T f3b5e8b4bf3842dc9abacf97914ecfb1 P 0f4b59a0125d4238a7887edacd918cbe [term 1 FOLLOWER]: Leader election vote request: Granting yes vote for candidate 8d7c05eeba7241dca173358a3a2b2868 in term 1.
I20260709 13:00:57.263123 11458 tablet_bootstrap.cc:654] T 14b8d6918b964d81aaef471e693330f1 P 72a184632cac478f8fa62689b042f46d: Neither blocks nor log segments found. Creating new log.
I20260709 13:00:57.276371 11458 tablet_bootstrap.cc:492] T 14b8d6918b964d81aaef471e693330f1 P 72a184632cac478f8fa62689b042f46d: No bootstrap required, opened a new log
I20260709 13:00:57.277027 11458 ts_tablet_manager.cc:1403] T 14b8d6918b964d81aaef471e693330f1 P 72a184632cac478f8fa62689b042f46d: Time spent bootstrapping tablet: real 0.050s	user 0.016s	sys 0.002s
I20260709 13:00:57.280586 11458 raft_consensus.cc:359] T 14b8d6918b964d81aaef471e693330f1 P 72a184632cac478f8fa62689b042f46d [term 0 FOLLOWER]: Replica starting. Triggering 0 pending ops. Active config: opid_index: -1 OBSOLETE_local: false peers { permanent_uuid: "72a184632cac478f8fa62689b042f46d" member_type: VOTER last_known_addr { host: "127.9.236.65" port: 36739 } } peers { permanent_uuid: "8d7c05eeba7241dca173358a3a2b2868" member_type: VOTER last_known_addr { host: "127.9.236.66" port: 40919 } } peers { permanent_uuid: "0f4b59a0125d4238a7887edacd918cbe" member_type: VOTER last_known_addr { host: "127.9.236.67" port: 44389 } }
I20260709 13:00:57.281540 11458 raft_consensus.cc:385] T 14b8d6918b964d81aaef471e693330f1 P 72a184632cac478f8fa62689b042f46d [term 0 FOLLOWER]: Consensus starting up: Expiring failure detector timer to make a prompt election more likely
I20260709 13:00:57.281893 11458 raft_consensus.cc:740] T 14b8d6918b964d81aaef471e693330f1 P 72a184632cac478f8fa62689b042f46d [term 0 FOLLOWER]: Becoming Follower/Learner. State: Replica: 72a184632cac478f8fa62689b042f46d, State: Initialized, Role: FOLLOWER
I20260709 13:00:57.282727 11458 consensus_queue.cc:260] T 14b8d6918b964d81aaef471e693330f1 P 72a184632cac478f8fa62689b042f46d [NON_LEADER]: Queue going to NON_LEADER mode. State: All replicated index: 0, Majority replicated index: 0, Committed index: 0, Last appended: 0.0, Last appended by leader: 0, Current term: 0, Majority size: -1, State: 0, Mode: NON_LEADER, active raft config: opid_index: -1 OBSOLETE_local: false peers { permanent_uuid: "72a184632cac478f8fa62689b042f46d" member_type: VOTER last_known_addr { host: "127.9.236.65" port: 36739 } } peers { permanent_uuid: "8d7c05eeba7241dca173358a3a2b2868" member_type: VOTER last_known_addr { host: "127.9.236.66" port: 40919 } } peers { permanent_uuid: "0f4b59a0125d4238a7887edacd918cbe" member_type: VOTER last_known_addr { host: "127.9.236.67" port: 44389 } }
I20260709 13:00:57.285635 11458 ts_tablet_manager.cc:1434] T 14b8d6918b964d81aaef471e693330f1 P 72a184632cac478f8fa62689b042f46d: Time spent starting tablet: real 0.008s	user 0.005s	sys 0.003s
I20260709 13:00:57.286934 11458 tablet_bootstrap.cc:492] T 49f25ab401ce4df6bada64f046d19a9d P 72a184632cac478f8fa62689b042f46d: Bootstrap starting.
I20260709 13:00:57.290880 11309 leader_election.cc:304] T f3b5e8b4bf3842dc9abacf97914ecfb1 P 8d7c05eeba7241dca173358a3a2b2868 [CANDIDATE]: Term 1 election: Election decided. Result: candidate won. Election summary: received 2 responses out of 3 voters: 2 yes votes; 0 no votes. yes voters: 0f4b59a0125d4238a7887edacd918cbe, 8d7c05eeba7241dca173358a3a2b2868; no voters: 
I20260709 13:00:57.295431 11458 tablet_bootstrap.cc:654] T 49f25ab401ce4df6bada64f046d19a9d P 72a184632cac478f8fa62689b042f46d: Neither blocks nor log segments found. Creating new log.
W20260709 13:00:57.301297 11215 auto_rebalancer.cc:288] Could not retrieve cluster info: Service unavailable: Tablet not running
I20260709 13:00:57.302044 11506 raft_consensus.cc:2804] T f3b5e8b4bf3842dc9abacf97914ecfb1 P 8d7c05eeba7241dca173358a3a2b2868 [term 1 FOLLOWER]: Leader election won for term 1
I20260709 13:00:57.312711 11506 raft_consensus.cc:697] T f3b5e8b4bf3842dc9abacf97914ecfb1 P 8d7c05eeba7241dca173358a3a2b2868 [term 1 LEADER]: Becoming Leader. State: Replica: 8d7c05eeba7241dca173358a3a2b2868, State: Running, Role: LEADER
I20260709 13:00:57.314024 11506 consensus_queue.cc:237] T f3b5e8b4bf3842dc9abacf97914ecfb1 P 8d7c05eeba7241dca173358a3a2b2868 [LEADER]: Queue going to LEADER mode. State: All replicated index: 0, Majority replicated index: 0, Committed index: 0, Last appended: 0.0, Last appended by leader: 0, Current term: 1, Majority size: 2, State: 0, Mode: LEADER, active raft config: opid_index: -1 OBSOLETE_local: false peers { permanent_uuid: "72a184632cac478f8fa62689b042f46d" member_type: VOTER last_known_addr { host: "127.9.236.65" port: 36739 } } peers { permanent_uuid: "8d7c05eeba7241dca173358a3a2b2868" member_type: VOTER last_known_addr { host: "127.9.236.66" port: 40919 } } peers { permanent_uuid: "0f4b59a0125d4238a7887edacd918cbe" member_type: VOTER last_known_addr { host: "127.9.236.67" port: 44389 } }
I20260709 13:00:57.352186 11459 tablet_bootstrap.cc:492] T cbdffb1b35d3421b99eeba80295b2862 P 0f4b59a0125d4238a7887edacd918cbe: No bootstrap required, opened a new log
I20260709 13:00:57.352696 11459 ts_tablet_manager.cc:1403] T cbdffb1b35d3421b99eeba80295b2862 P 0f4b59a0125d4238a7887edacd918cbe: Time spent bootstrapping tablet: real 0.170s	user 0.010s	sys 0.054s
I20260709 13:00:57.355365 11459 raft_consensus.cc:359] T cbdffb1b35d3421b99eeba80295b2862 P 0f4b59a0125d4238a7887edacd918cbe [term 0 FOLLOWER]: Replica starting. Triggering 0 pending ops. Active config: opid_index: -1 OBSOLETE_local: false peers { permanent_uuid: "72a184632cac478f8fa62689b042f46d" member_type: VOTER last_known_addr { host: "127.9.236.65" port: 36739 } } peers { permanent_uuid: "8d7c05eeba7241dca173358a3a2b2868" member_type: VOTER last_known_addr { host: "127.9.236.66" port: 40919 } } peers { permanent_uuid: "0f4b59a0125d4238a7887edacd918cbe" member_type: VOTER last_known_addr { host: "127.9.236.67" port: 44389 } }
I20260709 13:00:57.356072 11459 raft_consensus.cc:385] T cbdffb1b35d3421b99eeba80295b2862 P 0f4b59a0125d4238a7887edacd918cbe [term 0 FOLLOWER]: Consensus starting up: Expiring failure detector timer to make a prompt election more likely
I20260709 13:00:57.356343 11459 raft_consensus.cc:740] T cbdffb1b35d3421b99eeba80295b2862 P 0f4b59a0125d4238a7887edacd918cbe [term 0 FOLLOWER]: Becoming Follower/Learner. State: Replica: 0f4b59a0125d4238a7887edacd918cbe, State: Initialized, Role: FOLLOWER
I20260709 13:00:57.357084 11459 consensus_queue.cc:260] T cbdffb1b35d3421b99eeba80295b2862 P 0f4b59a0125d4238a7887edacd918cbe [NON_LEADER]: Queue going to NON_LEADER mode. State: All replicated index: 0, Majority replicated index: 0, Committed index: 0, Last appended: 0.0, Last appended by leader: 0, Current term: 0, Majority size: -1, State: 0, Mode: NON_LEADER, active raft config: opid_index: -1 OBSOLETE_local: false peers { permanent_uuid: "72a184632cac478f8fa62689b042f46d" member_type: VOTER last_known_addr { host: "127.9.236.65" port: 36739 } } peers { permanent_uuid: "8d7c05eeba7241dca173358a3a2b2868" member_type: VOTER last_known_addr { host: "127.9.236.66" port: 40919 } } peers { permanent_uuid: "0f4b59a0125d4238a7887edacd918cbe" member_type: VOTER last_known_addr { host: "127.9.236.67" port: 44389 } }
I20260709 13:00:57.359150 11459 ts_tablet_manager.cc:1434] T cbdffb1b35d3421b99eeba80295b2862 P 0f4b59a0125d4238a7887edacd918cbe: Time spent starting tablet: real 0.006s	user 0.003s	sys 0.001s
I20260709 13:00:57.374599 11459 tablet_bootstrap.cc:492] T 7ca91fdf86e44266a4f38adb52bca817 P 0f4b59a0125d4238a7887edacd918cbe: Bootstrap starting.
I20260709 13:00:57.380636 11459 tablet_bootstrap.cc:654] T 7ca91fdf86e44266a4f38adb52bca817 P 0f4b59a0125d4238a7887edacd918cbe: Neither blocks nor log segments found. Creating new log.
I20260709 13:00:57.390439 11492 raft_consensus.cc:493] T 14b8d6918b964d81aaef471e693330f1 P 72a184632cac478f8fa62689b042f46d [term 0 FOLLOWER]: Starting pre-election (no leader contacted us within the election timeout)
I20260709 13:00:57.391199 11492 raft_consensus.cc:515] T 14b8d6918b964d81aaef471e693330f1 P 72a184632cac478f8fa62689b042f46d [term 0 FOLLOWER]: Starting pre-election with config: opid_index: -1 OBSOLETE_local: false peers { permanent_uuid: "72a184632cac478f8fa62689b042f46d" member_type: VOTER last_known_addr { host: "127.9.236.65" port: 36739 } } peers { permanent_uuid: "8d7c05eeba7241dca173358a3a2b2868" member_type: VOTER last_known_addr { host: "127.9.236.66" port: 40919 } } peers { permanent_uuid: "0f4b59a0125d4238a7887edacd918cbe" member_type: VOTER last_known_addr { host: "127.9.236.67" port: 44389 } }
I20260709 13:00:57.395457 11492 leader_election.cc:290] T 14b8d6918b964d81aaef471e693330f1 P 72a184632cac478f8fa62689b042f46d [CANDIDATE]: Term 1 pre-election: Requested pre-vote from peers 8d7c05eeba7241dca173358a3a2b2868 (127.9.236.66:40919), 0f4b59a0125d4238a7887edacd918cbe (127.9.236.67:44389)
I20260709 13:00:57.400287 11461 tablet_bootstrap.cc:492] T 2bab870ccc554829a436bdd3fc522612 P 8d7c05eeba7241dca173358a3a2b2868: No bootstrap required, opened a new log
I20260709 13:00:57.401204 11461 ts_tablet_manager.cc:1403] T 2bab870ccc554829a436bdd3fc522612 P 8d7c05eeba7241dca173358a3a2b2868: Time spent bootstrapping tablet: real 0.176s	user 0.034s	sys 0.085s
I20260709 13:00:57.405038 11461 raft_consensus.cc:359] T 2bab870ccc554829a436bdd3fc522612 P 8d7c05eeba7241dca173358a3a2b2868 [term 0 FOLLOWER]: Replica starting. Triggering 0 pending ops. Active config: opid_index: -1 OBSOLETE_local: false peers { permanent_uuid: "72a184632cac478f8fa62689b042f46d" member_type: VOTER last_known_addr { host: "127.9.236.65" port: 36739 } } peers { permanent_uuid: "8d7c05eeba7241dca173358a3a2b2868" member_type: VOTER last_known_addr { host: "127.9.236.66" port: 40919 } } peers { permanent_uuid: "0f4b59a0125d4238a7887edacd918cbe" member_type: VOTER last_known_addr { host: "127.9.236.67" port: 44389 } }
I20260709 13:00:57.406214 11461 raft_consensus.cc:385] T 2bab870ccc554829a436bdd3fc522612 P 8d7c05eeba7241dca173358a3a2b2868 [term 0 FOLLOWER]: Consensus starting up: Expiring failure detector timer to make a prompt election more likely
I20260709 13:00:57.408931 11461 raft_consensus.cc:740] T 2bab870ccc554829a436bdd3fc522612 P 8d7c05eeba7241dca173358a3a2b2868 [term 0 FOLLOWER]: Becoming Follower/Learner. State: Replica: 8d7c05eeba7241dca173358a3a2b2868, State: Initialized, Role: FOLLOWER
I20260709 13:00:57.409884 11461 consensus_queue.cc:260] T 2bab870ccc554829a436bdd3fc522612 P 8d7c05eeba7241dca173358a3a2b2868 [NON_LEADER]: Queue going to NON_LEADER mode. State: All replicated index: 0, Majority replicated index: 0, Committed index: 0, Last appended: 0.0, Last appended by leader: 0, Current term: 0, Majority size: -1, State: 0, Mode: NON_LEADER, active raft config: opid_index: -1 OBSOLETE_local: false peers { permanent_uuid: "72a184632cac478f8fa62689b042f46d" member_type: VOTER last_known_addr { host: "127.9.236.65" port: 36739 } } peers { permanent_uuid: "8d7c05eeba7241dca173358a3a2b2868" member_type: VOTER last_known_addr { host: "127.9.236.66" port: 40919 } } peers { permanent_uuid: "0f4b59a0125d4238a7887edacd918cbe" member_type: VOTER last_known_addr { host: "127.9.236.67" port: 44389 } }
I20260709 13:00:57.410620 11414 raft_consensus.cc:3060] T cbdffb1b35d3421b99eeba80295b2862 P 0f4b59a0125d4238a7887edacd918cbe [term 0 FOLLOWER]: Advancing to term 1
I20260709 13:00:57.413378 11461 ts_tablet_manager.cc:1434] T 2bab870ccc554829a436bdd3fc522612 P 8d7c05eeba7241dca173358a3a2b2868: Time spent starting tablet: real 0.012s	user 0.006s	sys 0.002s
I20260709 13:00:57.414876 11461 tablet_bootstrap.cc:492] T 6d05027dacdd49da986c9e52d0a6dade P 8d7c05eeba7241dca173358a3a2b2868: Bootstrap starting.
I20260709 13:00:57.426291 11461 tablet_bootstrap.cc:654] T 6d05027dacdd49da986c9e52d0a6dade P 8d7c05eeba7241dca173358a3a2b2868: Neither blocks nor log segments found. Creating new log.
I20260709 13:00:57.443023 11659 consensus_queue.cc:1048] T 1603c64278ab42378391d7f0ad014913 P 0f4b59a0125d4238a7887edacd918cbe [LEADER]: Connected to new peer: Peer: permanent_uuid: "72a184632cac478f8fa62689b042f46d" member_type: VOTER last_known_addr { host: "127.9.236.65" port: 36739 }, Status: LMP_MISMATCH, Last received: 0.0, Next index: 1, Last known committed idx: 0, Time since last communication: 0.001s
I20260709 13:00:57.451529 11659 consensus_queue.cc:1048] T 965e144777c343df8c1c0c5ce58402ad P 0f4b59a0125d4238a7887edacd918cbe [LEADER]: Connected to new peer: Peer: permanent_uuid: "72a184632cac478f8fa62689b042f46d" member_type: VOTER last_known_addr { host: "127.9.236.65" port: 36739 }, Status: LMP_MISMATCH, Last received: 0.0, Next index: 1, Last known committed idx: 0, Time since last communication: 0.001s
I20260709 13:00:57.475553 11533 consensus_queue.cc:1048] T 7195cc9a26894269a35702013c52f082 P 72a184632cac478f8fa62689b042f46d [LEADER]: Connected to new peer: Peer: permanent_uuid: "0f4b59a0125d4238a7887edacd918cbe" member_type: VOTER last_known_addr { host: "127.9.236.67" port: 44389 }, Status: LMP_MISMATCH, Last received: 0.0, Next index: 1, Last known committed idx: 0, Time since last communication: 0.000s
I20260709 13:00:57.488126 11533 raft_consensus.cc:493] T ba358819ee4c4212b8f020319f299d59 P 72a184632cac478f8fa62689b042f46d [term 0 FOLLOWER]: Starting pre-election (no leader contacted us within the election timeout)
I20260709 13:00:57.488797 11533 raft_consensus.cc:515] T ba358819ee4c4212b8f020319f299d59 P 72a184632cac478f8fa62689b042f46d [term 0 FOLLOWER]: Starting pre-election with config: opid_index: -1 OBSOLETE_local: false peers { permanent_uuid: "72a184632cac478f8fa62689b042f46d" member_type: VOTER last_known_addr { host: "127.9.236.65" port: 36739 } } peers { permanent_uuid: "8d7c05eeba7241dca173358a3a2b2868" member_type: VOTER last_known_addr { host: "127.9.236.66" port: 40919 } } peers { permanent_uuid: "0f4b59a0125d4238a7887edacd918cbe" member_type: VOTER last_known_addr { host: "127.9.236.67" port: 44389 } }
I20260709 13:00:57.492558 11533 leader_election.cc:290] T ba358819ee4c4212b8f020319f299d59 P 72a184632cac478f8fa62689b042f46d [CANDIDATE]: Term 1 pre-election: Requested pre-vote from peers 8d7c05eeba7241dca173358a3a2b2868 (127.9.236.66:40919), 0f4b59a0125d4238a7887edacd918cbe (127.9.236.67:44389)
I20260709 13:00:57.503750 11416 tablet_service.cc:1917] Received RequestConsensusVote() RPC: tablet_id: "14b8d6918b964d81aaef471e693330f1" candidate_uuid: "72a184632cac478f8fa62689b042f46d" candidate_term: 1 candidate_status { last_received { term: 0 index: 0 } } ignore_live_leader: false dest_uuid: "0f4b59a0125d4238a7887edacd918cbe" is_pre_election: true
I20260709 13:00:57.404155 11265 raft_consensus.cc:2468] T f3b5e8b4bf3842dc9abacf97914ecfb1 P 72a184632cac478f8fa62689b042f46d [term 1 FOLLOWER]: Leader election vote request: Granting yes vote for candidate 8d7c05eeba7241dca173358a3a2b2868 in term 1.
I20260709 13:00:57.549328 11675 raft_consensus.cc:493] T ba358819ee4c4212b8f020319f299d59 P 8d7c05eeba7241dca173358a3a2b2868 [term 0 FOLLOWER]: Starting pre-election (no leader contacted us within the election timeout)
I20260709 13:00:57.549868 11675 raft_consensus.cc:515] T ba358819ee4c4212b8f020319f299d59 P 8d7c05eeba7241dca173358a3a2b2868 [term 0 FOLLOWER]: Starting pre-election with config: opid_index: -1 OBSOLETE_local: false peers { permanent_uuid: "72a184632cac478f8fa62689b042f46d" member_type: VOTER last_known_addr { host: "127.9.236.65" port: 36739 } } peers { permanent_uuid: "8d7c05eeba7241dca173358a3a2b2868" member_type: VOTER last_known_addr { host: "127.9.236.66" port: 40919 } } peers { permanent_uuid: "0f4b59a0125d4238a7887edacd918cbe" member_type: VOTER last_known_addr { host: "127.9.236.67" port: 44389 } }
I20260709 13:00:57.551771 11675 leader_election.cc:290] T ba358819ee4c4212b8f020319f299d59 P 8d7c05eeba7241dca173358a3a2b2868 [CANDIDATE]: Term 1 pre-election: Requested pre-vote from peers 72a184632cac478f8fa62689b042f46d (127.9.236.65:36739), 0f4b59a0125d4238a7887edacd918cbe (127.9.236.67:44389)
W20260709 13:00:57.556984 11234 leader_election.cc:343] T 14b8d6918b964d81aaef471e693330f1 P 72a184632cac478f8fa62689b042f46d [CANDIDATE]: Term 1 pre-election: Tablet error from VoteRequest() call to peer 0f4b59a0125d4238a7887edacd918cbe (127.9.236.67:44389): Illegal state: must be running to vote when last-logged opid is not known
I20260709 13:00:57.558374 11414 tablet_service.cc:1917] Received RequestConsensusVote() RPC: tablet_id: "ba358819ee4c4212b8f020319f299d59" candidate_uuid: "72a184632cac478f8fa62689b042f46d" candidate_term: 1 candidate_status { last_received { term: 0 index: 0 } } ignore_live_leader: false dest_uuid: "0f4b59a0125d4238a7887edacd918cbe" is_pre_election: true
I20260709 13:00:57.590088 11458 tablet_bootstrap.cc:492] T 49f25ab401ce4df6bada64f046d19a9d P 72a184632cac478f8fa62689b042f46d: No bootstrap required, opened a new log
I20260709 13:00:57.593911 11343 tablet_service.cc:1917] Received RequestConsensusVote() RPC: tablet_id: "14b8d6918b964d81aaef471e693330f1" candidate_uuid: "72a184632cac478f8fa62689b042f46d" candidate_term: 1 candidate_status { last_received { term: 0 index: 0 } } ignore_live_leader: false dest_uuid: "8d7c05eeba7241dca173358a3a2b2868" is_pre_election: true
I20260709 13:00:57.594765 11458 ts_tablet_manager.cc:1403] T 49f25ab401ce4df6bada64f046d19a9d P 72a184632cac478f8fa62689b042f46d: Time spent bootstrapping tablet: real 0.308s	user 0.061s	sys 0.142s
I20260709 13:00:57.597440 11458 raft_consensus.cc:359] T 49f25ab401ce4df6bada64f046d19a9d P 72a184632cac478f8fa62689b042f46d [term 0 FOLLOWER]: Replica starting. Triggering 0 pending ops. Active config: opid_index: -1 OBSOLETE_local: false peers { permanent_uuid: "72a184632cac478f8fa62689b042f46d" member_type: VOTER last_known_addr { host: "127.9.236.65" port: 36739 } } peers { permanent_uuid: "8d7c05eeba7241dca173358a3a2b2868" member_type: VOTER last_known_addr { host: "127.9.236.66" port: 40919 } } peers { permanent_uuid: "0f4b59a0125d4238a7887edacd918cbe" member_type: VOTER last_known_addr { host: "127.9.236.67" port: 44389 } }
I20260709 13:00:57.597863 11343 tablet_service.cc:1917] Received RequestConsensusVote() RPC: tablet_id: "ba358819ee4c4212b8f020319f299d59" candidate_uuid: "72a184632cac478f8fa62689b042f46d" candidate_term: 1 candidate_status { last_received { term: 0 index: 0 } } ignore_live_leader: false dest_uuid: "8d7c05eeba7241dca173358a3a2b2868" is_pre_election: true
I20260709 13:00:57.598177 11458 raft_consensus.cc:385] T 49f25ab401ce4df6bada64f046d19a9d P 72a184632cac478f8fa62689b042f46d [term 0 FOLLOWER]: Consensus starting up: Expiring failure detector timer to make a prompt election more likely
I20260709 13:00:57.598420 11343 raft_consensus.cc:2468] T ba358819ee4c4212b8f020319f299d59 P 8d7c05eeba7241dca173358a3a2b2868 [term 0 FOLLOWER]: Leader pre-election vote request: Granting yes vote for candidate 72a184632cac478f8fa62689b042f46d in term 0.
I20260709 13:00:57.598564 11458 raft_consensus.cc:740] T 49f25ab401ce4df6bada64f046d19a9d P 72a184632cac478f8fa62689b042f46d [term 0 FOLLOWER]: Becoming Follower/Learner. State: Replica: 72a184632cac478f8fa62689b042f46d, State: Initialized, Role: FOLLOWER
