I20260709 13:00:56.885320 11613 raft_consensus.cc:493] T b47d45d8980f4ad1a2d9cdf030e08413 P 72a184632cac478f8fa62689b042f46d [term 0 FOLLOWER]: Starting pre-election (no leader contacted us within the election timeout)
I20260709 13:00:56.885848 11613 raft_consensus.cc:515] T b47d45d8980f4ad1a2d9cdf030e08413 P 72a184632cac478f8fa62689b042f46d [term 0 FOLLOWER]: Starting pre-election with config: opid_index: -1 OBSOLETE_local: false peers { permanent_uuid: "72a184632cac478f8fa62689b042f46d" member_type: VOTER last_known_addr { host: "127.9.236.65" port: 36739 } } peers { permanent_uuid: "8d7c05eeba7241dca173358a3a2b2868" member_type: VOTER last_known_addr { host: "127.9.236.66" port: 40919 } } peers { permanent_uuid: "0f4b59a0125d4238a7887edacd918cbe" member_type: VOTER last_known_addr { host: "127.9.236.67" port: 44389 } }
I20260709 13:00:56.845937 11533 raft_consensus.cc:515] T f3b5e8b4bf3842dc9abacf97914ecfb1 P 72a184632cac478f8fa62689b042f46d [term 0 FOLLOWER]: Starting pre-election with config: opid_index: -1 OBSOLETE_local: false peers { permanent_uuid: "72a184632cac478f8fa62689b042f46d" member_type: VOTER last_known_addr { host: "127.9.236.65" port: 36739 } } peers { permanent_uuid: "8d7c05eeba7241dca173358a3a2b2868" member_type: VOTER last_known_addr { host: "127.9.236.66" port: 40919 } } peers { permanent_uuid: "0f4b59a0125d4238a7887edacd918cbe" member_type: VOTER last_known_addr { host: "127.9.236.67" port: 44389 } }
I20260709 13:00:56.861354 11505 consensus_queue.cc:237] T cbdffb1b35d3421b99eeba80295b2862 P 8d7c05eeba7241dca173358a3a2b2868 [LEADER]: Queue going to LEADER mode. State: All replicated index: 0, Majority replicated index: 0, Committed index: 0, Last appended: 0.0, Last appended by leader: 0, Current term: 1, Majority size: 2, State: 0, Mode: LEADER, active raft config: opid_index: -1 OBSOLETE_local: false peers { permanent_uuid: "72a184632cac478f8fa62689b042f46d" member_type: VOTER last_known_addr { host: "127.9.236.65" port: 36739 } } peers { permanent_uuid: "8d7c05eeba7241dca173358a3a2b2868" member_type: VOTER last_known_addr { host: "127.9.236.66" port: 40919 } } peers { permanent_uuid: "0f4b59a0125d4238a7887edacd918cbe" member_type: VOTER last_known_addr { host: "127.9.236.67" port: 44389 } }
I20260709 13:00:56.887830 11461 ts_tablet_manager.cc:1434] T 965e144777c343df8c1c0c5ce58402ad P 8d7c05eeba7241dca173358a3a2b2868: Time spent starting tablet: real 0.073s	user 0.006s	sys 0.002s
I20260709 13:00:56.895846 11461 tablet_bootstrap.cc:492] T f3b5e8b4bf3842dc9abacf97914ecfb1 P 8d7c05eeba7241dca173358a3a2b2868: Bootstrap starting.
I20260709 13:00:56.889092 11533 leader_election.cc:290] T f3b5e8b4bf3842dc9abacf97914ecfb1 P 72a184632cac478f8fa62689b042f46d [CANDIDATE]: Term 1 pre-election: Requested pre-vote from peers 8d7c05eeba7241dca173358a3a2b2868 (127.9.236.66:40919), 0f4b59a0125d4238a7887edacd918cbe (127.9.236.67:44389)
I20260709 13:00:56.889447 11341 tablet_service.cc:1917] Received RequestConsensusVote() RPC: tablet_id: "b47d45d8980f4ad1a2d9cdf030e08413" candidate_uuid: "72a184632cac478f8fa62689b042f46d" candidate_term: 1 candidate_status { last_received { term: 0 index: 0 } } ignore_live_leader: false dest_uuid: "8d7c05eeba7241dca173358a3a2b2868" is_pre_election: true
W20260709 13:00:56.897617 11235 leader_election.cc:343] T b47d45d8980f4ad1a2d9cdf030e08413 P 72a184632cac478f8fa62689b042f46d [CANDIDATE]: Term 1 pre-election: Tablet error from VoteRequest() call to peer 8d7c05eeba7241dca173358a3a2b2868 (127.9.236.66:40919): Illegal state: must be running to vote when last-logged opid is not known
I20260709 13:00:56.891175 11343 tablet_service.cc:1917] Received RequestConsensusVote() RPC: tablet_id: "f3b5e8b4bf3842dc9abacf97914ecfb1" candidate_uuid: "72a184632cac478f8fa62689b042f46d" candidate_term: 1 candidate_status { last_received { term: 0 index: 0 } } ignore_live_leader: false dest_uuid: "8d7c05eeba7241dca173358a3a2b2868" is_pre_election: true
I20260709 13:00:56.893328 11417 tablet_service.cc:1917] Received RequestConsensusVote() RPC: tablet_id: "f3b5e8b4bf3842dc9abacf97914ecfb1" candidate_uuid: "72a184632cac478f8fa62689b042f46d" candidate_term: 1 candidate_status { last_received { term: 0 index: 0 } } ignore_live_leader: false dest_uuid: "0f4b59a0125d4238a7887edacd918cbe" is_pre_election: true
W20260709 13:00:56.899415 11235 leader_election.cc:343] T f3b5e8b4bf3842dc9abacf97914ecfb1 P 72a184632cac478f8fa62689b042f46d [CANDIDATE]: Term 1 pre-election: Tablet error from VoteRequest() call to peer 8d7c05eeba7241dca173358a3a2b2868 (127.9.236.66:40919): Illegal state: must be running to vote when last-logged opid is not known
I20260709 13:00:56.893973 11418 tablet_service.cc:1917] Received RequestConsensusVote() RPC: tablet_id: "b47d45d8980f4ad1a2d9cdf030e08413" candidate_uuid: "72a184632cac478f8fa62689b042f46d" candidate_term: 1 candidate_status { last_received { term: 0 index: 0 } } ignore_live_leader: false dest_uuid: "0f4b59a0125d4238a7887edacd918cbe" is_pre_election: true
I20260709 13:00:56.889936 11613 leader_election.cc:290] T b47d45d8980f4ad1a2d9cdf030e08413 P 72a184632cac478f8fa62689b042f46d [CANDIDATE]: Term 1 pre-election: Requested pre-vote from peers 8d7c05eeba7241dca173358a3a2b2868 (127.9.236.66:40919), 0f4b59a0125d4238a7887edacd918cbe (127.9.236.67:44389)
W20260709 13:00:56.902613 11234 leader_election.cc:343] T f3b5e8b4bf3842dc9abacf97914ecfb1 P 72a184632cac478f8fa62689b042f46d [CANDIDATE]: Term 1 pre-election: Tablet error from VoteRequest() call to peer 0f4b59a0125d4238a7887edacd918cbe (127.9.236.67:44389): Illegal state: must be running to vote when last-logged opid is not known
I20260709 13:00:56.903024 11234 leader_election.cc:304] T f3b5e8b4bf3842dc9abacf97914ecfb1 P 72a184632cac478f8fa62689b042f46d [CANDIDATE]: Term 1 pre-election: Election decided. Result: candidate lost. Election summary: received 3 responses out of 3 voters: 1 yes votes; 2 no votes. yes voters: 72a184632cac478f8fa62689b042f46d; no voters: 0f4b59a0125d4238a7887edacd918cbe, 8d7c05eeba7241dca173358a3a2b2868
W20260709 13:00:56.904027 11234 leader_election.cc:343] T b47d45d8980f4ad1a2d9cdf030e08413 P 72a184632cac478f8fa62689b042f46d [CANDIDATE]: Term 1 pre-election: Tablet error from VoteRequest() call to peer 0f4b59a0125d4238a7887edacd918cbe (127.9.236.67:44389): Illegal state: must be running to vote when last-logged opid is not known
I20260709 13:00:56.904517 11459 raft_consensus.cc:385] T 8fcdb6d849ed4632a95761e0bfdb56ff P 0f4b59a0125d4238a7887edacd918cbe [term 0 FOLLOWER]: Consensus starting up: Expiring failure detector timer to make a prompt election more likely
I20260709 13:00:56.904858 11459 raft_consensus.cc:740] T 8fcdb6d849ed4632a95761e0bfdb56ff P 0f4b59a0125d4238a7887edacd918cbe [term 0 FOLLOWER]: Becoming Follower/Learner. State: Replica: 0f4b59a0125d4238a7887edacd918cbe, State: Initialized, Role: FOLLOWER
I20260709 13:00:56.905066 11613 raft_consensus.cc:2749] T f3b5e8b4bf3842dc9abacf97914ecfb1 P 72a184632cac478f8fa62689b042f46d [term 0 FOLLOWER]: Leader pre-election lost for term 1. Reason: could not achieve majority
I20260709 13:00:56.904412 11234 leader_election.cc:304] T b47d45d8980f4ad1a2d9cdf030e08413 P 72a184632cac478f8fa62689b042f46d [CANDIDATE]: Term 1 pre-election: Election decided. Result: candidate lost. Election summary: received 3 responses out of 3 voters: 1 yes votes; 2 no votes. yes voters: 72a184632cac478f8fa62689b042f46d; no voters: 0f4b59a0125d4238a7887edacd918cbe, 8d7c05eeba7241dca173358a3a2b2868
I20260709 13:00:56.906178 11533 raft_consensus.cc:2749] T b47d45d8980f4ad1a2d9cdf030e08413 P 72a184632cac478f8fa62689b042f46d [term 0 FOLLOWER]: Leader pre-election lost for term 1. Reason: could not achieve majority
I20260709 13:00:56.906667 11458 tablet_bootstrap.cc:492] T 8fcdb6d849ed4632a95761e0bfdb56ff P 72a184632cac478f8fa62689b042f46d: No bootstrap required, opened a new log
I20260709 13:00:56.907132 11458 ts_tablet_manager.cc:1403] T 8fcdb6d849ed4632a95761e0bfdb56ff P 72a184632cac478f8fa62689b042f46d: Time spent bootstrapping tablet: real 0.040s	user 0.009s	sys 0.000s
I20260709 13:00:56.909036 11269 tablet_service.cc:1917] Received RequestConsensusVote() RPC: tablet_id: "965e144777c343df8c1c0c5ce58402ad" candidate_uuid: "0f4b59a0125d4238a7887edacd918cbe" candidate_term: 1 candidate_status { last_received { term: 0 index: 0 } } ignore_live_leader: false dest_uuid: "72a184632cac478f8fa62689b042f46d"
I20260709 13:00:56.909224 11343 tablet_service.cc:1917] Received RequestConsensusVote() RPC: tablet_id: "965e144777c343df8c1c0c5ce58402ad" candidate_uuid: "0f4b59a0125d4238a7887edacd918cbe" candidate_term: 1 candidate_status { last_received { term: 0 index: 0 } } ignore_live_leader: false dest_uuid: "8d7c05eeba7241dca173358a3a2b2868"
I20260709 13:00:56.909654 11269 raft_consensus.cc:3060] T 965e144777c343df8c1c0c5ce58402ad P 72a184632cac478f8fa62689b042f46d [term 0 FOLLOWER]: Advancing to term 1
I20260709 13:00:56.909767 11343 raft_consensus.cc:3060] T 965e144777c343df8c1c0c5ce58402ad P 8d7c05eeba7241dca173358a3a2b2868 [term 0 FOLLOWER]: Advancing to term 1
I20260709 13:00:56.909819 11458 raft_consensus.cc:359] T 8fcdb6d849ed4632a95761e0bfdb56ff P 72a184632cac478f8fa62689b042f46d [term 0 FOLLOWER]: Replica starting. Triggering 0 pending ops. Active config: opid_index: -1 OBSOLETE_local: false peers { permanent_uuid: "72a184632cac478f8fa62689b042f46d" member_type: VOTER last_known_addr { host: "127.9.236.65" port: 36739 } } peers { permanent_uuid: "8d7c05eeba7241dca173358a3a2b2868" member_type: VOTER last_known_addr { host: "127.9.236.66" port: 40919 } } peers { permanent_uuid: "0f4b59a0125d4238a7887edacd918cbe" member_type: VOTER last_known_addr { host: "127.9.236.67" port: 44389 } }
I20260709 13:00:56.910586 11458 raft_consensus.cc:385] T 8fcdb6d849ed4632a95761e0bfdb56ff P 72a184632cac478f8fa62689b042f46d [term 0 FOLLOWER]: Consensus starting up: Expiring failure detector timer to make a prompt election more likely
I20260709 13:00:56.910856 11458 raft_consensus.cc:740] T 8fcdb6d849ed4632a95761e0bfdb56ff P 72a184632cac478f8fa62689b042f46d [term 0 FOLLOWER]: Becoming Follower/Learner. State: Replica: 72a184632cac478f8fa62689b042f46d, State: Initialized, Role: FOLLOWER
I20260709 13:00:56.911482 11458 consensus_queue.cc:260] T 8fcdb6d849ed4632a95761e0bfdb56ff P 72a184632cac478f8fa62689b042f46d [NON_LEADER]: Queue going to NON_LEADER mode. State: All replicated index: 0, Majority replicated index: 0, Committed index: 0, Last appended: 0.0, Last appended by leader: 0, Current term: 0, Majority size: -1, State: 0, Mode: NON_LEADER, active raft config: opid_index: -1 OBSOLETE_local: false peers { permanent_uuid: "72a184632cac478f8fa62689b042f46d" member_type: VOTER last_known_addr { host: "127.9.236.65" port: 36739 } } peers { permanent_uuid: "8d7c05eeba7241dca173358a3a2b2868" member_type: VOTER last_known_addr { host: "127.9.236.66" port: 40919 } } peers { permanent_uuid: "0f4b59a0125d4238a7887edacd918cbe" member_type: VOTER last_known_addr { host: "127.9.236.67" port: 44389 } }
I20260709 13:00:56.913491 11458 ts_tablet_manager.cc:1434] T 8fcdb6d849ed4632a95761e0bfdb56ff P 72a184632cac478f8fa62689b042f46d: Time spent starting tablet: real 0.006s	user 0.007s	sys 0.000s
I20260709 13:00:56.915817 11269 raft_consensus.cc:2468] T 965e144777c343df8c1c0c5ce58402ad P 72a184632cac478f8fa62689b042f46d [term 1 FOLLOWER]: Leader election vote request: Granting yes vote for candidate 0f4b59a0125d4238a7887edacd918cbe in term 1.
I20260709 13:00:56.916253 11514 leader_election.cc:290] T 965e144777c343df8c1c0c5ce58402ad P 0f4b59a0125d4238a7887edacd918cbe [CANDIDATE]: Term 1 election: Requested vote from peers 72a184632cac478f8fa62689b042f46d (127.9.236.65:36739), 8d7c05eeba7241dca173358a3a2b2868 (127.9.236.66:40919)
I20260709 13:00:56.917491 11343 raft_consensus.cc:2468] T 965e144777c343df8c1c0c5ce58402ad P 8d7c05eeba7241dca173358a3a2b2868 [term 1 FOLLOWER]: Leader election vote request: Granting yes vote for candidate 0f4b59a0125d4238a7887edacd918cbe in term 1.
I20260709 13:00:56.918675 11384 leader_election.cc:304] T 965e144777c343df8c1c0c5ce58402ad P 0f4b59a0125d4238a7887edacd918cbe [CANDIDATE]: Term 1 election: Election decided. Result: candidate won. Election summary: received 2 responses out of 3 voters: 2 yes votes; 0 no votes. yes voters: 0f4b59a0125d4238a7887edacd918cbe, 8d7c05eeba7241dca173358a3a2b2868; no voters: 
I20260709 13:00:56.919519 11514 raft_consensus.cc:2804] T 965e144777c343df8c1c0c5ce58402ad P 0f4b59a0125d4238a7887edacd918cbe [term 1 FOLLOWER]: Leader election won for term 1
I20260709 13:00:56.920115 11514 raft_consensus.cc:697] T 965e144777c343df8c1c0c5ce58402ad P 0f4b59a0125d4238a7887edacd918cbe [term 1 LEADER]: Becoming Leader. State: Replica: 0f4b59a0125d4238a7887edacd918cbe, State: Running, Role: LEADER
I20260709 13:00:56.915966 11458 tablet_bootstrap.cc:492] T 7ca91fdf86e44266a4f38adb52bca817 P 72a184632cac478f8fa62689b042f46d: Bootstrap starting.
I20260709 13:00:56.921578 11461 tablet_bootstrap.cc:654] T f3b5e8b4bf3842dc9abacf97914ecfb1 P 8d7c05eeba7241dca173358a3a2b2868: Neither blocks nor log segments found. Creating new log.
I20260709 13:00:56.924515 11459 consensus_queue.cc:260] T 8fcdb6d849ed4632a95761e0bfdb56ff P 0f4b59a0125d4238a7887edacd918cbe [NON_LEADER]: Queue going to NON_LEADER mode. State: All replicated index: 0, Majority replicated index: 0, Committed index: 0, Last appended: 0.0, Last appended by leader: 0, Current term: 0, Majority size: -1, State: 0, Mode: NON_LEADER, active raft config: opid_index: -1 OBSOLETE_local: false peers { permanent_uuid: "72a184632cac478f8fa62689b042f46d" member_type: VOTER last_known_addr { host: "127.9.236.65" port: 36739 } } peers { permanent_uuid: "8d7c05eeba7241dca173358a3a2b2868" member_type: VOTER last_known_addr { host: "127.9.236.66" port: 40919 } } peers { permanent_uuid: "0f4b59a0125d4238a7887edacd918cbe" member_type: VOTER last_known_addr { host: "127.9.236.67" port: 44389 } }
I20260709 13:00:56.923559 11514 consensus_queue.cc:237] T 965e144777c343df8c1c0c5ce58402ad P 0f4b59a0125d4238a7887edacd918cbe [LEADER]: Queue going to LEADER mode. State: All replicated index: 0, Majority replicated index: 0, Committed index: 0, Last appended: 0.0, Last appended by leader: 0, Current term: 1, Majority size: 2, State: 0, Mode: LEADER, active raft config: opid_index: -1 OBSOLETE_local: false peers { permanent_uuid: "72a184632cac478f8fa62689b042f46d" member_type: VOTER last_known_addr { host: "127.9.236.65" port: 36739 } } peers { permanent_uuid: "8d7c05eeba7241dca173358a3a2b2868" member_type: VOTER last_known_addr { host: "127.9.236.66" port: 40919 } } peers { permanent_uuid: "0f4b59a0125d4238a7887edacd918cbe" member_type: VOTER last_known_addr { host: "127.9.236.67" port: 44389 } }
I20260709 13:00:56.928512 11459 ts_tablet_manager.cc:1434] T 8fcdb6d849ed4632a95761e0bfdb56ff P 0f4b59a0125d4238a7887edacd918cbe: Time spent starting tablet: real 0.072s	user 0.007s	sys 0.000s
I20260709 13:00:56.929502 11459 tablet_bootstrap.cc:492] T b47d45d8980f4ad1a2d9cdf030e08413 P 0f4b59a0125d4238a7887edacd918cbe: Bootstrap starting.
I20260709 13:00:56.932518 11533 raft_consensus.cc:493] T 8fcdb6d849ed4632a95761e0bfdb56ff P 72a184632cac478f8fa62689b042f46d [term 0 FOLLOWER]: Starting pre-election (no leader contacted us within the election timeout)
I20260709 13:00:56.933007 11533 raft_consensus.cc:515] T 8fcdb6d849ed4632a95761e0bfdb56ff P 72a184632cac478f8fa62689b042f46d [term 0 FOLLOWER]: Starting pre-election with config: opid_index: -1 OBSOLETE_local: false peers { permanent_uuid: "72a184632cac478f8fa62689b042f46d" member_type: VOTER last_known_addr { host: "127.9.236.65" port: 36739 } } peers { permanent_uuid: "8d7c05eeba7241dca173358a3a2b2868" member_type: VOTER last_known_addr { host: "127.9.236.66" port: 40919 } } peers { permanent_uuid: "0f4b59a0125d4238a7887edacd918cbe" member_type: VOTER last_known_addr { host: "127.9.236.67" port: 44389 } }
I20260709 13:00:56.934948 11533 leader_election.cc:290] T 8fcdb6d849ed4632a95761e0bfdb56ff P 72a184632cac478f8fa62689b042f46d [CANDIDATE]: Term 1 pre-election: Requested pre-vote from peers 8d7c05eeba7241dca173358a3a2b2868 (127.9.236.66:40919), 0f4b59a0125d4238a7887edacd918cbe (127.9.236.67:44389)
I20260709 13:00:56.935796 11343 tablet_service.cc:1917] Received RequestConsensusVote() RPC: tablet_id: "8fcdb6d849ed4632a95761e0bfdb56ff" candidate_uuid: "72a184632cac478f8fa62689b042f46d" candidate_term: 1 candidate_status { last_received { term: 0 index: 0 } } ignore_live_leader: false dest_uuid: "8d7c05eeba7241dca173358a3a2b2868" is_pre_election: true
I20260709 13:00:56.935979 11416 tablet_service.cc:1917] Received RequestConsensusVote() RPC: tablet_id: "8fcdb6d849ed4632a95761e0bfdb56ff" candidate_uuid: "72a184632cac478f8fa62689b042f46d" candidate_term: 1 candidate_status { last_received { term: 0 index: 0 } } ignore_live_leader: false dest_uuid: "0f4b59a0125d4238a7887edacd918cbe" is_pre_election: true
I20260709 13:00:56.936364 11343 raft_consensus.cc:2468] T 8fcdb6d849ed4632a95761e0bfdb56ff P 8d7c05eeba7241dca173358a3a2b2868 [term 0 FOLLOWER]: Leader pre-election vote request: Granting yes vote for candidate 72a184632cac478f8fa62689b042f46d in term 0.
I20260709 13:00:56.936774 11416 raft_consensus.cc:2468] T 8fcdb6d849ed4632a95761e0bfdb56ff P 0f4b59a0125d4238a7887edacd918cbe [term 0 FOLLOWER]: Leader pre-election vote request: Granting yes vote for candidate 72a184632cac478f8fa62689b042f46d in term 0.
I20260709 13:00:56.937573 11458 tablet_bootstrap.cc:654] T 7ca91fdf86e44266a4f38adb52bca817 P 72a184632cac478f8fa62689b042f46d: Neither blocks nor log segments found. Creating new log.
I20260709 13:00:56.937373 11235 leader_election.cc:304] T 8fcdb6d849ed4632a95761e0bfdb56ff P 72a184632cac478f8fa62689b042f46d [CANDIDATE]: Term 1 pre-election: Election decided. Result: candidate won. Election summary: received 2 responses out of 3 voters: 2 yes votes; 0 no votes. yes voters: 72a184632cac478f8fa62689b042f46d, 8d7c05eeba7241dca173358a3a2b2868; no voters: 
I20260709 13:00:56.938205 11533 raft_consensus.cc:2804] T 8fcdb6d849ed4632a95761e0bfdb56ff P 72a184632cac478f8fa62689b042f46d [term 0 FOLLOWER]: Leader pre-election won for term 1
I20260709 13:00:56.938552 11533 raft_consensus.cc:493] T 8fcdb6d849ed4632a95761e0bfdb56ff P 72a184632cac478f8fa62689b042f46d [term 0 FOLLOWER]: Starting leader election (no leader contacted us within the election timeout)
I20260709 13:00:56.938865 11533 raft_consensus.cc:3060] T 8fcdb6d849ed4632a95761e0bfdb56ff P 72a184632cac478f8fa62689b042f46d [term 0 FOLLOWER]: Advancing to term 1
I20260709 13:00:56.949151 11533 raft_consensus.cc:515] T 8fcdb6d849ed4632a95761e0bfdb56ff P 72a184632cac478f8fa62689b042f46d [term 1 FOLLOWER]: Starting leader election with config: opid_index: -1 OBSOLETE_local: false peers { permanent_uuid: "72a184632cac478f8fa62689b042f46d" member_type: VOTER last_known_addr { host: "127.9.236.65" port: 36739 } } peers { permanent_uuid: "8d7c05eeba7241dca173358a3a2b2868" member_type: VOTER last_known_addr { host: "127.9.236.66" port: 40919 } } peers { permanent_uuid: "0f4b59a0125d4238a7887edacd918cbe" member_type: VOTER last_known_addr { host: "127.9.236.67" port: 44389 } }
I20260709 13:00:56.952376 11533 leader_election.cc:290] T 8fcdb6d849ed4632a95761e0bfdb56ff P 72a184632cac478f8fa62689b042f46d [CANDIDATE]: Term 1 election: Requested vote from peers 8d7c05eeba7241dca173358a3a2b2868 (127.9.236.66:40919), 0f4b59a0125d4238a7887edacd918cbe (127.9.236.67:44389)
I20260709 13:00:56.953338 11416 tablet_service.cc:1917] Received RequestConsensusVote() RPC: tablet_id: "8fcdb6d849ed4632a95761e0bfdb56ff" candidate_uuid: "72a184632cac478f8fa62689b042f46d" candidate_term: 1 candidate_status { last_received { term: 0 index: 0 } } ignore_live_leader: false dest_uuid: "0f4b59a0125d4238a7887edacd918cbe"
I20260709 13:00:56.954061 11459 tablet_bootstrap.cc:654] T b47d45d8980f4ad1a2d9cdf030e08413 P 0f4b59a0125d4238a7887edacd918cbe: Neither blocks nor log segments found. Creating new log.
I20260709 13:00:56.954384 11343 tablet_service.cc:1917] Received RequestConsensusVote() RPC: tablet_id: "8fcdb6d849ed4632a95761e0bfdb56ff" candidate_uuid: "72a184632cac478f8fa62689b042f46d" candidate_term: 1 candidate_status { last_received { term: 0 index: 0 } } ignore_live_leader: false dest_uuid: "8d7c05eeba7241dca173358a3a2b2868"
I20260709 13:00:56.954934 11343 raft_consensus.cc:3060] T 8fcdb6d849ed4632a95761e0bfdb56ff P 8d7c05eeba7241dca173358a3a2b2868 [term 0 FOLLOWER]: Advancing to term 1
I20260709 13:00:56.953959 11416 raft_consensus.cc:3060] T 8fcdb6d849ed4632a95761e0bfdb56ff P 0f4b59a0125d4238a7887edacd918cbe [term 0 FOLLOWER]: Advancing to term 1
I20260709 13:00:56.955907 11163 catalog_manager.cc:5697] T cbdffb1b35d3421b99eeba80295b2862 P 8d7c05eeba7241dca173358a3a2b2868 reported cstate change: term changed from 0 to 1, leader changed from <none> to 8d7c05eeba7241dca173358a3a2b2868 (127.9.236.66). New cstate: current_term: 1 leader_uuid: "8d7c05eeba7241dca173358a3a2b2868" committed_config { opid_index: -1 OBSOLETE_local: false peers { permanent_uuid: "72a184632cac478f8fa62689b042f46d" member_type: VOTER last_known_addr { host: "127.9.236.65" port: 36739 } health_report { overall_health: UNKNOWN } } peers { permanent_uuid: "8d7c05eeba7241dca173358a3a2b2868" member_type: VOTER last_known_addr { host: "127.9.236.66" port: 40919 } health_report { overall_health: HEALTHY } } peers { permanent_uuid: "0f4b59a0125d4238a7887edacd918cbe" member_type: VOTER last_known_addr { host: "127.9.236.67" port: 44389 } health_report { overall_health: UNKNOWN } } }
I20260709 13:00:56.958878 11461 tablet_bootstrap.cc:492] T f3b5e8b4bf3842dc9abacf97914ecfb1 P 8d7c05eeba7241dca173358a3a2b2868: No bootstrap required, opened a new log
I20260709 13:00:56.959379 11461 ts_tablet_manager.cc:1403] T f3b5e8b4bf3842dc9abacf97914ecfb1 P 8d7c05eeba7241dca173358a3a2b2868: Time spent bootstrapping tablet: real 0.064s	user 0.013s	sys 0.000s
I20260709 13:00:56.968108 11461 raft_consensus.cc:359] T f3b5e8b4bf3842dc9abacf97914ecfb1 P 8d7c05eeba7241dca173358a3a2b2868 [term 0 FOLLOWER]: Replica starting. Triggering 0 pending ops. Active config: opid_index: -1 OBSOLETE_local: false peers { permanent_uuid: "72a184632cac478f8fa62689b042f46d" member_type: VOTER last_known_addr { host: "127.9.236.65" port: 36739 } } peers { permanent_uuid: "8d7c05eeba7241dca173358a3a2b2868" member_type: VOTER last_known_addr { host: "127.9.236.66" port: 40919 } } peers { permanent_uuid: "0f4b59a0125d4238a7887edacd918cbe" member_type: VOTER last_known_addr { host: "127.9.236.67" port: 44389 } }
I20260709 13:00:56.968751 11461 raft_consensus.cc:385] T f3b5e8b4bf3842dc9abacf97914ecfb1 P 8d7c05eeba7241dca173358a3a2b2868 [term 0 FOLLOWER]: Consensus starting up: Expiring failure detector timer to make a prompt election more likely
I20260709 13:00:56.969033 11461 raft_consensus.cc:740] T f3b5e8b4bf3842dc9abacf97914ecfb1 P 8d7c05eeba7241dca173358a3a2b2868 [term 0 FOLLOWER]: Becoming Follower/Learner. State: Replica: 8d7c05eeba7241dca173358a3a2b2868, State: Initialized, Role: FOLLOWER
I20260709 13:00:56.969696 11461 consensus_queue.cc:260] T f3b5e8b4bf3842dc9abacf97914ecfb1 P 8d7c05eeba7241dca173358a3a2b2868 [NON_LEADER]: Queue going to NON_LEADER mode. State: All replicated index: 0, Majority replicated index: 0, Committed index: 0, Last appended: 0.0, Last appended by leader: 0, Current term: 0, Majority size: -1, State: 0, Mode: NON_LEADER, active raft config: opid_index: -1 OBSOLETE_local: false peers { permanent_uuid: "72a184632cac478f8fa62689b042f46d" member_type: VOTER last_known_addr { host: "127.9.236.65" port: 36739 } } peers { permanent_uuid: "8d7c05eeba7241dca173358a3a2b2868" member_type: VOTER last_known_addr { host: "127.9.236.66" port: 40919 } } peers { permanent_uuid: "0f4b59a0125d4238a7887edacd918cbe" member_type: VOTER last_known_addr { host: "127.9.236.67" port: 44389 } }
I20260709 13:00:56.973172 11461 ts_tablet_manager.cc:1434] T f3b5e8b4bf3842dc9abacf97914ecfb1 P 8d7c05eeba7241dca173358a3a2b2868: Time spent starting tablet: real 0.014s	user 0.008s	sys 0.000s
I20260709 13:00:56.973460 11458 tablet_bootstrap.cc:492] T 7ca91fdf86e44266a4f38adb52bca817 P 72a184632cac478f8fa62689b042f46d: No bootstrap required, opened a new log
I20260709 13:00:56.973650 11459 tablet_bootstrap.cc:492] T b47d45d8980f4ad1a2d9cdf030e08413 P 0f4b59a0125d4238a7887edacd918cbe: No bootstrap required, opened a new log
I20260709 13:00:56.973945 11458 ts_tablet_manager.cc:1403] T 7ca91fdf86e44266a4f38adb52bca817 P 72a184632cac478f8fa62689b042f46d: Time spent bootstrapping tablet: real 0.058s	user 0.012s	sys 0.004s
I20260709 13:00:56.974097 11459 ts_tablet_manager.cc:1403] T b47d45d8980f4ad1a2d9cdf030e08413 P 0f4b59a0125d4238a7887edacd918cbe: Time spent bootstrapping tablet: real 0.045s	user 0.007s	sys 0.010s
I20260709 13:00:56.974449 11461 tablet_bootstrap.cc:492] T b47d45d8980f4ad1a2d9cdf030e08413 P 8d7c05eeba7241dca173358a3a2b2868: Bootstrap starting.
I20260709 13:00:56.977480 11416 raft_consensus.cc:2468] T 8fcdb6d849ed4632a95761e0bfdb56ff P 0f4b59a0125d4238a7887edacd918cbe [term 1 FOLLOWER]: Leader election vote request: Granting yes vote for candidate 72a184632cac478f8fa62689b042f46d in term 1.
I20260709 13:00:56.977795 11343 raft_consensus.cc:2468] T 8fcdb6d849ed4632a95761e0bfdb56ff P 8d7c05eeba7241dca173358a3a2b2868 [term 1 FOLLOWER]: Leader election vote request: Granting yes vote for candidate 72a184632cac478f8fa62689b042f46d in term 1.
I20260709 13:00:56.978673 11458 raft_consensus.cc:359] T 7ca91fdf86e44266a4f38adb52bca817 P 72a184632cac478f8fa62689b042f46d [term 0 FOLLOWER]: Replica starting. Triggering 0 pending ops. Active config: opid_index: -1 OBSOLETE_local: false peers { permanent_uuid: "72a184632cac478f8fa62689b042f46d" member_type: VOTER last_known_addr { host: "127.9.236.65" port: 36739 } } peers { permanent_uuid: "8d7c05eeba7241dca173358a3a2b2868" member_type: VOTER last_known_addr { host: "127.9.236.66" port: 40919 } } peers { permanent_uuid: "0f4b59a0125d4238a7887edacd918cbe" member_type: VOTER last_known_addr { host: "127.9.236.67" port: 44389 } }
I20260709 13:00:56.979310 11458 raft_consensus.cc:385] T 7ca91fdf86e44266a4f38adb52bca817 P 72a184632cac478f8fa62689b042f46d [term 0 FOLLOWER]: Consensus starting up: Expiring failure detector timer to make a prompt election more likely
I20260709 13:00:56.979583 11458 raft_consensus.cc:740] T 7ca91fdf86e44266a4f38adb52bca817 P 72a184632cac478f8fa62689b042f46d [term 0 FOLLOWER]: Becoming Follower/Learner. State: Replica: 72a184632cac478f8fa62689b042f46d, State: Initialized, Role: FOLLOWER
I20260709 13:00:56.979597 11234 leader_election.cc:304] T 8fcdb6d849ed4632a95761e0bfdb56ff P 72a184632cac478f8fa62689b042f46d [CANDIDATE]: Term 1 election: Election decided. Result: candidate won. Election summary: received 2 responses out of 3 voters: 2 yes votes; 0 no votes. yes voters: 0f4b59a0125d4238a7887edacd918cbe, 72a184632cac478f8fa62689b042f46d; no voters: 
I20260709 13:00:56.980736 11533 raft_consensus.cc:2804] T 8fcdb6d849ed4632a95761e0bfdb56ff P 72a184632cac478f8fa62689b042f46d [term 1 FOLLOWER]: Leader election won for term 1
I20260709 13:00:56.981163 11533 raft_consensus.cc:697] T 8fcdb6d849ed4632a95761e0bfdb56ff P 72a184632cac478f8fa62689b042f46d [term 1 LEADER]: Becoming Leader. State: Replica: 72a184632cac478f8fa62689b042f46d, State: Running, Role: LEADER
I20260709 13:00:56.981488 11458 consensus_queue.cc:260] T 7ca91fdf86e44266a4f38adb52bca817 P 72a184632cac478f8fa62689b042f46d [NON_LEADER]: Queue going to NON_LEADER mode. State: All replicated index: 0, Majority replicated index: 0, Committed index: 0, Last appended: 0.0, Last appended by leader: 0, Current term: 0, Majority size: -1, State: 0, Mode: NON_LEADER, active raft config: opid_index: -1 OBSOLETE_local: false peers { permanent_uuid: "72a184632cac478f8fa62689b042f46d" member_type: VOTER last_known_addr { host: "127.9.236.65" port: 36739 } } peers { permanent_uuid: "8d7c05eeba7241dca173358a3a2b2868" member_type: VOTER last_known_addr { host: "127.9.236.66" port: 40919 } } peers { permanent_uuid: "0f4b59a0125d4238a7887edacd918cbe" member_type: VOTER last_known_addr { host: "127.9.236.67" port: 44389 } }
I20260709 13:00:56.981863 11533 consensus_queue.cc:237] T 8fcdb6d849ed4632a95761e0bfdb56ff P 72a184632cac478f8fa62689b042f46d [LEADER]: Queue going to LEADER mode. State: All replicated index: 0, Majority replicated index: 0, Committed index: 0, Last appended: 0.0, Last appended by leader: 0, Current term: 1, Majority size: 2, State: 0, Mode: LEADER, active raft config: opid_index: -1 OBSOLETE_local: false peers { permanent_uuid: "72a184632cac478f8fa62689b042f46d" member_type: VOTER last_known_addr { host: "127.9.236.65" port: 36739 } } peers { permanent_uuid: "8d7c05eeba7241dca173358a3a2b2868" member_type: VOTER last_known_addr { host: "127.9.236.66" port: 40919 } } peers { permanent_uuid: "0f4b59a0125d4238a7887edacd918cbe" member_type: VOTER last_known_addr { host: "127.9.236.67" port: 44389 } }
I20260709 13:00:56.984171 11458 ts_tablet_manager.cc:1434] T 7ca91fdf86e44266a4f38adb52bca817 P 72a184632cac478f8fa62689b042f46d: Time spent starting tablet: real 0.010s	user 0.008s	sys 0.000s
I20260709 13:00:56.985189 11514 raft_consensus.cc:493] T 1603c64278ab42378391d7f0ad014913 P 0f4b59a0125d4238a7887edacd918cbe [term 0 FOLLOWER]: Starting pre-election (no leader contacted us within the election timeout)
I20260709 13:00:56.985663 11514 raft_consensus.cc:515] T 1603c64278ab42378391d7f0ad014913 P 0f4b59a0125d4238a7887edacd918cbe [term 0 FOLLOWER]: Starting pre-election with config: opid_index: -1 OBSOLETE_local: false peers { permanent_uuid: "72a184632cac478f8fa62689b042f46d" member_type: VOTER last_known_addr { host: "127.9.236.65" port: 36739 } } peers { permanent_uuid: "8d7c05eeba7241dca173358a3a2b2868" member_type: VOTER last_known_addr { host: "127.9.236.66" port: 40919 } } peers { permanent_uuid: "0f4b59a0125d4238a7887edacd918cbe" member_type: VOTER last_known_addr { host: "127.9.236.67" port: 44389 } }
I20260709 13:00:56.987612 11514 leader_election.cc:290] T 1603c64278ab42378391d7f0ad014913 P 0f4b59a0125d4238a7887edacd918cbe [CANDIDATE]: Term 1 pre-election: Requested pre-vote from peers 72a184632cac478f8fa62689b042f46d (127.9.236.65:36739), 8d7c05eeba7241dca173358a3a2b2868 (127.9.236.66:40919)
I20260709 13:00:56.988431 11269 tablet_service.cc:1917] Received RequestConsensusVote() RPC: tablet_id: "1603c64278ab42378391d7f0ad014913" candidate_uuid: "0f4b59a0125d4238a7887edacd918cbe" candidate_term: 1 candidate_status { last_received { term: 0 index: 0 } } ignore_live_leader: false dest_uuid: "72a184632cac478f8fa62689b042f46d" is_pre_election: true
I20260709 13:00:56.989312 11269 raft_consensus.cc:2468] T 1603c64278ab42378391d7f0ad014913 P 72a184632cac478f8fa62689b042f46d [term 0 FOLLOWER]: Leader pre-election vote request: Granting yes vote for candidate 0f4b59a0125d4238a7887edacd918cbe in term 0.
I20260709 13:00:56.990118 11459 raft_consensus.cc:359] T b47d45d8980f4ad1a2d9cdf030e08413 P 0f4b59a0125d4238a7887edacd918cbe [term 0 FOLLOWER]: Replica starting. Triggering 0 pending ops. Active config: opid_index: -1 OBSOLETE_local: false peers { permanent_uuid: "72a184632cac478f8fa62689b042f46d" member_type: VOTER last_known_addr { host: "127.9.236.65" port: 36739 } } peers { permanent_uuid: "8d7c05eeba7241dca173358a3a2b2868" member_type: VOTER last_known_addr { host: "127.9.236.66" port: 40919 } } peers { permanent_uuid: "0f4b59a0125d4238a7887edacd918cbe" member_type: VOTER last_known_addr { host: "127.9.236.67" port: 44389 } }
I20260709 13:00:56.990780 11459 raft_consensus.cc:385] T b47d45d8980f4ad1a2d9cdf030e08413 P 0f4b59a0125d4238a7887edacd918cbe [term 0 FOLLOWER]: Consensus starting up: Expiring failure detector timer to make a prompt election more likely
I20260709 13:00:56.991051 11459 raft_consensus.cc:740] T b47d45d8980f4ad1a2d9cdf030e08413 P 0f4b59a0125d4238a7887edacd918cbe [term 0 FOLLOWER]: Becoming Follower/Learner. State: Replica: 0f4b59a0125d4238a7887edacd918cbe, State: Initialized, Role: FOLLOWER
I20260709 13:00:56.991729 11459 consensus_queue.cc:260] T b47d45d8980f4ad1a2d9cdf030e08413 P 0f4b59a0125d4238a7887edacd918cbe [NON_LEADER]: Queue going to NON_LEADER mode. State: All replicated index: 0, Majority replicated index: 0, Committed index: 0, Last appended: 0.0, Last appended by leader: 0, Current term: 0, Majority size: -1, State: 0, Mode: NON_LEADER, active raft config: opid_index: -1 OBSOLETE_local: false peers { permanent_uuid: "72a184632cac478f8fa62689b042f46d" member_type: VOTER last_known_addr { host: "127.9.236.65" port: 36739 } } peers { permanent_uuid: "8d7c05eeba7241dca173358a3a2b2868" member_type: VOTER last_known_addr { host: "127.9.236.66" port: 40919 } } peers { permanent_uuid: "0f4b59a0125d4238a7887edacd918cbe" member_type: VOTER last_known_addr { host: "127.9.236.67" port: 44389 } }
I20260709 13:00:56.991750 11341 tablet_service.cc:1917] Received RequestConsensusVote() RPC: tablet_id: "1603c64278ab42378391d7f0ad014913" candidate_uuid: "0f4b59a0125d4238a7887edacd918cbe" candidate_term: 1 candidate_status { last_received { term: 0 index: 0 } } ignore_live_leader: false dest_uuid: "8d7c05eeba7241dca173358a3a2b2868" is_pre_election: true
I20260709 13:00:56.997817 11341 raft_consensus.cc:2468] T 1603c64278ab42378391d7f0ad014913 P 8d7c05eeba7241dca173358a3a2b2868 [term 0 FOLLOWER]: Leader pre-election vote request: Granting yes vote for candidate 0f4b59a0125d4238a7887edacd918cbe in term 0.
I20260709 13:00:56.999742 11458 tablet_bootstrap.cc:492] T e5e2652a8fb34019a4330d3d0c48e896 P 72a184632cac478f8fa62689b042f46d: Bootstrap starting.
I20260709 13:00:57.000787 11383 leader_election.cc:304] T 1603c64278ab42378391d7f0ad014913 P 0f4b59a0125d4238a7887edacd918cbe [CANDIDATE]: Term 1 pre-election: Election decided. Result: candidate won. Election summary: received 2 responses out of 3 voters: 2 yes votes; 0 no votes. yes voters: 0f4b59a0125d4238a7887edacd918cbe, 72a184632cac478f8fa62689b042f46d; no voters: 
I20260709 13:00:57.004601 11514 raft_consensus.cc:2804] T 1603c64278ab42378391d7f0ad014913 P 0f4b59a0125d4238a7887edacd918cbe [term 0 FOLLOWER]: Leader pre-election won for term 1
I20260709 13:00:57.005131 11514 raft_consensus.cc:493] T 1603c64278ab42378391d7f0ad014913 P 0f4b59a0125d4238a7887edacd918cbe [term 0 FOLLOWER]: Starting leader election (no leader contacted us within the election timeout)
I20260709 13:00:57.005426 11459 ts_tablet_manager.cc:1434] T b47d45d8980f4ad1a2d9cdf030e08413 P 0f4b59a0125d4238a7887edacd918cbe: Time spent starting tablet: real 0.031s	user 0.006s	sys 0.000s
I20260709 13:00:57.005604 11514 raft_consensus.cc:3060] T 1603c64278ab42378391d7f0ad014913 P 0f4b59a0125d4238a7887edacd918cbe [term 0 FOLLOWER]: Advancing to term 1
I20260709 13:00:57.006440 11459 tablet_bootstrap.cc:492] T f3b5e8b4bf3842dc9abacf97914ecfb1 P 0f4b59a0125d4238a7887edacd918cbe: Bootstrap starting.
I20260709 13:00:57.006251 11458 tablet_bootstrap.cc:654] T e5e2652a8fb34019a4330d3d0c48e896 P 72a184632cac478f8fa62689b042f46d: Neither blocks nor log segments found. Creating new log.
I20260709 13:00:57.014030 11163 catalog_manager.cc:5697] T 965e144777c343df8c1c0c5ce58402ad P 0f4b59a0125d4238a7887edacd918cbe reported cstate change: term changed from 0 to 1, leader changed from <none> to 0f4b59a0125d4238a7887edacd918cbe (127.9.236.67). New cstate: current_term: 1 leader_uuid: "0f4b59a0125d4238a7887edacd918cbe" committed_config { opid_index: -1 OBSOLETE_local: false peers { permanent_uuid: "72a184632cac478f8fa62689b042f46d" member_type: VOTER last_known_addr { host: "127.9.236.65" port: 36739 } health_report { overall_health: UNKNOWN } } peers { permanent_uuid: "8d7c05eeba7241dca173358a3a2b2868" member_type: VOTER last_known_addr { host: "127.9.236.66" port: 40919 } health_report { overall_health: UNKNOWN } } peers { permanent_uuid: "0f4b59a0125d4238a7887edacd918cbe" member_type: VOTER last_known_addr { host: "127.9.236.67" port: 44389 } health_report { overall_health: HEALTHY } } }
I20260709 13:00:57.014645 11514 raft_consensus.cc:515] T 1603c64278ab42378391d7f0ad014913 P 0f4b59a0125d4238a7887edacd918cbe [term 1 FOLLOWER]: Starting leader election with config: opid_index: -1 OBSOLETE_local: false peers { permanent_uuid: "72a184632cac478f8fa62689b042f46d" member_type: VOTER last_known_addr { host: "127.9.236.65" port: 36739 } } peers { permanent_uuid: "8d7c05eeba7241dca173358a3a2b2868" member_type: VOTER last_known_addr { host: "127.9.236.66" port: 40919 } } peers { permanent_uuid: "0f4b59a0125d4238a7887edacd918cbe" member_type: VOTER last_known_addr { host: "127.9.236.67" port: 44389 } }
I20260709 13:00:57.017529 11269 tablet_service.cc:1917] Received RequestConsensusVote() RPC: tablet_id: "1603c64278ab42378391d7f0ad014913" candidate_uuid: "0f4b59a0125d4238a7887edacd918cbe" candidate_term: 1 candidate_status { last_received { term: 0 index: 0 } } ignore_live_leader: false dest_uuid: "72a184632cac478f8fa62689b042f46d"
I20260709 13:00:57.018167 11269 raft_consensus.cc:3060] T 1603c64278ab42378391d7f0ad014913 P 72a184632cac478f8fa62689b042f46d [term 0 FOLLOWER]: Advancing to term 1
I20260709 13:00:57.018929 11341 tablet_service.cc:1917] Received RequestConsensusVote() RPC: tablet_id: "1603c64278ab42378391d7f0ad014913" candidate_uuid: "0f4b59a0125d4238a7887edacd918cbe" candidate_term: 1 candidate_status { last_received { term: 0 index: 0 } } ignore_live_leader: false dest_uuid: "8d7c05eeba7241dca173358a3a2b2868"
I20260709 13:00:57.019557 11341 raft_consensus.cc:3060] T 1603c64278ab42378391d7f0ad014913 P 8d7c05eeba7241dca173358a3a2b2868 [term 0 FOLLOWER]: Advancing to term 1
I20260709 13:00:57.023085 11658 raft_consensus.cc:493] T b47d45d8980f4ad1a2d9cdf030e08413 P 0f4b59a0125d4238a7887edacd918cbe [term 0 FOLLOWER]: Starting pre-election (no leader contacted us within the election timeout)
I20260709 13:00:57.023586 11658 raft_consensus.cc:515] T b47d45d8980f4ad1a2d9cdf030e08413 P 0f4b59a0125d4238a7887edacd918cbe [term 0 FOLLOWER]: Starting pre-election with config: opid_index: -1 OBSOLETE_local: false peers { permanent_uuid: "72a184632cac478f8fa62689b042f46d" member_type: VOTER last_known_addr { host: "127.9.236.65" port: 36739 } } peers { permanent_uuid: "8d7c05eeba7241dca173358a3a2b2868" member_type: VOTER last_known_addr { host: "127.9.236.66" port: 40919 } } peers { permanent_uuid: "0f4b59a0125d4238a7887edacd918cbe" member_type: VOTER last_known_addr { host: "127.9.236.67" port: 44389 } }
I20260709 13:00:57.025660 11658 leader_election.cc:290] T b47d45d8980f4ad1a2d9cdf030e08413 P 0f4b59a0125d4238a7887edacd918cbe [CANDIDATE]: Term 1 pre-election: Requested pre-vote from peers 72a184632cac478f8fa62689b042f46d (127.9.236.65:36739), 8d7c05eeba7241dca173358a3a2b2868 (127.9.236.66:40919)
I20260709 13:00:57.023083 11461 tablet_bootstrap.cc:654] T b47d45d8980f4ad1a2d9cdf030e08413 P 8d7c05eeba7241dca173358a3a2b2868: Neither blocks nor log segments found. Creating new log.
I20260709 13:00:57.026386 11265 tablet_service.cc:1917] Received RequestConsensusVote() RPC: tablet_id: "b47d45d8980f4ad1a2d9cdf030e08413" candidate_uuid: "0f4b59a0125d4238a7887edacd918cbe" candidate_term: 1 candidate_status { last_received { term: 0 index: 0 } } ignore_live_leader: false dest_uuid: "72a184632cac478f8fa62689b042f46d" is_pre_election: true
I20260709 13:00:57.027158 11265 raft_consensus.cc:2468] T b47d45d8980f4ad1a2d9cdf030e08413 P 72a184632cac478f8fa62689b042f46d [term 0 FOLLOWER]: Leader pre-election vote request: Granting yes vote for candidate 0f4b59a0125d4238a7887edacd918cbe in term 0.
I20260709 13:00:57.029134 11343 tablet_service.cc:1917] Received RequestConsensusVote() RPC: tablet_id: "b47d45d8980f4ad1a2d9cdf030e08413" candidate_uuid: "0f4b59a0125d4238a7887edacd918cbe" candidate_term: 1 candidate_status { last_received { term: 0 index: 0 } } ignore_live_leader: false dest_uuid: "8d7c05eeba7241dca173358a3a2b2868" is_pre_election: true
I20260709 13:00:57.030282 11269 raft_consensus.cc:2468] T 1603c64278ab42378391d7f0ad014913 P 72a184632cac478f8fa62689b042f46d [term 1 FOLLOWER]: Leader election vote request: Granting yes vote for candidate 0f4b59a0125d4238a7887edacd918cbe in term 1.
W20260709 13:00:57.030843 11384 leader_election.cc:343] T b47d45d8980f4ad1a2d9cdf030e08413 P 0f4b59a0125d4238a7887edacd918cbe [CANDIDATE]: Term 1 pre-election: Tablet error from VoteRequest() call to peer 8d7c05eeba7241dca173358a3a2b2868 (127.9.236.66:40919): Illegal state: must be running to vote when last-logged opid is not known
I20260709 13:00:57.031929 11383 leader_election.cc:304] T b47d45d8980f4ad1a2d9cdf030e08413 P 0f4b59a0125d4238a7887edacd918cbe [CANDIDATE]: Term 1 pre-election: Election decided. Result: candidate won. Election summary: received 3 responses out of 3 voters: 2 yes votes; 1 no votes. yes voters: 0f4b59a0125d4238a7887edacd918cbe, 72a184632cac478f8fa62689b042f46d; no voters: 8d7c05eeba7241dca173358a3a2b2868
I20260709 13:00:57.032315 11167 catalog_manager.cc:5697] T 8fcdb6d849ed4632a95761e0bfdb56ff P 72a184632cac478f8fa62689b042f46d reported cstate change: term changed from 0 to 1, leader changed from <none> to 72a184632cac478f8fa62689b042f46d (127.9.236.65). New cstate: current_term: 1 leader_uuid: "72a184632cac478f8fa62689b042f46d" committed_config { opid_index: -1 OBSOLETE_local: false peers { permanent_uuid: "72a184632cac478f8fa62689b042f46d" member_type: VOTER last_known_addr { host: "127.9.236.65" port: 36739 } health_report { overall_health: HEALTHY } } peers { permanent_uuid: "8d7c05eeba7241dca173358a3a2b2868" member_type: VOTER last_known_addr { host: "127.9.236.66" port: 40919 } health_report { overall_health: UNKNOWN } } peers { permanent_uuid: "0f4b59a0125d4238a7887edacd918cbe" member_type: VOTER last_known_addr { host: "127.9.236.67" port: 44389 } health_report { overall_health: UNKNOWN } } }
I20260709 13:00:57.033047 11458 tablet_bootstrap.cc:492] T e5e2652a8fb34019a4330d3d0c48e896 P 72a184632cac478f8fa62689b042f46d: No bootstrap required, opened a new log
I20260709 13:00:57.033272 11658 raft_consensus.cc:2804] T b47d45d8980f4ad1a2d9cdf030e08413 P 0f4b59a0125d4238a7887edacd918cbe [term 0 FOLLOWER]: Leader pre-election won for term 1
I20260709 13:00:57.033676 11458 ts_tablet_manager.cc:1403] T e5e2652a8fb34019a4330d3d0c48e896 P 72a184632cac478f8fa62689b042f46d: Time spent bootstrapping tablet: real 0.034s	user 0.005s	sys 0.012s
I20260709 13:00:57.033675 11658 raft_consensus.cc:493] T b47d45d8980f4ad1a2d9cdf030e08413 P 0f4b59a0125d4238a7887edacd918cbe [term 0 FOLLOWER]: Starting leader election (no leader contacted us within the election timeout)
I20260709 13:00:57.034226 11658 raft_consensus.cc:3060] T b47d45d8980f4ad1a2d9cdf030e08413 P 0f4b59a0125d4238a7887edacd918cbe [term 0 FOLLOWER]: Advancing to term 1
I20260709 13:00:57.033067 11383 leader_election.cc:304] T 1603c64278ab42378391d7f0ad014913 P 0f4b59a0125d4238a7887edacd918cbe [CANDIDATE]: Term 1 election: Election decided. Result: candidate won. Election summary: received 2 responses out of 3 voters: 2 yes votes; 0 no votes. yes voters: 0f4b59a0125d4238a7887edacd918cbe, 72a184632cac478f8fa62689b042f46d; no voters: 
I20260709 13:00:57.036950 11458 raft_consensus.cc:359] T e5e2652a8fb34019a4330d3d0c48e896 P 72a184632cac478f8fa62689b042f46d [term 0 FOLLOWER]: Replica starting. Triggering 0 pending ops. Active config: opid_index: -1 OBSOLETE_local: false peers { permanent_uuid: "72a184632cac478f8fa62689b042f46d" member_type: VOTER last_known_addr { host: "127.9.236.65" port: 36739 } } peers { permanent_uuid: "8d7c05eeba7241dca173358a3a2b2868" member_type: VOTER last_known_addr { host: "127.9.236.66" port: 40919 } } peers { permanent_uuid: "0f4b59a0125d4238a7887edacd918cbe" member_type: VOTER last_known_addr { host: "127.9.236.67" port: 44389 } }
I20260709 13:00:57.037418 11557 raft_consensus.cc:2804] T 1603c64278ab42378391d7f0ad014913 P 0f4b59a0125d4238a7887edacd918cbe [term 1 FOLLOWER]: Leader election won for term 1
I20260709 13:00:57.037690 11458 raft_consensus.cc:385] T e5e2652a8fb34019a4330d3d0c48e896 P 72a184632cac478f8fa62689b042f46d [term 0 FOLLOWER]: Consensus starting up: Expiring failure detector timer to make a prompt election more likely
I20260709 13:00:57.037930 11557 raft_consensus.cc:697] T 1603c64278ab42378391d7f0ad014913 P 0f4b59a0125d4238a7887edacd918cbe [term 1 LEADER]: Becoming Leader. State: Replica: 0f4b59a0125d4238a7887edacd918cbe, State: Running, Role: LEADER
I20260709 13:00:57.038100 11458 raft_consensus.cc:740] T e5e2652a8fb34019a4330d3d0c48e896 P 72a184632cac478f8fa62689b042f46d [term 0 FOLLOWER]: Becoming Follower/Learner. State: Replica: 72a184632cac478f8fa62689b042f46d, State: Initialized, Role: FOLLOWER
I20260709 13:00:57.037441 11459 tablet_bootstrap.cc:654] T f3b5e8b4bf3842dc9abacf97914ecfb1 P 0f4b59a0125d4238a7887edacd918cbe: Neither blocks nor log segments found. Creating new log.
I20260709 13:00:57.038816 11557 consensus_queue.cc:237] T 1603c64278ab42378391d7f0ad014913 P 0f4b59a0125d4238a7887edacd918cbe [LEADER]: Queue going to LEADER mode. State: All replicated index: 0, Majority replicated index: 0, Committed index: 0, Last appended: 0.0, Last appended by leader: 0, Current term: 1, Majority size: 2, State: 0, Mode: LEADER, active raft config: opid_index: -1 OBSOLETE_local: false peers { permanent_uuid: "72a184632cac478f8fa62689b042f46d" member_type: VOTER last_known_addr { host: "127.9.236.65" port: 36739 } } peers { permanent_uuid: "8d7c05eeba7241dca173358a3a2b2868" member_type: VOTER last_known_addr { host: "127.9.236.66" port: 40919 } } peers { permanent_uuid: "0f4b59a0125d4238a7887edacd918cbe" member_type: VOTER last_known_addr { host: "127.9.236.67" port: 44389 } }
I20260709 13:00:57.038925 11458 consensus_queue.cc:260] T e5e2652a8fb34019a4330d3d0c48e896 P 72a184632cac478f8fa62689b042f46d [NON_LEADER]: Queue going to NON_LEADER mode. State: All replicated index: 0, Majority replicated index: 0, Committed index: 0, Last appended: 0.0, Last appended by leader: 0, Current term: 0, Majority size: -1, State: 0, Mode: NON_LEADER, active raft config: opid_index: -1 OBSOLETE_local: false peers { permanent_uuid: "72a184632cac478f8fa62689b042f46d" member_type: VOTER last_known_addr { host: "127.9.236.65" port: 36739 } } peers { permanent_uuid: "8d7c05eeba7241dca173358a3a2b2868" member_type: VOTER last_known_addr { host: "127.9.236.66" port: 40919 } } peers { permanent_uuid: "0f4b59a0125d4238a7887edacd918cbe" member_type: VOTER last_known_addr { host: "127.9.236.67" port: 44389 } }
I20260709 13:00:57.041676 11514 leader_election.cc:290] T 1603c64278ab42378391d7f0ad014913 P 0f4b59a0125d4238a7887edacd918cbe [CANDIDATE]: Term 1 election: Requested vote from peers 72a184632cac478f8fa62689b042f46d (127.9.236.65:36739), 8d7c05eeba7241dca173358a3a2b2868 (127.9.236.66:40919)
I20260709 13:00:57.042004 11458 ts_tablet_manager.cc:1434] T e5e2652a8fb34019a4330d3d0c48e896 P 72a184632cac478f8fa62689b042f46d: Time spent starting tablet: real 0.008s	user 0.006s	sys 0.000s
I20260709 13:00:57.043149 11458 tablet_bootstrap.cc:492] T ba358819ee4c4212b8f020319f299d59 P 72a184632cac478f8fa62689b042f46d: Bootstrap starting.
I20260709 13:00:57.050302 11341 raft_consensus.cc:2468] T 1603c64278ab42378391d7f0ad014913 P 8d7c05eeba7241dca173358a3a2b2868 [term 1 FOLLOWER]: Leader election vote request: Granting yes vote for candidate 0f4b59a0125d4238a7887edacd918cbe in term 1.
I20260709 13:00:57.050872 11675 raft_consensus.cc:493] T f3b5e8b4bf3842dc9abacf97914ecfb1 P 8d7c05eeba7241dca173358a3a2b2868 [term 0 FOLLOWER]: Starting pre-election (no leader contacted us within the election timeout)
I20260709 13:00:57.051347 11675 raft_consensus.cc:515] T f3b5e8b4bf3842dc9abacf97914ecfb1 P 8d7c05eeba7241dca173358a3a2b2868 [term 0 FOLLOWER]: Starting pre-election with config: opid_index: -1 OBSOLETE_local: false peers { permanent_uuid: "72a184632cac478f8fa62689b042f46d" member_type: VOTER last_known_addr { host: "127.9.236.65" port: 36739 } } peers { permanent_uuid: "8d7c05eeba7241dca173358a3a2b2868" member_type: VOTER last_known_addr { host: "127.9.236.66" port: 40919 } } peers { permanent_uuid: "0f4b59a0125d4238a7887edacd918cbe" member_type: VOTER last_known_addr { host: "127.9.236.67" port: 44389 } }
I20260709 13:00:57.053395 11675 leader_election.cc:290] T f3b5e8b4bf3842dc9abacf97914ecfb1 P 8d7c05eeba7241dca173358a3a2b2868 [CANDIDATE]: Term 1 pre-election: Requested pre-vote from peers 72a184632cac478f8fa62689b042f46d (127.9.236.65:36739), 0f4b59a0125d4238a7887edacd918cbe (127.9.236.67:44389)
I20260709 13:00:57.058207 11269 tablet_service.cc:1917] Received RequestConsensusVote() RPC: tablet_id: "f3b5e8b4bf3842dc9abacf97914ecfb1" candidate_uuid: "8d7c05eeba7241dca173358a3a2b2868" candidate_term: 1 candidate_status { last_received { term: 0 index: 0 } } ignore_live_leader: false dest_uuid: "72a184632cac478f8fa62689b042f46d" is_pre_election: true
I20260709 13:00:57.059124 11269 raft_consensus.cc:2468] T f3b5e8b4bf3842dc9abacf97914ecfb1 P 72a184632cac478f8fa62689b042f46d [term 0 FOLLOWER]: Leader pre-election vote request: Granting yes vote for candidate 8d7c05eeba7241dca173358a3a2b2868 in term 0.
I20260709 13:00:57.060683 11309 leader_election.cc:304] T f3b5e8b4bf3842dc9abacf97914ecfb1 P 8d7c05eeba7241dca173358a3a2b2868 [CANDIDATE]: Term 1 pre-election: Election decided. Result: candidate won. Election summary: received 2 responses out of 3 voters: 2 yes votes; 0 no votes. yes voters: 72a184632cac478f8fa62689b042f46d, 8d7c05eeba7241dca173358a3a2b2868; no voters: 
I20260709 13:00:57.061007 11416 tablet_service.cc:1917] Received RequestConsensusVote() RPC: tablet_id: "f3b5e8b4bf3842dc9abacf97914ecfb1" candidate_uuid: "8d7c05eeba7241dca173358a3a2b2868" candidate_term: 1 candidate_status { last_received { term: 0 index: 0 } } ignore_live_leader: false dest_uuid: "0f4b59a0125d4238a7887edacd918cbe" is_pre_election: true
