I20260709 13:00:40.658473 10786 tablet_service.cc:1917] Received RequestConsensusVote() RPC: tablet_id: "48264b44b6fe4171a435d0a4057cbed0" candidate_uuid: "9fe946ac2b4943f8997165f11cae011b" candidate_term: 2 candidate_status { last_received { term: 1 index: 1 } } ignore_live_leader: true dest_uuid: "791a27365d0043b59c325cd90d1f95c5"
I20260709 13:00:40.658999 10786 raft_consensus.cc:3060] T 48264b44b6fe4171a435d0a4057cbed0 P 791a27365d0043b59c325cd90d1f95c5 [term 1 FOLLOWER]: Advancing to term 2
I20260709 13:00:40.659271 10860 raft_consensus.cc:3060] T c5468e33a1ce483494401550a11e62c0 P 9fe946ac2b4943f8997165f11cae011b [term 1 FOLLOWER]: Advancing to term 2
I20260709 13:00:40.660684 10982 raft_consensus.cc:3055] T 48264b44b6fe4171a435d0a4057cbed0 P c9878d52d4334a4a98effd0c0765f174 [term 1 LEADER]: Stepping down as leader of term 1
I20260709 13:00:40.661043 10982 raft_consensus.cc:740] T 48264b44b6fe4171a435d0a4057cbed0 P c9878d52d4334a4a98effd0c0765f174 [term 1 LEADER]: Becoming Follower/Learner. State: Replica: c9878d52d4334a4a98effd0c0765f174, State: Running, Role: LEADER
I20260709 13:00:40.662120 10861 leader_election.cc:290] T 48264b44b6fe4171a435d0a4057cbed0 P 9fe946ac2b4943f8997165f11cae011b [CANDIDATE]: Term 2 election: Requested vote from peers 791a27365d0043b59c325cd90d1f95c5 (127.9.236.65:46009), c9878d52d4334a4a98effd0c0765f174 (127.9.236.67:40415)
I20260709 13:00:40.661882 10982 consensus_queue.cc:260] T 48264b44b6fe4171a435d0a4057cbed0 P c9878d52d4334a4a98effd0c0765f174 [NON_LEADER]: Queue going to NON_LEADER mode. State: All replicated index: 0, Majority replicated index: 1, Committed index: 1, Last appended: 1.1, Last appended by leader: 1, Current term: 1, Majority size: -1, State: 0, Mode: NON_LEADER, active raft config: opid_index: -1 OBSOLETE_local: false peers { permanent_uuid: "791a27365d0043b59c325cd90d1f95c5" member_type: VOTER last_known_addr { host: "127.9.236.65" port: 46009 } } peers { permanent_uuid: "9fe946ac2b4943f8997165f11cae011b" member_type: VOTER last_known_addr { host: "127.9.236.66" port: 36247 } } peers { permanent_uuid: "c9878d52d4334a4a98effd0c0765f174" member_type: VOTER last_known_addr { host: "127.9.236.67" port: 40415 } }
I20260709 13:00:40.662976 10982 raft_consensus.cc:3060] T 48264b44b6fe4171a435d0a4057cbed0 P c9878d52d4334a4a98effd0c0765f174 [term 1 FOLLOWER]: Advancing to term 2
I20260709 13:00:40.665462 10932 tablet_service.cc:1917] Received RequestConsensusVote() RPC: tablet_id: "48264b44b6fe4171a435d0a4057cbed0" candidate_uuid: "9fe946ac2b4943f8997165f11cae011b" candidate_term: 2 candidate_status { last_received { term: 1 index: 1 } } ignore_live_leader: true dest_uuid: "c9878d52d4334a4a98effd0c0765f174"
I20260709 13:00:40.664041 10933 raft_consensus.cc:2468] T c5468e33a1ce483494401550a11e62c0 P c9878d52d4334a4a98effd0c0765f174 [term 2 FOLLOWER]: Leader election vote request: Granting yes vote for candidate 791a27365d0043b59c325cd90d1f95c5 in term 2.
I20260709 13:00:40.669523 10751 leader_election.cc:304] T c5468e33a1ce483494401550a11e62c0 P 791a27365d0043b59c325cd90d1f95c5 [CANDIDATE]: Term 2 election: Election decided. Result: candidate won. Election summary: received 2 responses out of 3 voters: 2 yes votes; 0 no votes. yes voters: 791a27365d0043b59c325cd90d1f95c5, c9878d52d4334a4a98effd0c0765f174; no voters: 
I20260709 13:00:40.669989 10860 raft_consensus.cc:2468] T c5468e33a1ce483494401550a11e62c0 P 9fe946ac2b4943f8997165f11cae011b [term 2 FOLLOWER]: Leader election vote request: Granting yes vote for candidate 791a27365d0043b59c325cd90d1f95c5 in term 2.
I20260709 13:00:40.669989 10786 raft_consensus.cc:2468] T 48264b44b6fe4171a435d0a4057cbed0 P 791a27365d0043b59c325cd90d1f95c5 [term 2 FOLLOWER]: Leader election vote request: Granting yes vote for candidate 9fe946ac2b4943f8997165f11cae011b in term 2.
I20260709 13:00:40.670419 11010 raft_consensus.cc:2804] T c5468e33a1ce483494401550a11e62c0 P 791a27365d0043b59c325cd90d1f95c5 [term 2 FOLLOWER]: Leader election won for term 2
I20260709 13:00:40.670977 11010 raft_consensus.cc:697] T c5468e33a1ce483494401550a11e62c0 P 791a27365d0043b59c325cd90d1f95c5 [term 2 LEADER]: Becoming Leader. State: Replica: 791a27365d0043b59c325cd90d1f95c5, State: Running, Role: LEADER
I20260709 13:00:40.671775 11010 consensus_queue.cc:237] T c5468e33a1ce483494401550a11e62c0 P 791a27365d0043b59c325cd90d1f95c5 [LEADER]: Queue going to LEADER mode. State: All replicated index: 0, Majority replicated index: 1, Committed index: 1, Last appended: 1.1, Last appended by leader: 1, Current term: 2, Majority size: 2, State: 0, Mode: LEADER, active raft config: opid_index: -1 OBSOLETE_local: false peers { permanent_uuid: "9fe946ac2b4943f8997165f11cae011b" member_type: VOTER last_known_addr { host: "127.9.236.66" port: 36247 } } peers { permanent_uuid: "c9878d52d4334a4a98effd0c0765f174" member_type: VOTER last_known_addr { host: "127.9.236.67" port: 40415 } } peers { permanent_uuid: "791a27365d0043b59c325cd90d1f95c5" member_type: VOTER last_known_addr { host: "127.9.236.65" port: 46009 } }
I20260709 13:00:40.672217 10826 leader_election.cc:304] T 48264b44b6fe4171a435d0a4057cbed0 P 9fe946ac2b4943f8997165f11cae011b [CANDIDATE]: Term 2 election: Election decided. Result: candidate won. Election summary: received 2 responses out of 3 voters: 2 yes votes; 0 no votes. yes voters: 791a27365d0043b59c325cd90d1f95c5, 9fe946ac2b4943f8997165f11cae011b; no voters: 
I20260709 13:00:40.673143 10979 raft_consensus.cc:2804] T 48264b44b6fe4171a435d0a4057cbed0 P 9fe946ac2b4943f8997165f11cae011b [term 2 FOLLOWER]: Leader election won for term 2
I20260709 13:00:40.673604 10979 raft_consensus.cc:697] T 48264b44b6fe4171a435d0a4057cbed0 P 9fe946ac2b4943f8997165f11cae011b [term 2 LEADER]: Becoming Leader. State: Replica: 9fe946ac2b4943f8997165f11cae011b, State: Running, Role: LEADER
I20260709 13:00:40.673417 10683 catalog_manager.cc:5697] T d6d3edf859dc451ca13fda3eb8ecc464 P c9878d52d4334a4a98effd0c0765f174 reported cstate change: term changed from 1 to 2, leader changed from 791a27365d0043b59c325cd90d1f95c5 (127.9.236.65) to c9878d52d4334a4a98effd0c0765f174 (127.9.236.67). New cstate: current_term: 2 leader_uuid: "c9878d52d4334a4a98effd0c0765f174" committed_config { opid_index: -1 OBSOLETE_local: false peers { permanent_uuid: "791a27365d0043b59c325cd90d1f95c5" member_type: VOTER last_known_addr { host: "127.9.236.65" port: 46009 } health_report { overall_health: UNKNOWN } } peers { permanent_uuid: "9fe946ac2b4943f8997165f11cae011b" member_type: VOTER last_known_addr { host: "127.9.236.66" port: 36247 } health_report { overall_health: UNKNOWN } } peers { permanent_uuid: "c9878d52d4334a4a98effd0c0765f174" member_type: VOTER last_known_addr { host: "127.9.236.67" port: 40415 } health_report { overall_health: HEALTHY } } }
I20260709 13:00:40.674376 10979 consensus_queue.cc:237] T 48264b44b6fe4171a435d0a4057cbed0 P 9fe946ac2b4943f8997165f11cae011b [LEADER]: Queue going to LEADER mode. State: All replicated index: 0, Majority replicated index: 0, Committed index: 0, Last appended: 1.1, Last appended by leader: 1, Current term: 2, Majority size: 2, State: 0, Mode: LEADER, active raft config: opid_index: -1 OBSOLETE_local: false peers { permanent_uuid: "791a27365d0043b59c325cd90d1f95c5" member_type: VOTER last_known_addr { host: "127.9.236.65" port: 46009 } } peers { permanent_uuid: "9fe946ac2b4943f8997165f11cae011b" member_type: VOTER last_known_addr { host: "127.9.236.66" port: 36247 } } peers { permanent_uuid: "c9878d52d4334a4a98effd0c0765f174" member_type: VOTER last_known_addr { host: "127.9.236.67" port: 40415 } }
I20260709 13:00:40.683943 10681 catalog_manager.cc:5697] T 48264b44b6fe4171a435d0a4057cbed0 P 9fe946ac2b4943f8997165f11cae011b reported cstate change: term changed from 1 to 2, leader changed from c9878d52d4334a4a98effd0c0765f174 (127.9.236.67) to 9fe946ac2b4943f8997165f11cae011b (127.9.236.66). New cstate: current_term: 2 leader_uuid: "9fe946ac2b4943f8997165f11cae011b" committed_config { opid_index: -1 OBSOLETE_local: false peers { permanent_uuid: "791a27365d0043b59c325cd90d1f95c5" member_type: VOTER last_known_addr { host: "127.9.236.65" port: 46009 } health_report { overall_health: UNKNOWN } } peers { permanent_uuid: "9fe946ac2b4943f8997165f11cae011b" member_type: VOTER last_known_addr { host: "127.9.236.66" port: 36247 } health_report { overall_health: HEALTHY } } peers { permanent_uuid: "c9878d52d4334a4a98effd0c0765f174" member_type: VOTER last_known_addr { host: "127.9.236.67" port: 40415 } health_report { overall_health: UNKNOWN } } }
I20260709 13:00:40.686681 10992 raft_consensus.cc:993] T a76a7c39a3a74e78b74dee4687522303 P 9fe946ac2b4943f8997165f11cae011b: : Instructing follower 791a27365d0043b59c325cd90d1f95c5 to start an election
I20260709 13:00:40.687120 10992 raft_consensus.cc:1081] T a76a7c39a3a74e78b74dee4687522303 P 9fe946ac2b4943f8997165f11cae011b [term 1 LEADER]: Signalling peer 791a27365d0043b59c325cd90d1f95c5 to start an election
I20260709 13:00:40.688200 10932 raft_consensus.cc:2468] T 48264b44b6fe4171a435d0a4057cbed0 P c9878d52d4334a4a98effd0c0765f174 [term 2 FOLLOWER]: Leader election vote request: Granting yes vote for candidate 9fe946ac2b4943f8997165f11cae011b in term 2.
I20260709 13:00:40.688951 10783 tablet_service.cc:2044] Received Run Leader Election RPC: tablet_id: "a76a7c39a3a74e78b74dee4687522303"
dest_uuid: "791a27365d0043b59c325cd90d1f95c5"
 from {username='slave'} at 127.0.0.1:47900
I20260709 13:00:40.689534 10783 raft_consensus.cc:493] T a76a7c39a3a74e78b74dee4687522303 P 791a27365d0043b59c325cd90d1f95c5 [term 1 FOLLOWER]: Starting forced leader election (received explicit request)
I20260709 13:00:40.689908 10783 raft_consensus.cc:3060] T a76a7c39a3a74e78b74dee4687522303 P 791a27365d0043b59c325cd90d1f95c5 [term 1 FOLLOWER]: Advancing to term 2
I20260709 13:00:40.690285 10682 catalog_manager.cc:5697] T c5468e33a1ce483494401550a11e62c0 P 791a27365d0043b59c325cd90d1f95c5 reported cstate change: term changed from 1 to 2, leader changed from 9fe946ac2b4943f8997165f11cae011b (127.9.236.66) to 791a27365d0043b59c325cd90d1f95c5 (127.9.236.65). New cstate: current_term: 2 leader_uuid: "791a27365d0043b59c325cd90d1f95c5" committed_config { opid_index: -1 OBSOLETE_local: false peers { permanent_uuid: "9fe946ac2b4943f8997165f11cae011b" member_type: VOTER last_known_addr { host: "127.9.236.66" port: 36247 } health_report { overall_health: UNKNOWN } } peers { permanent_uuid: "c9878d52d4334a4a98effd0c0765f174" member_type: VOTER last_known_addr { host: "127.9.236.67" port: 40415 } health_report { overall_health: UNKNOWN } } peers { permanent_uuid: "791a27365d0043b59c325cd90d1f95c5" member_type: VOTER last_known_addr { host: "127.9.236.65" port: 46009 } health_report { overall_health: HEALTHY } } }
I20260709 13:00:40.696846 10783 raft_consensus.cc:515] T a76a7c39a3a74e78b74dee4687522303 P 791a27365d0043b59c325cd90d1f95c5 [term 2 FOLLOWER]: Starting forced leader election with config: opid_index: -1 OBSOLETE_local: false peers { permanent_uuid: "791a27365d0043b59c325cd90d1f95c5" member_type: VOTER last_known_addr { host: "127.9.236.65" port: 46009 } } peers { permanent_uuid: "9fe946ac2b4943f8997165f11cae011b" member_type: VOTER last_known_addr { host: "127.9.236.66" port: 36247 } } peers { permanent_uuid: "c9878d52d4334a4a98effd0c0765f174" member_type: VOTER last_known_addr { host: "127.9.236.67" port: 40415 } }
I20260709 13:00:40.699723 10860 tablet_service.cc:1917] Received RequestConsensusVote() RPC: tablet_id: "a76a7c39a3a74e78b74dee4687522303" candidate_uuid: "791a27365d0043b59c325cd90d1f95c5" candidate_term: 2 candidate_status { last_received { term: 1 index: 1 } } ignore_live_leader: true dest_uuid: "9fe946ac2b4943f8997165f11cae011b"
I20260709 13:00:40.700309 10860 raft_consensus.cc:3055] T a76a7c39a3a74e78b74dee4687522303 P 9fe946ac2b4943f8997165f11cae011b [term 1 LEADER]: Stepping down as leader of term 1
I20260709 13:00:40.700659 10860 raft_consensus.cc:740] T a76a7c39a3a74e78b74dee4687522303 P 9fe946ac2b4943f8997165f11cae011b [term 1 LEADER]: Becoming Follower/Learner. State: Replica: 9fe946ac2b4943f8997165f11cae011b, State: Running, Role: LEADER
I20260709 13:00:40.701589 10860 consensus_queue.cc:260] T a76a7c39a3a74e78b74dee4687522303 P 9fe946ac2b4943f8997165f11cae011b [NON_LEADER]: Queue going to NON_LEADER mode. State: All replicated index: 0, Majority replicated index: 1, Committed index: 1, Last appended: 1.1, Last appended by leader: 1, Current term: 1, Majority size: -1, State: 0, Mode: NON_LEADER, active raft config: opid_index: -1 OBSOLETE_local: false peers { permanent_uuid: "791a27365d0043b59c325cd90d1f95c5" member_type: VOTER last_known_addr { host: "127.9.236.65" port: 46009 } } peers { permanent_uuid: "9fe946ac2b4943f8997165f11cae011b" member_type: VOTER last_known_addr { host: "127.9.236.66" port: 36247 } } peers { permanent_uuid: "c9878d52d4334a4a98effd0c0765f174" member_type: VOTER last_known_addr { host: "127.9.236.67" port: 40415 } }
I20260709 13:00:40.702687 10860 raft_consensus.cc:3060] T a76a7c39a3a74e78b74dee4687522303 P 9fe946ac2b4943f8997165f11cae011b [term 1 FOLLOWER]: Advancing to term 2
I20260709 13:00:40.702963 10783 leader_election.cc:290] T a76a7c39a3a74e78b74dee4687522303 P 791a27365d0043b59c325cd90d1f95c5 [CANDIDATE]: Term 2 election: Requested vote from peers 9fe946ac2b4943f8997165f11cae011b (127.9.236.66:36247), c9878d52d4334a4a98effd0c0765f174 (127.9.236.67:40415)
I20260709 13:00:40.704053 10932 tablet_service.cc:1917] Received RequestConsensusVote() RPC: tablet_id: "a76a7c39a3a74e78b74dee4687522303" candidate_uuid: "791a27365d0043b59c325cd90d1f95c5" candidate_term: 2 candidate_status { last_received { term: 1 index: 1 } } ignore_live_leader: true dest_uuid: "c9878d52d4334a4a98effd0c0765f174"
I20260709 13:00:40.704535 10932 raft_consensus.cc:3060] T a76a7c39a3a74e78b74dee4687522303 P c9878d52d4334a4a98effd0c0765f174 [term 1 FOLLOWER]: Advancing to term 2
I20260709 13:00:40.707603 10860 raft_consensus.cc:2468] T a76a7c39a3a74e78b74dee4687522303 P 9fe946ac2b4943f8997165f11cae011b [term 2 FOLLOWER]: Leader election vote request: Granting yes vote for candidate 791a27365d0043b59c325cd90d1f95c5 in term 2.
I20260709 13:00:40.708727 10750 leader_election.cc:304] T a76a7c39a3a74e78b74dee4687522303 P 791a27365d0043b59c325cd90d1f95c5 [CANDIDATE]: Term 2 election: Election decided. Result: candidate won. Election summary: received 2 responses out of 3 voters: 2 yes votes; 0 no votes. yes voters: 791a27365d0043b59c325cd90d1f95c5, 9fe946ac2b4943f8997165f11cae011b; no voters: 
I20260709 13:00:40.708947 10932 raft_consensus.cc:2468] T a76a7c39a3a74e78b74dee4687522303 P c9878d52d4334a4a98effd0c0765f174 [term 2 FOLLOWER]: Leader election vote request: Granting yes vote for candidate 791a27365d0043b59c325cd90d1f95c5 in term 2.
I20260709 13:00:40.709535 11032 raft_consensus.cc:2804] T a76a7c39a3a74e78b74dee4687522303 P 791a27365d0043b59c325cd90d1f95c5 [term 2 FOLLOWER]: Leader election won for term 2
I20260709 13:00:40.709983 11032 raft_consensus.cc:697] T a76a7c39a3a74e78b74dee4687522303 P 791a27365d0043b59c325cd90d1f95c5 [term 2 LEADER]: Becoming Leader. State: Replica: 791a27365d0043b59c325cd90d1f95c5, State: Running, Role: LEADER
I20260709 13:00:40.710700 11032 consensus_queue.cc:237] T a76a7c39a3a74e78b74dee4687522303 P 791a27365d0043b59c325cd90d1f95c5 [LEADER]: Queue going to LEADER mode. State: All replicated index: 0, Majority replicated index: 1, Committed index: 1, Last appended: 1.1, Last appended by leader: 1, Current term: 2, Majority size: 2, State: 0, Mode: LEADER, active raft config: opid_index: -1 OBSOLETE_local: false peers { permanent_uuid: "791a27365d0043b59c325cd90d1f95c5" member_type: VOTER last_known_addr { host: "127.9.236.65" port: 46009 } } peers { permanent_uuid: "9fe946ac2b4943f8997165f11cae011b" member_type: VOTER last_known_addr { host: "127.9.236.66" port: 36247 } } peers { permanent_uuid: "c9878d52d4334a4a98effd0c0765f174" member_type: VOTER last_known_addr { host: "127.9.236.67" port: 40415 } }
I20260709 13:00:40.716698 10683 catalog_manager.cc:5697] T a76a7c39a3a74e78b74dee4687522303 P 791a27365d0043b59c325cd90d1f95c5 reported cstate change: term changed from 1 to 2, leader changed from 9fe946ac2b4943f8997165f11cae011b (127.9.236.66) to 791a27365d0043b59c325cd90d1f95c5 (127.9.236.65). New cstate: current_term: 2 leader_uuid: "791a27365d0043b59c325cd90d1f95c5" committed_config { opid_index: -1 OBSOLETE_local: false peers { permanent_uuid: "791a27365d0043b59c325cd90d1f95c5" member_type: VOTER last_known_addr { host: "127.9.236.65" port: 46009 } health_report { overall_health: HEALTHY } } peers { permanent_uuid: "9fe946ac2b4943f8997165f11cae011b" member_type: VOTER last_known_addr { host: "127.9.236.66" port: 36247 } health_report { overall_health: UNKNOWN } } peers { permanent_uuid: "c9878d52d4334a4a98effd0c0765f174" member_type: VOTER last_known_addr { host: "127.9.236.67" port: 40415 } health_report { overall_health: UNKNOWN } } }
I20260709 13:00:40.777753 10988 raft_consensus.cc:993] T 443f022414c74816b345a1a508f0b2c8 P 9fe946ac2b4943f8997165f11cae011b: : Instructing follower 791a27365d0043b59c325cd90d1f95c5 to start an election
I20260709 13:00:40.778319 10979 raft_consensus.cc:1081] T 443f022414c74816b345a1a508f0b2c8 P 9fe946ac2b4943f8997165f11cae011b [term 1 LEADER]: Signalling peer 791a27365d0043b59c325cd90d1f95c5 to start an election
I20260709 13:00:40.779634 10783 tablet_service.cc:2044] Received Run Leader Election RPC: tablet_id: "443f022414c74816b345a1a508f0b2c8"
dest_uuid: "791a27365d0043b59c325cd90d1f95c5"
 from {username='slave'} at 127.0.0.1:47900
I20260709 13:00:40.780050 10783 raft_consensus.cc:493] T 443f022414c74816b345a1a508f0b2c8 P 791a27365d0043b59c325cd90d1f95c5 [term 1 FOLLOWER]: Starting forced leader election (received explicit request)
I20260709 13:00:40.780292 10783 raft_consensus.cc:3060] T 443f022414c74816b345a1a508f0b2c8 P 791a27365d0043b59c325cd90d1f95c5 [term 1 FOLLOWER]: Advancing to term 2
I20260709 13:00:40.784708 10783 raft_consensus.cc:515] T 443f022414c74816b345a1a508f0b2c8 P 791a27365d0043b59c325cd90d1f95c5 [term 2 FOLLOWER]: Starting forced leader election with config: opid_index: -1 OBSOLETE_local: false peers { permanent_uuid: "791a27365d0043b59c325cd90d1f95c5" member_type: VOTER last_known_addr { host: "127.9.236.65" port: 46009 } } peers { permanent_uuid: "9fe946ac2b4943f8997165f11cae011b" member_type: VOTER last_known_addr { host: "127.9.236.66" port: 36247 } } peers { permanent_uuid: "c9878d52d4334a4a98effd0c0765f174" member_type: VOTER last_known_addr { host: "127.9.236.67" port: 40415 } }
I20260709 13:00:40.786512 10783 leader_election.cc:290] T 443f022414c74816b345a1a508f0b2c8 P 791a27365d0043b59c325cd90d1f95c5 [CANDIDATE]: Term 2 election: Requested vote from peers 9fe946ac2b4943f8997165f11cae011b (127.9.236.66:36247), c9878d52d4334a4a98effd0c0765f174 (127.9.236.67:40415)
I20260709 13:00:40.787330 10860 tablet_service.cc:1917] Received RequestConsensusVote() RPC: tablet_id: "443f022414c74816b345a1a508f0b2c8" candidate_uuid: "791a27365d0043b59c325cd90d1f95c5" candidate_term: 2 candidate_status { last_received { term: 1 index: 1 } } ignore_live_leader: true dest_uuid: "9fe946ac2b4943f8997165f11cae011b"
I20260709 13:00:40.787598 10932 tablet_service.cc:1917] Received RequestConsensusVote() RPC: tablet_id: "443f022414c74816b345a1a508f0b2c8" candidate_uuid: "791a27365d0043b59c325cd90d1f95c5" candidate_term: 2 candidate_status { last_received { term: 1 index: 1 } } ignore_live_leader: true dest_uuid: "c9878d52d4334a4a98effd0c0765f174"
I20260709 13:00:40.787897 10860 raft_consensus.cc:3055] T 443f022414c74816b345a1a508f0b2c8 P 9fe946ac2b4943f8997165f11cae011b [term 1 LEADER]: Stepping down as leader of term 1
I20260709 13:00:40.788113 10932 raft_consensus.cc:3060] T 443f022414c74816b345a1a508f0b2c8 P c9878d52d4334a4a98effd0c0765f174 [term 1 FOLLOWER]: Advancing to term 2
I20260709 13:00:40.788267 10860 raft_consensus.cc:740] T 443f022414c74816b345a1a508f0b2c8 P 9fe946ac2b4943f8997165f11cae011b [term 1 LEADER]: Becoming Follower/Learner. State: Replica: 9fe946ac2b4943f8997165f11cae011b, State: Running, Role: LEADER
I20260709 13:00:40.789109 10860 consensus_queue.cc:260] T 443f022414c74816b345a1a508f0b2c8 P 9fe946ac2b4943f8997165f11cae011b [NON_LEADER]: Queue going to NON_LEADER mode. State: All replicated index: 0, Majority replicated index: 1, Committed index: 1, Last appended: 1.1, Last appended by leader: 1, Current term: 1, Majority size: -1, State: 0, Mode: NON_LEADER, active raft config: opid_index: -1 OBSOLETE_local: false peers { permanent_uuid: "791a27365d0043b59c325cd90d1f95c5" member_type: VOTER last_known_addr { host: "127.9.236.65" port: 46009 } } peers { permanent_uuid: "9fe946ac2b4943f8997165f11cae011b" member_type: VOTER last_known_addr { host: "127.9.236.66" port: 36247 } } peers { permanent_uuid: "c9878d52d4334a4a98effd0c0765f174" member_type: VOTER last_known_addr { host: "127.9.236.67" port: 40415 } }
I20260709 13:00:40.790004 10860 raft_consensus.cc:3060] T 443f022414c74816b345a1a508f0b2c8 P 9fe946ac2b4943f8997165f11cae011b [term 1 FOLLOWER]: Advancing to term 2
I20260709 13:00:40.792857 10932 raft_consensus.cc:2468] T 443f022414c74816b345a1a508f0b2c8 P c9878d52d4334a4a98effd0c0765f174 [term 2 FOLLOWER]: Leader election vote request: Granting yes vote for candidate 791a27365d0043b59c325cd90d1f95c5 in term 2.
I20260709 13:00:40.793883 10751 leader_election.cc:304] T 443f022414c74816b345a1a508f0b2c8 P 791a27365d0043b59c325cd90d1f95c5 [CANDIDATE]: Term 2 election: Election decided. Result: candidate won. Election summary: received 2 responses out of 3 voters: 2 yes votes; 0 no votes. yes voters: 791a27365d0043b59c325cd90d1f95c5, c9878d52d4334a4a98effd0c0765f174; no voters: 
I20260709 13:00:40.794556 11032 raft_consensus.cc:2804] T 443f022414c74816b345a1a508f0b2c8 P 791a27365d0043b59c325cd90d1f95c5 [term 2 FOLLOWER]: Leader election won for term 2
I20260709 13:00:40.794950 10860 raft_consensus.cc:2468] T 443f022414c74816b345a1a508f0b2c8 P 9fe946ac2b4943f8997165f11cae011b [term 2 FOLLOWER]: Leader election vote request: Granting yes vote for candidate 791a27365d0043b59c325cd90d1f95c5 in term 2.
I20260709 13:00:40.795070 11032 raft_consensus.cc:697] T 443f022414c74816b345a1a508f0b2c8 P 791a27365d0043b59c325cd90d1f95c5 [term 2 LEADER]: Becoming Leader. State: Replica: 791a27365d0043b59c325cd90d1f95c5, State: Running, Role: LEADER
I20260709 13:00:40.796000 11032 consensus_queue.cc:237] T 443f022414c74816b345a1a508f0b2c8 P 791a27365d0043b59c325cd90d1f95c5 [LEADER]: Queue going to LEADER mode. State: All replicated index: 0, Majority replicated index: 1, Committed index: 1, Last appended: 1.1, Last appended by leader: 1, Current term: 2, Majority size: 2, State: 0, Mode: LEADER, active raft config: opid_index: -1 OBSOLETE_local: false peers { permanent_uuid: "791a27365d0043b59c325cd90d1f95c5" member_type: VOTER last_known_addr { host: "127.9.236.65" port: 46009 } } peers { permanent_uuid: "9fe946ac2b4943f8997165f11cae011b" member_type: VOTER last_known_addr { host: "127.9.236.66" port: 36247 } } peers { permanent_uuid: "c9878d52d4334a4a98effd0c0765f174" member_type: VOTER last_known_addr { host: "127.9.236.67" port: 40415 } }
I20260709 13:00:40.802212 10683 catalog_manager.cc:5697] T 443f022414c74816b345a1a508f0b2c8 P 791a27365d0043b59c325cd90d1f95c5 reported cstate change: term changed from 1 to 2, leader changed from 9fe946ac2b4943f8997165f11cae011b (127.9.236.66) to 791a27365d0043b59c325cd90d1f95c5 (127.9.236.65). New cstate: current_term: 2 leader_uuid: "791a27365d0043b59c325cd90d1f95c5" committed_config { opid_index: -1 OBSOLETE_local: false peers { permanent_uuid: "791a27365d0043b59c325cd90d1f95c5" member_type: VOTER last_known_addr { host: "127.9.236.65" port: 46009 } health_report { overall_health: HEALTHY } } peers { permanent_uuid: "9fe946ac2b4943f8997165f11cae011b" member_type: VOTER last_known_addr { host: "127.9.236.66" port: 36247 } health_report { overall_health: UNKNOWN } } peers { permanent_uuid: "c9878d52d4334a4a98effd0c0765f174" member_type: VOTER last_known_addr { host: "127.9.236.67" port: 40415 } health_report { overall_health: UNKNOWN } } }
I20260709 13:00:40.872929 10932 raft_consensus.cc:1275] T 5e03523440db40b1979c2178211b8597 P c9878d52d4334a4a98effd0c0765f174 [term 2 FOLLOWER]: Refusing update from remote peer 791a27365d0043b59c325cd90d1f95c5: Log matching property violated. Preceding OpId in replica: term: 1 index: 1. Preceding OpId from leader: term: 2 index: 2. (index mismatch)
I20260709 13:00:40.874703 11026 consensus_queue.cc:1048] T 5e03523440db40b1979c2178211b8597 P 791a27365d0043b59c325cd90d1f95c5 [LEADER]: Connected to new peer: Peer: permanent_uuid: "c9878d52d4334a4a98effd0c0765f174" member_type: VOTER last_known_addr { host: "127.9.236.67" port: 40415 }, Status: LMP_MISMATCH, Last received: 0.0, Next index: 2, Last known committed idx: 1, Time since last communication: 0.000s
I20260709 13:00:40.882537 10860 raft_consensus.cc:1275] T 5e03523440db40b1979c2178211b8597 P 9fe946ac2b4943f8997165f11cae011b [term 2 FOLLOWER]: Refusing update from remote peer 791a27365d0043b59c325cd90d1f95c5: Log matching property violated. Preceding OpId in replica: term: 1 index: 1. Preceding OpId from leader: term: 2 index: 2. (index mismatch)
I20260709 13:00:40.884004 11010 consensus_queue.cc:1048] T 5e03523440db40b1979c2178211b8597 P 791a27365d0043b59c325cd90d1f95c5 [LEADER]: Connected to new peer: Peer: permanent_uuid: "9fe946ac2b4943f8997165f11cae011b" member_type: VOTER last_known_addr { host: "127.9.236.66" port: 36247 }, Status: LMP_MISMATCH, Last received: 0.0, Next index: 2, Last known committed idx: 1, Time since last communication: 0.000s
I20260709 13:00:40.977389 10932 raft_consensus.cc:1275] T 750230eff3f54efea99880462f523775 P c9878d52d4334a4a98effd0c0765f174 [term 2 FOLLOWER]: Refusing update from remote peer 9fe946ac2b4943f8997165f11cae011b: Log matching property violated. Preceding OpId in replica: term: 1 index: 1. Preceding OpId from leader: term: 2 index: 2. (index mismatch)
I20260709 13:00:40.978693 10979 consensus_queue.cc:1048] T 750230eff3f54efea99880462f523775 P 9fe946ac2b4943f8997165f11cae011b [LEADER]: Connected to new peer: Peer: permanent_uuid: "c9878d52d4334a4a98effd0c0765f174" member_type: VOTER last_known_addr { host: "127.9.236.67" port: 40415 }, Status: LMP_MISMATCH, Last received: 0.0, Next index: 2, Last known committed idx: 1, Time since last communication: 0.000s
I20260709 13:00:40.982528 10783 raft_consensus.cc:1275] T 750230eff3f54efea99880462f523775 P 791a27365d0043b59c325cd90d1f95c5 [term 2 FOLLOWER]: Refusing update from remote peer 9fe946ac2b4943f8997165f11cae011b: Log matching property violated. Preceding OpId in replica: term: 1 index: 1. Preceding OpId from leader: term: 2 index: 2. (index mismatch)
I20260709 13:00:40.984154 10988 consensus_queue.cc:1048] T 750230eff3f54efea99880462f523775 P 9fe946ac2b4943f8997165f11cae011b [LEADER]: Connected to new peer: Peer: permanent_uuid: "791a27365d0043b59c325cd90d1f95c5" member_type: VOTER last_known_addr { host: "127.9.236.65" port: 46009 }, Status: LMP_MISMATCH, Last received: 0.0, Next index: 2, Last known committed idx: 1, Time since last communication: 0.000s
I20260709 13:00:41.003568 10932 raft_consensus.cc:1275] T cf7b516ff8a74035b43a36fc3432ca35 P c9878d52d4334a4a98effd0c0765f174 [term 2 FOLLOWER]: Refusing update from remote peer 9fe946ac2b4943f8997165f11cae011b: Log matching property violated. Preceding OpId in replica: term: 1 index: 1. Preceding OpId from leader: term: 2 index: 2. (index mismatch)
I20260709 13:00:41.004915 11061 consensus_queue.cc:1048] T cf7b516ff8a74035b43a36fc3432ca35 P 9fe946ac2b4943f8997165f11cae011b [LEADER]: Connected to new peer: Peer: permanent_uuid: "c9878d52d4334a4a98effd0c0765f174" member_type: VOTER last_known_addr { host: "127.9.236.67" port: 40415 }, Status: LMP_MISMATCH, Last received: 0.0, Next index: 2, Last known committed idx: 1, Time since last communication: 0.000s
I20260709 13:00:41.012807 10783 raft_consensus.cc:1275] T cf7b516ff8a74035b43a36fc3432ca35 P 791a27365d0043b59c325cd90d1f95c5 [term 2 FOLLOWER]: Refusing update from remote peer 9fe946ac2b4943f8997165f11cae011b: Log matching property violated. Preceding OpId in replica: term: 1 index: 1. Preceding OpId from leader: term: 2 index: 2. (index mismatch)
I20260709 13:00:41.014171 10979 consensus_queue.cc:1048] T cf7b516ff8a74035b43a36fc3432ca35 P 9fe946ac2b4943f8997165f11cae011b [LEADER]: Connected to new peer: Peer: permanent_uuid: "791a27365d0043b59c325cd90d1f95c5" member_type: VOTER last_known_addr { host: "127.9.236.65" port: 46009 }, Status: LMP_MISMATCH, Last received: 0.0, Next index: 2, Last known committed idx: 1, Time since last communication: 0.000s
I20260709 13:00:41.047588 10783 raft_consensus.cc:1275] T d6d3edf859dc451ca13fda3eb8ecc464 P 791a27365d0043b59c325cd90d1f95c5 [term 2 FOLLOWER]: Refusing update from remote peer c9878d52d4334a4a98effd0c0765f174: Log matching property violated. Preceding OpId in replica: term: 1 index: 1. Preceding OpId from leader: term: 2 index: 2. (index mismatch)
I20260709 13:00:41.048928 10982 consensus_queue.cc:1048] T d6d3edf859dc451ca13fda3eb8ecc464 P c9878d52d4334a4a98effd0c0765f174 [LEADER]: Connected to new peer: Peer: permanent_uuid: "791a27365d0043b59c325cd90d1f95c5" member_type: VOTER last_known_addr { host: "127.9.236.65" port: 46009 }, Status: LMP_MISMATCH, Last received: 0.0, Next index: 2, Last known committed idx: 1, Time since last communication: 0.000s
I20260709 13:00:41.056136 10860 raft_consensus.cc:1275] T d6d3edf859dc451ca13fda3eb8ecc464 P 9fe946ac2b4943f8997165f11cae011b [term 2 FOLLOWER]: Refusing update from remote peer c9878d52d4334a4a98effd0c0765f174: Log matching property violated. Preceding OpId in replica: term: 1 index: 1. Preceding OpId from leader: term: 2 index: 2. (index mismatch)
I20260709 13:00:41.057511 11023 consensus_queue.cc:1048] T d6d3edf859dc451ca13fda3eb8ecc464 P c9878d52d4334a4a98effd0c0765f174 [LEADER]: Connected to new peer: Peer: permanent_uuid: "9fe946ac2b4943f8997165f11cae011b" member_type: VOTER last_known_addr { host: "127.9.236.66" port: 36247 }, Status: LMP_MISMATCH, Last received: 0.0, Next index: 2, Last known committed idx: 1, Time since last communication: 0.000s
I20260709 13:00:41.087499 10932 raft_consensus.cc:1275] T 48264b44b6fe4171a435d0a4057cbed0 P c9878d52d4334a4a98effd0c0765f174 [term 2 FOLLOWER]: Refusing update from remote peer 9fe946ac2b4943f8997165f11cae011b: Log matching property violated. Preceding OpId in replica: term: 1 index: 1. Preceding OpId from leader: term: 2 index: 2. (index mismatch)
I20260709 13:00:41.088949 10979 consensus_queue.cc:1048] T 48264b44b6fe4171a435d0a4057cbed0 P 9fe946ac2b4943f8997165f11cae011b [LEADER]: Connected to new peer: Peer: permanent_uuid: "c9878d52d4334a4a98effd0c0765f174" member_type: VOTER last_known_addr { host: "127.9.236.67" port: 40415 }, Status: LMP_MISMATCH, Last received: 0.0, Next index: 2, Last known committed idx: 1, Time since last communication: 0.000s
I20260709 13:00:41.098836 10783 raft_consensus.cc:1275] T 48264b44b6fe4171a435d0a4057cbed0 P 791a27365d0043b59c325cd90d1f95c5 [term 2 FOLLOWER]: Refusing update from remote peer 9fe946ac2b4943f8997165f11cae011b: Log matching property violated. Preceding OpId in replica: term: 1 index: 1. Preceding OpId from leader: term: 2 index: 2. (index mismatch)
I20260709 13:00:41.100507 10979 consensus_queue.cc:1048] T 48264b44b6fe4171a435d0a4057cbed0 P 9fe946ac2b4943f8997165f11cae011b [LEADER]: Connected to new peer: Peer: permanent_uuid: "791a27365d0043b59c325cd90d1f95c5" member_type: VOTER last_known_addr { host: "127.9.236.65" port: 46009 }, Status: LMP_MISMATCH, Last received: 0.0, Next index: 2, Last known committed idx: 1, Time since last communication: 0.000s
I20260709 13:00:41.113538 10932 raft_consensus.cc:1275] T a76a7c39a3a74e78b74dee4687522303 P c9878d52d4334a4a98effd0c0765f174 [term 2 FOLLOWER]: Refusing update from remote peer 791a27365d0043b59c325cd90d1f95c5: Log matching property violated. Preceding OpId in replica: term: 1 index: 1. Preceding OpId from leader: term: 2 index: 2. (index mismatch)
I20260709 13:00:41.114850 11010 consensus_queue.cc:1048] T a76a7c39a3a74e78b74dee4687522303 P 791a27365d0043b59c325cd90d1f95c5 [LEADER]: Connected to new peer: Peer: permanent_uuid: "c9878d52d4334a4a98effd0c0765f174" member_type: VOTER last_known_addr { host: "127.9.236.67" port: 40415 }, Status: LMP_MISMATCH, Last received: 0.0, Next index: 2, Last known committed idx: 1, Time since last communication: 0.000s
I20260709 13:00:41.121905 10860 raft_consensus.cc:1275] T a76a7c39a3a74e78b74dee4687522303 P 9fe946ac2b4943f8997165f11cae011b [term 2 FOLLOWER]: Refusing update from remote peer 791a27365d0043b59c325cd90d1f95c5: Log matching property violated. Preceding OpId in replica: term: 1 index: 1. Preceding OpId from leader: term: 2 index: 2. (index mismatch)
I20260709 13:00:41.123785 11026 consensus_queue.cc:1048] T a76a7c39a3a74e78b74dee4687522303 P 791a27365d0043b59c325cd90d1f95c5 [LEADER]: Connected to new peer: Peer: permanent_uuid: "9fe946ac2b4943f8997165f11cae011b" member_type: VOTER last_known_addr { host: "127.9.236.66" port: 36247 }, Status: LMP_MISMATCH, Last received: 0.0, Next index: 2, Last known committed idx: 1, Time since last communication: 0.000s
I20260709 13:00:41.150478 10932 raft_consensus.cc:1275] T c5468e33a1ce483494401550a11e62c0 P c9878d52d4334a4a98effd0c0765f174 [term 2 FOLLOWER]: Refusing update from remote peer 791a27365d0043b59c325cd90d1f95c5: Log matching property violated. Preceding OpId in replica: term: 1 index: 1. Preceding OpId from leader: term: 2 index: 2. (index mismatch)
I20260709 13:00:41.151867 11026 consensus_queue.cc:1048] T c5468e33a1ce483494401550a11e62c0 P 791a27365d0043b59c325cd90d1f95c5 [LEADER]: Connected to new peer: Peer: permanent_uuid: "c9878d52d4334a4a98effd0c0765f174" member_type: VOTER last_known_addr { host: "127.9.236.67" port: 40415 }, Status: LMP_MISMATCH, Last received: 0.0, Next index: 2, Last known committed idx: 1, Time since last communication: 0.000s
I20260709 13:00:41.159534 10860 raft_consensus.cc:1275] T c5468e33a1ce483494401550a11e62c0 P 9fe946ac2b4943f8997165f11cae011b [term 2 FOLLOWER]: Refusing update from remote peer 791a27365d0043b59c325cd90d1f95c5: Log matching property violated. Preceding OpId in replica: term: 1 index: 1. Preceding OpId from leader: term: 2 index: 2. (index mismatch)
I20260709 13:00:41.161671 11062 consensus_queue.cc:1048] T c5468e33a1ce483494401550a11e62c0 P 791a27365d0043b59c325cd90d1f95c5 [LEADER]: Connected to new peer: Peer: permanent_uuid: "9fe946ac2b4943f8997165f11cae011b" member_type: VOTER last_known_addr { host: "127.9.236.66" port: 36247 }, Status: LMP_MISMATCH, Last received: 0.0, Next index: 2, Last known committed idx: 1, Time since last communication: 0.000s
I20260709 13:00:41.296770 10932 raft_consensus.cc:1275] T 443f022414c74816b345a1a508f0b2c8 P c9878d52d4334a4a98effd0c0765f174 [term 2 FOLLOWER]: Refusing update from remote peer 791a27365d0043b59c325cd90d1f95c5: Log matching property violated. Preceding OpId in replica: term: 1 index: 1. Preceding OpId from leader: term: 2 index: 2. (index mismatch)
I20260709 13:00:41.297981 11062 consensus_queue.cc:1048] T 443f022414c74816b345a1a508f0b2c8 P 791a27365d0043b59c325cd90d1f95c5 [LEADER]: Connected to new peer: Peer: permanent_uuid: "c9878d52d4334a4a98effd0c0765f174" member_type: VOTER last_known_addr { host: "127.9.236.67" port: 40415 }, Status: LMP_MISMATCH, Last received: 0.0, Next index: 2, Last known committed idx: 1, Time since last communication: 0.000s
I20260709 13:00:41.305794 10860 raft_consensus.cc:1275] T 443f022414c74816b345a1a508f0b2c8 P 9fe946ac2b4943f8997165f11cae011b [term 2 FOLLOWER]: Refusing update from remote peer 791a27365d0043b59c325cd90d1f95c5: Log matching property violated. Preceding OpId in replica: term: 1 index: 1. Preceding OpId from leader: term: 2 index: 2. (index mismatch)
I20260709 13:00:41.307991 11032 consensus_queue.cc:1048] T 443f022414c74816b345a1a508f0b2c8 P 791a27365d0043b59c325cd90d1f95c5 [LEADER]: Connected to new peer: Peer: permanent_uuid: "9fe946ac2b4943f8997165f11cae011b" member_type: VOTER last_known_addr { host: "127.9.236.66" port: 36247 }, Status: LMP_MISMATCH, Last received: 0.0, Next index: 2, Last known committed idx: 1, Time since last communication: 0.001s
I20260709 13:00:43.364171 10161 auto_leader_rebalancer-test.cc:348] The leader distribution is 
I20260709 13:00:43.364897 10161 auto_leader_rebalancer.cc:141] leader rebalance for table test-workload
I20260709 13:00:43.380833 10783 tablet_service.cc:2072] Received LeaderStepDown RPC: tablet_id: "443f022414c74816b345a1a508f0b2c8"
dest_uuid: "791a27365d0043b59c325cd90d1f95c5"
mode: GRACEFUL
new_leader_uuid: "c9878d52d4334a4a98effd0c0765f174"
 from {username='slave'} at 127.0.0.1:47930
I20260709 13:00:43.381372 10783 raft_consensus.cc:606] T 443f022414c74816b345a1a508f0b2c8 P 791a27365d0043b59c325cd90d1f95c5 [term 2 LEADER]: Received request to transfer leadership to TS c9878d52d4334a4a98effd0c0765f174
I20260709 13:00:43.383623 10783 tablet_service.cc:2072] Received LeaderStepDown RPC: tablet_id: "5e03523440db40b1979c2178211b8597"
dest_uuid: "791a27365d0043b59c325cd90d1f95c5"
mode: GRACEFUL
new_leader_uuid: "c9878d52d4334a4a98effd0c0765f174"
 from {username='slave'} at 127.0.0.1:47930
I20260709 13:00:43.384107 10783 raft_consensus.cc:606] T 5e03523440db40b1979c2178211b8597 P 791a27365d0043b59c325cd90d1f95c5 [term 2 LEADER]: Received request to transfer leadership to TS c9878d52d4334a4a98effd0c0765f174
I20260709 13:00:43.385115 10161 auto_leader_rebalancer.cc:452] table: test-workload, leader rebalance finish, leader transfer count: 2
I20260709 13:00:43.385535 10161 auto_leader_rebalancer.cc:527] All tables' leader rebalancing finished this round
I20260709 13:00:43.442348 11026 raft_consensus.cc:993] T 5e03523440db40b1979c2178211b8597 P 791a27365d0043b59c325cd90d1f95c5: : Instructing follower c9878d52d4334a4a98effd0c0765f174 to start an election
I20260709 13:00:43.442780 11068 raft_consensus.cc:1081] T 5e03523440db40b1979c2178211b8597 P 791a27365d0043b59c325cd90d1f95c5 [term 2 LEADER]: Signalling peer c9878d52d4334a4a98effd0c0765f174 to start an election
I20260709 13:00:43.444305 10933 tablet_service.cc:2044] Received Run Leader Election RPC: tablet_id: "5e03523440db40b1979c2178211b8597"
dest_uuid: "c9878d52d4334a4a98effd0c0765f174"
 from {username='slave'} at 127.0.0.1:36552
I20260709 13:00:43.444837 10933 raft_consensus.cc:493] T 5e03523440db40b1979c2178211b8597 P c9878d52d4334a4a98effd0c0765f174 [term 2 FOLLOWER]: Starting forced leader election (received explicit request)
I20260709 13:00:43.445151 10933 raft_consensus.cc:3060] T 5e03523440db40b1979c2178211b8597 P c9878d52d4334a4a98effd0c0765f174 [term 2 FOLLOWER]: Advancing to term 3
I20260709 13:00:43.449911 10933 raft_consensus.cc:515] T 5e03523440db40b1979c2178211b8597 P c9878d52d4334a4a98effd0c0765f174 [term 3 FOLLOWER]: Starting forced leader election with config: opid_index: -1 OBSOLETE_local: false peers { permanent_uuid: "791a27365d0043b59c325cd90d1f95c5" member_type: VOTER last_known_addr { host: "127.9.236.65" port: 46009 } } peers { permanent_uuid: "9fe946ac2b4943f8997165f11cae011b" member_type: VOTER last_known_addr { host: "127.9.236.66" port: 36247 } } peers { permanent_uuid: "c9878d52d4334a4a98effd0c0765f174" member_type: VOTER last_known_addr { host: "127.9.236.67" port: 40415 } }
I20260709 13:00:43.452243 10933 leader_election.cc:290] T 5e03523440db40b1979c2178211b8597 P c9878d52d4334a4a98effd0c0765f174 [CANDIDATE]: Term 3 election: Requested vote from peers 791a27365d0043b59c325cd90d1f95c5 (127.9.236.65:46009), 9fe946ac2b4943f8997165f11cae011b (127.9.236.66:36247)
I20260709 13:00:43.452598 10783 tablet_service.cc:1917] Received RequestConsensusVote() RPC: tablet_id: "5e03523440db40b1979c2178211b8597" candidate_uuid: "c9878d52d4334a4a98effd0c0765f174" candidate_term: 3 candidate_status { last_received { term: 2 index: 2 } } ignore_live_leader: true dest_uuid: "791a27365d0043b59c325cd90d1f95c5"
I20260709 13:00:43.453258 10783 raft_consensus.cc:3055] T 5e03523440db40b1979c2178211b8597 P 791a27365d0043b59c325cd90d1f95c5 [term 2 LEADER]: Stepping down as leader of term 2
I20260709 13:00:43.453332 10860 tablet_service.cc:1917] Received RequestConsensusVote() RPC: tablet_id: "5e03523440db40b1979c2178211b8597" candidate_uuid: "c9878d52d4334a4a98effd0c0765f174" candidate_term: 3 candidate_status { last_received { term: 2 index: 2 } } ignore_live_leader: true dest_uuid: "9fe946ac2b4943f8997165f11cae011b"
I20260709 13:00:43.453644 10783 raft_consensus.cc:740] T 5e03523440db40b1979c2178211b8597 P 791a27365d0043b59c325cd90d1f95c5 [term 2 LEADER]: Becoming Follower/Learner. State: Replica: 791a27365d0043b59c325cd90d1f95c5, State: Running, Role: LEADER
I20260709 13:00:43.453969 10860 raft_consensus.cc:3060] T 5e03523440db40b1979c2178211b8597 P 9fe946ac2b4943f8997165f11cae011b [term 2 FOLLOWER]: Advancing to term 3
I20260709 13:00:43.454421 10783 consensus_queue.cc:260] T 5e03523440db40b1979c2178211b8597 P 791a27365d0043b59c325cd90d1f95c5 [NON_LEADER]: Queue going to NON_LEADER mode. State: All replicated index: 0, Majority replicated index: 2, Committed index: 2, Last appended: 2.2, Last appended by leader: 2, Current term: 2, Majority size: -1, State: 0, Mode: NON_LEADER, active raft config: opid_index: -1 OBSOLETE_local: false peers { permanent_uuid: "791a27365d0043b59c325cd90d1f95c5" member_type: VOTER last_known_addr { host: "127.9.236.65" port: 46009 } } peers { permanent_uuid: "9fe946ac2b4943f8997165f11cae011b" member_type: VOTER last_known_addr { host: "127.9.236.66" port: 36247 } } peers { permanent_uuid: "c9878d52d4334a4a98effd0c0765f174" member_type: VOTER last_known_addr { host: "127.9.236.67" port: 40415 } }
I20260709 13:00:43.455366 10783 raft_consensus.cc:3060] T 5e03523440db40b1979c2178211b8597 P 791a27365d0043b59c325cd90d1f95c5 [term 2 FOLLOWER]: Advancing to term 3
I20260709 13:00:43.459146 10860 raft_consensus.cc:2468] T 5e03523440db40b1979c2178211b8597 P 9fe946ac2b4943f8997165f11cae011b [term 3 FOLLOWER]: Leader election vote request: Granting yes vote for candidate c9878d52d4334a4a98effd0c0765f174 in term 3.
I20260709 13:00:43.460249 10899 leader_election.cc:304] T 5e03523440db40b1979c2178211b8597 P c9878d52d4334a4a98effd0c0765f174 [CANDIDATE]: Term 3 election: Election decided. Result: candidate won. Election summary: received 2 responses out of 3 voters: 2 yes votes; 0 no votes. yes voters: 9fe946ac2b4943f8997165f11cae011b, c9878d52d4334a4a98effd0c0765f174; no voters: 
I20260709 13:00:43.460711 10783 raft_consensus.cc:2468] T 5e03523440db40b1979c2178211b8597 P 791a27365d0043b59c325cd90d1f95c5 [term 3 FOLLOWER]: Leader election vote request: Granting yes vote for candidate c9878d52d4334a4a98effd0c0765f174 in term 3.
I20260709 13:00:43.461081 11023 raft_consensus.cc:2804] T 5e03523440db40b1979c2178211b8597 P c9878d52d4334a4a98effd0c0765f174 [term 3 FOLLOWER]: Leader election won for term 3
I20260709 13:00:43.462033 11023 raft_consensus.cc:697] T 5e03523440db40b1979c2178211b8597 P c9878d52d4334a4a98effd0c0765f174 [term 3 LEADER]: Becoming Leader. State: Replica: c9878d52d4334a4a98effd0c0765f174, State: Running, Role: LEADER
I20260709 13:00:43.462771 11023 consensus_queue.cc:237] T 5e03523440db40b1979c2178211b8597 P c9878d52d4334a4a98effd0c0765f174 [LEADER]: Queue going to LEADER mode. State: All replicated index: 0, Majority replicated index: 2, Committed index: 2, Last appended: 2.2, Last appended by leader: 2, Current term: 3, Majority size: 2, State: 0, Mode: LEADER, active raft config: opid_index: -1 OBSOLETE_local: false peers { permanent_uuid: "791a27365d0043b59c325cd90d1f95c5" member_type: VOTER last_known_addr { host: "127.9.236.65" port: 46009 } } peers { permanent_uuid: "9fe946ac2b4943f8997165f11cae011b" member_type: VOTER last_known_addr { host: "127.9.236.66" port: 36247 } } peers { permanent_uuid: "c9878d52d4334a4a98effd0c0765f174" member_type: VOTER last_known_addr { host: "127.9.236.67" port: 40415 } }
I20260709 13:00:43.469619 10683 catalog_manager.cc:5697] T 5e03523440db40b1979c2178211b8597 P c9878d52d4334a4a98effd0c0765f174 reported cstate change: term changed from 2 to 3, leader changed from 791a27365d0043b59c325cd90d1f95c5 (127.9.236.65) to c9878d52d4334a4a98effd0c0765f174 (127.9.236.67). New cstate: current_term: 3 leader_uuid: "c9878d52d4334a4a98effd0c0765f174" committed_config { opid_index: -1 OBSOLETE_local: false peers { permanent_uuid: "791a27365d0043b59c325cd90d1f95c5" member_type: VOTER last_known_addr { host: "127.9.236.65" port: 46009 } health_report { overall_health: UNKNOWN } } peers { permanent_uuid: "9fe946ac2b4943f8997165f11cae011b" member_type: VOTER last_known_addr { host: "127.9.236.66" port: 36247 } health_report { overall_health: UNKNOWN } } peers { permanent_uuid: "c9878d52d4334a4a98effd0c0765f174" member_type: VOTER last_known_addr { host: "127.9.236.67" port: 40415 } health_report { overall_health: HEALTHY } } }
I20260709 13:00:43.496335 11026 raft_consensus.cc:993] T 443f022414c74816b345a1a508f0b2c8 P 791a27365d0043b59c325cd90d1f95c5: : Instructing follower c9878d52d4334a4a98effd0c0765f174 to start an election
I20260709 13:00:43.496788 11068 raft_consensus.cc:1081] T 443f022414c74816b345a1a508f0b2c8 P 791a27365d0043b59c325cd90d1f95c5 [term 2 LEADER]: Signalling peer c9878d52d4334a4a98effd0c0765f174 to start an election
I20260709 13:00:43.498111 10933 tablet_service.cc:2044] Received Run Leader Election RPC: tablet_id: "443f022414c74816b345a1a508f0b2c8"
dest_uuid: "c9878d52d4334a4a98effd0c0765f174"
 from {username='slave'} at 127.0.0.1:36552
I20260709 13:00:43.498641 10933 raft_consensus.cc:493] T 443f022414c74816b345a1a508f0b2c8 P c9878d52d4334a4a98effd0c0765f174 [term 2 FOLLOWER]: Starting forced leader election (received explicit request)
I20260709 13:00:43.498997 10933 raft_consensus.cc:3060] T 443f022414c74816b345a1a508f0b2c8 P c9878d52d4334a4a98effd0c0765f174 [term 2 FOLLOWER]: Advancing to term 3
I20260709 13:00:43.504374 10933 raft_consensus.cc:515] T 443f022414c74816b345a1a508f0b2c8 P c9878d52d4334a4a98effd0c0765f174 [term 3 FOLLOWER]: Starting forced leader election with config: opid_index: -1 OBSOLETE_local: false peers { permanent_uuid: "791a27365d0043b59c325cd90d1f95c5" member_type: VOTER last_known_addr { host: "127.9.236.65" port: 46009 } } peers { permanent_uuid: "9fe946ac2b4943f8997165f11cae011b" member_type: VOTER last_known_addr { host: "127.9.236.66" port: 36247 } } peers { permanent_uuid: "c9878d52d4334a4a98effd0c0765f174" member_type: VOTER last_known_addr { host: "127.9.236.67" port: 40415 } }
I20260709 13:00:43.506035 10933 leader_election.cc:290] T 443f022414c74816b345a1a508f0b2c8 P c9878d52d4334a4a98effd0c0765f174 [CANDIDATE]: Term 3 election: Requested vote from peers 791a27365d0043b59c325cd90d1f95c5 (127.9.236.65:46009), 9fe946ac2b4943f8997165f11cae011b (127.9.236.66:36247)
I20260709 13:00:43.506909 10783 tablet_service.cc:1917] Received RequestConsensusVote() RPC: tablet_id: "443f022414c74816b345a1a508f0b2c8" candidate_uuid: "c9878d52d4334a4a98effd0c0765f174" candidate_term: 3 candidate_status { last_received { term: 2 index: 2 } } ignore_live_leader: true dest_uuid: "791a27365d0043b59c325cd90d1f95c5"
I20260709 13:00:43.507020 10861 tablet_service.cc:1917] Received RequestConsensusVote() RPC: tablet_id: "443f022414c74816b345a1a508f0b2c8" candidate_uuid: "c9878d52d4334a4a98effd0c0765f174" candidate_term: 3 candidate_status { last_received { term: 2 index: 2 } } ignore_live_leader: true dest_uuid: "9fe946ac2b4943f8997165f11cae011b"
I20260709 13:00:43.507504 10783 raft_consensus.cc:3055] T 443f022414c74816b345a1a508f0b2c8 P 791a27365d0043b59c325cd90d1f95c5 [term 2 LEADER]: Stepping down as leader of term 2
I20260709 13:00:43.507597 10861 raft_consensus.cc:3060] T 443f022414c74816b345a1a508f0b2c8 P 9fe946ac2b4943f8997165f11cae011b [term 2 FOLLOWER]: Advancing to term 3
I20260709 13:00:43.507877 10783 raft_consensus.cc:740] T 443f022414c74816b345a1a508f0b2c8 P 791a27365d0043b59c325cd90d1f95c5 [term 2 LEADER]: Becoming Follower/Learner. State: Replica: 791a27365d0043b59c325cd90d1f95c5, State: Running, Role: LEADER
I20260709 13:00:43.508572 10783 consensus_queue.cc:260] T 443f022414c74816b345a1a508f0b2c8 P 791a27365d0043b59c325cd90d1f95c5 [NON_LEADER]: Queue going to NON_LEADER mode. State: All replicated index: 0, Majority replicated index: 2, Committed index: 2, Last appended: 2.2, Last appended by leader: 2, Current term: 2, Majority size: -1, State: 0, Mode: NON_LEADER, active raft config: opid_index: -1 OBSOLETE_local: false peers { permanent_uuid: "791a27365d0043b59c325cd90d1f95c5" member_type: VOTER last_known_addr { host: "127.9.236.65" port: 46009 } } peers { permanent_uuid: "9fe946ac2b4943f8997165f11cae011b" member_type: VOTER last_known_addr { host: "127.9.236.66" port: 36247 } } peers { permanent_uuid: "c9878d52d4334a4a98effd0c0765f174" member_type: VOTER last_known_addr { host: "127.9.236.67" port: 40415 } }
I20260709 13:00:43.509455 10783 raft_consensus.cc:3060] T 443f022414c74816b345a1a508f0b2c8 P 791a27365d0043b59c325cd90d1f95c5 [term 2 FOLLOWER]: Advancing to term 3
I20260709 13:00:43.512324 10861 raft_consensus.cc:2468] T 443f022414c74816b345a1a508f0b2c8 P 9fe946ac2b4943f8997165f11cae011b [term 3 FOLLOWER]: Leader election vote request: Granting yes vote for candidate c9878d52d4334a4a98effd0c0765f174 in term 3.
I20260709 13:00:43.513415 10899 leader_election.cc:304] T 443f022414c74816b345a1a508f0b2c8 P c9878d52d4334a4a98effd0c0765f174 [CANDIDATE]: Term 3 election: Election decided. Result: candidate won. Election summary: received 2 responses out of 3 voters: 2 yes votes; 0 no votes. yes voters: 9fe946ac2b4943f8997165f11cae011b, c9878d52d4334a4a98effd0c0765f174; no voters: 
