I20260709 13:00:22.378089  7871 raft_consensus.cc:359] T 93b6d56ab0e94aceba3af6a05fcd8f7f P bba17aad0d8a41188c8cf547ebfb16ef [term 0 FOLLOWER]: Replica starting. Triggering 0 pending ops. Active config: opid_index: -1 OBSOLETE_local: false peers { permanent_uuid: "291c28347b48469c8f447752ba6f2986" member_type: VOTER last_known_addr { host: "127.7.93.129" port: 36401 } } peers { permanent_uuid: "bba17aad0d8a41188c8cf547ebfb16ef" member_type: VOTER last_known_addr { host: "127.7.93.130" port: 40921 } } peers { permanent_uuid: "f00295d3b9fd4346895499aee9757561" member_type: VOTER last_known_addr { host: "127.7.93.131" port: 32821 } }
I20260709 13:00:22.378867  7871 raft_consensus.cc:385] T 93b6d56ab0e94aceba3af6a05fcd8f7f P bba17aad0d8a41188c8cf547ebfb16ef [term 0 FOLLOWER]: Consensus starting up: Expiring failure detector timer to make a prompt election more likely
I20260709 13:00:22.379143  7871 raft_consensus.cc:740] T 93b6d56ab0e94aceba3af6a05fcd8f7f P bba17aad0d8a41188c8cf547ebfb16ef [term 0 FOLLOWER]: Becoming Follower/Learner. State: Replica: bba17aad0d8a41188c8cf547ebfb16ef, State: Initialized, Role: FOLLOWER
I20260709 13:00:22.379957  7871 consensus_queue.cc:260] T 93b6d56ab0e94aceba3af6a05fcd8f7f P bba17aad0d8a41188c8cf547ebfb16ef [NON_LEADER]: Queue going to NON_LEADER mode. State: All replicated index: 0, Majority replicated index: 0, Committed index: 0, Last appended: 0.0, Last appended by leader: 0, Current term: 0, Majority size: -1, State: 0, Mode: NON_LEADER, active raft config: opid_index: -1 OBSOLETE_local: false peers { permanent_uuid: "291c28347b48469c8f447752ba6f2986" member_type: VOTER last_known_addr { host: "127.7.93.129" port: 36401 } } peers { permanent_uuid: "bba17aad0d8a41188c8cf547ebfb16ef" member_type: VOTER last_known_addr { host: "127.7.93.130" port: 40921 } } peers { permanent_uuid: "f00295d3b9fd4346895499aee9757561" member_type: VOTER last_known_addr { host: "127.7.93.131" port: 32821 } }
I20260709 13:00:22.384953  7777 heartbeater.cc:499] Master 127.7.93.190:35561 was elected leader, sending a full tablet report...
I20260709 13:00:22.387840  7869 tablet_bootstrap.cc:492] T 3ae1a2f2d6494f6694e0076bc5555f1f P 291c28347b48469c8f447752ba6f2986: No bootstrap required, opened a new log
I20260709 13:00:22.382560  7870 tablet_bootstrap.cc:654] T e984d3fca17e44f9982eaa6c76ccaf65 P f00295d3b9fd4346895499aee9757561: Neither blocks nor log segments found. Creating new log.
I20260709 13:00:22.389065  7869 ts_tablet_manager.cc:1403] T 3ae1a2f2d6494f6694e0076bc5555f1f P 291c28347b48469c8f447752ba6f2986: Time spent bootstrapping tablet: real 0.023s	user 0.000s	sys 0.013s
I20260709 13:00:22.388713  7871 ts_tablet_manager.cc:1434] T 93b6d56ab0e94aceba3af6a05fcd8f7f P bba17aad0d8a41188c8cf547ebfb16ef: Time spent starting tablet: real 0.019s	user 0.002s	sys 0.009s
I20260709 13:00:22.390244  7871 tablet_bootstrap.cc:492] T a12cf495282b4d1d8c1c3f3109a43042 P bba17aad0d8a41188c8cf547ebfb16ef: Bootstrap starting.
I20260709 13:00:22.395088  7869 raft_consensus.cc:359] T 3ae1a2f2d6494f6694e0076bc5555f1f P 291c28347b48469c8f447752ba6f2986 [term 0 FOLLOWER]: Replica starting. Triggering 0 pending ops. Active config: opid_index: -1 OBSOLETE_local: false peers { permanent_uuid: "291c28347b48469c8f447752ba6f2986" member_type: VOTER last_known_addr { host: "127.7.93.129" port: 36401 } } peers { permanent_uuid: "bba17aad0d8a41188c8cf547ebfb16ef" member_type: VOTER last_known_addr { host: "127.7.93.130" port: 40921 } } peers { permanent_uuid: "f00295d3b9fd4346895499aee9757561" member_type: VOTER last_known_addr { host: "127.7.93.131" port: 32821 } }
I20260709 13:00:22.395901  7869 raft_consensus.cc:385] T 3ae1a2f2d6494f6694e0076bc5555f1f P 291c28347b48469c8f447752ba6f2986 [term 0 FOLLOWER]: Consensus starting up: Expiring failure detector timer to make a prompt election more likely
I20260709 13:00:22.396209  7869 raft_consensus.cc:740] T 3ae1a2f2d6494f6694e0076bc5555f1f P 291c28347b48469c8f447752ba6f2986 [term 0 FOLLOWER]: Becoming Follower/Learner. State: Replica: 291c28347b48469c8f447752ba6f2986, State: Initialized, Role: FOLLOWER
I20260709 13:00:22.397171  7871 tablet_bootstrap.cc:654] T a12cf495282b4d1d8c1c3f3109a43042 P bba17aad0d8a41188c8cf547ebfb16ef: Neither blocks nor log segments found. Creating new log.
I20260709 13:00:22.396967  7869 consensus_queue.cc:260] T 3ae1a2f2d6494f6694e0076bc5555f1f P 291c28347b48469c8f447752ba6f2986 [NON_LEADER]: Queue going to NON_LEADER mode. State: All replicated index: 0, Majority replicated index: 0, Committed index: 0, Last appended: 0.0, Last appended by leader: 0, Current term: 0, Majority size: -1, State: 0, Mode: NON_LEADER, active raft config: opid_index: -1 OBSOLETE_local: false peers { permanent_uuid: "291c28347b48469c8f447752ba6f2986" member_type: VOTER last_known_addr { host: "127.7.93.129" port: 36401 } } peers { permanent_uuid: "bba17aad0d8a41188c8cf547ebfb16ef" member_type: VOTER last_known_addr { host: "127.7.93.130" port: 40921 } } peers { permanent_uuid: "f00295d3b9fd4346895499aee9757561" member_type: VOTER last_known_addr { host: "127.7.93.131" port: 32821 } }
W20260709 13:00:22.399773  7778 tablet.cc:2406] T 93b6d56ab0e94aceba3af6a05fcd8f7f P bba17aad0d8a41188c8cf547ebfb16ef: Can't schedule compaction. Clean time has not been advanced past its initial value.
I20260709 13:00:22.402047  7869 ts_tablet_manager.cc:1434] T 3ae1a2f2d6494f6694e0076bc5555f1f P 291c28347b48469c8f447752ba6f2986: Time spent starting tablet: real 0.013s	user 0.003s	sys 0.003s
I20260709 13:00:22.403004  7869 tablet_bootstrap.cc:492] T c12560b851ed46049f65c095565fef0d P 291c28347b48469c8f447752ba6f2986: Bootstrap starting.
I20260709 13:00:22.409494  7869 tablet_bootstrap.cc:654] T c12560b851ed46049f65c095565fef0d P 291c28347b48469c8f447752ba6f2986: Neither blocks nor log segments found. Creating new log.
I20260709 13:00:22.411137  7871 tablet_bootstrap.cc:492] T a12cf495282b4d1d8c1c3f3109a43042 P bba17aad0d8a41188c8cf547ebfb16ef: No bootstrap required, opened a new log
I20260709 13:00:22.411793  7871 ts_tablet_manager.cc:1403] T a12cf495282b4d1d8c1c3f3109a43042 P bba17aad0d8a41188c8cf547ebfb16ef: Time spent bootstrapping tablet: real 0.022s	user 0.015s	sys 0.003s
I20260709 13:00:22.414884  7871 raft_consensus.cc:359] T a12cf495282b4d1d8c1c3f3109a43042 P bba17aad0d8a41188c8cf547ebfb16ef [term 0 FOLLOWER]: Replica starting. Triggering 0 pending ops. Active config: opid_index: -1 OBSOLETE_local: false peers { permanent_uuid: "bba17aad0d8a41188c8cf547ebfb16ef" member_type: VOTER last_known_addr { host: "127.7.93.130" port: 40921 } } peers { permanent_uuid: "291c28347b48469c8f447752ba6f2986" member_type: VOTER last_known_addr { host: "127.7.93.129" port: 36401 } } peers { permanent_uuid: "f00295d3b9fd4346895499aee9757561" member_type: VOTER last_known_addr { host: "127.7.93.131" port: 32821 } }
I20260709 13:00:22.415786  7871 raft_consensus.cc:385] T a12cf495282b4d1d8c1c3f3109a43042 P bba17aad0d8a41188c8cf547ebfb16ef [term 0 FOLLOWER]: Consensus starting up: Expiring failure detector timer to make a prompt election more likely
I20260709 13:00:22.416136  7871 raft_consensus.cc:740] T a12cf495282b4d1d8c1c3f3109a43042 P bba17aad0d8a41188c8cf547ebfb16ef [term 0 FOLLOWER]: Becoming Follower/Learner. State: Replica: bba17aad0d8a41188c8cf547ebfb16ef, State: Initialized, Role: FOLLOWER
I20260709 13:00:22.417131  7871 consensus_queue.cc:260] T a12cf495282b4d1d8c1c3f3109a43042 P bba17aad0d8a41188c8cf547ebfb16ef [NON_LEADER]: Queue going to NON_LEADER mode. State: All replicated index: 0, Majority replicated index: 0, Committed index: 0, Last appended: 0.0, Last appended by leader: 0, Current term: 0, Majority size: -1, State: 0, Mode: NON_LEADER, active raft config: opid_index: -1 OBSOLETE_local: false peers { permanent_uuid: "bba17aad0d8a41188c8cf547ebfb16ef" member_type: VOTER last_known_addr { host: "127.7.93.130" port: 40921 } } peers { permanent_uuid: "291c28347b48469c8f447752ba6f2986" member_type: VOTER last_known_addr { host: "127.7.93.129" port: 36401 } } peers { permanent_uuid: "f00295d3b9fd4346895499aee9757561" member_type: VOTER last_known_addr { host: "127.7.93.131" port: 32821 } }
I20260709 13:00:22.419607  7871 ts_tablet_manager.cc:1434] T a12cf495282b4d1d8c1c3f3109a43042 P bba17aad0d8a41188c8cf547ebfb16ef: Time spent starting tablet: real 0.007s	user 0.001s	sys 0.004s
I20260709 13:00:22.420642  7871 tablet_bootstrap.cc:492] T f3a4354201084a9d84a8dd2acf3a294d P bba17aad0d8a41188c8cf547ebfb16ef: Bootstrap starting.
I20260709 13:00:22.427765  7871 tablet_bootstrap.cc:654] T f3a4354201084a9d84a8dd2acf3a294d P bba17aad0d8a41188c8cf547ebfb16ef: Neither blocks nor log segments found. Creating new log.
I20260709 13:00:22.439579  7871 tablet_bootstrap.cc:492] T f3a4354201084a9d84a8dd2acf3a294d P bba17aad0d8a41188c8cf547ebfb16ef: No bootstrap required, opened a new log
I20260709 13:00:22.440130  7871 ts_tablet_manager.cc:1403] T f3a4354201084a9d84a8dd2acf3a294d P bba17aad0d8a41188c8cf547ebfb16ef: Time spent bootstrapping tablet: real 0.020s	user 0.012s	sys 0.006s
I20260709 13:00:22.443137  7871 raft_consensus.cc:359] T f3a4354201084a9d84a8dd2acf3a294d P bba17aad0d8a41188c8cf547ebfb16ef [term 0 FOLLOWER]: Replica starting. Triggering 0 pending ops. Active config: opid_index: -1 OBSOLETE_local: false peers { permanent_uuid: "291c28347b48469c8f447752ba6f2986" member_type: VOTER last_known_addr { host: "127.7.93.129" port: 36401 } } peers { permanent_uuid: "bba17aad0d8a41188c8cf547ebfb16ef" member_type: VOTER last_known_addr { host: "127.7.93.130" port: 40921 } } peers { permanent_uuid: "f00295d3b9fd4346895499aee9757561" member_type: VOTER last_known_addr { host: "127.7.93.131" port: 32821 } }
I20260709 13:00:22.444027  7871 raft_consensus.cc:385] T f3a4354201084a9d84a8dd2acf3a294d P bba17aad0d8a41188c8cf547ebfb16ef [term 0 FOLLOWER]: Consensus starting up: Expiring failure detector timer to make a prompt election more likely
I20260709 13:00:22.444402  7871 raft_consensus.cc:740] T f3a4354201084a9d84a8dd2acf3a294d P bba17aad0d8a41188c8cf547ebfb16ef [term 0 FOLLOWER]: Becoming Follower/Learner. State: Replica: bba17aad0d8a41188c8cf547ebfb16ef, State: Initialized, Role: FOLLOWER
I20260709 13:00:22.445258  7870 tablet_bootstrap.cc:492] T e984d3fca17e44f9982eaa6c76ccaf65 P f00295d3b9fd4346895499aee9757561: No bootstrap required, opened a new log
I20260709 13:00:22.445644  7870 ts_tablet_manager.cc:1403] T e984d3fca17e44f9982eaa6c76ccaf65 P f00295d3b9fd4346895499aee9757561: Time spent bootstrapping tablet: real 0.073s	user 0.022s	sys 0.009s
I20260709 13:00:22.445103  7871 consensus_queue.cc:260] T f3a4354201084a9d84a8dd2acf3a294d P bba17aad0d8a41188c8cf547ebfb16ef [NON_LEADER]: Queue going to NON_LEADER mode. State: All replicated index: 0, Majority replicated index: 0, Committed index: 0, Last appended: 0.0, Last appended by leader: 0, Current term: 0, Majority size: -1, State: 0, Mode: NON_LEADER, active raft config: opid_index: -1 OBSOLETE_local: false peers { permanent_uuid: "291c28347b48469c8f447752ba6f2986" member_type: VOTER last_known_addr { host: "127.7.93.129" port: 36401 } } peers { permanent_uuid: "bba17aad0d8a41188c8cf547ebfb16ef" member_type: VOTER last_known_addr { host: "127.7.93.130" port: 40921 } } peers { permanent_uuid: "f00295d3b9fd4346895499aee9757561" member_type: VOTER last_known_addr { host: "127.7.93.131" port: 32821 } }
I20260709 13:00:22.447382  7871 ts_tablet_manager.cc:1434] T f3a4354201084a9d84a8dd2acf3a294d P bba17aad0d8a41188c8cf547ebfb16ef: Time spent starting tablet: real 0.007s	user 0.004s	sys 0.002s
I20260709 13:00:22.448339  7871 tablet_bootstrap.cc:492] T c12560b851ed46049f65c095565fef0d P bba17aad0d8a41188c8cf547ebfb16ef: Bootstrap starting.
I20260709 13:00:22.448339  7870 raft_consensus.cc:359] T e984d3fca17e44f9982eaa6c76ccaf65 P f00295d3b9fd4346895499aee9757561 [term 0 FOLLOWER]: Replica starting. Triggering 0 pending ops. Active config: opid_index: -1 OBSOLETE_local: false peers { permanent_uuid: "291c28347b48469c8f447752ba6f2986" member_type: VOTER last_known_addr { host: "127.7.93.129" port: 36401 } } peers { permanent_uuid: "bba17aad0d8a41188c8cf547ebfb16ef" member_type: VOTER last_known_addr { host: "127.7.93.130" port: 40921 } } peers { permanent_uuid: "f00295d3b9fd4346895499aee9757561" member_type: VOTER last_known_addr { host: "127.7.93.131" port: 32821 } }
I20260709 13:00:22.449273  7870 raft_consensus.cc:385] T e984d3fca17e44f9982eaa6c76ccaf65 P f00295d3b9fd4346895499aee9757561 [term 0 FOLLOWER]: Consensus starting up: Expiring failure detector timer to make a prompt election more likely
I20260709 13:00:22.449560  7870 raft_consensus.cc:740] T e984d3fca17e44f9982eaa6c76ccaf65 P f00295d3b9fd4346895499aee9757561 [term 0 FOLLOWER]: Becoming Follower/Learner. State: Replica: f00295d3b9fd4346895499aee9757561, State: Initialized, Role: FOLLOWER
I20260709 13:00:22.450320  7870 consensus_queue.cc:260] T e984d3fca17e44f9982eaa6c76ccaf65 P f00295d3b9fd4346895499aee9757561 [NON_LEADER]: Queue going to NON_LEADER mode. State: All replicated index: 0, Majority replicated index: 0, Committed index: 0, Last appended: 0.0, Last appended by leader: 0, Current term: 0, Majority size: -1, State: 0, Mode: NON_LEADER, active raft config: opid_index: -1 OBSOLETE_local: false peers { permanent_uuid: "291c28347b48469c8f447752ba6f2986" member_type: VOTER last_known_addr { host: "127.7.93.129" port: 36401 } } peers { permanent_uuid: "bba17aad0d8a41188c8cf547ebfb16ef" member_type: VOTER last_known_addr { host: "127.7.93.130" port: 40921 } } peers { permanent_uuid: "f00295d3b9fd4346895499aee9757561" member_type: VOTER last_known_addr { host: "127.7.93.131" port: 32821 } }
I20260709 13:00:22.452368  7870 ts_tablet_manager.cc:1434] T e984d3fca17e44f9982eaa6c76ccaf65 P f00295d3b9fd4346895499aee9757561: Time spent starting tablet: real 0.006s	user 0.006s	sys 0.000s
I20260709 13:00:22.453275  7870 tablet_bootstrap.cc:492] T afebfe2732be401a81d29a6fe8b09d88 P f00295d3b9fd4346895499aee9757561: Bootstrap starting.
I20260709 13:00:22.455653  7871 tablet_bootstrap.cc:654] T c12560b851ed46049f65c095565fef0d P bba17aad0d8a41188c8cf547ebfb16ef: Neither blocks nor log segments found. Creating new log.
I20260709 13:00:22.459694  7870 tablet_bootstrap.cc:654] T afebfe2732be401a81d29a6fe8b09d88 P f00295d3b9fd4346895499aee9757561: Neither blocks nor log segments found. Creating new log.
I20260709 13:00:22.467128  7871 tablet_bootstrap.cc:492] T c12560b851ed46049f65c095565fef0d P bba17aad0d8a41188c8cf547ebfb16ef: No bootstrap required, opened a new log
I20260709 13:00:22.467604  7871 ts_tablet_manager.cc:1403] T c12560b851ed46049f65c095565fef0d P bba17aad0d8a41188c8cf547ebfb16ef: Time spent bootstrapping tablet: real 0.019s	user 0.017s	sys 0.000s
I20260709 13:00:22.470441  7871 raft_consensus.cc:359] T c12560b851ed46049f65c095565fef0d P bba17aad0d8a41188c8cf547ebfb16ef [term 0 FOLLOWER]: Replica starting. Triggering 0 pending ops. Active config: opid_index: -1 OBSOLETE_local: false peers { permanent_uuid: "291c28347b48469c8f447752ba6f2986" member_type: VOTER last_known_addr { host: "127.7.93.129" port: 36401 } } peers { permanent_uuid: "bba17aad0d8a41188c8cf547ebfb16ef" member_type: VOTER last_known_addr { host: "127.7.93.130" port: 40921 } } peers { permanent_uuid: "f00295d3b9fd4346895499aee9757561" member_type: VOTER last_known_addr { host: "127.7.93.131" port: 32821 } }
I20260709 13:00:22.471138  7871 raft_consensus.cc:385] T c12560b851ed46049f65c095565fef0d P bba17aad0d8a41188c8cf547ebfb16ef [term 0 FOLLOWER]: Consensus starting up: Expiring failure detector timer to make a prompt election more likely
I20260709 13:00:22.471235  7870 tablet_bootstrap.cc:492] T afebfe2732be401a81d29a6fe8b09d88 P f00295d3b9fd4346895499aee9757561: No bootstrap required, opened a new log
I20260709 13:00:22.471454  7871 raft_consensus.cc:740] T c12560b851ed46049f65c095565fef0d P bba17aad0d8a41188c8cf547ebfb16ef [term 0 FOLLOWER]: Becoming Follower/Learner. State: Replica: bba17aad0d8a41188c8cf547ebfb16ef, State: Initialized, Role: FOLLOWER
I20260709 13:00:22.471717  7870 ts_tablet_manager.cc:1403] T afebfe2732be401a81d29a6fe8b09d88 P f00295d3b9fd4346895499aee9757561: Time spent bootstrapping tablet: real 0.019s	user 0.012s	sys 0.004s
I20260709 13:00:22.474130  7869 tablet_bootstrap.cc:492] T c12560b851ed46049f65c095565fef0d P 291c28347b48469c8f447752ba6f2986: No bootstrap required, opened a new log
I20260709 13:00:22.474941  7869 ts_tablet_manager.cc:1403] T c12560b851ed46049f65c095565fef0d P 291c28347b48469c8f447752ba6f2986: Time spent bootstrapping tablet: real 0.072s	user 0.015s	sys 0.007s
I20260709 13:00:22.476526  7870 raft_consensus.cc:359] T afebfe2732be401a81d29a6fe8b09d88 P f00295d3b9fd4346895499aee9757561 [term 0 FOLLOWER]: Replica starting. Triggering 0 pending ops. Active config: opid_index: -1 OBSOLETE_local: false peers { permanent_uuid: "291c28347b48469c8f447752ba6f2986" member_type: VOTER last_known_addr { host: "127.7.93.129" port: 36401 } } peers { permanent_uuid: "bba17aad0d8a41188c8cf547ebfb16ef" member_type: VOTER last_known_addr { host: "127.7.93.130" port: 40921 } } peers { permanent_uuid: "f00295d3b9fd4346895499aee9757561" member_type: VOTER last_known_addr { host: "127.7.93.131" port: 32821 } }
I20260709 13:00:22.477049  7870 raft_consensus.cc:385] T afebfe2732be401a81d29a6fe8b09d88 P f00295d3b9fd4346895499aee9757561 [term 0 FOLLOWER]: Consensus starting up: Expiring failure detector timer to make a prompt election more likely
I20260709 13:00:22.477272  7870 raft_consensus.cc:740] T afebfe2732be401a81d29a6fe8b09d88 P f00295d3b9fd4346895499aee9757561 [term 0 FOLLOWER]: Becoming Follower/Learner. State: Replica: f00295d3b9fd4346895499aee9757561, State: Initialized, Role: FOLLOWER
I20260709 13:00:22.477963  7870 consensus_queue.cc:260] T afebfe2732be401a81d29a6fe8b09d88 P f00295d3b9fd4346895499aee9757561 [NON_LEADER]: Queue going to NON_LEADER mode. State: All replicated index: 0, Majority replicated index: 0, Committed index: 0, Last appended: 0.0, Last appended by leader: 0, Current term: 0, Majority size: -1, State: 0, Mode: NON_LEADER, active raft config: opid_index: -1 OBSOLETE_local: false peers { permanent_uuid: "291c28347b48469c8f447752ba6f2986" member_type: VOTER last_known_addr { host: "127.7.93.129" port: 36401 } } peers { permanent_uuid: "bba17aad0d8a41188c8cf547ebfb16ef" member_type: VOTER last_known_addr { host: "127.7.93.130" port: 40921 } } peers { permanent_uuid: "f00295d3b9fd4346895499aee9757561" member_type: VOTER last_known_addr { host: "127.7.93.131" port: 32821 } }
I20260709 13:00:22.478392  7878 raft_consensus.cc:493] T 93b6d56ab0e94aceba3af6a05fcd8f7f P bba17aad0d8a41188c8cf547ebfb16ef [term 0 FOLLOWER]: Starting pre-election (no leader contacted us within the election timeout)
I20260709 13:00:22.478240  7869 raft_consensus.cc:359] T c12560b851ed46049f65c095565fef0d P 291c28347b48469c8f447752ba6f2986 [term 0 FOLLOWER]: Replica starting. Triggering 0 pending ops. Active config: opid_index: -1 OBSOLETE_local: false peers { permanent_uuid: "291c28347b48469c8f447752ba6f2986" member_type: VOTER last_known_addr { host: "127.7.93.129" port: 36401 } } peers { permanent_uuid: "bba17aad0d8a41188c8cf547ebfb16ef" member_type: VOTER last_known_addr { host: "127.7.93.130" port: 40921 } } peers { permanent_uuid: "f00295d3b9fd4346895499aee9757561" member_type: VOTER last_known_addr { host: "127.7.93.131" port: 32821 } }
I20260709 13:00:22.478981  7869 raft_consensus.cc:385] T c12560b851ed46049f65c095565fef0d P 291c28347b48469c8f447752ba6f2986 [term 0 FOLLOWER]: Consensus starting up: Expiring failure detector timer to make a prompt election more likely
I20260709 13:00:22.478856  7878 raft_consensus.cc:515] T 93b6d56ab0e94aceba3af6a05fcd8f7f P bba17aad0d8a41188c8cf547ebfb16ef [term 0 FOLLOWER]: Starting pre-election with config: opid_index: -1 OBSOLETE_local: false peers { permanent_uuid: "291c28347b48469c8f447752ba6f2986" member_type: VOTER last_known_addr { host: "127.7.93.129" port: 36401 } } peers { permanent_uuid: "bba17aad0d8a41188c8cf547ebfb16ef" member_type: VOTER last_known_addr { host: "127.7.93.130" port: 40921 } } peers { permanent_uuid: "f00295d3b9fd4346895499aee9757561" member_type: VOTER last_known_addr { host: "127.7.93.131" port: 32821 } }
I20260709 13:00:22.479296  7869 raft_consensus.cc:740] T c12560b851ed46049f65c095565fef0d P 291c28347b48469c8f447752ba6f2986 [term 0 FOLLOWER]: Becoming Follower/Learner. State: Replica: 291c28347b48469c8f447752ba6f2986, State: Initialized, Role: FOLLOWER
I20260709 13:00:22.480016  7869 consensus_queue.cc:260] T c12560b851ed46049f65c095565fef0d P 291c28347b48469c8f447752ba6f2986 [NON_LEADER]: Queue going to NON_LEADER mode. State: All replicated index: 0, Majority replicated index: 0, Committed index: 0, Last appended: 0.0, Last appended by leader: 0, Current term: 0, Majority size: -1, State: 0, Mode: NON_LEADER, active raft config: opid_index: -1 OBSOLETE_local: false peers { permanent_uuid: "291c28347b48469c8f447752ba6f2986" member_type: VOTER last_known_addr { host: "127.7.93.129" port: 36401 } } peers { permanent_uuid: "bba17aad0d8a41188c8cf547ebfb16ef" member_type: VOTER last_known_addr { host: "127.7.93.130" port: 40921 } } peers { permanent_uuid: "f00295d3b9fd4346895499aee9757561" member_type: VOTER last_known_addr { host: "127.7.93.131" port: 32821 } }
I20260709 13:00:22.480544  7870 ts_tablet_manager.cc:1434] T afebfe2732be401a81d29a6fe8b09d88 P f00295d3b9fd4346895499aee9757561: Time spent starting tablet: real 0.009s	user 0.007s	sys 0.000s
I20260709 13:00:22.481751  7870 tablet_bootstrap.cc:492] T 176a8150a2fb4704a2b9c014390567f3 P f00295d3b9fd4346895499aee9757561: Bootstrap starting.
I20260709 13:00:22.487116  7869 ts_tablet_manager.cc:1434] T c12560b851ed46049f65c095565fef0d P 291c28347b48469c8f447752ba6f2986: Time spent starting tablet: real 0.012s	user 0.002s	sys 0.004s
I20260709 13:00:22.488065  7869 tablet_bootstrap.cc:492] T a12cf495282b4d1d8c1c3f3109a43042 P 291c28347b48469c8f447752ba6f2986: Bootstrap starting.
I20260709 13:00:22.487656  7870 tablet_bootstrap.cc:654] T 176a8150a2fb4704a2b9c014390567f3 P f00295d3b9fd4346895499aee9757561: Neither blocks nor log segments found. Creating new log.
I20260709 13:00:22.474818  7871 consensus_queue.cc:260] T c12560b851ed46049f65c095565fef0d P bba17aad0d8a41188c8cf547ebfb16ef [NON_LEADER]: Queue going to NON_LEADER mode. State: All replicated index: 0, Majority replicated index: 0, Committed index: 0, Last appended: 0.0, Last appended by leader: 0, Current term: 0, Majority size: -1, State: 0, Mode: NON_LEADER, active raft config: opid_index: -1 OBSOLETE_local: false peers { permanent_uuid: "291c28347b48469c8f447752ba6f2986" member_type: VOTER last_known_addr { host: "127.7.93.129" port: 36401 } } peers { permanent_uuid: "bba17aad0d8a41188c8cf547ebfb16ef" member_type: VOTER last_known_addr { host: "127.7.93.130" port: 40921 } } peers { permanent_uuid: "f00295d3b9fd4346895499aee9757561" member_type: VOTER last_known_addr { host: "127.7.93.131" port: 32821 } }
I20260709 13:00:22.495570  7869 tablet_bootstrap.cc:654] T a12cf495282b4d1d8c1c3f3109a43042 P 291c28347b48469c8f447752ba6f2986: Neither blocks nor log segments found. Creating new log.
I20260709 13:00:22.497201  7878 leader_election.cc:290] T 93b6d56ab0e94aceba3af6a05fcd8f7f P bba17aad0d8a41188c8cf547ebfb16ef [CANDIDATE]: Term 1 pre-election: Requested pre-vote from peers 291c28347b48469c8f447752ba6f2986 (127.7.93.129:36401), f00295d3b9fd4346895499aee9757561 (127.7.93.131:32821)
I20260709 13:00:22.501673  7870 tablet_bootstrap.cc:492] T 176a8150a2fb4704a2b9c014390567f3 P f00295d3b9fd4346895499aee9757561: No bootstrap required, opened a new log
I20260709 13:00:22.502179  7870 ts_tablet_manager.cc:1403] T 176a8150a2fb4704a2b9c014390567f3 P f00295d3b9fd4346895499aee9757561: Time spent bootstrapping tablet: real 0.021s	user 0.011s	sys 0.004s
I20260709 13:00:22.505043  7870 raft_consensus.cc:359] T 176a8150a2fb4704a2b9c014390567f3 P f00295d3b9fd4346895499aee9757561 [term 0 FOLLOWER]: Replica starting. Triggering 0 pending ops. Active config: opid_index: -1 OBSOLETE_local: false peers { permanent_uuid: "291c28347b48469c8f447752ba6f2986" member_type: VOTER last_known_addr { host: "127.7.93.129" port: 36401 } } peers { permanent_uuid: "bba17aad0d8a41188c8cf547ebfb16ef" member_type: VOTER last_known_addr { host: "127.7.93.130" port: 40921 } } peers { permanent_uuid: "f00295d3b9fd4346895499aee9757561" member_type: VOTER last_known_addr { host: "127.7.93.131" port: 32821 } }
I20260709 13:00:22.505766  7870 raft_consensus.cc:385] T 176a8150a2fb4704a2b9c014390567f3 P f00295d3b9fd4346895499aee9757561 [term 0 FOLLOWER]: Consensus starting up: Expiring failure detector timer to make a prompt election more likely
I20260709 13:00:22.506060  7870 raft_consensus.cc:740] T 176a8150a2fb4704a2b9c014390567f3 P f00295d3b9fd4346895499aee9757561 [term 0 FOLLOWER]: Becoming Follower/Learner. State: Replica: f00295d3b9fd4346895499aee9757561, State: Initialized, Role: FOLLOWER
I20260709 13:00:22.506795  7870 consensus_queue.cc:260] T 176a8150a2fb4704a2b9c014390567f3 P f00295d3b9fd4346895499aee9757561 [NON_LEADER]: Queue going to NON_LEADER mode. State: All replicated index: 0, Majority replicated index: 0, Committed index: 0, Last appended: 0.0, Last appended by leader: 0, Current term: 0, Majority size: -1, State: 0, Mode: NON_LEADER, active raft config: opid_index: -1 OBSOLETE_local: false peers { permanent_uuid: "291c28347b48469c8f447752ba6f2986" member_type: VOTER last_known_addr { host: "127.7.93.129" port: 36401 } } peers { permanent_uuid: "bba17aad0d8a41188c8cf547ebfb16ef" member_type: VOTER last_known_addr { host: "127.7.93.130" port: 40921 } } peers { permanent_uuid: "f00295d3b9fd4346895499aee9757561" member_type: VOTER last_known_addr { host: "127.7.93.131" port: 32821 } }
I20260709 13:00:22.509231  7870 ts_tablet_manager.cc:1434] T 176a8150a2fb4704a2b9c014390567f3 P f00295d3b9fd4346895499aee9757561: Time spent starting tablet: real 0.007s	user 0.005s	sys 0.000s
I20260709 13:00:22.510282  7870 tablet_bootstrap.cc:492] T 3ae1a2f2d6494f6694e0076bc5555f1f P f00295d3b9fd4346895499aee9757561: Bootstrap starting.
I20260709 13:00:22.516561  7870 tablet_bootstrap.cc:654] T 3ae1a2f2d6494f6694e0076bc5555f1f P f00295d3b9fd4346895499aee9757561: Neither blocks nor log segments found. Creating new log.
I20260709 13:00:22.528070  7870 tablet_bootstrap.cc:492] T 3ae1a2f2d6494f6694e0076bc5555f1f P f00295d3b9fd4346895499aee9757561: No bootstrap required, opened a new log
I20260709 13:00:22.528541  7870 ts_tablet_manager.cc:1403] T 3ae1a2f2d6494f6694e0076bc5555f1f P f00295d3b9fd4346895499aee9757561: Time spent bootstrapping tablet: real 0.018s	user 0.012s	sys 0.004s
I20260709 13:00:22.531385  7870 raft_consensus.cc:359] T 3ae1a2f2d6494f6694e0076bc5555f1f P f00295d3b9fd4346895499aee9757561 [term 0 FOLLOWER]: Replica starting. Triggering 0 pending ops. Active config: opid_index: -1 OBSOLETE_local: false peers { permanent_uuid: "291c28347b48469c8f447752ba6f2986" member_type: VOTER last_known_addr { host: "127.7.93.129" port: 36401 } } peers { permanent_uuid: "bba17aad0d8a41188c8cf547ebfb16ef" member_type: VOTER last_known_addr { host: "127.7.93.130" port: 40921 } } peers { permanent_uuid: "f00295d3b9fd4346895499aee9757561" member_type: VOTER last_known_addr { host: "127.7.93.131" port: 32821 } }
I20260709 13:00:22.532099  7870 raft_consensus.cc:385] T 3ae1a2f2d6494f6694e0076bc5555f1f P f00295d3b9fd4346895499aee9757561 [term 0 FOLLOWER]: Consensus starting up: Expiring failure detector timer to make a prompt election more likely
I20260709 13:00:22.532397  7870 raft_consensus.cc:740] T 3ae1a2f2d6494f6694e0076bc5555f1f P f00295d3b9fd4346895499aee9757561 [term 0 FOLLOWER]: Becoming Follower/Learner. State: Replica: f00295d3b9fd4346895499aee9757561, State: Initialized, Role: FOLLOWER
I20260709 13:00:22.533109  7870 consensus_queue.cc:260] T 3ae1a2f2d6494f6694e0076bc5555f1f P f00295d3b9fd4346895499aee9757561 [NON_LEADER]: Queue going to NON_LEADER mode. State: All replicated index: 0, Majority replicated index: 0, Committed index: 0, Last appended: 0.0, Last appended by leader: 0, Current term: 0, Majority size: -1, State: 0, Mode: NON_LEADER, active raft config: opid_index: -1 OBSOLETE_local: false peers { permanent_uuid: "291c28347b48469c8f447752ba6f2986" member_type: VOTER last_known_addr { host: "127.7.93.129" port: 36401 } } peers { permanent_uuid: "bba17aad0d8a41188c8cf547ebfb16ef" member_type: VOTER last_known_addr { host: "127.7.93.130" port: 40921 } } peers { permanent_uuid: "f00295d3b9fd4346895499aee9757561" member_type: VOTER last_known_addr { host: "127.7.93.131" port: 32821 } }
I20260709 13:00:22.535596  7870 ts_tablet_manager.cc:1434] T 3ae1a2f2d6494f6694e0076bc5555f1f P f00295d3b9fd4346895499aee9757561: Time spent starting tablet: real 0.007s	user 0.007s	sys 0.000s
I20260709 13:00:22.536576  7870 tablet_bootstrap.cc:492] T c12560b851ed46049f65c095565fef0d P f00295d3b9fd4346895499aee9757561: Bootstrap starting.
I20260709 13:00:22.544209  7870 tablet_bootstrap.cc:654] T c12560b851ed46049f65c095565fef0d P f00295d3b9fd4346895499aee9757561: Neither blocks nor log segments found. Creating new log.
I20260709 13:00:22.545337  7876 raft_consensus.cc:493] T e984d3fca17e44f9982eaa6c76ccaf65 P f00295d3b9fd4346895499aee9757561 [term 0 FOLLOWER]: Starting pre-election (no leader contacted us within the election timeout)
I20260709 13:00:22.545851  7876 raft_consensus.cc:515] T e984d3fca17e44f9982eaa6c76ccaf65 P f00295d3b9fd4346895499aee9757561 [term 0 FOLLOWER]: Starting pre-election with config: opid_index: -1 OBSOLETE_local: false peers { permanent_uuid: "291c28347b48469c8f447752ba6f2986" member_type: VOTER last_known_addr { host: "127.7.93.129" port: 36401 } } peers { permanent_uuid: "bba17aad0d8a41188c8cf547ebfb16ef" member_type: VOTER last_known_addr { host: "127.7.93.130" port: 40921 } } peers { permanent_uuid: "f00295d3b9fd4346895499aee9757561" member_type: VOTER last_known_addr { host: "127.7.93.131" port: 32821 } }
I20260709 13:00:22.548306  7876 leader_election.cc:290] T e984d3fca17e44f9982eaa6c76ccaf65 P f00295d3b9fd4346895499aee9757561 [CANDIDATE]: Term 1 pre-election: Requested pre-vote from peers 291c28347b48469c8f447752ba6f2986 (127.7.93.129:36401), bba17aad0d8a41188c8cf547ebfb16ef (127.7.93.130:40921)
I20260709 13:00:22.561981  7870 tablet_bootstrap.cc:492] T c12560b851ed46049f65c095565fef0d P f00295d3b9fd4346895499aee9757561: No bootstrap required, opened a new log
I20260709 13:00:22.562510  7870 ts_tablet_manager.cc:1403] T c12560b851ed46049f65c095565fef0d P f00295d3b9fd4346895499aee9757561: Time spent bootstrapping tablet: real 0.026s	user 0.008s	sys 0.005s
I20260709 13:00:22.565425  7870 raft_consensus.cc:359] T c12560b851ed46049f65c095565fef0d P f00295d3b9fd4346895499aee9757561 [term 0 FOLLOWER]: Replica starting. Triggering 0 pending ops. Active config: opid_index: -1 OBSOLETE_local: false peers { permanent_uuid: "291c28347b48469c8f447752ba6f2986" member_type: VOTER last_known_addr { host: "127.7.93.129" port: 36401 } } peers { permanent_uuid: "bba17aad0d8a41188c8cf547ebfb16ef" member_type: VOTER last_known_addr { host: "127.7.93.130" port: 40921 } } peers { permanent_uuid: "f00295d3b9fd4346895499aee9757561" member_type: VOTER last_known_addr { host: "127.7.93.131" port: 32821 } }
I20260709 13:00:22.566172  7870 raft_consensus.cc:385] T c12560b851ed46049f65c095565fef0d P f00295d3b9fd4346895499aee9757561 [term 0 FOLLOWER]: Consensus starting up: Expiring failure detector timer to make a prompt election more likely
I20260709 13:00:22.566494  7870 raft_consensus.cc:740] T c12560b851ed46049f65c095565fef0d P f00295d3b9fd4346895499aee9757561 [term 0 FOLLOWER]: Becoming Follower/Learner. State: Replica: f00295d3b9fd4346895499aee9757561, State: Initialized, Role: FOLLOWER
I20260709 13:00:22.567327  7870 consensus_queue.cc:260] T c12560b851ed46049f65c095565fef0d P f00295d3b9fd4346895499aee9757561 [NON_LEADER]: Queue going to NON_LEADER mode. State: All replicated index: 0, Majority replicated index: 0, Committed index: 0, Last appended: 0.0, Last appended by leader: 0, Current term: 0, Majority size: -1, State: 0, Mode: NON_LEADER, active raft config: opid_index: -1 OBSOLETE_local: false peers { permanent_uuid: "291c28347b48469c8f447752ba6f2986" member_type: VOTER last_known_addr { host: "127.7.93.129" port: 36401 } } peers { permanent_uuid: "bba17aad0d8a41188c8cf547ebfb16ef" member_type: VOTER last_known_addr { host: "127.7.93.130" port: 40921 } } peers { permanent_uuid: "f00295d3b9fd4346895499aee9757561" member_type: VOTER last_known_addr { host: "127.7.93.131" port: 32821 } }
I20260709 13:00:22.569752  7870 ts_tablet_manager.cc:1434] T c12560b851ed46049f65c095565fef0d P f00295d3b9fd4346895499aee9757561: Time spent starting tablet: real 0.007s	user 0.006s	sys 0.000s
I20260709 13:00:22.570679  7870 tablet_bootstrap.cc:492] T a12cf495282b4d1d8c1c3f3109a43042 P f00295d3b9fd4346895499aee9757561: Bootstrap starting.
I20260709 13:00:22.576810  7870 tablet_bootstrap.cc:654] T a12cf495282b4d1d8c1c3f3109a43042 P f00295d3b9fd4346895499aee9757561: Neither blocks nor log segments found. Creating new log.
I20260709 13:00:22.592175  7677 tablet_service.cc:1917] Received RequestConsensusVote() RPC: tablet_id: "93b6d56ab0e94aceba3af6a05fcd8f7f" candidate_uuid: "bba17aad0d8a41188c8cf547ebfb16ef" candidate_term: 1 candidate_status { last_received { term: 0 index: 0 } } ignore_live_leader: false dest_uuid: "291c28347b48469c8f447752ba6f2986" is_pre_election: true
I20260709 13:00:22.593683  7870 tablet_bootstrap.cc:492] T a12cf495282b4d1d8c1c3f3109a43042 P f00295d3b9fd4346895499aee9757561: No bootstrap required, opened a new log
I20260709 13:00:22.594158  7870 ts_tablet_manager.cc:1403] T a12cf495282b4d1d8c1c3f3109a43042 P f00295d3b9fd4346895499aee9757561: Time spent bootstrapping tablet: real 0.024s	user 0.008s	sys 0.008s
I20260709 13:00:22.597620  7870 raft_consensus.cc:359] T a12cf495282b4d1d8c1c3f3109a43042 P f00295d3b9fd4346895499aee9757561 [term 0 FOLLOWER]: Replica starting. Triggering 0 pending ops. Active config: opid_index: -1 OBSOLETE_local: false peers { permanent_uuid: "bba17aad0d8a41188c8cf547ebfb16ef" member_type: VOTER last_known_addr { host: "127.7.93.130" port: 40921 } } peers { permanent_uuid: "291c28347b48469c8f447752ba6f2986" member_type: VOTER last_known_addr { host: "127.7.93.129" port: 36401 } } peers { permanent_uuid: "f00295d3b9fd4346895499aee9757561" member_type: VOTER last_known_addr { host: "127.7.93.131" port: 32821 } }
I20260709 13:00:22.598351  7870 raft_consensus.cc:385] T a12cf495282b4d1d8c1c3f3109a43042 P f00295d3b9fd4346895499aee9757561 [term 0 FOLLOWER]: Consensus starting up: Expiring failure detector timer to make a prompt election more likely
I20260709 13:00:22.598644  7870 raft_consensus.cc:740] T a12cf495282b4d1d8c1c3f3109a43042 P f00295d3b9fd4346895499aee9757561 [term 0 FOLLOWER]: Becoming Follower/Learner. State: Replica: f00295d3b9fd4346895499aee9757561, State: Initialized, Role: FOLLOWER
I20260709 13:00:22.599301  7870 consensus_queue.cc:260] T a12cf495282b4d1d8c1c3f3109a43042 P f00295d3b9fd4346895499aee9757561 [NON_LEADER]: Queue going to NON_LEADER mode. State: All replicated index: 0, Majority replicated index: 0, Committed index: 0, Last appended: 0.0, Last appended by leader: 0, Current term: 0, Majority size: -1, State: 0, Mode: NON_LEADER, active raft config: opid_index: -1 OBSOLETE_local: false peers { permanent_uuid: "bba17aad0d8a41188c8cf547ebfb16ef" member_type: VOTER last_known_addr { host: "127.7.93.130" port: 40921 } } peers { permanent_uuid: "291c28347b48469c8f447752ba6f2986" member_type: VOTER last_known_addr { host: "127.7.93.129" port: 36401 } } peers { permanent_uuid: "f00295d3b9fd4346895499aee9757561" member_type: VOTER last_known_addr { host: "127.7.93.131" port: 32821 } }
W20260709 13:00:22.607923  7718 leader_election.cc:343] T 93b6d56ab0e94aceba3af6a05fcd8f7f P bba17aad0d8a41188c8cf547ebfb16ef [CANDIDATE]: Term 1 pre-election: Tablet error from VoteRequest() call to peer 291c28347b48469c8f447752ba6f2986 (127.7.93.129:36401): Illegal state: must be running to vote when last-logged opid is not known
I20260709 13:00:22.608985  7870 ts_tablet_manager.cc:1434] T a12cf495282b4d1d8c1c3f3109a43042 P f00295d3b9fd4346895499aee9757561: Time spent starting tablet: real 0.015s	user 0.003s	sys 0.002s
I20260709 13:00:22.609457  7871 ts_tablet_manager.cc:1434] T c12560b851ed46049f65c095565fef0d P bba17aad0d8a41188c8cf547ebfb16ef: Time spent starting tablet: real 0.142s	user 0.038s	sys 0.031s
I20260709 13:00:22.609946  7870 tablet_bootstrap.cc:492] T 93b6d56ab0e94aceba3af6a05fcd8f7f P f00295d3b9fd4346895499aee9757561: Bootstrap starting.
I20260709 13:00:22.610579  7871 tablet_bootstrap.cc:492] T e984d3fca17e44f9982eaa6c76ccaf65 P bba17aad0d8a41188c8cf547ebfb16ef: Bootstrap starting.
I20260709 13:00:22.624800  7874 raft_consensus.cc:493] T 4ae4abfc4f1b4dbfb16ca606504fbd39 P 291c28347b48469c8f447752ba6f2986 [term 0 FOLLOWER]: Starting pre-election (no leader contacted us within the election timeout)
I20260709 13:00:22.625504  7874 raft_consensus.cc:515] T 4ae4abfc4f1b4dbfb16ca606504fbd39 P 291c28347b48469c8f447752ba6f2986 [term 0 FOLLOWER]: Starting pre-election with config: opid_index: -1 OBSOLETE_local: false peers { permanent_uuid: "291c28347b48469c8f447752ba6f2986" member_type: VOTER last_known_addr { host: "127.7.93.129" port: 36401 } } peers { permanent_uuid: "bba17aad0d8a41188c8cf547ebfb16ef" member_type: VOTER last_known_addr { host: "127.7.93.130" port: 40921 } } peers { permanent_uuid: "f00295d3b9fd4346895499aee9757561" member_type: VOTER last_known_addr { host: "127.7.93.131" port: 32821 } }
I20260709 13:00:22.630178  7874 leader_election.cc:290] T 4ae4abfc4f1b4dbfb16ca606504fbd39 P 291c28347b48469c8f447752ba6f2986 [CANDIDATE]: Term 1 pre-election: Requested pre-vote from peers bba17aad0d8a41188c8cf547ebfb16ef (127.7.93.130:40921), f00295d3b9fd4346895499aee9757561 (127.7.93.131:32821)
I20260709 13:00:22.633625  7869 tablet_bootstrap.cc:492] T a12cf495282b4d1d8c1c3f3109a43042 P 291c28347b48469c8f447752ba6f2986: No bootstrap required, opened a new log
I20260709 13:00:22.634546  7869 ts_tablet_manager.cc:1403] T a12cf495282b4d1d8c1c3f3109a43042 P 291c28347b48469c8f447752ba6f2986: Time spent bootstrapping tablet: real 0.147s	user 0.041s	sys 0.085s
I20260709 13:00:22.645143  7871 tablet_bootstrap.cc:654] T e984d3fca17e44f9982eaa6c76ccaf65 P bba17aad0d8a41188c8cf547ebfb16ef: Neither blocks nor log segments found. Creating new log.
I20260709 13:00:22.647792  7826 tablet_service.cc:1917] Received RequestConsensusVote() RPC: tablet_id: "93b6d56ab0e94aceba3af6a05fcd8f7f" candidate_uuid: "bba17aad0d8a41188c8cf547ebfb16ef" candidate_term: 1 candidate_status { last_received { term: 0 index: 0 } } ignore_live_leader: false dest_uuid: "f00295d3b9fd4346895499aee9757561" is_pre_election: true
I20260709 13:00:22.649639  7870 tablet_bootstrap.cc:654] T 93b6d56ab0e94aceba3af6a05fcd8f7f P f00295d3b9fd4346895499aee9757561: Neither blocks nor log segments found. Creating new log.
W20260709 13:00:22.650460  7715 leader_election.cc:343] T 93b6d56ab0e94aceba3af6a05fcd8f7f P bba17aad0d8a41188c8cf547ebfb16ef [CANDIDATE]: Term 1 pre-election: Tablet error from VoteRequest() call to peer f00295d3b9fd4346895499aee9757561 (127.7.93.131:32821): Illegal state: must be running to vote when last-logged opid is not known
I20260709 13:00:22.650981  7715 leader_election.cc:304] T 93b6d56ab0e94aceba3af6a05fcd8f7f P bba17aad0d8a41188c8cf547ebfb16ef [CANDIDATE]: Term 1 pre-election: Election decided. Result: candidate lost. Election summary: received 3 responses out of 3 voters: 1 yes votes; 2 no votes. yes voters: bba17aad0d8a41188c8cf547ebfb16ef; no voters: 291c28347b48469c8f447752ba6f2986, f00295d3b9fd4346895499aee9757561
I20260709 13:00:22.653226  7889 raft_consensus.cc:2749] T 93b6d56ab0e94aceba3af6a05fcd8f7f P bba17aad0d8a41188c8cf547ebfb16ef [term 0 FOLLOWER]: Leader pre-election lost for term 1. Reason: could not achieve majority
I20260709 13:00:22.668951  7869 raft_consensus.cc:359] T a12cf495282b4d1d8c1c3f3109a43042 P 291c28347b48469c8f447752ba6f2986 [term 0 FOLLOWER]: Replica starting. Triggering 0 pending ops. Active config: opid_index: -1 OBSOLETE_local: false peers { permanent_uuid: "bba17aad0d8a41188c8cf547ebfb16ef" member_type: VOTER last_known_addr { host: "127.7.93.130" port: 40921 } } peers { permanent_uuid: "291c28347b48469c8f447752ba6f2986" member_type: VOTER last_known_addr { host: "127.7.93.129" port: 36401 } } peers { permanent_uuid: "f00295d3b9fd4346895499aee9757561" member_type: VOTER last_known_addr { host: "127.7.93.131" port: 32821 } }
I20260709 13:00:22.669904  7869 raft_consensus.cc:385] T a12cf495282b4d1d8c1c3f3109a43042 P 291c28347b48469c8f447752ba6f2986 [term 0 FOLLOWER]: Consensus starting up: Expiring failure detector timer to make a prompt election more likely
I20260709 13:00:22.670928  7869 raft_consensus.cc:740] T a12cf495282b4d1d8c1c3f3109a43042 P 291c28347b48469c8f447752ba6f2986 [term 0 FOLLOWER]: Becoming Follower/Learner. State: Replica: 291c28347b48469c8f447752ba6f2986, State: Initialized, Role: FOLLOWER
I20260709 13:00:22.672515  7869 consensus_queue.cc:260] T a12cf495282b4d1d8c1c3f3109a43042 P 291c28347b48469c8f447752ba6f2986 [NON_LEADER]: Queue going to NON_LEADER mode. State: All replicated index: 0, Majority replicated index: 0, Committed index: 0, Last appended: 0.0, Last appended by leader: 0, Current term: 0, Majority size: -1, State: 0, Mode: NON_LEADER, active raft config: opid_index: -1 OBSOLETE_local: false peers { permanent_uuid: "bba17aad0d8a41188c8cf547ebfb16ef" member_type: VOTER last_known_addr { host: "127.7.93.130" port: 40921 } } peers { permanent_uuid: "291c28347b48469c8f447752ba6f2986" member_type: VOTER last_known_addr { host: "127.7.93.129" port: 36401 } } peers { permanent_uuid: "f00295d3b9fd4346895499aee9757561" member_type: VOTER last_known_addr { host: "127.7.93.131" port: 32821 } }
I20260709 13:00:22.684092  7869 ts_tablet_manager.cc:1434] T a12cf495282b4d1d8c1c3f3109a43042 P 291c28347b48469c8f447752ba6f2986: Time spent starting tablet: real 0.046s	user 0.005s	sys 0.004s
I20260709 13:00:22.685635  7752 tablet_service.cc:1917] Received RequestConsensusVote() RPC: tablet_id: "e984d3fca17e44f9982eaa6c76ccaf65" candidate_uuid: "f00295d3b9fd4346895499aee9757561" candidate_term: 1 candidate_status { last_received { term: 0 index: 0 } } ignore_live_leader: false dest_uuid: "bba17aad0d8a41188c8cf547ebfb16ef" is_pre_election: true
I20260709 13:00:22.686381  7869 tablet_bootstrap.cc:492] T f3a4354201084a9d84a8dd2acf3a294d P 291c28347b48469c8f447752ba6f2986: Bootstrap starting.
I20260709 13:00:22.686298  7677 tablet_service.cc:1917] Received RequestConsensusVote() RPC: tablet_id: "e984d3fca17e44f9982eaa6c76ccaf65" candidate_uuid: "f00295d3b9fd4346895499aee9757561" candidate_term: 1 candidate_status { last_received { term: 0 index: 0 } } ignore_live_leader: false dest_uuid: "291c28347b48469c8f447752ba6f2986" is_pre_election: true
W20260709 13:00:22.689119  7789 leader_election.cc:343] T e984d3fca17e44f9982eaa6c76ccaf65 P f00295d3b9fd4346895499aee9757561 [CANDIDATE]: Term 1 pre-election: Tablet error from VoteRequest() call to peer bba17aad0d8a41188c8cf547ebfb16ef (127.7.93.130:40921): Illegal state: must be running to vote when last-logged opid is not known
W20260709 13:00:22.690299  7792 leader_election.cc:343] T e984d3fca17e44f9982eaa6c76ccaf65 P f00295d3b9fd4346895499aee9757561 [CANDIDATE]: Term 1 pre-election: Tablet error from VoteRequest() call to peer 291c28347b48469c8f447752ba6f2986 (127.7.93.129:36401): Illegal state: must be running to vote when last-logged opid is not known
I20260709 13:00:22.690820  7792 leader_election.cc:304] T e984d3fca17e44f9982eaa6c76ccaf65 P f00295d3b9fd4346895499aee9757561 [CANDIDATE]: Term 1 pre-election: Election decided. Result: candidate lost. Election summary: received 3 responses out of 3 voters: 1 yes votes; 2 no votes. yes voters: f00295d3b9fd4346895499aee9757561; no voters: 291c28347b48469c8f447752ba6f2986, bba17aad0d8a41188c8cf547ebfb16ef
I20260709 13:00:22.692256  7876 raft_consensus.cc:2749] T e984d3fca17e44f9982eaa6c76ccaf65 P f00295d3b9fd4346895499aee9757561 [term 0 FOLLOWER]: Leader pre-election lost for term 1. Reason: could not achieve majority
I20260709 13:00:22.698303  7870 tablet_bootstrap.cc:492] T 93b6d56ab0e94aceba3af6a05fcd8f7f P f00295d3b9fd4346895499aee9757561: No bootstrap required, opened a new log
I20260709 13:00:22.698784  7870 ts_tablet_manager.cc:1403] T 93b6d56ab0e94aceba3af6a05fcd8f7f P f00295d3b9fd4346895499aee9757561: Time spent bootstrapping tablet: real 0.089s	user 0.011s	sys 0.026s
I20260709 13:00:22.704361  7752 tablet_service.cc:1917] Received RequestConsensusVote() RPC: tablet_id: "4ae4abfc4f1b4dbfb16ca606504fbd39" candidate_uuid: "291c28347b48469c8f447752ba6f2986" candidate_term: 1 candidate_status { last_received { term: 0 index: 0 } } ignore_live_leader: false dest_uuid: "bba17aad0d8a41188c8cf547ebfb16ef" is_pre_election: true
I20260709 13:00:22.705999  7871 tablet_bootstrap.cc:492] T e984d3fca17e44f9982eaa6c76ccaf65 P bba17aad0d8a41188c8cf547ebfb16ef: No bootstrap required, opened a new log
I20260709 13:00:22.706521  7871 ts_tablet_manager.cc:1403] T e984d3fca17e44f9982eaa6c76ccaf65 P bba17aad0d8a41188c8cf547ebfb16ef: Time spent bootstrapping tablet: real 0.096s	user 0.008s	sys 0.007s
W20260709 13:00:22.707168  7640 leader_election.cc:343] T 4ae4abfc4f1b4dbfb16ca606504fbd39 P 291c28347b48469c8f447752ba6f2986 [CANDIDATE]: Term 1 pre-election: Tablet error from VoteRequest() call to peer bba17aad0d8a41188c8cf547ebfb16ef (127.7.93.130:40921): Illegal state: must be running to vote when last-logged opid is not known
I20260709 13:00:22.709271  7869 tablet_bootstrap.cc:654] T f3a4354201084a9d84a8dd2acf3a294d P 291c28347b48469c8f447752ba6f2986: Neither blocks nor log segments found. Creating new log.
I20260709 13:00:22.709440  7871 raft_consensus.cc:359] T e984d3fca17e44f9982eaa6c76ccaf65 P bba17aad0d8a41188c8cf547ebfb16ef [term 0 FOLLOWER]: Replica starting. Triggering 0 pending ops. Active config: opid_index: -1 OBSOLETE_local: false peers { permanent_uuid: "291c28347b48469c8f447752ba6f2986" member_type: VOTER last_known_addr { host: "127.7.93.129" port: 36401 } } peers { permanent_uuid: "bba17aad0d8a41188c8cf547ebfb16ef" member_type: VOTER last_known_addr { host: "127.7.93.130" port: 40921 } } peers { permanent_uuid: "f00295d3b9fd4346895499aee9757561" member_type: VOTER last_known_addr { host: "127.7.93.131" port: 32821 } }
I20260709 13:00:22.710296  7871 raft_consensus.cc:385] T e984d3fca17e44f9982eaa6c76ccaf65 P bba17aad0d8a41188c8cf547ebfb16ef [term 0 FOLLOWER]: Consensus starting up: Expiring failure detector timer to make a prompt election more likely
I20260709 13:00:22.710645  7871 raft_consensus.cc:740] T e984d3fca17e44f9982eaa6c76ccaf65 P bba17aad0d8a41188c8cf547ebfb16ef [term 0 FOLLOWER]: Becoming Follower/Learner. State: Replica: bba17aad0d8a41188c8cf547ebfb16ef, State: Initialized, Role: FOLLOWER
I20260709 13:00:22.710737  7870 raft_consensus.cc:359] T 93b6d56ab0e94aceba3af6a05fcd8f7f P f00295d3b9fd4346895499aee9757561 [term 0 FOLLOWER]: Replica starting. Triggering 0 pending ops. Active config: opid_index: -1 OBSOLETE_local: false peers { permanent_uuid: "291c28347b48469c8f447752ba6f2986" member_type: VOTER last_known_addr { host: "127.7.93.129" port: 36401 } } peers { permanent_uuid: "bba17aad0d8a41188c8cf547ebfb16ef" member_type: VOTER last_known_addr { host: "127.7.93.130" port: 40921 } } peers { permanent_uuid: "f00295d3b9fd4346895499aee9757561" member_type: VOTER last_known_addr { host: "127.7.93.131" port: 32821 } }
I20260709 13:00:22.711931  7870 raft_consensus.cc:385] T 93b6d56ab0e94aceba3af6a05fcd8f7f P f00295d3b9fd4346895499aee9757561 [term 0 FOLLOWER]: Consensus starting up: Expiring failure detector timer to make a prompt election more likely
I20260709 13:00:22.711690  7871 consensus_queue.cc:260] T e984d3fca17e44f9982eaa6c76ccaf65 P bba17aad0d8a41188c8cf547ebfb16ef [NON_LEADER]: Queue going to NON_LEADER mode. State: All replicated index: 0, Majority replicated index: 0, Committed index: 0, Last appended: 0.0, Last appended by leader: 0, Current term: 0, Majority size: -1, State: 0, Mode: NON_LEADER, active raft config: opid_index: -1 OBSOLETE_local: false peers { permanent_uuid: "291c28347b48469c8f447752ba6f2986" member_type: VOTER last_known_addr { host: "127.7.93.129" port: 36401 } } peers { permanent_uuid: "bba17aad0d8a41188c8cf547ebfb16ef" member_type: VOTER last_known_addr { host: "127.7.93.130" port: 40921 } } peers { permanent_uuid: "f00295d3b9fd4346895499aee9757561" member_type: VOTER last_known_addr { host: "127.7.93.131" port: 32821 } }
I20260709 13:00:22.712208  7870 raft_consensus.cc:740] T 93b6d56ab0e94aceba3af6a05fcd8f7f P f00295d3b9fd4346895499aee9757561 [term 0 FOLLOWER]: Becoming Follower/Learner. State: Replica: f00295d3b9fd4346895499aee9757561, State: Initialized, Role: FOLLOWER
I20260709 13:00:22.712179  7826 tablet_service.cc:1917] Received RequestConsensusVote() RPC: tablet_id: "4ae4abfc4f1b4dbfb16ca606504fbd39" candidate_uuid: "291c28347b48469c8f447752ba6f2986" candidate_term: 1 candidate_status { last_received { term: 0 index: 0 } } ignore_live_leader: false dest_uuid: "f00295d3b9fd4346895499aee9757561" is_pre_election: true
I20260709 13:00:22.712937  7826 raft_consensus.cc:2468] T 4ae4abfc4f1b4dbfb16ca606504fbd39 P f00295d3b9fd4346895499aee9757561 [term 0 FOLLOWER]: Leader pre-election vote request: Granting yes vote for candidate 291c28347b48469c8f447752ba6f2986 in term 0.
I20260709 13:00:22.714347  7871 ts_tablet_manager.cc:1434] T e984d3fca17e44f9982eaa6c76ccaf65 P bba17aad0d8a41188c8cf547ebfb16ef: Time spent starting tablet: real 0.007s	user 0.004s	sys 0.003s
