I20260709 13:00:31.698248  7807 raft_consensus.cc:359] T b1ce05c7c7064ee79beada259ee5e8a3 P 201a7c570be340948d591b79b47877b5 [term 0 FOLLOWER]: Replica starting. Triggering 0 pending ops. Active config: opid_index: -1 OBSOLETE_local: false peers { permanent_uuid: "38f0bcf3ff8b4d59a76aff907ebea86a" member_type: VOTER last_known_addr { host: "127.6.214.129" port: 36977 } } peers { permanent_uuid: "318cd34c40fa40aabab9bc398e663172" member_type: VOTER last_known_addr { host: "127.6.214.130" port: 35911 } } peers { permanent_uuid: "201a7c570be340948d591b79b47877b5" member_type: VOTER last_known_addr { host: "127.6.214.131" port: 43627 } }
I20260709 13:00:31.701229  7809 raft_consensus.cc:359] T 31ff792cad8042d6abeb330b9186376d P 38f0bcf3ff8b4d59a76aff907ebea86a [term 0 FOLLOWER]: Replica starting. Triggering 0 pending ops. Active config: opid_index: -1 OBSOLETE_local: false peers { permanent_uuid: "38f0bcf3ff8b4d59a76aff907ebea86a" member_type: VOTER last_known_addr { host: "127.6.214.129" port: 36977 } } peers { permanent_uuid: "318cd34c40fa40aabab9bc398e663172" member_type: VOTER last_known_addr { host: "127.6.214.130" port: 35911 } } peers { permanent_uuid: "201a7c570be340948d591b79b47877b5" member_type: VOTER last_known_addr { host: "127.6.214.131" port: 43627 } }
I20260709 13:00:31.701638  7807 raft_consensus.cc:385] T b1ce05c7c7064ee79beada259ee5e8a3 P 201a7c570be340948d591b79b47877b5 [term 0 FOLLOWER]: Consensus starting up: Expiring failure detector timer to make a prompt election more likely
I20260709 13:00:31.701926  7809 raft_consensus.cc:385] T 31ff792cad8042d6abeb330b9186376d P 38f0bcf3ff8b4d59a76aff907ebea86a [term 0 FOLLOWER]: Consensus starting up: Expiring failure detector timer to make a prompt election more likely
I20260709 13:00:31.702143  7807 raft_consensus.cc:740] T b1ce05c7c7064ee79beada259ee5e8a3 P 201a7c570be340948d591b79b47877b5 [term 0 FOLLOWER]: Becoming Follower/Learner. State: Replica: 201a7c570be340948d591b79b47877b5, State: Initialized, Role: FOLLOWER
I20260709 13:00:31.702265  7809 raft_consensus.cc:740] T 31ff792cad8042d6abeb330b9186376d P 38f0bcf3ff8b4d59a76aff907ebea86a [term 0 FOLLOWER]: Becoming Follower/Learner. State: Replica: 38f0bcf3ff8b4d59a76aff907ebea86a, State: Initialized, Role: FOLLOWER
I20260709 13:00:31.703111  7809 consensus_queue.cc:260] T 31ff792cad8042d6abeb330b9186376d P 38f0bcf3ff8b4d59a76aff907ebea86a [NON_LEADER]: Queue going to NON_LEADER mode. State: All replicated index: 0, Majority replicated index: 0, Committed index: 0, Last appended: 0.0, Last appended by leader: 0, Current term: 0, Majority size: -1, State: 0, Mode: NON_LEADER, active raft config: opid_index: -1 OBSOLETE_local: false peers { permanent_uuid: "38f0bcf3ff8b4d59a76aff907ebea86a" member_type: VOTER last_known_addr { host: "127.6.214.129" port: 36977 } } peers { permanent_uuid: "318cd34c40fa40aabab9bc398e663172" member_type: VOTER last_known_addr { host: "127.6.214.130" port: 35911 } } peers { permanent_uuid: "201a7c570be340948d591b79b47877b5" member_type: VOTER last_known_addr { host: "127.6.214.131" port: 43627 } }
I20260709 13:00:31.703259  7807 consensus_queue.cc:260] T b1ce05c7c7064ee79beada259ee5e8a3 P 201a7c570be340948d591b79b47877b5 [NON_LEADER]: Queue going to NON_LEADER mode. State: All replicated index: 0, Majority replicated index: 0, Committed index: 0, Last appended: 0.0, Last appended by leader: 0, Current term: 0, Majority size: -1, State: 0, Mode: NON_LEADER, active raft config: opid_index: -1 OBSOLETE_local: false peers { permanent_uuid: "38f0bcf3ff8b4d59a76aff907ebea86a" member_type: VOTER last_known_addr { host: "127.6.214.129" port: 36977 } } peers { permanent_uuid: "318cd34c40fa40aabab9bc398e663172" member_type: VOTER last_known_addr { host: "127.6.214.130" port: 35911 } } peers { permanent_uuid: "201a7c570be340948d591b79b47877b5" member_type: VOTER last_known_addr { host: "127.6.214.131" port: 43627 } }
I20260709 13:00:31.704680  7816 raft_consensus.cc:515] T aa865830f1de4423a7b699d705bdda4a P 201a7c570be340948d591b79b47877b5 [term 1 FOLLOWER]: Starting leader election with config: opid_index: -1 OBSOLETE_local: false peers { permanent_uuid: "38f0bcf3ff8b4d59a76aff907ebea86a" member_type: VOTER last_known_addr { host: "127.6.214.129" port: 36977 } } peers { permanent_uuid: "318cd34c40fa40aabab9bc398e663172" member_type: VOTER last_known_addr { host: "127.6.214.130" port: 35911 } } peers { permanent_uuid: "201a7c570be340948d591b79b47877b5" member_type: VOTER last_known_addr { host: "127.6.214.131" port: 43627 } }
I20260709 13:00:31.705168  7809 ts_tablet_manager.cc:1434] T 31ff792cad8042d6abeb330b9186376d P 38f0bcf3ff8b4d59a76aff907ebea86a: Time spent starting tablet: real 0.006s	user 0.005s	sys 0.000s
I20260709 13:00:31.706056  7809 tablet_bootstrap.cc:492] T a433ae49093e4546b6c9379fd37df0b4 P 38f0bcf3ff8b4d59a76aff907ebea86a: Bootstrap starting.
I20260709 13:00:31.707288  7617 tablet_service.cc:1917] Received RequestConsensusVote() RPC: tablet_id: "aa865830f1de4423a7b699d705bdda4a" candidate_uuid: "201a7c570be340948d591b79b47877b5" candidate_term: 1 candidate_status { last_received { term: 0 index: 0 } } ignore_live_leader: false dest_uuid: "38f0bcf3ff8b4d59a76aff907ebea86a"
I20260709 13:00:31.707799  7617 raft_consensus.cc:3060] T aa865830f1de4423a7b699d705bdda4a P 38f0bcf3ff8b4d59a76aff907ebea86a [term 0 FOLLOWER]: Advancing to term 1
I20260709 13:00:31.708066  7806 tablet_bootstrap.cc:492] T aa865830f1de4423a7b699d705bdda4a P 318cd34c40fa40aabab9bc398e663172: No bootstrap required, opened a new log
I20260709 13:00:31.708544  7806 ts_tablet_manager.cc:1403] T aa865830f1de4423a7b699d705bdda4a P 318cd34c40fa40aabab9bc398e663172: Time spent bootstrapping tablet: real 0.059s	user 0.007s	sys 0.002s
I20260709 13:00:31.711338  7806 raft_consensus.cc:359] T aa865830f1de4423a7b699d705bdda4a P 318cd34c40fa40aabab9bc398e663172 [term 0 FOLLOWER]: Replica starting. Triggering 0 pending ops. Active config: opid_index: -1 OBSOLETE_local: false peers { permanent_uuid: "38f0bcf3ff8b4d59a76aff907ebea86a" member_type: VOTER last_known_addr { host: "127.6.214.129" port: 36977 } } peers { permanent_uuid: "318cd34c40fa40aabab9bc398e663172" member_type: VOTER last_known_addr { host: "127.6.214.130" port: 35911 } } peers { permanent_uuid: "201a7c570be340948d591b79b47877b5" member_type: VOTER last_known_addr { host: "127.6.214.131" port: 43627 } }
I20260709 13:00:31.711923  7809 tablet_bootstrap.cc:654] T a433ae49093e4546b6c9379fd37df0b4 P 38f0bcf3ff8b4d59a76aff907ebea86a: Neither blocks nor log segments found. Creating new log.
I20260709 13:00:31.712383  7806 raft_consensus.cc:385] T aa865830f1de4423a7b699d705bdda4a P 318cd34c40fa40aabab9bc398e663172 [term 0 FOLLOWER]: Consensus starting up: Expiring failure detector timer to make a prompt election more likely
I20260709 13:00:31.714855  7806 raft_consensus.cc:740] T aa865830f1de4423a7b699d705bdda4a P 318cd34c40fa40aabab9bc398e663172 [term 0 FOLLOWER]: Becoming Follower/Learner. State: Replica: 318cd34c40fa40aabab9bc398e663172, State: Initialized, Role: FOLLOWER
I20260709 13:00:31.716259  7806 consensus_queue.cc:260] T aa865830f1de4423a7b699d705bdda4a P 318cd34c40fa40aabab9bc398e663172 [NON_LEADER]: Queue going to NON_LEADER mode. State: All replicated index: 0, Majority replicated index: 0, Committed index: 0, Last appended: 0.0, Last appended by leader: 0, Current term: 0, Majority size: -1, State: 0, Mode: NON_LEADER, active raft config: opid_index: -1 OBSOLETE_local: false peers { permanent_uuid: "38f0bcf3ff8b4d59a76aff907ebea86a" member_type: VOTER last_known_addr { host: "127.6.214.129" port: 36977 } } peers { permanent_uuid: "318cd34c40fa40aabab9bc398e663172" member_type: VOTER last_known_addr { host: "127.6.214.130" port: 35911 } } peers { permanent_uuid: "201a7c570be340948d591b79b47877b5" member_type: VOTER last_known_addr { host: "127.6.214.131" port: 43627 } }
I20260709 13:00:31.721575  7807 ts_tablet_manager.cc:1434] T b1ce05c7c7064ee79beada259ee5e8a3 P 201a7c570be340948d591b79b47877b5: Time spent starting tablet: real 0.027s	user 0.004s	sys 0.018s
W20260709 13:00:31.721873  7563 auto_rebalancer.cc:288] Could not retrieve cluster info: Service unavailable: Tablet not running
I20260709 13:00:31.723428  7513 catalog_manager.cc:5697] T c753fd58028848eebfe5a9e2cfabf6ae P 38f0bcf3ff8b4d59a76aff907ebea86a reported cstate change: term changed from 0 to 1, leader changed from <none> to 38f0bcf3ff8b4d59a76aff907ebea86a (127.6.214.129). New cstate: current_term: 1 leader_uuid: "38f0bcf3ff8b4d59a76aff907ebea86a" committed_config { opid_index: -1 OBSOLETE_local: false peers { permanent_uuid: "38f0bcf3ff8b4d59a76aff907ebea86a" member_type: VOTER last_known_addr { host: "127.6.214.129" port: 36977 } health_report { overall_health: HEALTHY } } peers { permanent_uuid: "318cd34c40fa40aabab9bc398e663172" member_type: VOTER last_known_addr { host: "127.6.214.130" port: 35911 } health_report { overall_health: UNKNOWN } } peers { permanent_uuid: "201a7c570be340948d591b79b47877b5" member_type: VOTER last_known_addr { host: "127.6.214.131" port: 43627 } health_report { overall_health: UNKNOWN } } }
I20260709 13:00:31.724712  7806 ts_tablet_manager.cc:1434] T aa865830f1de4423a7b699d705bdda4a P 318cd34c40fa40aabab9bc398e663172: Time spent starting tablet: real 0.016s	user 0.006s	sys 0.002s
I20260709 13:00:31.725425  7806 tablet_bootstrap.cc:492] T b1ce05c7c7064ee79beada259ee5e8a3 P 318cd34c40fa40aabab9bc398e663172: Bootstrap starting.
I20260709 13:00:31.731098  7806 tablet_bootstrap.cc:654] T b1ce05c7c7064ee79beada259ee5e8a3 P 318cd34c40fa40aabab9bc398e663172: Neither blocks nor log segments found. Creating new log.
I20260709 13:00:31.714407  7617 raft_consensus.cc:2468] T aa865830f1de4423a7b699d705bdda4a P 38f0bcf3ff8b4d59a76aff907ebea86a [term 1 FOLLOWER]: Leader election vote request: Granting yes vote for candidate 201a7c570be340948d591b79b47877b5 in term 1.
I20260709 13:00:31.733597  7729 leader_election.cc:304] T aa865830f1de4423a7b699d705bdda4a P 201a7c570be340948d591b79b47877b5 [CANDIDATE]: Term 1 election: Election decided. Result: candidate won. Election summary: received 2 responses out of 3 voters: 2 yes votes; 0 no votes. yes voters: 201a7c570be340948d591b79b47877b5, 38f0bcf3ff8b4d59a76aff907ebea86a; no voters: 
I20260709 13:00:31.736115  7807 tablet_bootstrap.cc:492] T c753fd58028848eebfe5a9e2cfabf6ae P 201a7c570be340948d591b79b47877b5: Bootstrap starting.
I20260709 13:00:31.740401  7839 raft_consensus.cc:2804] T aa865830f1de4423a7b699d705bdda4a P 201a7c570be340948d591b79b47877b5 [term 1 FOLLOWER]: Leader election won for term 1
I20260709 13:00:31.743093  7692 tablet_service.cc:1917] Received RequestConsensusVote() RPC: tablet_id: "aa865830f1de4423a7b699d705bdda4a" candidate_uuid: "201a7c570be340948d591b79b47877b5" candidate_term: 1 candidate_status { last_received { term: 0 index: 0 } } ignore_live_leader: false dest_uuid: "318cd34c40fa40aabab9bc398e663172"
I20260709 13:00:31.743709  7692 raft_consensus.cc:3060] T aa865830f1de4423a7b699d705bdda4a P 318cd34c40fa40aabab9bc398e663172 [term 0 FOLLOWER]: Advancing to term 1
I20260709 13:00:31.747098  7807 tablet_bootstrap.cc:654] T c753fd58028848eebfe5a9e2cfabf6ae P 201a7c570be340948d591b79b47877b5: Neither blocks nor log segments found. Creating new log.
I20260709 13:00:31.750440  7692 raft_consensus.cc:2468] T aa865830f1de4423a7b699d705bdda4a P 318cd34c40fa40aabab9bc398e663172 [term 1 FOLLOWER]: Leader election vote request: Granting yes vote for candidate 201a7c570be340948d591b79b47877b5 in term 1.
I20260709 13:00:31.751940  7816 leader_election.cc:290] T aa865830f1de4423a7b699d705bdda4a P 201a7c570be340948d591b79b47877b5 [CANDIDATE]: Term 1 election: Requested vote from peers 38f0bcf3ff8b4d59a76aff907ebea86a (127.6.214.129:36977), 318cd34c40fa40aabab9bc398e663172 (127.6.214.130:35911)
I20260709 13:00:31.752537  7806 tablet_bootstrap.cc:492] T b1ce05c7c7064ee79beada259ee5e8a3 P 318cd34c40fa40aabab9bc398e663172: No bootstrap required, opened a new log
I20260709 13:00:31.753033  7806 ts_tablet_manager.cc:1403] T b1ce05c7c7064ee79beada259ee5e8a3 P 318cd34c40fa40aabab9bc398e663172: Time spent bootstrapping tablet: real 0.028s	user 0.027s	sys 0.000s
I20260709 13:00:31.754585  7839 raft_consensus.cc:697] T aa865830f1de4423a7b699d705bdda4a P 201a7c570be340948d591b79b47877b5 [term 1 LEADER]: Becoming Leader. State: Replica: 201a7c570be340948d591b79b47877b5, State: Running, Role: LEADER
I20260709 13:00:31.755498  7807 tablet_bootstrap.cc:492] T c753fd58028848eebfe5a9e2cfabf6ae P 201a7c570be340948d591b79b47877b5: No bootstrap required, opened a new log
I20260709 13:00:31.755594  7806 raft_consensus.cc:359] T b1ce05c7c7064ee79beada259ee5e8a3 P 318cd34c40fa40aabab9bc398e663172 [term 0 FOLLOWER]: Replica starting. Triggering 0 pending ops. Active config: opid_index: -1 OBSOLETE_local: false peers { permanent_uuid: "38f0bcf3ff8b4d59a76aff907ebea86a" member_type: VOTER last_known_addr { host: "127.6.214.129" port: 36977 } } peers { permanent_uuid: "318cd34c40fa40aabab9bc398e663172" member_type: VOTER last_known_addr { host: "127.6.214.130" port: 35911 } } peers { permanent_uuid: "201a7c570be340948d591b79b47877b5" member_type: VOTER last_known_addr { host: "127.6.214.131" port: 43627 } }
I20260709 13:00:31.756242  7807 ts_tablet_manager.cc:1403] T c753fd58028848eebfe5a9e2cfabf6ae P 201a7c570be340948d591b79b47877b5: Time spent bootstrapping tablet: real 0.028s	user 0.014s	sys 0.000s
I20260709 13:00:31.755517  7839 consensus_queue.cc:237] T aa865830f1de4423a7b699d705bdda4a P 201a7c570be340948d591b79b47877b5 [LEADER]: Queue going to LEADER mode. State: All replicated index: 0, Majority replicated index: 0, Committed index: 0, Last appended: 0.0, Last appended by leader: 0, Current term: 1, Majority size: 2, State: 0, Mode: LEADER, active raft config: opid_index: -1 OBSOLETE_local: false peers { permanent_uuid: "38f0bcf3ff8b4d59a76aff907ebea86a" member_type: VOTER last_known_addr { host: "127.6.214.129" port: 36977 } } peers { permanent_uuid: "318cd34c40fa40aabab9bc398e663172" member_type: VOTER last_known_addr { host: "127.6.214.130" port: 35911 } } peers { permanent_uuid: "201a7c570be340948d591b79b47877b5" member_type: VOTER last_known_addr { host: "127.6.214.131" port: 43627 } }
I20260709 13:00:31.756593  7806 raft_consensus.cc:385] T b1ce05c7c7064ee79beada259ee5e8a3 P 318cd34c40fa40aabab9bc398e663172 [term 0 FOLLOWER]: Consensus starting up: Expiring failure detector timer to make a prompt election more likely
I20260709 13:00:31.756932  7806 raft_consensus.cc:740] T b1ce05c7c7064ee79beada259ee5e8a3 P 318cd34c40fa40aabab9bc398e663172 [term 0 FOLLOWER]: Becoming Follower/Learner. State: Replica: 318cd34c40fa40aabab9bc398e663172, State: Initialized, Role: FOLLOWER
I20260709 13:00:31.757699  7806 consensus_queue.cc:260] T b1ce05c7c7064ee79beada259ee5e8a3 P 318cd34c40fa40aabab9bc398e663172 [NON_LEADER]: Queue going to NON_LEADER mode. State: All replicated index: 0, Majority replicated index: 0, Committed index: 0, Last appended: 0.0, Last appended by leader: 0, Current term: 0, Majority size: -1, State: 0, Mode: NON_LEADER, active raft config: opid_index: -1 OBSOLETE_local: false peers { permanent_uuid: "38f0bcf3ff8b4d59a76aff907ebea86a" member_type: VOTER last_known_addr { host: "127.6.214.129" port: 36977 } } peers { permanent_uuid: "318cd34c40fa40aabab9bc398e663172" member_type: VOTER last_known_addr { host: "127.6.214.130" port: 35911 } } peers { permanent_uuid: "201a7c570be340948d591b79b47877b5" member_type: VOTER last_known_addr { host: "127.6.214.131" port: 43627 } }
I20260709 13:00:31.758981  7842 raft_consensus.cc:493] T 31ff792cad8042d6abeb330b9186376d P 201a7c570be340948d591b79b47877b5 [term 0 FOLLOWER]: Starting pre-election (no leader contacted us within the election timeout)
I20260709 13:00:31.758984  7807 raft_consensus.cc:359] T c753fd58028848eebfe5a9e2cfabf6ae P 201a7c570be340948d591b79b47877b5 [term 0 FOLLOWER]: Replica starting. Triggering 0 pending ops. Active config: opid_index: -1 OBSOLETE_local: false peers { permanent_uuid: "38f0bcf3ff8b4d59a76aff907ebea86a" member_type: VOTER last_known_addr { host: "127.6.214.129" port: 36977 } } peers { permanent_uuid: "318cd34c40fa40aabab9bc398e663172" member_type: VOTER last_known_addr { host: "127.6.214.130" port: 35911 } } peers { permanent_uuid: "201a7c570be340948d591b79b47877b5" member_type: VOTER last_known_addr { host: "127.6.214.131" port: 43627 } }
I20260709 13:00:31.759577  7842 raft_consensus.cc:515] T 31ff792cad8042d6abeb330b9186376d P 201a7c570be340948d591b79b47877b5 [term 0 FOLLOWER]: Starting pre-election with config: opid_index: -1 OBSOLETE_local: false peers { permanent_uuid: "38f0bcf3ff8b4d59a76aff907ebea86a" member_type: VOTER last_known_addr { host: "127.6.214.129" port: 36977 } } peers { permanent_uuid: "318cd34c40fa40aabab9bc398e663172" member_type: VOTER last_known_addr { host: "127.6.214.130" port: 35911 } } peers { permanent_uuid: "201a7c570be340948d591b79b47877b5" member_type: VOTER last_known_addr { host: "127.6.214.131" port: 43627 } }
I20260709 13:00:31.760082  7807 raft_consensus.cc:385] T c753fd58028848eebfe5a9e2cfabf6ae P 201a7c570be340948d591b79b47877b5 [term 0 FOLLOWER]: Consensus starting up: Expiring failure detector timer to make a prompt election more likely
I20260709 13:00:31.760352  7807 raft_consensus.cc:740] T c753fd58028848eebfe5a9e2cfabf6ae P 201a7c570be340948d591b79b47877b5 [term 0 FOLLOWER]: Becoming Follower/Learner. State: Replica: 201a7c570be340948d591b79b47877b5, State: Initialized, Role: FOLLOWER
I20260709 13:00:31.761049  7807 consensus_queue.cc:260] T c753fd58028848eebfe5a9e2cfabf6ae P 201a7c570be340948d591b79b47877b5 [NON_LEADER]: Queue going to NON_LEADER mode. State: All replicated index: 0, Majority replicated index: 0, Committed index: 0, Last appended: 0.0, Last appended by leader: 0, Current term: 0, Majority size: -1, State: 0, Mode: NON_LEADER, active raft config: opid_index: -1 OBSOLETE_local: false peers { permanent_uuid: "38f0bcf3ff8b4d59a76aff907ebea86a" member_type: VOTER last_known_addr { host: "127.6.214.129" port: 36977 } } peers { permanent_uuid: "318cd34c40fa40aabab9bc398e663172" member_type: VOTER last_known_addr { host: "127.6.214.130" port: 35911 } } peers { permanent_uuid: "201a7c570be340948d591b79b47877b5" member_type: VOTER last_known_addr { host: "127.6.214.131" port: 43627 } }
I20260709 13:00:31.762624  7617 tablet_service.cc:1917] Received RequestConsensusVote() RPC: tablet_id: "31ff792cad8042d6abeb330b9186376d" candidate_uuid: "201a7c570be340948d591b79b47877b5" candidate_term: 1 candidate_status { last_received { term: 0 index: 0 } } ignore_live_leader: false dest_uuid: "38f0bcf3ff8b4d59a76aff907ebea86a" is_pre_election: true
I20260709 13:00:31.763253  7617 raft_consensus.cc:2468] T 31ff792cad8042d6abeb330b9186376d P 38f0bcf3ff8b4d59a76aff907ebea86a [term 0 FOLLOWER]: Leader pre-election vote request: Granting yes vote for candidate 201a7c570be340948d591b79b47877b5 in term 0.
I20260709 13:00:31.763240  7807 ts_tablet_manager.cc:1434] T c753fd58028848eebfe5a9e2cfabf6ae P 201a7c570be340948d591b79b47877b5: Time spent starting tablet: real 0.007s	user 0.003s	sys 0.003s
I20260709 13:00:31.764424  7729 leader_election.cc:304] T 31ff792cad8042d6abeb330b9186376d P 201a7c570be340948d591b79b47877b5 [CANDIDATE]: Term 1 pre-election: Election decided. Result: candidate won. Election summary: received 2 responses out of 3 voters: 2 yes votes; 0 no votes. yes voters: 201a7c570be340948d591b79b47877b5, 38f0bcf3ff8b4d59a76aff907ebea86a; no voters: 
I20260709 13:00:31.764685  7807 tablet_bootstrap.cc:492] T 563af522b7564b7d816534e7f962b49c P 201a7c570be340948d591b79b47877b5: Bootstrap starting.
I20260709 13:00:31.765272  7816 raft_consensus.cc:2804] T 31ff792cad8042d6abeb330b9186376d P 201a7c570be340948d591b79b47877b5 [term 0 FOLLOWER]: Leader pre-election won for term 1
I20260709 13:00:31.765650  7816 raft_consensus.cc:493] T 31ff792cad8042d6abeb330b9186376d P 201a7c570be340948d591b79b47877b5 [term 0 FOLLOWER]: Starting leader election (no leader contacted us within the election timeout)
I20260709 13:00:31.766000  7816 raft_consensus.cc:3060] T 31ff792cad8042d6abeb330b9186376d P 201a7c570be340948d591b79b47877b5 [term 0 FOLLOWER]: Advancing to term 1
I20260709 13:00:31.769833  7806 ts_tablet_manager.cc:1434] T b1ce05c7c7064ee79beada259ee5e8a3 P 318cd34c40fa40aabab9bc398e663172: Time spent starting tablet: real 0.017s	user 0.006s	sys 0.000s
I20260709 13:00:31.774031  7807 tablet_bootstrap.cc:654] T 563af522b7564b7d816534e7f962b49c P 201a7c570be340948d591b79b47877b5: Neither blocks nor log segments found. Creating new log.
I20260709 13:00:31.775671  7692 tablet_service.cc:1917] Received RequestConsensusVote() RPC: tablet_id: "31ff792cad8042d6abeb330b9186376d" candidate_uuid: "201a7c570be340948d591b79b47877b5" candidate_term: 1 candidate_status { last_received { term: 0 index: 0 } } ignore_live_leader: false dest_uuid: "318cd34c40fa40aabab9bc398e663172" is_pre_election: true
I20260709 13:00:31.776335  7692 raft_consensus.cc:2468] T 31ff792cad8042d6abeb330b9186376d P 318cd34c40fa40aabab9bc398e663172 [term 0 FOLLOWER]: Leader pre-election vote request: Granting yes vote for candidate 201a7c570be340948d591b79b47877b5 in term 0.
I20260709 13:00:31.777706  7842 leader_election.cc:290] T 31ff792cad8042d6abeb330b9186376d P 201a7c570be340948d591b79b47877b5 [CANDIDATE]: Term 1 pre-election: Requested pre-vote from peers 38f0bcf3ff8b4d59a76aff907ebea86a (127.6.214.129:36977), 318cd34c40fa40aabab9bc398e663172 (127.6.214.130:35911)
I20260709 13:00:31.778288  7806 tablet_bootstrap.cc:492] T ca06287e7ac54bdea8a5e0b4c6a24d5d P 318cd34c40fa40aabab9bc398e663172: Bootstrap starting.
I20260709 13:00:31.774044  7816 raft_consensus.cc:515] T 31ff792cad8042d6abeb330b9186376d P 201a7c570be340948d591b79b47877b5 [term 1 FOLLOWER]: Starting leader election with config: opid_index: -1 OBSOLETE_local: false peers { permanent_uuid: "38f0bcf3ff8b4d59a76aff907ebea86a" member_type: VOTER last_known_addr { host: "127.6.214.129" port: 36977 } } peers { permanent_uuid: "318cd34c40fa40aabab9bc398e663172" member_type: VOTER last_known_addr { host: "127.6.214.130" port: 35911 } } peers { permanent_uuid: "201a7c570be340948d591b79b47877b5" member_type: VOTER last_known_addr { host: "127.6.214.131" port: 43627 } }
I20260709 13:00:31.780725  7809 tablet_bootstrap.cc:492] T a433ae49093e4546b6c9379fd37df0b4 P 38f0bcf3ff8b4d59a76aff907ebea86a: No bootstrap required, opened a new log
I20260709 13:00:31.781154  7809 ts_tablet_manager.cc:1403] T a433ae49093e4546b6c9379fd37df0b4 P 38f0bcf3ff8b4d59a76aff907ebea86a: Time spent bootstrapping tablet: real 0.075s	user 0.035s	sys 0.027s
I20260709 13:00:31.782013  7617 tablet_service.cc:1917] Received RequestConsensusVote() RPC: tablet_id: "31ff792cad8042d6abeb330b9186376d" candidate_uuid: "201a7c570be340948d591b79b47877b5" candidate_term: 1 candidate_status { last_received { term: 0 index: 0 } } ignore_live_leader: false dest_uuid: "38f0bcf3ff8b4d59a76aff907ebea86a"
I20260709 13:00:31.782552  7617 raft_consensus.cc:3060] T 31ff792cad8042d6abeb330b9186376d P 38f0bcf3ff8b4d59a76aff907ebea86a [term 0 FOLLOWER]: Advancing to term 1
I20260709 13:00:31.784325  7806 tablet_bootstrap.cc:654] T ca06287e7ac54bdea8a5e0b4c6a24d5d P 318cd34c40fa40aabab9bc398e663172: Neither blocks nor log segments found. Creating new log.
I20260709 13:00:31.783972  7809 raft_consensus.cc:359] T a433ae49093e4546b6c9379fd37df0b4 P 38f0bcf3ff8b4d59a76aff907ebea86a [term 0 FOLLOWER]: Replica starting. Triggering 0 pending ops. Active config: opid_index: -1 OBSOLETE_local: false peers { permanent_uuid: "38f0bcf3ff8b4d59a76aff907ebea86a" member_type: VOTER last_known_addr { host: "127.6.214.129" port: 36977 } } peers { permanent_uuid: "318cd34c40fa40aabab9bc398e663172" member_type: VOTER last_known_addr { host: "127.6.214.130" port: 35911 } } peers { permanent_uuid: "201a7c570be340948d591b79b47877b5" member_type: VOTER last_known_addr { host: "127.6.214.131" port: 43627 } }
I20260709 13:00:31.784739  7809 raft_consensus.cc:385] T a433ae49093e4546b6c9379fd37df0b4 P 38f0bcf3ff8b4d59a76aff907ebea86a [term 0 FOLLOWER]: Consensus starting up: Expiring failure detector timer to make a prompt election more likely
I20260709 13:00:31.784794  7692 tablet_service.cc:1917] Received RequestConsensusVote() RPC: tablet_id: "31ff792cad8042d6abeb330b9186376d" candidate_uuid: "201a7c570be340948d591b79b47877b5" candidate_term: 1 candidate_status { last_received { term: 0 index: 0 } } ignore_live_leader: false dest_uuid: "318cd34c40fa40aabab9bc398e663172"
I20260709 13:00:31.785075  7809 raft_consensus.cc:740] T a433ae49093e4546b6c9379fd37df0b4 P 38f0bcf3ff8b4d59a76aff907ebea86a [term 0 FOLLOWER]: Becoming Follower/Learner. State: Replica: 38f0bcf3ff8b4d59a76aff907ebea86a, State: Initialized, Role: FOLLOWER
I20260709 13:00:31.785344  7692 raft_consensus.cc:3060] T 31ff792cad8042d6abeb330b9186376d P 318cd34c40fa40aabab9bc398e663172 [term 0 FOLLOWER]: Advancing to term 1
I20260709 13:00:31.785990  7809 consensus_queue.cc:260] T a433ae49093e4546b6c9379fd37df0b4 P 38f0bcf3ff8b4d59a76aff907ebea86a [NON_LEADER]: Queue going to NON_LEADER mode. State: All replicated index: 0, Majority replicated index: 0, Committed index: 0, Last appended: 0.0, Last appended by leader: 0, Current term: 0, Majority size: -1, State: 0, Mode: NON_LEADER, active raft config: opid_index: -1 OBSOLETE_local: false peers { permanent_uuid: "38f0bcf3ff8b4d59a76aff907ebea86a" member_type: VOTER last_known_addr { host: "127.6.214.129" port: 36977 } } peers { permanent_uuid: "318cd34c40fa40aabab9bc398e663172" member_type: VOTER last_known_addr { host: "127.6.214.130" port: 35911 } } peers { permanent_uuid: "201a7c570be340948d591b79b47877b5" member_type: VOTER last_known_addr { host: "127.6.214.131" port: 43627 } }
I20260709 13:00:31.788077  7809 ts_tablet_manager.cc:1434] T a433ae49093e4546b6c9379fd37df0b4 P 38f0bcf3ff8b4d59a76aff907ebea86a: Time spent starting tablet: real 0.007s	user 0.004s	sys 0.003s
I20260709 13:00:31.788976  7809 tablet_bootstrap.cc:492] T 563af522b7564b7d816534e7f962b49c P 38f0bcf3ff8b4d59a76aff907ebea86a: Bootstrap starting.
I20260709 13:00:31.788841  7617 raft_consensus.cc:2468] T 31ff792cad8042d6abeb330b9186376d P 38f0bcf3ff8b4d59a76aff907ebea86a [term 1 FOLLOWER]: Leader election vote request: Granting yes vote for candidate 201a7c570be340948d591b79b47877b5 in term 1.
I20260709 13:00:31.790077  7729 leader_election.cc:304] T 31ff792cad8042d6abeb330b9186376d P 201a7c570be340948d591b79b47877b5 [CANDIDATE]: Term 1 election: Election decided. Result: candidate won. Election summary: received 2 responses out of 3 voters: 2 yes votes; 0 no votes. yes voters: 201a7c570be340948d591b79b47877b5, 38f0bcf3ff8b4d59a76aff907ebea86a; no voters: 
I20260709 13:00:31.791069  7842 raft_consensus.cc:2804] T 31ff792cad8042d6abeb330b9186376d P 201a7c570be340948d591b79b47877b5 [term 1 FOLLOWER]: Leader election won for term 1
I20260709 13:00:31.795353  7809 tablet_bootstrap.cc:654] T 563af522b7564b7d816534e7f962b49c P 38f0bcf3ff8b4d59a76aff907ebea86a: Neither blocks nor log segments found. Creating new log.
I20260709 13:00:31.802991  7842 raft_consensus.cc:697] T 31ff792cad8042d6abeb330b9186376d P 201a7c570be340948d591b79b47877b5 [term 1 LEADER]: Becoming Leader. State: Replica: 201a7c570be340948d591b79b47877b5, State: Running, Role: LEADER
I20260709 13:00:31.803800  7842 consensus_queue.cc:237] T 31ff792cad8042d6abeb330b9186376d P 201a7c570be340948d591b79b47877b5 [LEADER]: Queue going to LEADER mode. State: All replicated index: 0, Majority replicated index: 0, Committed index: 0, Last appended: 0.0, Last appended by leader: 0, Current term: 1, Majority size: 2, State: 0, Mode: LEADER, active raft config: opid_index: -1 OBSOLETE_local: false peers { permanent_uuid: "38f0bcf3ff8b4d59a76aff907ebea86a" member_type: VOTER last_known_addr { host: "127.6.214.129" port: 36977 } } peers { permanent_uuid: "318cd34c40fa40aabab9bc398e663172" member_type: VOTER last_known_addr { host: "127.6.214.130" port: 35911 } } peers { permanent_uuid: "201a7c570be340948d591b79b47877b5" member_type: VOTER last_known_addr { host: "127.6.214.131" port: 43627 } }
I20260709 13:00:31.805429  7692 raft_consensus.cc:2468] T 31ff792cad8042d6abeb330b9186376d P 318cd34c40fa40aabab9bc398e663172 [term 1 FOLLOWER]: Leader election vote request: Granting yes vote for candidate 201a7c570be340948d591b79b47877b5 in term 1.
I20260709 13:00:31.806460  7809 tablet_bootstrap.cc:492] T 563af522b7564b7d816534e7f962b49c P 38f0bcf3ff8b4d59a76aff907ebea86a: No bootstrap required, opened a new log
I20260709 13:00:31.806891  7809 ts_tablet_manager.cc:1403] T 563af522b7564b7d816534e7f962b49c P 38f0bcf3ff8b4d59a76aff907ebea86a: Time spent bootstrapping tablet: real 0.018s	user 0.013s	sys 0.004s
I20260709 13:00:31.807075  7816 leader_election.cc:290] T 31ff792cad8042d6abeb330b9186376d P 201a7c570be340948d591b79b47877b5 [CANDIDATE]: Term 1 election: Requested vote from peers 38f0bcf3ff8b4d59a76aff907ebea86a (127.6.214.129:36977), 318cd34c40fa40aabab9bc398e663172 (127.6.214.130:35911)
I20260709 13:00:31.809593  7809 raft_consensus.cc:359] T 563af522b7564b7d816534e7f962b49c P 38f0bcf3ff8b4d59a76aff907ebea86a [term 0 FOLLOWER]: Replica starting. Triggering 0 pending ops. Active config: opid_index: -1 OBSOLETE_local: false peers { permanent_uuid: "38f0bcf3ff8b4d59a76aff907ebea86a" member_type: VOTER last_known_addr { host: "127.6.214.129" port: 36977 } } peers { permanent_uuid: "318cd34c40fa40aabab9bc398e663172" member_type: VOTER last_known_addr { host: "127.6.214.130" port: 35911 } } peers { permanent_uuid: "201a7c570be340948d591b79b47877b5" member_type: VOTER last_known_addr { host: "127.6.214.131" port: 43627 } }
I20260709 13:00:31.810392  7809 raft_consensus.cc:385] T 563af522b7564b7d816534e7f962b49c P 38f0bcf3ff8b4d59a76aff907ebea86a [term 0 FOLLOWER]: Consensus starting up: Expiring failure detector timer to make a prompt election more likely
I20260709 13:00:31.810670  7809 raft_consensus.cc:740] T 563af522b7564b7d816534e7f962b49c P 38f0bcf3ff8b4d59a76aff907ebea86a [term 0 FOLLOWER]: Becoming Follower/Learner. State: Replica: 38f0bcf3ff8b4d59a76aff907ebea86a, State: Initialized, Role: FOLLOWER
I20260709 13:00:31.811483  7809 consensus_queue.cc:260] T 563af522b7564b7d816534e7f962b49c P 38f0bcf3ff8b4d59a76aff907ebea86a [NON_LEADER]: Queue going to NON_LEADER mode. State: All replicated index: 0, Majority replicated index: 0, Committed index: 0, Last appended: 0.0, Last appended by leader: 0, Current term: 0, Majority size: -1, State: 0, Mode: NON_LEADER, active raft config: opid_index: -1 OBSOLETE_local: false peers { permanent_uuid: "38f0bcf3ff8b4d59a76aff907ebea86a" member_type: VOTER last_known_addr { host: "127.6.214.129" port: 36977 } } peers { permanent_uuid: "318cd34c40fa40aabab9bc398e663172" member_type: VOTER last_known_addr { host: "127.6.214.130" port: 35911 } } peers { permanent_uuid: "201a7c570be340948d591b79b47877b5" member_type: VOTER last_known_addr { host: "127.6.214.131" port: 43627 } }
I20260709 13:00:31.815994  7809 ts_tablet_manager.cc:1434] T 563af522b7564b7d816534e7f962b49c P 38f0bcf3ff8b4d59a76aff907ebea86a: Time spent starting tablet: real 0.009s	user 0.006s	sys 0.000s
I20260709 13:00:31.816876  7809 tablet_bootstrap.cc:492] T ddb0ec2d37774f8ebaa6c92bda0f73f3 P 38f0bcf3ff8b4d59a76aff907ebea86a: Bootstrap starting.
I20260709 13:00:31.821044  7842 raft_consensus.cc:493] T a433ae49093e4546b6c9379fd37df0b4 P 201a7c570be340948d591b79b47877b5 [term 0 FOLLOWER]: Starting pre-election (no leader contacted us within the election timeout)
I20260709 13:00:31.821529  7842 raft_consensus.cc:515] T a433ae49093e4546b6c9379fd37df0b4 P 201a7c570be340948d591b79b47877b5 [term 0 FOLLOWER]: Starting pre-election with config: opid_index: -1 OBSOLETE_local: false peers { permanent_uuid: "38f0bcf3ff8b4d59a76aff907ebea86a" member_type: VOTER last_known_addr { host: "127.6.214.129" port: 36977 } } peers { permanent_uuid: "318cd34c40fa40aabab9bc398e663172" member_type: VOTER last_known_addr { host: "127.6.214.130" port: 35911 } } peers { permanent_uuid: "201a7c570be340948d591b79b47877b5" member_type: VOTER last_known_addr { host: "127.6.214.131" port: 43627 } }
I20260709 13:00:31.822885  7809 tablet_bootstrap.cc:654] T ddb0ec2d37774f8ebaa6c92bda0f73f3 P 38f0bcf3ff8b4d59a76aff907ebea86a: Neither blocks nor log segments found. Creating new log.
I20260709 13:00:31.824266  7617 tablet_service.cc:1917] Received RequestConsensusVote() RPC: tablet_id: "a433ae49093e4546b6c9379fd37df0b4" candidate_uuid: "201a7c570be340948d591b79b47877b5" candidate_term: 1 candidate_status { last_received { term: 0 index: 0 } } ignore_live_leader: false dest_uuid: "38f0bcf3ff8b4d59a76aff907ebea86a" is_pre_election: true
I20260709 13:00:31.824911  7617 raft_consensus.cc:2468] T a433ae49093e4546b6c9379fd37df0b4 P 38f0bcf3ff8b4d59a76aff907ebea86a [term 0 FOLLOWER]: Leader pre-election vote request: Granting yes vote for candidate 201a7c570be340948d591b79b47877b5 in term 0.
I20260709 13:00:31.826164  7729 leader_election.cc:304] T a433ae49093e4546b6c9379fd37df0b4 P 201a7c570be340948d591b79b47877b5 [CANDIDATE]: Term 1 pre-election: Election decided. Result: candidate won. Election summary: received 2 responses out of 3 voters: 2 yes votes; 0 no votes. yes voters: 201a7c570be340948d591b79b47877b5, 38f0bcf3ff8b4d59a76aff907ebea86a; no voters: 
I20260709 13:00:31.825801  7514 catalog_manager.cc:5697] T aa865830f1de4423a7b699d705bdda4a P 201a7c570be340948d591b79b47877b5 reported cstate change: term changed from 0 to 1, leader changed from <none> to 201a7c570be340948d591b79b47877b5 (127.6.214.131). New cstate: current_term: 1 leader_uuid: "201a7c570be340948d591b79b47877b5" committed_config { opid_index: -1 OBSOLETE_local: false peers { permanent_uuid: "38f0bcf3ff8b4d59a76aff907ebea86a" member_type: VOTER last_known_addr { host: "127.6.214.129" port: 36977 } health_report { overall_health: UNKNOWN } } peers { permanent_uuid: "318cd34c40fa40aabab9bc398e663172" member_type: VOTER last_known_addr { host: "127.6.214.130" port: 35911 } health_report { overall_health: UNKNOWN } } peers { permanent_uuid: "201a7c570be340948d591b79b47877b5" member_type: VOTER last_known_addr { host: "127.6.214.131" port: 43627 } health_report { overall_health: HEALTHY } } }
I20260709 13:00:31.828172  7842 leader_election.cc:290] T a433ae49093e4546b6c9379fd37df0b4 P 201a7c570be340948d591b79b47877b5 [CANDIDATE]: Term 1 pre-election: Requested pre-vote from peers 38f0bcf3ff8b4d59a76aff907ebea86a (127.6.214.129:36977), 318cd34c40fa40aabab9bc398e663172 (127.6.214.130:35911)
I20260709 13:00:31.828696  7842 raft_consensus.cc:2804] T a433ae49093e4546b6c9379fd37df0b4 P 201a7c570be340948d591b79b47877b5 [term 0 FOLLOWER]: Leader pre-election won for term 1
I20260709 13:00:31.829018  7842 raft_consensus.cc:493] T a433ae49093e4546b6c9379fd37df0b4 P 201a7c570be340948d591b79b47877b5 [term 0 FOLLOWER]: Starting leader election (no leader contacted us within the election timeout)
I20260709 13:00:31.829087  7692 tablet_service.cc:1917] Received RequestConsensusVote() RPC: tablet_id: "a433ae49093e4546b6c9379fd37df0b4" candidate_uuid: "201a7c570be340948d591b79b47877b5" candidate_term: 1 candidate_status { last_received { term: 0 index: 0 } } ignore_live_leader: false dest_uuid: "318cd34c40fa40aabab9bc398e663172" is_pre_election: true
I20260709 13:00:31.829392  7842 raft_consensus.cc:3060] T a433ae49093e4546b6c9379fd37df0b4 P 201a7c570be340948d591b79b47877b5 [term 0 FOLLOWER]: Advancing to term 1
I20260709 13:00:31.829782  7692 raft_consensus.cc:2468] T a433ae49093e4546b6c9379fd37df0b4 P 318cd34c40fa40aabab9bc398e663172 [term 0 FOLLOWER]: Leader pre-election vote request: Granting yes vote for candidate 201a7c570be340948d591b79b47877b5 in term 0.
I20260709 13:00:31.833725  7809 tablet_bootstrap.cc:492] T ddb0ec2d37774f8ebaa6c92bda0f73f3 P 38f0bcf3ff8b4d59a76aff907ebea86a: No bootstrap required, opened a new log
I20260709 13:00:31.834146  7809 ts_tablet_manager.cc:1403] T ddb0ec2d37774f8ebaa6c92bda0f73f3 P 38f0bcf3ff8b4d59a76aff907ebea86a: Time spent bootstrapping tablet: real 0.017s	user 0.009s	sys 0.007s
I20260709 13:00:31.836469  7809 raft_consensus.cc:359] T ddb0ec2d37774f8ebaa6c92bda0f73f3 P 38f0bcf3ff8b4d59a76aff907ebea86a [term 0 FOLLOWER]: Replica starting. Triggering 0 pending ops. Active config: opid_index: -1 OBSOLETE_local: false peers { permanent_uuid: "38f0bcf3ff8b4d59a76aff907ebea86a" member_type: VOTER last_known_addr { host: "127.6.214.129" port: 36977 } } peers { permanent_uuid: "318cd34c40fa40aabab9bc398e663172" member_type: VOTER last_known_addr { host: "127.6.214.130" port: 35911 } } peers { permanent_uuid: "201a7c570be340948d591b79b47877b5" member_type: VOTER last_known_addr { host: "127.6.214.131" port: 43627 } }
I20260709 13:00:31.837049  7809 raft_consensus.cc:385] T ddb0ec2d37774f8ebaa6c92bda0f73f3 P 38f0bcf3ff8b4d59a76aff907ebea86a [term 0 FOLLOWER]: Consensus starting up: Expiring failure detector timer to make a prompt election more likely
I20260709 13:00:31.837297  7809 raft_consensus.cc:740] T ddb0ec2d37774f8ebaa6c92bda0f73f3 P 38f0bcf3ff8b4d59a76aff907ebea86a [term 0 FOLLOWER]: Becoming Follower/Learner. State: Replica: 38f0bcf3ff8b4d59a76aff907ebea86a, State: Initialized, Role: FOLLOWER
I20260709 13:00:31.838109  7809 consensus_queue.cc:260] T ddb0ec2d37774f8ebaa6c92bda0f73f3 P 38f0bcf3ff8b4d59a76aff907ebea86a [NON_LEADER]: Queue going to NON_LEADER mode. State: All replicated index: 0, Majority replicated index: 0, Committed index: 0, Last appended: 0.0, Last appended by leader: 0, Current term: 0, Majority size: -1, State: 0, Mode: NON_LEADER, active raft config: opid_index: -1 OBSOLETE_local: false peers { permanent_uuid: "38f0bcf3ff8b4d59a76aff907ebea86a" member_type: VOTER last_known_addr { host: "127.6.214.129" port: 36977 } } peers { permanent_uuid: "318cd34c40fa40aabab9bc398e663172" member_type: VOTER last_known_addr { host: "127.6.214.130" port: 35911 } } peers { permanent_uuid: "201a7c570be340948d591b79b47877b5" member_type: VOTER last_known_addr { host: "127.6.214.131" port: 43627 } }
I20260709 13:00:31.842236  7809 ts_tablet_manager.cc:1434] T ddb0ec2d37774f8ebaa6c92bda0f73f3 P 38f0bcf3ff8b4d59a76aff907ebea86a: Time spent starting tablet: real 0.008s	user 0.004s	sys 0.001s
I20260709 13:00:31.843044  7809 tablet_bootstrap.cc:492] T b1ce05c7c7064ee79beada259ee5e8a3 P 38f0bcf3ff8b4d59a76aff907ebea86a: Bootstrap starting.
I20260709 13:00:31.845438  7515 catalog_manager.cc:5697] T 31ff792cad8042d6abeb330b9186376d P 201a7c570be340948d591b79b47877b5 reported cstate change: term changed from 0 to 1, leader changed from <none> to 201a7c570be340948d591b79b47877b5 (127.6.214.131). New cstate: current_term: 1 leader_uuid: "201a7c570be340948d591b79b47877b5" committed_config { opid_index: -1 OBSOLETE_local: false peers { permanent_uuid: "38f0bcf3ff8b4d59a76aff907ebea86a" member_type: VOTER last_known_addr { host: "127.6.214.129" port: 36977 } health_report { overall_health: UNKNOWN } } peers { permanent_uuid: "318cd34c40fa40aabab9bc398e663172" member_type: VOTER last_known_addr { host: "127.6.214.130" port: 35911 } health_report { overall_health: UNKNOWN } } peers { permanent_uuid: "201a7c570be340948d591b79b47877b5" member_type: VOTER last_known_addr { host: "127.6.214.131" port: 43627 } health_report { overall_health: HEALTHY } } }
I20260709 13:00:31.847162  7842 raft_consensus.cc:515] T a433ae49093e4546b6c9379fd37df0b4 P 201a7c570be340948d591b79b47877b5 [term 1 FOLLOWER]: Starting leader election with config: opid_index: -1 OBSOLETE_local: false peers { permanent_uuid: "38f0bcf3ff8b4d59a76aff907ebea86a" member_type: VOTER last_known_addr { host: "127.6.214.129" port: 36977 } } peers { permanent_uuid: "318cd34c40fa40aabab9bc398e663172" member_type: VOTER last_known_addr { host: "127.6.214.130" port: 35911 } } peers { permanent_uuid: "201a7c570be340948d591b79b47877b5" member_type: VOTER last_known_addr { host: "127.6.214.131" port: 43627 } }
I20260709 13:00:31.848229  7809 tablet_bootstrap.cc:654] T b1ce05c7c7064ee79beada259ee5e8a3 P 38f0bcf3ff8b4d59a76aff907ebea86a: Neither blocks nor log segments found. Creating new log.
I20260709 13:00:31.849929  7617 tablet_service.cc:1917] Received RequestConsensusVote() RPC: tablet_id: "a433ae49093e4546b6c9379fd37df0b4" candidate_uuid: "201a7c570be340948d591b79b47877b5" candidate_term: 1 candidate_status { last_received { term: 0 index: 0 } } ignore_live_leader: false dest_uuid: "38f0bcf3ff8b4d59a76aff907ebea86a"
I20260709 13:00:31.850499  7617 raft_consensus.cc:3060] T a433ae49093e4546b6c9379fd37df0b4 P 38f0bcf3ff8b4d59a76aff907ebea86a [term 0 FOLLOWER]: Advancing to term 1
I20260709 13:00:31.857182  7617 raft_consensus.cc:2468] T a433ae49093e4546b6c9379fd37df0b4 P 38f0bcf3ff8b4d59a76aff907ebea86a [term 1 FOLLOWER]: Leader election vote request: Granting yes vote for candidate 201a7c570be340948d591b79b47877b5 in term 1.
I20260709 13:00:31.858361  7729 leader_election.cc:304] T a433ae49093e4546b6c9379fd37df0b4 P 201a7c570be340948d591b79b47877b5 [CANDIDATE]: Term 1 election: Election decided. Result: candidate won. Election summary: received 2 responses out of 3 voters: 2 yes votes; 0 no votes. yes voters: 201a7c570be340948d591b79b47877b5, 38f0bcf3ff8b4d59a76aff907ebea86a; no voters: 
I20260709 13:00:31.859200  7839 raft_consensus.cc:493] T c753fd58028848eebfe5a9e2cfabf6ae P 201a7c570be340948d591b79b47877b5 [term 0 FOLLOWER]: Starting pre-election (no leader contacted us within the election timeout)
I20260709 13:00:31.859644  7839 raft_consensus.cc:515] T c753fd58028848eebfe5a9e2cfabf6ae P 201a7c570be340948d591b79b47877b5 [term 0 FOLLOWER]: Starting pre-election with config: opid_index: -1 OBSOLETE_local: false peers { permanent_uuid: "38f0bcf3ff8b4d59a76aff907ebea86a" member_type: VOTER last_known_addr { host: "127.6.214.129" port: 36977 } } peers { permanent_uuid: "318cd34c40fa40aabab9bc398e663172" member_type: VOTER last_known_addr { host: "127.6.214.130" port: 35911 } } peers { permanent_uuid: "201a7c570be340948d591b79b47877b5" member_type: VOTER last_known_addr { host: "127.6.214.131" port: 43627 } }
I20260709 13:00:31.862749  7616 tablet_service.cc:1917] Received RequestConsensusVote() RPC: tablet_id: "c753fd58028848eebfe5a9e2cfabf6ae" candidate_uuid: "201a7c570be340948d591b79b47877b5" candidate_term: 1 candidate_status { last_received { term: 0 index: 0 } } ignore_live_leader: false dest_uuid: "38f0bcf3ff8b4d59a76aff907ebea86a" is_pre_election: true
I20260709 13:00:31.863758  7692 tablet_service.cc:1917] Received RequestConsensusVote() RPC: tablet_id: "c753fd58028848eebfe5a9e2cfabf6ae" candidate_uuid: "201a7c570be340948d591b79b47877b5" candidate_term: 1 candidate_status { last_received { term: 0 index: 0 } } ignore_live_leader: false dest_uuid: "318cd34c40fa40aabab9bc398e663172" is_pre_election: true
I20260709 13:00:31.864451  7692 raft_consensus.cc:2393] T c753fd58028848eebfe5a9e2cfabf6ae P 318cd34c40fa40aabab9bc398e663172 [term 1 FOLLOWER]: Leader pre-election vote request: Denying vote to candidate 201a7c570be340948d591b79b47877b5 in current term 1: Already voted for candidate 38f0bcf3ff8b4d59a76aff907ebea86a in this term.
I20260709 13:00:31.865607  7731 leader_election.cc:304] T c753fd58028848eebfe5a9e2cfabf6ae P 201a7c570be340948d591b79b47877b5 [CANDIDATE]: Term 1 pre-election: Election decided. Result: candidate lost. Election summary: received 3 responses out of 3 voters: 1 yes votes; 2 no votes. yes voters: 201a7c570be340948d591b79b47877b5; no voters: 318cd34c40fa40aabab9bc398e663172, 38f0bcf3ff8b4d59a76aff907ebea86a
I20260709 13:00:31.866660  7847 raft_consensus.cc:2804] T a433ae49093e4546b6c9379fd37df0b4 P 201a7c570be340948d591b79b47877b5 [term 1 FOLLOWER]: Leader election won for term 1
I20260709 13:00:31.870771  7811 consensus_queue.cc:1048] T 156f19f6b0124b75a998ee7abaf26471 P 318cd34c40fa40aabab9bc398e663172 [LEADER]: Connected to new peer: Peer: permanent_uuid: "38f0bcf3ff8b4d59a76aff907ebea86a" member_type: VOTER last_known_addr { host: "127.6.214.129" port: 36977 }, Status: LMP_MISMATCH, Last received: 0.0, Next index: 1, Last known committed idx: 0, Time since last communication: 0.000s
I20260709 13:00:31.871552  7816 raft_consensus.cc:3060] T c753fd58028848eebfe5a9e2cfabf6ae P 201a7c570be340948d591b79b47877b5 [term 0 FOLLOWER]: Advancing to term 1
I20260709 13:00:31.875536  7839 leader_election.cc:290] T c753fd58028848eebfe5a9e2cfabf6ae P 201a7c570be340948d591b79b47877b5 [CANDIDATE]: Term 1 pre-election: Requested pre-vote from peers 38f0bcf3ff8b4d59a76aff907ebea86a (127.6.214.129:36977), 318cd34c40fa40aabab9bc398e663172 (127.6.214.130:35911)
W20260709 13:00:31.878095  7844 log.cc:927] Time spent T aa865830f1de4423a7b699d705bdda4a P 201a7c570be340948d591b79b47877b5: Append to log took a long time: real 0.068s	user 0.000s	sys 0.001s
I20260709 13:00:31.879873  7847 raft_consensus.cc:697] T a433ae49093e4546b6c9379fd37df0b4 P 201a7c570be340948d591b79b47877b5 [term 1 LEADER]: Becoming Leader. State: Replica: 201a7c570be340948d591b79b47877b5, State: Running, Role: LEADER
I20260709 13:00:31.880774  7847 consensus_queue.cc:237] T a433ae49093e4546b6c9379fd37df0b4 P 201a7c570be340948d591b79b47877b5 [LEADER]: Queue going to LEADER mode. State: All replicated index: 0, Majority replicated index: 0, Committed index: 0, Last appended: 0.0, Last appended by leader: 0, Current term: 1, Majority size: 2, State: 0, Mode: LEADER, active raft config: opid_index: -1 OBSOLETE_local: false peers { permanent_uuid: "38f0bcf3ff8b4d59a76aff907ebea86a" member_type: VOTER last_known_addr { host: "127.6.214.129" port: 36977 } } peers { permanent_uuid: "318cd34c40fa40aabab9bc398e663172" member_type: VOTER last_known_addr { host: "127.6.214.130" port: 35911 } } peers { permanent_uuid: "201a7c570be340948d591b79b47877b5" member_type: VOTER last_known_addr { host: "127.6.214.131" port: 43627 } }
W20260709 13:00:31.884742  7849 log.cc:927] Time spent T 31ff792cad8042d6abeb330b9186376d P 201a7c570be340948d591b79b47877b5: Append to log took a long time: real 0.069s	user 0.004s	sys 0.004s
I20260709 13:00:31.885141  7816 raft_consensus.cc:2749] T c753fd58028848eebfe5a9e2cfabf6ae P 201a7c570be340948d591b79b47877b5 [term 1 FOLLOWER]: Leader pre-election lost for term 1. Reason: could not achieve majority
I20260709 13:00:31.885923  7806 tablet_bootstrap.cc:492] T ca06287e7ac54bdea8a5e0b4c6a24d5d P 318cd34c40fa40aabab9bc398e663172: No bootstrap required, opened a new log
I20260709 13:00:31.886629  7806 ts_tablet_manager.cc:1403] T ca06287e7ac54bdea8a5e0b4c6a24d5d P 318cd34c40fa40aabab9bc398e663172: Time spent bootstrapping tablet: real 0.116s	user 0.039s	sys 0.045s
I20260709 13:00:31.887799  7807 tablet_bootstrap.cc:492] T 563af522b7564b7d816534e7f962b49c P 201a7c570be340948d591b79b47877b5: No bootstrap required, opened a new log
I20260709 13:00:31.888245  7807 ts_tablet_manager.cc:1403] T 563af522b7564b7d816534e7f962b49c P 201a7c570be340948d591b79b47877b5: Time spent bootstrapping tablet: real 0.124s	user 0.015s	sys 0.019s
I20260709 13:00:31.890336  7806 raft_consensus.cc:359] T ca06287e7ac54bdea8a5e0b4c6a24d5d P 318cd34c40fa40aabab9bc398e663172 [term 0 FOLLOWER]: Replica starting. Triggering 0 pending ops. Active config: opid_index: -1 OBSOLETE_local: false peers { permanent_uuid: "38f0bcf3ff8b4d59a76aff907ebea86a" member_type: VOTER last_known_addr { host: "127.6.214.129" port: 36977 } } peers { permanent_uuid: "318cd34c40fa40aabab9bc398e663172" member_type: VOTER last_known_addr { host: "127.6.214.130" port: 35911 } } peers { permanent_uuid: "201a7c570be340948d591b79b47877b5" member_type: VOTER last_known_addr { host: "127.6.214.131" port: 43627 } }
I20260709 13:00:31.897910  7806 raft_consensus.cc:385] T ca06287e7ac54bdea8a5e0b4c6a24d5d P 318cd34c40fa40aabab9bc398e663172 [term 0 FOLLOWER]: Consensus starting up: Expiring failure detector timer to make a prompt election more likely
I20260709 13:00:31.898254  7806 raft_consensus.cc:740] T ca06287e7ac54bdea8a5e0b4c6a24d5d P 318cd34c40fa40aabab9bc398e663172 [term 0 FOLLOWER]: Becoming Follower/Learner. State: Replica: 318cd34c40fa40aabab9bc398e663172, State: Initialized, Role: FOLLOWER
I20260709 13:00:31.899044  7806 consensus_queue.cc:260] T ca06287e7ac54bdea8a5e0b4c6a24d5d P 318cd34c40fa40aabab9bc398e663172 [NON_LEADER]: Queue going to NON_LEADER mode. State: All replicated index: 0, Majority replicated index: 0, Committed index: 0, Last appended: 0.0, Last appended by leader: 0, Current term: 0, Majority size: -1, State: 0, Mode: NON_LEADER, active raft config: opid_index: -1 OBSOLETE_local: false peers { permanent_uuid: "38f0bcf3ff8b4d59a76aff907ebea86a" member_type: VOTER last_known_addr { host: "127.6.214.129" port: 36977 } } peers { permanent_uuid: "318cd34c40fa40aabab9bc398e663172" member_type: VOTER last_known_addr { host: "127.6.214.130" port: 35911 } } peers { permanent_uuid: "201a7c570be340948d591b79b47877b5" member_type: VOTER last_known_addr { host: "127.6.214.131" port: 43627 } }
I20260709 13:00:31.899607  7809 tablet_bootstrap.cc:492] T b1ce05c7c7064ee79beada259ee5e8a3 P 38f0bcf3ff8b4d59a76aff907ebea86a: No bootstrap required, opened a new log
I20260709 13:00:31.900022  7809 ts_tablet_manager.cc:1403] T b1ce05c7c7064ee79beada259ee5e8a3 P 38f0bcf3ff8b4d59a76aff907ebea86a: Time spent bootstrapping tablet: real 0.057s	user 0.037s	sys 0.014s
