I20260709 13:00:44.820358  8313 leader_election.cc:304] T c9db021eabf94021a1c8e2156efb7bad P 600e9663849342a793072776e72adeca [CANDIDATE]: Term 1 election: Election decided. Result: candidate won. Election summary: received 3 responses out of 3 voters: 2 yes votes; 1 no votes. yes voters: 600e9663849342a793072776e72adeca, b557bf04d0c0404f819d303c4a960aba; no voters: 45a2403422b24114a10f4b37ab277e3d
I20260709 13:00:44.821004  8391 consensus_queue.cc:260] T 84379d0a460042a6bec51e4675aaaa9b P 600e9663849342a793072776e72adeca [NON_LEADER]: Queue going to NON_LEADER mode. State: All replicated index: 0, Majority replicated index: 0, Committed index: 0, Last appended: 0.0, Last appended by leader: 0, Current term: 0, Majority size: -1, State: 0, Mode: NON_LEADER, active raft config: opid_index: -1 OBSOLETE_local: false peers { permanent_uuid: "b557bf04d0c0404f819d303c4a960aba" member_type: VOTER last_known_addr { host: "127.6.233.129" port: 36643 } } peers { permanent_uuid: "45a2403422b24114a10f4b37ab277e3d" member_type: VOTER last_known_addr { host: "127.6.233.130" port: 45055 } } peers { permanent_uuid: "600e9663849342a793072776e72adeca" member_type: VOTER last_known_addr { host: "127.6.233.131" port: 40081 } }
I20260709 13:00:44.818030  8094 catalog_manager.cc:5697] T 52aeac7391a74f5d8a47f78d13ff4e41 P b557bf04d0c0404f819d303c4a960aba reported cstate change: term changed from 0 to 1, leader changed from <none> to b557bf04d0c0404f819d303c4a960aba (127.6.233.129). New cstate: current_term: 1 leader_uuid: "b557bf04d0c0404f819d303c4a960aba" committed_config { opid_index: -1 OBSOLETE_local: false peers { permanent_uuid: "b557bf04d0c0404f819d303c4a960aba" member_type: VOTER last_known_addr { host: "127.6.233.129" port: 36643 } health_report { overall_health: HEALTHY } } peers { permanent_uuid: "45a2403422b24114a10f4b37ab277e3d" member_type: VOTER last_known_addr { host: "127.6.233.130" port: 45055 } health_report { overall_health: UNKNOWN } } peers { permanent_uuid: "600e9663849342a793072776e72adeca" member_type: VOTER last_known_addr { host: "127.6.233.131" port: 40081 } health_report { overall_health: UNKNOWN } } }
I20260709 13:00:44.822849  8348 tablet_service.cc:1917] Received RequestConsensusVote() RPC: tablet_id: "52aeac7391a74f5d8a47f78d13ff4e41" candidate_uuid: "b557bf04d0c0404f819d303c4a960aba" candidate_term: 1 candidate_status { last_received { term: 0 index: 0 } } ignore_live_leader: false dest_uuid: "600e9663849342a793072776e72adeca"
I20260709 13:00:44.823704  8348 raft_consensus.cc:3060] T 52aeac7391a74f5d8a47f78d13ff4e41 P 600e9663849342a793072776e72adeca [term 0 FOLLOWER]: Advancing to term 1
I20260709 13:00:44.824165  8431 raft_consensus.cc:2804] T c9db021eabf94021a1c8e2156efb7bad P 600e9663849342a793072776e72adeca [term 1 FOLLOWER]: Leader election won for term 1
I20260709 13:00:44.824777  8431 raft_consensus.cc:697] T c9db021eabf94021a1c8e2156efb7bad P 600e9663849342a793072776e72adeca [term 1 LEADER]: Becoming Leader. State: Replica: 600e9663849342a793072776e72adeca, State: Running, Role: LEADER
I20260709 13:00:44.829514  8431 consensus_queue.cc:237] T c9db021eabf94021a1c8e2156efb7bad P 600e9663849342a793072776e72adeca [LEADER]: Queue going to LEADER mode. State: All replicated index: 0, Majority replicated index: 0, Committed index: 0, Last appended: 0.0, Last appended by leader: 0, Current term: 1, Majority size: 2, State: 0, Mode: LEADER, active raft config: opid_index: -1 OBSOLETE_local: false peers { permanent_uuid: "b557bf04d0c0404f819d303c4a960aba" member_type: VOTER last_known_addr { host: "127.6.233.129" port: 36643 } } peers { permanent_uuid: "45a2403422b24114a10f4b37ab277e3d" member_type: VOTER last_known_addr { host: "127.6.233.130" port: 45055 } } peers { permanent_uuid: "600e9663849342a793072776e72adeca" member_type: VOTER last_known_addr { host: "127.6.233.131" port: 40081 } }
I20260709 13:00:44.832105  8517 leader_election.cc:290] T 0c48296de93b4c3caac81fb3f674ec12 P 600e9663849342a793072776e72adeca [CANDIDATE]: Term 1 pre-election: Requested pre-vote from peers b557bf04d0c0404f819d303c4a960aba (127.6.233.129:36643), 45a2403422b24114a10f4b37ab277e3d (127.6.233.130:45055)
I20260709 13:00:44.833462  8199 tablet_service.cc:1917] Received RequestConsensusVote() RPC: tablet_id: "0c48296de93b4c3caac81fb3f674ec12" candidate_uuid: "600e9663849342a793072776e72adeca" candidate_term: 1 candidate_status { last_received { term: 0 index: 0 } } ignore_live_leader: false dest_uuid: "b557bf04d0c0404f819d303c4a960aba" is_pre_election: true
W20260709 13:00:44.880466  8313 outbound_call.cc:321] RPC callback for RPC call kudu.consensus.ConsensusService.RequestConsensusVote -> {remote=127.6.233.129:36643, user_credentials={real_user=slave}} blocked reactor thread for 60179.4us
W20260709 13:00:44.889238  8237 outbound_call.cc:321] RPC callback for RPC call kudu.consensus.ConsensusService.UpdateConsensus -> {remote=127.6.233.131:40081, user_credentials={real_user=slave}} blocked reactor thread for 59373.9us
I20260709 13:00:44.910960  8391 ts_tablet_manager.cc:1434] T 84379d0a460042a6bec51e4675aaaa9b P 600e9663849342a793072776e72adeca: Time spent starting tablet: real 0.100s	user 0.031s	sys 0.022s
I20260709 13:00:44.913231  8391 tablet_bootstrap.cc:492] T ef8fb856d75b43eb98847fe9e6108a1e P 600e9663849342a793072776e72adeca: Bootstrap starting.
I20260709 13:00:44.924579  8557 consensus_queue.cc:1048] T c3df2bb47f4649178399bd42eefccc9f P b557bf04d0c0404f819d303c4a960aba [LEADER]: Connected to new peer: Peer: permanent_uuid: "600e9663849342a793072776e72adeca" member_type: VOTER last_known_addr { host: "127.6.233.131" port: 40081 }, Status: LMP_MISMATCH, Last received: 0.0, Next index: 1, Last known committed idx: 0, Time since last communication: 0.001s
W20260709 13:00:44.925004  8313 leader_election.cc:343] T 0c48296de93b4c3caac81fb3f674ec12 P 600e9663849342a793072776e72adeca [CANDIDATE]: Term 1 pre-election: Tablet error from VoteRequest() call to peer b557bf04d0c0404f819d303c4a960aba (127.6.233.129:36643): Illegal state: must be running to vote when last-logged opid is not known
I20260709 13:00:44.940541  8561 raft_consensus.cc:493] T 84379d0a460042a6bec51e4675aaaa9b P 600e9663849342a793072776e72adeca [term 0 FOLLOWER]: Starting pre-election (no leader contacted us within the election timeout)
I20260709 13:00:44.941123  8561 raft_consensus.cc:515] T 84379d0a460042a6bec51e4675aaaa9b P 600e9663849342a793072776e72adeca [term 0 FOLLOWER]: Starting pre-election with config: opid_index: -1 OBSOLETE_local: false peers { permanent_uuid: "b557bf04d0c0404f819d303c4a960aba" member_type: VOTER last_known_addr { host: "127.6.233.129" port: 36643 } } peers { permanent_uuid: "45a2403422b24114a10f4b37ab277e3d" member_type: VOTER last_known_addr { host: "127.6.233.130" port: 45055 } } peers { permanent_uuid: "600e9663849342a793072776e72adeca" member_type: VOTER last_known_addr { host: "127.6.233.131" port: 40081 } }
I20260709 13:00:44.943614  8561 leader_election.cc:290] T 84379d0a460042a6bec51e4675aaaa9b P 600e9663849342a793072776e72adeca [CANDIDATE]: Term 1 pre-election: Requested pre-vote from peers b557bf04d0c0404f819d303c4a960aba (127.6.233.129:36643), 45a2403422b24114a10f4b37ab277e3d (127.6.233.130:45055)
I20260709 13:00:44.943776  8348 raft_consensus.cc:2468] T 52aeac7391a74f5d8a47f78d13ff4e41 P 600e9663849342a793072776e72adeca [term 1 FOLLOWER]: Leader election vote request: Granting yes vote for candidate b557bf04d0c0404f819d303c4a960aba in term 1.
I20260709 13:00:44.949996  8388 tablet_bootstrap.cc:492] T 0c48296de93b4c3caac81fb3f674ec12 P b557bf04d0c0404f819d303c4a960aba: No bootstrap required, opened a new log
I20260709 13:00:44.950470  8388 ts_tablet_manager.cc:1403] T 0c48296de93b4c3caac81fb3f674ec12 P b557bf04d0c0404f819d303c4a960aba: Time spent bootstrapping tablet: real 0.308s	user 0.038s	sys 0.031s
I20260709 13:00:44.953120  8196 tablet_service.cc:1917] Received RequestConsensusVote() RPC: tablet_id: "84379d0a460042a6bec51e4675aaaa9b" candidate_uuid: "600e9663849342a793072776e72adeca" candidate_term: 1 candidate_status { last_received { term: 0 index: 0 } } ignore_live_leader: false dest_uuid: "b557bf04d0c0404f819d303c4a960aba" is_pre_election: true
I20260709 13:00:44.952713  8094 catalog_manager.cc:5697] T c9db021eabf94021a1c8e2156efb7bad P 600e9663849342a793072776e72adeca reported cstate change: term changed from 0 to 1, leader changed from <none> to 600e9663849342a793072776e72adeca (127.6.233.131). New cstate: current_term: 1 leader_uuid: "600e9663849342a793072776e72adeca" committed_config { opid_index: -1 OBSOLETE_local: false peers { permanent_uuid: "b557bf04d0c0404f819d303c4a960aba" member_type: VOTER last_known_addr { host: "127.6.233.129" port: 36643 } health_report { overall_health: UNKNOWN } } peers { permanent_uuid: "45a2403422b24114a10f4b37ab277e3d" member_type: VOTER last_known_addr { host: "127.6.233.130" port: 45055 } health_report { overall_health: UNKNOWN } } peers { permanent_uuid: "600e9663849342a793072776e72adeca" member_type: VOTER last_known_addr { host: "127.6.233.131" port: 40081 } health_report { overall_health: HEALTHY } } }
I20260709 13:00:44.954224  8272 tablet_service.cc:1917] Received RequestConsensusVote() RPC: tablet_id: "0c48296de93b4c3caac81fb3f674ec12" candidate_uuid: "600e9663849342a793072776e72adeca" candidate_term: 1 candidate_status { last_received { term: 0 index: 0 } } ignore_live_leader: false dest_uuid: "45a2403422b24114a10f4b37ab277e3d" is_pre_election: true
I20260709 13:00:44.957089  8274 tablet_service.cc:1917] Received RequestConsensusVote() RPC: tablet_id: "84379d0a460042a6bec51e4675aaaa9b" candidate_uuid: "600e9663849342a793072776e72adeca" candidate_term: 1 candidate_status { last_received { term: 0 index: 0 } } ignore_live_leader: false dest_uuid: "45a2403422b24114a10f4b37ab277e3d" is_pre_election: true
I20260709 13:00:44.959161  8424 consensus_queue.cc:1048] T 48042371f72147d1a4eb44ae9cf1bddf P 600e9663849342a793072776e72adeca [LEADER]: Connected to new peer: Peer: permanent_uuid: "b557bf04d0c0404f819d303c4a960aba" member_type: VOTER last_known_addr { host: "127.6.233.129" port: 36643 }, Status: LMP_MISMATCH, Last received: 0.0, Next index: 1, Last known committed idx: 0, Time since last communication: 0.001s
I20260709 13:00:44.959255  8196 raft_consensus.cc:2468] T 84379d0a460042a6bec51e4675aaaa9b P b557bf04d0c0404f819d303c4a960aba [term 0 FOLLOWER]: Leader pre-election vote request: Granting yes vote for candidate 600e9663849342a793072776e72adeca in term 0.
I20260709 13:00:44.961480  8388 raft_consensus.cc:359] T 0c48296de93b4c3caac81fb3f674ec12 P b557bf04d0c0404f819d303c4a960aba [term 0 FOLLOWER]: Replica starting. Triggering 0 pending ops. Active config: opid_index: -1 OBSOLETE_local: false peers { permanent_uuid: "b557bf04d0c0404f819d303c4a960aba" member_type: VOTER last_known_addr { host: "127.6.233.129" port: 36643 } } peers { permanent_uuid: "45a2403422b24114a10f4b37ab277e3d" member_type: VOTER last_known_addr { host: "127.6.233.130" port: 45055 } } peers { permanent_uuid: "600e9663849342a793072776e72adeca" member_type: VOTER last_known_addr { host: "127.6.233.131" port: 40081 } }
I20260709 13:00:44.964567  8388 raft_consensus.cc:385] T 0c48296de93b4c3caac81fb3f674ec12 P b557bf04d0c0404f819d303c4a960aba [term 0 FOLLOWER]: Consensus starting up: Expiring failure detector timer to make a prompt election more likely
I20260709 13:00:44.964829  8388 raft_consensus.cc:740] T 0c48296de93b4c3caac81fb3f674ec12 P b557bf04d0c0404f819d303c4a960aba [term 0 FOLLOWER]: Becoming Follower/Learner. State: Replica: b557bf04d0c0404f819d303c4a960aba, State: Initialized, Role: FOLLOWER
I20260709 13:00:44.964258  8389 tablet_bootstrap.cc:492] T 24de87b806c54a6185d5cd596c6bf2eb P 45a2403422b24114a10f4b37ab277e3d: No bootstrap required, opened a new log
I20260709 13:00:44.965430  8389 ts_tablet_manager.cc:1403] T 24de87b806c54a6185d5cd596c6bf2eb P 45a2403422b24114a10f4b37ab277e3d: Time spent bootstrapping tablet: real 0.297s	user 0.015s	sys 0.036s
I20260709 13:00:44.966266  8388 consensus_queue.cc:260] T 0c48296de93b4c3caac81fb3f674ec12 P b557bf04d0c0404f819d303c4a960aba [NON_LEADER]: Queue going to NON_LEADER mode. State: All replicated index: 0, Majority replicated index: 0, Committed index: 0, Last appended: 0.0, Last appended by leader: 0, Current term: 0, Majority size: -1, State: 0, Mode: NON_LEADER, active raft config: opid_index: -1 OBSOLETE_local: false peers { permanent_uuid: "b557bf04d0c0404f819d303c4a960aba" member_type: VOTER last_known_addr { host: "127.6.233.129" port: 36643 } } peers { permanent_uuid: "45a2403422b24114a10f4b37ab277e3d" member_type: VOTER last_known_addr { host: "127.6.233.130" port: 45055 } } peers { permanent_uuid: "600e9663849342a793072776e72adeca" member_type: VOTER last_known_addr { host: "127.6.233.131" port: 40081 } }
I20260709 13:00:44.968865  8388 ts_tablet_manager.cc:1434] T 0c48296de93b4c3caac81fb3f674ec12 P b557bf04d0c0404f819d303c4a960aba: Time spent starting tablet: real 0.018s	user 0.003s	sys 0.003s
I20260709 13:00:44.969743  8388 tablet_bootstrap.cc:492] T 42b2262bb3614622bf77a68391668ba0 P b557bf04d0c0404f819d303c4a960aba: Bootstrap starting.
I20260709 13:00:44.969691  8389 raft_consensus.cc:359] T 24de87b806c54a6185d5cd596c6bf2eb P 45a2403422b24114a10f4b37ab277e3d [term 0 FOLLOWER]: Replica starting. Triggering 0 pending ops. Active config: opid_index: -1 OBSOLETE_local: false peers { permanent_uuid: "b557bf04d0c0404f819d303c4a960aba" member_type: VOTER last_known_addr { host: "127.6.233.129" port: 36643 } } peers { permanent_uuid: "45a2403422b24114a10f4b37ab277e3d" member_type: VOTER last_known_addr { host: "127.6.233.130" port: 45055 } } peers { permanent_uuid: "600e9663849342a793072776e72adeca" member_type: VOTER last_known_addr { host: "127.6.233.131" port: 40081 } }
I20260709 13:00:44.970451  8389 raft_consensus.cc:385] T 24de87b806c54a6185d5cd596c6bf2eb P 45a2403422b24114a10f4b37ab277e3d [term 0 FOLLOWER]: Consensus starting up: Expiring failure detector timer to make a prompt election more likely
I20260709 13:00:44.970712  8389 raft_consensus.cc:740] T 24de87b806c54a6185d5cd596c6bf2eb P 45a2403422b24114a10f4b37ab277e3d [term 0 FOLLOWER]: Becoming Follower/Learner. State: Replica: 45a2403422b24114a10f4b37ab277e3d, State: Initialized, Role: FOLLOWER
I20260709 13:00:44.970639  8424 consensus_queue.cc:1048] T 98012ede73574a50bcfd503b94714ca2 P 600e9663849342a793072776e72adeca [LEADER]: Connected to new peer: Peer: permanent_uuid: "45a2403422b24114a10f4b37ab277e3d" member_type: VOTER last_known_addr { host: "127.6.233.130" port: 45055 }, Status: LMP_MISMATCH, Last received: 0.0, Next index: 1, Last known committed idx: 0, Time since last communication: 0.001s
I20260709 13:00:44.972615  8389 consensus_queue.cc:260] T 24de87b806c54a6185d5cd596c6bf2eb P 45a2403422b24114a10f4b37ab277e3d [NON_LEADER]: Queue going to NON_LEADER mode. State: All replicated index: 0, Majority replicated index: 0, Committed index: 0, Last appended: 0.0, Last appended by leader: 0, Current term: 0, Majority size: -1, State: 0, Mode: NON_LEADER, active raft config: opid_index: -1 OBSOLETE_local: false peers { permanent_uuid: "b557bf04d0c0404f819d303c4a960aba" member_type: VOTER last_known_addr { host: "127.6.233.129" port: 36643 } } peers { permanent_uuid: "45a2403422b24114a10f4b37ab277e3d" member_type: VOTER last_known_addr { host: "127.6.233.130" port: 45055 } } peers { permanent_uuid: "600e9663849342a793072776e72adeca" member_type: VOTER last_known_addr { host: "127.6.233.131" port: 40081 } }
I20260709 13:00:44.978338  8391 tablet_bootstrap.cc:654] T ef8fb856d75b43eb98847fe9e6108a1e P 600e9663849342a793072776e72adeca: Neither blocks nor log segments found. Creating new log.
I20260709 13:00:44.982506  8389 ts_tablet_manager.cc:1434] T 24de87b806c54a6185d5cd596c6bf2eb P 45a2403422b24114a10f4b37ab277e3d: Time spent starting tablet: real 0.017s	user 0.009s	sys 0.000s
I20260709 13:00:44.983541  8389 tablet_bootstrap.cc:492] T c9db021eabf94021a1c8e2156efb7bad P 45a2403422b24114a10f4b37ab277e3d: Bootstrap starting.
I20260709 13:00:44.984071  8396 consensus_queue.cc:1048] T 98012ede73574a50bcfd503b94714ca2 P 600e9663849342a793072776e72adeca [LEADER]: Connected to new peer: Peer: permanent_uuid: "b557bf04d0c0404f819d303c4a960aba" member_type: VOTER last_known_addr { host: "127.6.233.129" port: 36643 }, Status: LMP_MISMATCH, Last received: 0.0, Next index: 1, Last known committed idx: 0, Time since last communication: 0.001s
W20260709 13:00:44.985291  8314 leader_election.cc:343] T 84379d0a460042a6bec51e4675aaaa9b P 600e9663849342a793072776e72adeca [CANDIDATE]: Term 1 pre-election: Tablet error from VoteRequest() call to peer 45a2403422b24114a10f4b37ab277e3d (127.6.233.130:45055): Illegal state: must be running to vote when last-logged opid is not known
W20260709 13:00:44.986250  8314 leader_election.cc:343] T 0c48296de93b4c3caac81fb3f674ec12 P 600e9663849342a793072776e72adeca [CANDIDATE]: Term 1 pre-election: Tablet error from VoteRequest() call to peer 45a2403422b24114a10f4b37ab277e3d (127.6.233.130:45055): Illegal state: must be running to vote when last-logged opid is not known
I20260709 13:00:44.986712  8314 leader_election.cc:304] T 0c48296de93b4c3caac81fb3f674ec12 P 600e9663849342a793072776e72adeca [CANDIDATE]: Term 1 pre-election: Election decided. Result: candidate lost. Election summary: received 3 responses out of 3 voters: 1 yes votes; 2 no votes. yes voters: 600e9663849342a793072776e72adeca; no voters: 45a2403422b24114a10f4b37ab277e3d, b557bf04d0c0404f819d303c4a960aba
I20260709 13:00:44.987620  8424 raft_consensus.cc:2749] T 0c48296de93b4c3caac81fb3f674ec12 P 600e9663849342a793072776e72adeca [term 0 FOLLOWER]: Leader pre-election lost for term 1. Reason: could not achieve majority
I20260709 13:00:44.987792  8388 tablet_bootstrap.cc:654] T 42b2262bb3614622bf77a68391668ba0 P b557bf04d0c0404f819d303c4a960aba: Neither blocks nor log segments found. Creating new log.
I20260709 13:00:44.990937  8313 leader_election.cc:304] T 84379d0a460042a6bec51e4675aaaa9b P 600e9663849342a793072776e72adeca [CANDIDATE]: Term 1 pre-election: Election decided. Result: candidate won. Election summary: received 3 responses out of 3 voters: 2 yes votes; 1 no votes. yes voters: 600e9663849342a793072776e72adeca, b557bf04d0c0404f819d303c4a960aba; no voters: 45a2403422b24114a10f4b37ab277e3d
I20260709 13:00:44.992130  8396 raft_consensus.cc:2804] T 84379d0a460042a6bec51e4675aaaa9b P 600e9663849342a793072776e72adeca [term 0 FOLLOWER]: Leader pre-election won for term 1
I20260709 13:00:44.992636  8396 raft_consensus.cc:493] T 84379d0a460042a6bec51e4675aaaa9b P 600e9663849342a793072776e72adeca [term 0 FOLLOWER]: Starting leader election (no leader contacted us within the election timeout)
I20260709 13:00:44.993026  8396 raft_consensus.cc:3060] T 84379d0a460042a6bec51e4675aaaa9b P 600e9663849342a793072776e72adeca [term 0 FOLLOWER]: Advancing to term 1
I20260709 13:00:44.997223  8389 tablet_bootstrap.cc:654] T c9db021eabf94021a1c8e2156efb7bad P 45a2403422b24114a10f4b37ab277e3d: Neither blocks nor log segments found. Creating new log.
I20260709 13:00:45.016633  8396 raft_consensus.cc:515] T 84379d0a460042a6bec51e4675aaaa9b P 600e9663849342a793072776e72adeca [term 1 FOLLOWER]: Starting leader election with config: opid_index: -1 OBSOLETE_local: false peers { permanent_uuid: "b557bf04d0c0404f819d303c4a960aba" member_type: VOTER last_known_addr { host: "127.6.233.129" port: 36643 } } peers { permanent_uuid: "45a2403422b24114a10f4b37ab277e3d" member_type: VOTER last_known_addr { host: "127.6.233.130" port: 45055 } } peers { permanent_uuid: "600e9663849342a793072776e72adeca" member_type: VOTER last_known_addr { host: "127.6.233.131" port: 40081 } }
I20260709 13:00:45.032769  8389 tablet_bootstrap.cc:492] T c9db021eabf94021a1c8e2156efb7bad P 45a2403422b24114a10f4b37ab277e3d: No bootstrap required, opened a new log
I20260709 13:00:45.033380  8389 ts_tablet_manager.cc:1403] T c9db021eabf94021a1c8e2156efb7bad P 45a2403422b24114a10f4b37ab277e3d: Time spent bootstrapping tablet: real 0.050s	user 0.008s	sys 0.005s
I20260709 13:00:45.034729  8199 tablet_service.cc:1917] Received RequestConsensusVote() RPC: tablet_id: "84379d0a460042a6bec51e4675aaaa9b" candidate_uuid: "600e9663849342a793072776e72adeca" candidate_term: 1 candidate_status { last_received { term: 0 index: 0 } } ignore_live_leader: false dest_uuid: "b557bf04d0c0404f819d303c4a960aba"
I20260709 13:00:45.034976  8272 tablet_service.cc:1917] Received RequestConsensusVote() RPC: tablet_id: "84379d0a460042a6bec51e4675aaaa9b" candidate_uuid: "600e9663849342a793072776e72adeca" candidate_term: 1 candidate_status { last_received { term: 0 index: 0 } } ignore_live_leader: false dest_uuid: "45a2403422b24114a10f4b37ab277e3d"
I20260709 13:00:45.035418  8199 raft_consensus.cc:3060] T 84379d0a460042a6bec51e4675aaaa9b P b557bf04d0c0404f819d303c4a960aba [term 0 FOLLOWER]: Advancing to term 1
W20260709 13:00:45.036489  8314 leader_election.cc:343] T 84379d0a460042a6bec51e4675aaaa9b P 600e9663849342a793072776e72adeca [CANDIDATE]: Term 1 election: Tablet error from VoteRequest() call to peer 45a2403422b24114a10f4b37ab277e3d (127.6.233.130:45055): Illegal state: must be running to vote when last-logged opid is not known
I20260709 13:00:45.036355  8389 raft_consensus.cc:359] T c9db021eabf94021a1c8e2156efb7bad P 45a2403422b24114a10f4b37ab277e3d [term 0 FOLLOWER]: Replica starting. Triggering 0 pending ops. Active config: opid_index: -1 OBSOLETE_local: false peers { permanent_uuid: "b557bf04d0c0404f819d303c4a960aba" member_type: VOTER last_known_addr { host: "127.6.233.129" port: 36643 } } peers { permanent_uuid: "45a2403422b24114a10f4b37ab277e3d" member_type: VOTER last_known_addr { host: "127.6.233.130" port: 45055 } } peers { permanent_uuid: "600e9663849342a793072776e72adeca" member_type: VOTER last_known_addr { host: "127.6.233.131" port: 40081 } }
I20260709 13:00:45.037117  8396 leader_election.cc:290] T 84379d0a460042a6bec51e4675aaaa9b P 600e9663849342a793072776e72adeca [CANDIDATE]: Term 1 election: Requested vote from peers b557bf04d0c0404f819d303c4a960aba (127.6.233.129:36643), 45a2403422b24114a10f4b37ab277e3d (127.6.233.130:45055)
I20260709 13:00:45.037328  8389 raft_consensus.cc:385] T c9db021eabf94021a1c8e2156efb7bad P 45a2403422b24114a10f4b37ab277e3d [term 0 FOLLOWER]: Consensus starting up: Expiring failure detector timer to make a prompt election more likely
I20260709 13:00:45.037943  8389 raft_consensus.cc:740] T c9db021eabf94021a1c8e2156efb7bad P 45a2403422b24114a10f4b37ab277e3d [term 0 FOLLOWER]: Becoming Follower/Learner. State: Replica: 45a2403422b24114a10f4b37ab277e3d, State: Initialized, Role: FOLLOWER
I20260709 13:00:45.038650  8389 consensus_queue.cc:260] T c9db021eabf94021a1c8e2156efb7bad P 45a2403422b24114a10f4b37ab277e3d [NON_LEADER]: Queue going to NON_LEADER mode. State: All replicated index: 0, Majority replicated index: 0, Committed index: 0, Last appended: 0.0, Last appended by leader: 0, Current term: 0, Majority size: -1, State: 0, Mode: NON_LEADER, active raft config: opid_index: -1 OBSOLETE_local: false peers { permanent_uuid: "b557bf04d0c0404f819d303c4a960aba" member_type: VOTER last_known_addr { host: "127.6.233.129" port: 36643 } } peers { permanent_uuid: "45a2403422b24114a10f4b37ab277e3d" member_type: VOTER last_known_addr { host: "127.6.233.130" port: 45055 } } peers { permanent_uuid: "600e9663849342a793072776e72adeca" member_type: VOTER last_known_addr { host: "127.6.233.131" port: 40081 } }
I20260709 13:00:45.041039  8389 ts_tablet_manager.cc:1434] T c9db021eabf94021a1c8e2156efb7bad P 45a2403422b24114a10f4b37ab277e3d: Time spent starting tablet: real 0.007s	user 0.005s	sys 0.000s
I20260709 13:00:45.042084  8389 tablet_bootstrap.cc:492] T 0c48296de93b4c3caac81fb3f674ec12 P 45a2403422b24114a10f4b37ab277e3d: Bootstrap starting.
I20260709 13:00:45.043885  8563 raft_consensus.cc:493] T 24de87b806c54a6185d5cd596c6bf2eb P 45a2403422b24114a10f4b37ab277e3d [term 0 FOLLOWER]: Starting pre-election (no leader contacted us within the election timeout)
I20260709 13:00:45.045892  8388 tablet_bootstrap.cc:492] T 42b2262bb3614622bf77a68391668ba0 P b557bf04d0c0404f819d303c4a960aba: No bootstrap required, opened a new log
I20260709 13:00:45.046339  8388 ts_tablet_manager.cc:1403] T 42b2262bb3614622bf77a68391668ba0 P b557bf04d0c0404f819d303c4a960aba: Time spent bootstrapping tablet: real 0.077s	user 0.009s	sys 0.013s
I20260709 13:00:45.045079  8563 raft_consensus.cc:515] T 24de87b806c54a6185d5cd596c6bf2eb P 45a2403422b24114a10f4b37ab277e3d [term 0 FOLLOWER]: Starting pre-election with config: opid_index: -1 OBSOLETE_local: false peers { permanent_uuid: "b557bf04d0c0404f819d303c4a960aba" member_type: VOTER last_known_addr { host: "127.6.233.129" port: 36643 } } peers { permanent_uuid: "45a2403422b24114a10f4b37ab277e3d" member_type: VOTER last_known_addr { host: "127.6.233.130" port: 45055 } } peers { permanent_uuid: "600e9663849342a793072776e72adeca" member_type: VOTER last_known_addr { host: "127.6.233.131" port: 40081 } }
I20260709 13:00:45.049923  8199 raft_consensus.cc:2468] T 84379d0a460042a6bec51e4675aaaa9b P b557bf04d0c0404f819d303c4a960aba [term 1 FOLLOWER]: Leader election vote request: Granting yes vote for candidate 600e9663849342a793072776e72adeca in term 1.
I20260709 13:00:45.051134  8388 raft_consensus.cc:359] T 42b2262bb3614622bf77a68391668ba0 P b557bf04d0c0404f819d303c4a960aba [term 0 FOLLOWER]: Replica starting. Triggering 0 pending ops. Active config: opid_index: -1 OBSOLETE_local: false peers { permanent_uuid: "b557bf04d0c0404f819d303c4a960aba" member_type: VOTER last_known_addr { host: "127.6.233.129" port: 36643 } } peers { permanent_uuid: "45a2403422b24114a10f4b37ab277e3d" member_type: VOTER last_known_addr { host: "127.6.233.130" port: 45055 } } peers { permanent_uuid: "600e9663849342a793072776e72adeca" member_type: VOTER last_known_addr { host: "127.6.233.131" port: 40081 } }
I20260709 13:00:45.051748  8388 raft_consensus.cc:385] T 42b2262bb3614622bf77a68391668ba0 P b557bf04d0c0404f819d303c4a960aba [term 0 FOLLOWER]: Consensus starting up: Expiring failure detector timer to make a prompt election more likely
I20260709 13:00:45.052032  8388 raft_consensus.cc:740] T 42b2262bb3614622bf77a68391668ba0 P b557bf04d0c0404f819d303c4a960aba [term 0 FOLLOWER]: Becoming Follower/Learner. State: Replica: b557bf04d0c0404f819d303c4a960aba, State: Initialized, Role: FOLLOWER
I20260709 13:00:45.052769  8313 leader_election.cc:304] T 84379d0a460042a6bec51e4675aaaa9b P 600e9663849342a793072776e72adeca [CANDIDATE]: Term 1 election: Election decided. Result: candidate won. Election summary: received 3 responses out of 3 voters: 2 yes votes; 1 no votes. yes voters: 600e9663849342a793072776e72adeca, b557bf04d0c0404f819d303c4a960aba; no voters: 45a2403422b24114a10f4b37ab277e3d
I20260709 13:00:45.053143  8198 tablet_service.cc:1917] Received RequestConsensusVote() RPC: tablet_id: "24de87b806c54a6185d5cd596c6bf2eb" candidate_uuid: "45a2403422b24114a10f4b37ab277e3d" candidate_term: 1 candidate_status { last_received { term: 0 index: 0 } } ignore_live_leader: false dest_uuid: "b557bf04d0c0404f819d303c4a960aba" is_pre_election: true
I20260709 13:00:45.053901  8198 raft_consensus.cc:2393] T 24de87b806c54a6185d5cd596c6bf2eb P b557bf04d0c0404f819d303c4a960aba [term 1 FOLLOWER]: Leader pre-election vote request: Denying vote to candidate 45a2403422b24114a10f4b37ab277e3d in current term 1: Already voted for candidate 600e9663849342a793072776e72adeca in this term.
I20260709 13:00:45.053851  8452 consensus_queue.cc:1048] T 14ecaf0eefd643a38fe9993dbe0b9f1e P 45a2403422b24114a10f4b37ab277e3d [LEADER]: Connected to new peer: Peer: permanent_uuid: "b557bf04d0c0404f819d303c4a960aba" member_type: VOTER last_known_addr { host: "127.6.233.129" port: 36643 }, Status: LMP_MISMATCH, Last received: 0.0, Next index: 1, Last known committed idx: 0, Time since last communication: 0.000s
I20260709 13:00:45.054522  8348 tablet_service.cc:1917] Received RequestConsensusVote() RPC: tablet_id: "24de87b806c54a6185d5cd596c6bf2eb" candidate_uuid: "45a2403422b24114a10f4b37ab277e3d" candidate_term: 1 candidate_status { last_received { term: 0 index: 0 } } ignore_live_leader: false dest_uuid: "600e9663849342a793072776e72adeca" is_pre_election: true
I20260709 13:00:45.055791  8391 tablet_bootstrap.cc:492] T ef8fb856d75b43eb98847fe9e6108a1e P 600e9663849342a793072776e72adeca: No bootstrap required, opened a new log
I20260709 13:00:45.056186  8391 ts_tablet_manager.cc:1403] T ef8fb856d75b43eb98847fe9e6108a1e P 600e9663849342a793072776e72adeca: Time spent bootstrapping tablet: real 0.143s	user 0.026s	sys 0.009s
I20260709 13:00:45.059510  8388 consensus_queue.cc:260] T 42b2262bb3614622bf77a68391668ba0 P b557bf04d0c0404f819d303c4a960aba [NON_LEADER]: Queue going to NON_LEADER mode. State: All replicated index: 0, Majority replicated index: 0, Committed index: 0, Last appended: 0.0, Last appended by leader: 0, Current term: 0, Majority size: -1, State: 0, Mode: NON_LEADER, active raft config: opid_index: -1 OBSOLETE_local: false peers { permanent_uuid: "b557bf04d0c0404f819d303c4a960aba" member_type: VOTER last_known_addr { host: "127.6.233.129" port: 36643 } } peers { permanent_uuid: "45a2403422b24114a10f4b37ab277e3d" member_type: VOTER last_known_addr { host: "127.6.233.130" port: 45055 } } peers { permanent_uuid: "600e9663849342a793072776e72adeca" member_type: VOTER last_known_addr { host: "127.6.233.131" port: 40081 } }
I20260709 13:00:45.060182  8239 leader_election.cc:304] T 24de87b806c54a6185d5cd596c6bf2eb P 45a2403422b24114a10f4b37ab277e3d [CANDIDATE]: Term 1 pre-election: Election decided. Result: candidate lost. Election summary: received 3 responses out of 3 voters: 1 yes votes; 2 no votes. yes voters: 45a2403422b24114a10f4b37ab277e3d; no voters: 600e9663849342a793072776e72adeca, b557bf04d0c0404f819d303c4a960aba
I20260709 13:00:45.061034  8452 raft_consensus.cc:3060] T 24de87b806c54a6185d5cd596c6bf2eb P 45a2403422b24114a10f4b37ab277e3d [term 0 FOLLOWER]: Advancing to term 1
I20260709 13:00:45.061635  8388 ts_tablet_manager.cc:1434] T 42b2262bb3614622bf77a68391668ba0 P b557bf04d0c0404f819d303c4a960aba: Time spent starting tablet: real 0.015s	user 0.007s	sys 0.000s
I20260709 13:00:45.062624  8388 tablet_bootstrap.cc:492] T 18d8d617059345bd89eb716664960deb P b557bf04d0c0404f819d303c4a960aba: Bootstrap starting.
I20260709 13:00:45.051923  8563 leader_election.cc:290] T 24de87b806c54a6185d5cd596c6bf2eb P 45a2403422b24114a10f4b37ab277e3d [CANDIDATE]: Term 1 pre-election: Requested pre-vote from peers b557bf04d0c0404f819d303c4a960aba (127.6.233.129:36643), 600e9663849342a793072776e72adeca (127.6.233.131:40081)
I20260709 13:00:45.071605  8452 raft_consensus.cc:2749] T 24de87b806c54a6185d5cd596c6bf2eb P 45a2403422b24114a10f4b37ab277e3d [term 1 FOLLOWER]: Leader pre-election lost for term 1. Reason: could not achieve majority
I20260709 13:00:45.072316  8452 raft_consensus.cc:493] T c9db021eabf94021a1c8e2156efb7bad P 45a2403422b24114a10f4b37ab277e3d [term 0 FOLLOWER]: Starting pre-election (no leader contacted us within the election timeout)
I20260709 13:00:45.072758  8452 raft_consensus.cc:515] T c9db021eabf94021a1c8e2156efb7bad P 45a2403422b24114a10f4b37ab277e3d [term 0 FOLLOWER]: Starting pre-election with config: opid_index: -1 OBSOLETE_local: false peers { permanent_uuid: "b557bf04d0c0404f819d303c4a960aba" member_type: VOTER last_known_addr { host: "127.6.233.129" port: 36643 } } peers { permanent_uuid: "45a2403422b24114a10f4b37ab277e3d" member_type: VOTER last_known_addr { host: "127.6.233.130" port: 45055 } } peers { permanent_uuid: "600e9663849342a793072776e72adeca" member_type: VOTER last_known_addr { host: "127.6.233.131" port: 40081 } }
I20260709 13:00:45.074874  8391 raft_consensus.cc:359] T ef8fb856d75b43eb98847fe9e6108a1e P 600e9663849342a793072776e72adeca [term 0 FOLLOWER]: Replica starting. Triggering 0 pending ops. Active config: opid_index: -1 OBSOLETE_local: false peers { permanent_uuid: "b557bf04d0c0404f819d303c4a960aba" member_type: VOTER last_known_addr { host: "127.6.233.129" port: 36643 } } peers { permanent_uuid: "45a2403422b24114a10f4b37ab277e3d" member_type: VOTER last_known_addr { host: "127.6.233.130" port: 45055 } } peers { permanent_uuid: "600e9663849342a793072776e72adeca" member_type: VOTER last_known_addr { host: "127.6.233.131" port: 40081 } }
I20260709 13:00:45.075582  8391 raft_consensus.cc:385] T ef8fb856d75b43eb98847fe9e6108a1e P 600e9663849342a793072776e72adeca [term 0 FOLLOWER]: Consensus starting up: Expiring failure detector timer to make a prompt election more likely
I20260709 13:00:45.075847  8391 raft_consensus.cc:740] T ef8fb856d75b43eb98847fe9e6108a1e P 600e9663849342a793072776e72adeca [term 0 FOLLOWER]: Becoming Follower/Learner. State: Replica: 600e9663849342a793072776e72adeca, State: Initialized, Role: FOLLOWER
I20260709 13:00:45.076486  8391 consensus_queue.cc:260] T ef8fb856d75b43eb98847fe9e6108a1e P 600e9663849342a793072776e72adeca [NON_LEADER]: Queue going to NON_LEADER mode. State: All replicated index: 0, Majority replicated index: 0, Committed index: 0, Last appended: 0.0, Last appended by leader: 0, Current term: 0, Majority size: -1, State: 0, Mode: NON_LEADER, active raft config: opid_index: -1 OBSOLETE_local: false peers { permanent_uuid: "b557bf04d0c0404f819d303c4a960aba" member_type: VOTER last_known_addr { host: "127.6.233.129" port: 36643 } } peers { permanent_uuid: "45a2403422b24114a10f4b37ab277e3d" member_type: VOTER last_known_addr { host: "127.6.233.130" port: 45055 } } peers { permanent_uuid: "600e9663849342a793072776e72adeca" member_type: VOTER last_known_addr { host: "127.6.233.131" port: 40081 } }
I20260709 13:00:45.077929  8391 ts_tablet_manager.cc:1434] T ef8fb856d75b43eb98847fe9e6108a1e P 600e9663849342a793072776e72adeca: Time spent starting tablet: real 0.022s	user 0.004s	sys 0.000s
I20260709 13:00:45.057916  8396 raft_consensus.cc:2804] T 84379d0a460042a6bec51e4675aaaa9b P 600e9663849342a793072776e72adeca [term 1 FOLLOWER]: Leader election won for term 1
I20260709 13:00:45.078718  8396 raft_consensus.cc:697] T 84379d0a460042a6bec51e4675aaaa9b P 600e9663849342a793072776e72adeca [term 1 LEADER]: Becoming Leader. State: Replica: 600e9663849342a793072776e72adeca, State: Running, Role: LEADER
I20260709 13:00:45.079566  8396 consensus_queue.cc:237] T 84379d0a460042a6bec51e4675aaaa9b P 600e9663849342a793072776e72adeca [LEADER]: Queue going to LEADER mode. State: All replicated index: 0, Majority replicated index: 0, Committed index: 0, Last appended: 0.0, Last appended by leader: 0, Current term: 1, Majority size: 2, State: 0, Mode: LEADER, active raft config: opid_index: -1 OBSOLETE_local: false peers { permanent_uuid: "b557bf04d0c0404f819d303c4a960aba" member_type: VOTER last_known_addr { host: "127.6.233.129" port: 36643 } } peers { permanent_uuid: "45a2403422b24114a10f4b37ab277e3d" member_type: VOTER last_known_addr { host: "127.6.233.130" port: 45055 } } peers { permanent_uuid: "600e9663849342a793072776e72adeca" member_type: VOTER last_known_addr { host: "127.6.233.131" port: 40081 } }
I20260709 13:00:45.080204  8452 leader_election.cc:290] T c9db021eabf94021a1c8e2156efb7bad P 45a2403422b24114a10f4b37ab277e3d [CANDIDATE]: Term 1 pre-election: Requested pre-vote from peers b557bf04d0c0404f819d303c4a960aba (127.6.233.129:36643), 600e9663849342a793072776e72adeca (127.6.233.131:40081)
I20260709 13:00:45.080962  8196 tablet_service.cc:1917] Received RequestConsensusVote() RPC: tablet_id: "c9db021eabf94021a1c8e2156efb7bad" candidate_uuid: "45a2403422b24114a10f4b37ab277e3d" candidate_term: 1 candidate_status { last_received { term: 0 index: 0 } } ignore_live_leader: false dest_uuid: "b557bf04d0c0404f819d303c4a960aba" is_pre_election: true
I20260709 13:00:45.081734  8196 raft_consensus.cc:2393] T c9db021eabf94021a1c8e2156efb7bad P b557bf04d0c0404f819d303c4a960aba [term 1 FOLLOWER]: Leader pre-election vote request: Denying vote to candidate 45a2403422b24114a10f4b37ab277e3d in current term 1: Already voted for candidate 600e9663849342a793072776e72adeca in this term.
I20260709 13:00:45.083978  8391 tablet_bootstrap.cc:492] T 42b2262bb3614622bf77a68391668ba0 P 600e9663849342a793072776e72adeca: Bootstrap starting.
I20260709 13:00:45.087507  8347 tablet_service.cc:1917] Received RequestConsensusVote() RPC: tablet_id: "c9db021eabf94021a1c8e2156efb7bad" candidate_uuid: "45a2403422b24114a10f4b37ab277e3d" candidate_term: 1 candidate_status { last_received { term: 0 index: 0 } } ignore_live_leader: false dest_uuid: "600e9663849342a793072776e72adeca" is_pre_election: true
I20260709 13:00:45.092742  8237 leader_election.cc:304] T c9db021eabf94021a1c8e2156efb7bad P 45a2403422b24114a10f4b37ab277e3d [CANDIDATE]: Term 1 pre-election: Election decided. Result: candidate lost. Election summary: received 3 responses out of 3 voters: 1 yes votes; 2 no votes. yes voters: 45a2403422b24114a10f4b37ab277e3d; no voters: 600e9663849342a793072776e72adeca, b557bf04d0c0404f819d303c4a960aba
I20260709 13:00:45.095291  8452 raft_consensus.cc:3060] T c9db021eabf94021a1c8e2156efb7bad P 45a2403422b24114a10f4b37ab277e3d [term 0 FOLLOWER]: Advancing to term 1
I20260709 13:00:45.095650  8388 tablet_bootstrap.cc:654] T 18d8d617059345bd89eb716664960deb P b557bf04d0c0404f819d303c4a960aba: Neither blocks nor log segments found. Creating new log.
I20260709 13:00:45.098218  8389 tablet_bootstrap.cc:654] T 0c48296de93b4c3caac81fb3f674ec12 P 45a2403422b24114a10f4b37ab277e3d: Neither blocks nor log segments found. Creating new log.
I20260709 13:00:45.110739  8391 tablet_bootstrap.cc:654] T 42b2262bb3614622bf77a68391668ba0 P 600e9663849342a793072776e72adeca: Neither blocks nor log segments found. Creating new log.
I20260709 13:00:45.110513  8557 raft_consensus.cc:493] T 42b2262bb3614622bf77a68391668ba0 P b557bf04d0c0404f819d303c4a960aba [term 0 FOLLOWER]: Starting pre-election (no leader contacted us within the election timeout)
I20260709 13:00:45.111331  8557 raft_consensus.cc:515] T 42b2262bb3614622bf77a68391668ba0 P b557bf04d0c0404f819d303c4a960aba [term 0 FOLLOWER]: Starting pre-election with config: opid_index: -1 OBSOLETE_local: false peers { permanent_uuid: "b557bf04d0c0404f819d303c4a960aba" member_type: VOTER last_known_addr { host: "127.6.233.129" port: 36643 } } peers { permanent_uuid: "45a2403422b24114a10f4b37ab277e3d" member_type: VOTER last_known_addr { host: "127.6.233.130" port: 45055 } } peers { permanent_uuid: "600e9663849342a793072776e72adeca" member_type: VOTER last_known_addr { host: "127.6.233.131" port: 40081 } }
I20260709 13:00:45.113554  8557 leader_election.cc:290] T 42b2262bb3614622bf77a68391668ba0 P b557bf04d0c0404f819d303c4a960aba [CANDIDATE]: Term 1 pre-election: Requested pre-vote from peers 45a2403422b24114a10f4b37ab277e3d (127.6.233.130:45055), 600e9663849342a793072776e72adeca (127.6.233.131:40081)
I20260709 13:00:45.113734  8452 raft_consensus.cc:2749] T c9db021eabf94021a1c8e2156efb7bad P 45a2403422b24114a10f4b37ab277e3d [term 1 FOLLOWER]: Leader pre-election lost for term 1. Reason: could not achieve majority
I20260709 13:00:45.115600  8272 tablet_service.cc:1917] Received RequestConsensusVote() RPC: tablet_id: "42b2262bb3614622bf77a68391668ba0" candidate_uuid: "b557bf04d0c0404f819d303c4a960aba" candidate_term: 1 candidate_status { last_received { term: 0 index: 0 } } ignore_live_leader: false dest_uuid: "45a2403422b24114a10f4b37ab277e3d" is_pre_election: true
W20260709 13:00:45.118243  8165 leader_election.cc:343] T 42b2262bb3614622bf77a68391668ba0 P b557bf04d0c0404f819d303c4a960aba [CANDIDATE]: Term 1 pre-election: Tablet error from VoteRequest() call to peer 45a2403422b24114a10f4b37ab277e3d (127.6.233.130:45055): Illegal state: must be running to vote when last-logged opid is not known
I20260709 13:00:45.119215  8347 tablet_service.cc:1917] Received RequestConsensusVote() RPC: tablet_id: "42b2262bb3614622bf77a68391668ba0" candidate_uuid: "b557bf04d0c0404f819d303c4a960aba" candidate_term: 1 candidate_status { last_received { term: 0 index: 0 } } ignore_live_leader: false dest_uuid: "600e9663849342a793072776e72adeca" is_pre_election: true
I20260709 13:00:45.119527  8452 consensus_queue.cc:1048] T 14ecaf0eefd643a38fe9993dbe0b9f1e P 45a2403422b24114a10f4b37ab277e3d [LEADER]: Connected to new peer: Peer: permanent_uuid: "600e9663849342a793072776e72adeca" member_type: VOTER last_known_addr { host: "127.6.233.131" port: 40081 }, Status: LMP_MISMATCH, Last received: 0.0, Next index: 1, Last known committed idx: 0, Time since last communication: 0.000s
W20260709 13:00:45.120886  8162 leader_election.cc:343] T 42b2262bb3614622bf77a68391668ba0 P b557bf04d0c0404f819d303c4a960aba [CANDIDATE]: Term 1 pre-election: Tablet error from VoteRequest() call to peer 600e9663849342a793072776e72adeca (127.6.233.131:40081): Illegal state: must be running to vote when last-logged opid is not known
I20260709 13:00:45.121486  8162 leader_election.cc:304] T 42b2262bb3614622bf77a68391668ba0 P b557bf04d0c0404f819d303c4a960aba [CANDIDATE]: Term 1 pre-election: Election decided. Result: candidate lost. Election summary: received 3 responses out of 3 voters: 1 yes votes; 2 no votes. yes voters: b557bf04d0c0404f819d303c4a960aba; no voters: 45a2403422b24114a10f4b37ab277e3d, 600e9663849342a793072776e72adeca
I20260709 13:00:45.123309  8421 raft_consensus.cc:2749] T 42b2262bb3614622bf77a68391668ba0 P b557bf04d0c0404f819d303c4a960aba [term 0 FOLLOWER]: Leader pre-election lost for term 1. Reason: could not achieve majority
I20260709 13:00:45.128021  8388 tablet_bootstrap.cc:492] T 18d8d617059345bd89eb716664960deb P b557bf04d0c0404f819d303c4a960aba: No bootstrap required, opened a new log
I20260709 13:00:45.128497  8388 ts_tablet_manager.cc:1403] T 18d8d617059345bd89eb716664960deb P b557bf04d0c0404f819d303c4a960aba: Time spent bootstrapping tablet: real 0.066s	user 0.021s	sys 0.000s
I20260709 13:00:45.129544  8389 tablet_bootstrap.cc:492] T 0c48296de93b4c3caac81fb3f674ec12 P 45a2403422b24114a10f4b37ab277e3d: No bootstrap required, opened a new log
I20260709 13:00:45.129987  8389 ts_tablet_manager.cc:1403] T 0c48296de93b4c3caac81fb3f674ec12 P 45a2403422b24114a10f4b37ab277e3d: Time spent bootstrapping tablet: real 0.088s	user 0.011s	sys 0.002s
I20260709 13:00:45.130970  8391 tablet_bootstrap.cc:492] T 42b2262bb3614622bf77a68391668ba0 P 600e9663849342a793072776e72adeca: No bootstrap required, opened a new log
I20260709 13:00:45.131415  8391 ts_tablet_manager.cc:1403] T 42b2262bb3614622bf77a68391668ba0 P 600e9663849342a793072776e72adeca: Time spent bootstrapping tablet: real 0.048s	user 0.012s	sys 0.009s
I20260709 13:00:45.131732  8388 raft_consensus.cc:359] T 18d8d617059345bd89eb716664960deb P b557bf04d0c0404f819d303c4a960aba [term 0 FOLLOWER]: Replica starting. Triggering 0 pending ops. Active config: opid_index: -1 OBSOLETE_local: false peers { permanent_uuid: "b557bf04d0c0404f819d303c4a960aba" member_type: VOTER last_known_addr { host: "127.6.233.129" port: 36643 } } peers { permanent_uuid: "45a2403422b24114a10f4b37ab277e3d" member_type: VOTER last_known_addr { host: "127.6.233.130" port: 45055 } } peers { permanent_uuid: "600e9663849342a793072776e72adeca" member_type: VOTER last_known_addr { host: "127.6.233.131" port: 40081 } }
I20260709 13:00:45.132364  8388 raft_consensus.cc:385] T 18d8d617059345bd89eb716664960deb P b557bf04d0c0404f819d303c4a960aba [term 0 FOLLOWER]: Consensus starting up: Expiring failure detector timer to make a prompt election more likely
I20260709 13:00:45.133910  8388 raft_consensus.cc:740] T 18d8d617059345bd89eb716664960deb P b557bf04d0c0404f819d303c4a960aba [term 0 FOLLOWER]: Becoming Follower/Learner. State: Replica: b557bf04d0c0404f819d303c4a960aba, State: Initialized, Role: FOLLOWER
I20260709 13:00:45.133749  8391 raft_consensus.cc:359] T 42b2262bb3614622bf77a68391668ba0 P 600e9663849342a793072776e72adeca [term 0 FOLLOWER]: Replica starting. Triggering 0 pending ops. Active config: opid_index: -1 OBSOLETE_local: false peers { permanent_uuid: "b557bf04d0c0404f819d303c4a960aba" member_type: VOTER last_known_addr { host: "127.6.233.129" port: 36643 } } peers { permanent_uuid: "45a2403422b24114a10f4b37ab277e3d" member_type: VOTER last_known_addr { host: "127.6.233.130" port: 45055 } } peers { permanent_uuid: "600e9663849342a793072776e72adeca" member_type: VOTER last_known_addr { host: "127.6.233.131" port: 40081 } }
I20260709 13:00:45.134433  8391 raft_consensus.cc:385] T 42b2262bb3614622bf77a68391668ba0 P 600e9663849342a793072776e72adeca [term 0 FOLLOWER]: Consensus starting up: Expiring failure detector timer to make a prompt election more likely
I20260709 13:00:45.134717  8391 raft_consensus.cc:740] T 42b2262bb3614622bf77a68391668ba0 P 600e9663849342a793072776e72adeca [term 0 FOLLOWER]: Becoming Follower/Learner. State: Replica: 600e9663849342a793072776e72adeca, State: Initialized, Role: FOLLOWER
I20260709 13:00:45.134583  8388 consensus_queue.cc:260] T 18d8d617059345bd89eb716664960deb P b557bf04d0c0404f819d303c4a960aba [NON_LEADER]: Queue going to NON_LEADER mode. State: All replicated index: 0, Majority replicated index: 0, Committed index: 0, Last appended: 0.0, Last appended by leader: 0, Current term: 0, Majority size: -1, State: 0, Mode: NON_LEADER, active raft config: opid_index: -1 OBSOLETE_local: false peers { permanent_uuid: "b557bf04d0c0404f819d303c4a960aba" member_type: VOTER last_known_addr { host: "127.6.233.129" port: 36643 } } peers { permanent_uuid: "45a2403422b24114a10f4b37ab277e3d" member_type: VOTER last_known_addr { host: "127.6.233.130" port: 45055 } } peers { permanent_uuid: "600e9663849342a793072776e72adeca" member_type: VOTER last_known_addr { host: "127.6.233.131" port: 40081 } }
I20260709 13:00:45.135393  8391 consensus_queue.cc:260] T 42b2262bb3614622bf77a68391668ba0 P 600e9663849342a793072776e72adeca [NON_LEADER]: Queue going to NON_LEADER mode. State: All replicated index: 0, Majority replicated index: 0, Committed index: 0, Last appended: 0.0, Last appended by leader: 0, Current term: 0, Majority size: -1, State: 0, Mode: NON_LEADER, active raft config: opid_index: -1 OBSOLETE_local: false peers { permanent_uuid: "b557bf04d0c0404f819d303c4a960aba" member_type: VOTER last_known_addr { host: "127.6.233.129" port: 36643 } } peers { permanent_uuid: "45a2403422b24114a10f4b37ab277e3d" member_type: VOTER last_known_addr { host: "127.6.233.130" port: 45055 } } peers { permanent_uuid: "600e9663849342a793072776e72adeca" member_type: VOTER last_known_addr { host: "127.6.233.131" port: 40081 } }
I20260709 13:00:45.136035  8396 consensus_queue.cc:1048] T 24de87b806c54a6185d5cd596c6bf2eb P 600e9663849342a793072776e72adeca [LEADER]: Connected to new peer: Peer: permanent_uuid: "45a2403422b24114a10f4b37ab277e3d" member_type: VOTER last_known_addr { host: "127.6.233.130" port: 45055 }, Status: LMP_MISMATCH, Last received: 0.0, Next index: 1, Last known committed idx: 0, Time since last communication: 0.000s
I20260709 13:00:45.137096  8388 ts_tablet_manager.cc:1434] T 18d8d617059345bd89eb716664960deb P b557bf04d0c0404f819d303c4a960aba: Time spent starting tablet: real 0.008s	user 0.006s	sys 0.000s
I20260709 13:00:45.137425  8391 ts_tablet_manager.cc:1434] T 42b2262bb3614622bf77a68391668ba0 P 600e9663849342a793072776e72adeca: Time spent starting tablet: real 0.006s	user 0.001s	sys 0.003s
I20260709 13:00:45.137960  8388 tablet_bootstrap.cc:492] T 4aaf5f9a485b44eaa397f433b3843ec2 P b557bf04d0c0404f819d303c4a960aba: Bootstrap starting.
I20260709 13:00:45.138280  8391 tablet_bootstrap.cc:492] T 01ced6c8bfd841ae852dbb4be0b8584c P 600e9663849342a793072776e72adeca: Bootstrap starting.
I20260709 13:00:45.132467  8389 raft_consensus.cc:359] T 0c48296de93b4c3caac81fb3f674ec12 P 45a2403422b24114a10f4b37ab277e3d [term 0 FOLLOWER]: Replica starting. Triggering 0 pending ops. Active config: opid_index: -1 OBSOLETE_local: false peers { permanent_uuid: "b557bf04d0c0404f819d303c4a960aba" member_type: VOTER last_known_addr { host: "127.6.233.129" port: 36643 } } peers { permanent_uuid: "45a2403422b24114a10f4b37ab277e3d" member_type: VOTER last_known_addr { host: "127.6.233.130" port: 45055 } } peers { permanent_uuid: "600e9663849342a793072776e72adeca" member_type: VOTER last_known_addr { host: "127.6.233.131" port: 40081 } }
I20260709 13:00:45.133527  8452 raft_consensus.cc:493] T ef8fb856d75b43eb98847fe9e6108a1e P 45a2403422b24114a10f4b37ab277e3d [term 0 FOLLOWER]: Starting pre-election (no leader contacted us within the election timeout)
I20260709 13:00:45.145099  8421 raft_consensus.cc:493] T 0c48296de93b4c3caac81fb3f674ec12 P b557bf04d0c0404f819d303c4a960aba [term 0 FOLLOWER]: Starting pre-election (no leader contacted us within the election timeout)
I20260709 13:00:45.144915  8452 raft_consensus.cc:515] T ef8fb856d75b43eb98847fe9e6108a1e P 45a2403422b24114a10f4b37ab277e3d [term 0 FOLLOWER]: Starting pre-election with config: opid_index: -1 OBSOLETE_local: false peers { permanent_uuid: "b557bf04d0c0404f819d303c4a960aba" member_type: VOTER last_known_addr { host: "127.6.233.129" port: 36643 } } peers { permanent_uuid: "45a2403422b24114a10f4b37ab277e3d" member_type: VOTER last_known_addr { host: "127.6.233.130" port: 45055 } } peers { permanent_uuid: "600e9663849342a793072776e72adeca" member_type: VOTER last_known_addr { host: "127.6.233.131" port: 40081 } }
