I20260709 13:00:38.498520  8517 data_dirs.cc:400] Could only allocate 1 dirs of requested 3 for tablet 0cd574dc2f1347e8996cdb77177d1a54. 1 dirs total, 0 dirs full, 0 dirs failed
I20260709 13:00:38.517863  8522 data_dirs.cc:400] Could only allocate 1 dirs of requested 3 for tablet a6ecd063b1dc49a69b15eb593af51b89. 1 dirs total, 0 dirs full, 0 dirs failed
I20260709 13:00:38.497167  8575 tablet_bootstrap.cc:492] T d9cb2781af004accaffe494aebc4c13c P 105d6581548546b98eddd4ee7083bb12: Bootstrap starting.
I20260709 13:00:38.514377  8282 catalog_manager.cc:5697] T a457c771b2be434bb71c63fe617485e1 P d653e71832b7402b9a03b46249d3b885 reported cstate change: term changed from 0 to 1, leader changed from <none> to d653e71832b7402b9a03b46249d3b885 (127.7.25.193). New cstate: current_term: 1 leader_uuid: "d653e71832b7402b9a03b46249d3b885" committed_config { opid_index: -1 OBSOLETE_local: false peers { permanent_uuid: "d653e71832b7402b9a03b46249d3b885" member_type: VOTER last_known_addr { host: "127.7.25.193" port: 43631 } health_report { overall_health: HEALTHY } } peers { permanent_uuid: "105d6581548546b98eddd4ee7083bb12" member_type: VOTER last_known_addr { host: "127.7.25.194" port: 36925 } health_report { overall_health: UNKNOWN } } peers { permanent_uuid: "b8eb0ad4490645598004d862412f4e31" member_type: VOTER last_known_addr { host: "127.7.25.195" port: 40767 } health_report { overall_health: UNKNOWN } } }
I20260709 13:00:38.477970  8577 ts_tablet_manager.cc:1434] T 1f865794cdc54a73bac275a71cb2034c P b8eb0ad4490645598004d862412f4e31: Time spent starting tablet: real 0.095s	user 0.013s	sys 0.000s
I20260709 13:00:38.524098  8577 tablet_bootstrap.cc:492] T 911fa6f4e14f47f6a76fff18a00cd58e P b8eb0ad4490645598004d862412f4e31: Bootstrap starting.
I20260709 13:00:38.524832  8575 tablet_bootstrap.cc:654] T d9cb2781af004accaffe494aebc4c13c P 105d6581548546b98eddd4ee7083bb12: Neither blocks nor log segments found. Creating new log.
I20260709 13:00:38.464746  8576 tablet_bootstrap.cc:654] T 7142cc29d84f4204bd97e07c0f6f6a84 P d653e71832b7402b9a03b46249d3b885: Neither blocks nor log segments found. Creating new log.
I20260709 13:00:38.530526  8577 tablet_bootstrap.cc:654] T 911fa6f4e14f47f6a76fff18a00cd58e P b8eb0ad4490645598004d862412f4e31: Neither blocks nor log segments found. Creating new log.
I20260709 13:00:38.531925  8371 tablet_service.cc:1511] Processing CreateTablet for tablet eedf264cd691413dbd2eec9e2b133ddf (DEFAULT_TABLE table=test-workload [id=0997156cc4e34396a3ae068cffc60d9c]), partition=RANGE (key) PARTITION 1419523053 <= VALUES < 1455921080
I20260709 13:00:38.561163  8371 data_dirs.cc:400] Could only allocate 1 dirs of requested 3 for tablet eedf264cd691413dbd2eec9e2b133ddf. 1 dirs total, 0 dirs full, 0 dirs failed
I20260709 13:00:38.536255  8445 tablet_service.cc:1511] Processing CreateTablet for tablet eedf264cd691413dbd2eec9e2b133ddf (DEFAULT_TABLE table=test-workload [id=0997156cc4e34396a3ae068cffc60d9c]), partition=RANGE (key) PARTITION 1419523053 <= VALUES < 1455921080
I20260709 13:00:38.566107  8445 data_dirs.cc:400] Could only allocate 1 dirs of requested 3 for tablet eedf264cd691413dbd2eec9e2b133ddf. 1 dirs total, 0 dirs full, 0 dirs failed
I20260709 13:00:38.544257  8525 tablet_service.cc:1511] Processing CreateTablet for tablet eedf264cd691413dbd2eec9e2b133ddf (DEFAULT_TABLE table=test-workload [id=0997156cc4e34396a3ae068cffc60d9c]), partition=RANGE (key) PARTITION 1419523053 <= VALUES < 1455921080
I20260709 13:00:38.570012  8525 data_dirs.cc:400] Could only allocate 1 dirs of requested 3 for tablet eedf264cd691413dbd2eec9e2b133ddf. 1 dirs total, 0 dirs full, 0 dirs failed
I20260709 13:00:38.550125  8370 tablet_service.cc:1511] Processing CreateTablet for tablet dc1ae2a0b869453e80401c580552e127 (DEFAULT_TABLE table=test-workload [id=0997156cc4e34396a3ae068cffc60d9c]), partition=RANGE (key) PARTITION 1455921080 <= VALUES < 1492319107
I20260709 13:00:38.551080  8448 tablet_service.cc:1511] Processing CreateTablet for tablet dc1ae2a0b869453e80401c580552e127 (DEFAULT_TABLE table=test-workload [id=0997156cc4e34396a3ae068cffc60d9c]), partition=RANGE (key) PARTITION 1455921080 <= VALUES < 1492319107
I20260709 13:00:38.556010  8369 tablet_service.cc:1511] Processing CreateTablet for tablet 9c3c85d53de1420dab74923e2fc80f02 (DEFAULT_TABLE table=test-workload [id=0997156cc4e34396a3ae068cffc60d9c]), partition=RANGE (key) PARTITION 1492319107 <= VALUES < 1528717134
I20260709 13:00:38.557221  8517 tablet_service.cc:1511] Processing CreateTablet for tablet dc1ae2a0b869453e80401c580552e127 (DEFAULT_TABLE table=test-workload [id=0997156cc4e34396a3ae068cffc60d9c]), partition=RANGE (key) PARTITION 1455921080 <= VALUES < 1492319107
I20260709 13:00:38.582129  8517 data_dirs.cc:400] Could only allocate 1 dirs of requested 3 for tablet dc1ae2a0b869453e80401c580552e127. 1 dirs total, 0 dirs full, 0 dirs failed
I20260709 13:00:38.573853  8370 data_dirs.cc:400] Could only allocate 1 dirs of requested 3 for tablet dc1ae2a0b869453e80401c580552e127. 1 dirs total, 0 dirs full, 0 dirs failed
I20260709 13:00:38.573853  8448 data_dirs.cc:400] Could only allocate 1 dirs of requested 3 for tablet dc1ae2a0b869453e80401c580552e127. 1 dirs total, 0 dirs full, 0 dirs failed
I20260709 13:00:38.586004  8450 tablet_service.cc:1511] Processing CreateTablet for tablet 9c3c85d53de1420dab74923e2fc80f02 (DEFAULT_TABLE table=test-workload [id=0997156cc4e34396a3ae068cffc60d9c]), partition=RANGE (key) PARTITION 1492319107 <= VALUES < 1528717134
I20260709 13:00:38.593180  8520 tablet_service.cc:1511] Processing CreateTablet for tablet 9c3c85d53de1420dab74923e2fc80f02 (DEFAULT_TABLE table=test-workload [id=0997156cc4e34396a3ae068cffc60d9c]), partition=RANGE (key) PARTITION 1492319107 <= VALUES < 1528717134
I20260709 13:00:38.606540  8450 data_dirs.cc:400] Could only allocate 1 dirs of requested 3 for tablet 9c3c85d53de1420dab74923e2fc80f02. 1 dirs total, 0 dirs full, 0 dirs failed
I20260709 13:00:38.611902  8585 raft_consensus.cc:493] T de8d0dfcd55e4b03b9a131362bf19085 P 105d6581548546b98eddd4ee7083bb12 [term 0 FOLLOWER]: Starting pre-election (no leader contacted us within the election timeout)
I20260709 13:00:38.617008  8369 data_dirs.cc:400] Could only allocate 1 dirs of requested 3 for tablet 9c3c85d53de1420dab74923e2fc80f02. 1 dirs total, 0 dirs full, 0 dirs failed
I20260709 13:00:38.621919  8585 raft_consensus.cc:515] T de8d0dfcd55e4b03b9a131362bf19085 P 105d6581548546b98eddd4ee7083bb12 [term 0 FOLLOWER]: Starting pre-election with config: opid_index: -1 OBSOLETE_local: false peers { permanent_uuid: "d653e71832b7402b9a03b46249d3b885" member_type: VOTER last_known_addr { host: "127.7.25.193" port: 43631 } } peers { permanent_uuid: "b8eb0ad4490645598004d862412f4e31" member_type: VOTER last_known_addr { host: "127.7.25.195" port: 40767 } } peers { permanent_uuid: "105d6581548546b98eddd4ee7083bb12" member_type: VOTER last_known_addr { host: "127.7.25.194" port: 36925 } }
I20260709 13:00:38.624121  8585 leader_election.cc:290] T de8d0dfcd55e4b03b9a131362bf19085 P 105d6581548546b98eddd4ee7083bb12 [CANDIDATE]: Term 1 pre-election: Requested pre-vote from peers d653e71832b7402b9a03b46249d3b885 (127.7.25.193:43631), b8eb0ad4490645598004d862412f4e31 (127.7.25.195:40767)
I20260709 13:00:38.624850  8386 tablet_service.cc:1917] Received RequestConsensusVote() RPC: tablet_id: "de8d0dfcd55e4b03b9a131362bf19085" candidate_uuid: "105d6581548546b98eddd4ee7083bb12" candidate_term: 1 candidate_status { last_received { term: 0 index: 0 } } ignore_live_leader: false dest_uuid: "d653e71832b7402b9a03b46249d3b885" is_pre_election: true
I20260709 13:00:38.625224  8535 tablet_service.cc:1917] Received RequestConsensusVote() RPC: tablet_id: "de8d0dfcd55e4b03b9a131362bf19085" candidate_uuid: "105d6581548546b98eddd4ee7083bb12" candidate_term: 1 candidate_status { last_received { term: 0 index: 0 } } ignore_live_leader: false dest_uuid: "b8eb0ad4490645598004d862412f4e31" is_pre_election: true
I20260709 13:00:38.625530  8386 raft_consensus.cc:2468] T de8d0dfcd55e4b03b9a131362bf19085 P d653e71832b7402b9a03b46249d3b885 [term 0 FOLLOWER]: Leader pre-election vote request: Granting yes vote for candidate 105d6581548546b98eddd4ee7083bb12 in term 0.
W20260709 13:00:38.626662  8424 leader_election.cc:343] T de8d0dfcd55e4b03b9a131362bf19085 P 105d6581548546b98eddd4ee7083bb12 [CANDIDATE]: Term 1 pre-election: Tablet error from VoteRequest() call to peer b8eb0ad4490645598004d862412f4e31 (127.7.25.195:40767): Illegal state: must be running to vote when last-logged opid is not known
I20260709 13:00:38.627239  8427 leader_election.cc:304] T de8d0dfcd55e4b03b9a131362bf19085 P 105d6581548546b98eddd4ee7083bb12 [CANDIDATE]: Term 1 pre-election: Election decided. Result: candidate won. Election summary: received 3 responses out of 3 voters: 2 yes votes; 1 no votes. yes voters: 105d6581548546b98eddd4ee7083bb12, d653e71832b7402b9a03b46249d3b885; no voters: b8eb0ad4490645598004d862412f4e31
I20260709 13:00:38.627571  8445 tablet_service.cc:1511] Processing CreateTablet for tablet c80796a5190345179ad066af334e5bae (DEFAULT_TABLE table=test-workload [id=0997156cc4e34396a3ae068cffc60d9c]), partition=RANGE (key) PARTITION 1528717134 <= VALUES < 1565115161
I20260709 13:00:38.628350  8585 raft_consensus.cc:2804] T de8d0dfcd55e4b03b9a131362bf19085 P 105d6581548546b98eddd4ee7083bb12 [term 0 FOLLOWER]: Leader pre-election won for term 1
I20260709 13:00:38.628778  8585 raft_consensus.cc:493] T de8d0dfcd55e4b03b9a131362bf19085 P 105d6581548546b98eddd4ee7083bb12 [term 0 FOLLOWER]: Starting leader election (no leader contacted us within the election timeout)
I20260709 13:00:38.629226  8585 raft_consensus.cc:3060] T de8d0dfcd55e4b03b9a131362bf19085 P 105d6581548546b98eddd4ee7083bb12 [term 0 FOLLOWER]: Advancing to term 1
I20260709 13:00:38.625721  8576 tablet_bootstrap.cc:492] T 7142cc29d84f4204bd97e07c0f6f6a84 P d653e71832b7402b9a03b46249d3b885: No bootstrap required, opened a new log
I20260709 13:00:38.634202  8576 ts_tablet_manager.cc:1403] T 7142cc29d84f4204bd97e07c0f6f6a84 P d653e71832b7402b9a03b46249d3b885: Time spent bootstrapping tablet: real 0.188s	user 0.009s	sys 0.015s
I20260709 13:00:38.635201  8577 tablet_bootstrap.cc:492] T 911fa6f4e14f47f6a76fff18a00cd58e P b8eb0ad4490645598004d862412f4e31: No bootstrap required, opened a new log
I20260709 13:00:38.635900  8599 raft_consensus.cc:493] T 1f865794cdc54a73bac275a71cb2034c P b8eb0ad4490645598004d862412f4e31 [term 0 FOLLOWER]: Starting pre-election (no leader contacted us within the election timeout)
I20260709 13:00:38.636349  8599 raft_consensus.cc:515] T 1f865794cdc54a73bac275a71cb2034c P b8eb0ad4490645598004d862412f4e31 [term 0 FOLLOWER]: Starting pre-election with config: opid_index: -1 OBSOLETE_local: false peers { permanent_uuid: "d653e71832b7402b9a03b46249d3b885" member_type: VOTER last_known_addr { host: "127.7.25.193" port: 43631 } } peers { permanent_uuid: "105d6581548546b98eddd4ee7083bb12" member_type: VOTER last_known_addr { host: "127.7.25.194" port: 36925 } } peers { permanent_uuid: "b8eb0ad4490645598004d862412f4e31" member_type: VOTER last_known_addr { host: "127.7.25.195" port: 40767 } }
I20260709 13:00:38.637182  8576 raft_consensus.cc:359] T 7142cc29d84f4204bd97e07c0f6f6a84 P d653e71832b7402b9a03b46249d3b885 [term 0 FOLLOWER]: Replica starting. Triggering 0 pending ops. Active config: opid_index: -1 OBSOLETE_local: false peers { permanent_uuid: "d653e71832b7402b9a03b46249d3b885" member_type: VOTER last_known_addr { host: "127.7.25.193" port: 43631 } } peers { permanent_uuid: "105d6581548546b98eddd4ee7083bb12" member_type: VOTER last_known_addr { host: "127.7.25.194" port: 36925 } } peers { permanent_uuid: "b8eb0ad4490645598004d862412f4e31" member_type: VOTER last_known_addr { host: "127.7.25.195" port: 40767 } }
I20260709 13:00:38.637873  8576 raft_consensus.cc:385] T 7142cc29d84f4204bd97e07c0f6f6a84 P d653e71832b7402b9a03b46249d3b885 [term 0 FOLLOWER]: Consensus starting up: Expiring failure detector timer to make a prompt election more likely
I20260709 13:00:38.638161  8576 raft_consensus.cc:740] T 7142cc29d84f4204bd97e07c0f6f6a84 P d653e71832b7402b9a03b46249d3b885 [term 0 FOLLOWER]: Becoming Follower/Learner. State: Replica: d653e71832b7402b9a03b46249d3b885, State: Initialized, Role: FOLLOWER
I20260709 13:00:38.638435  8599 leader_election.cc:290] T 1f865794cdc54a73bac275a71cb2034c P b8eb0ad4490645598004d862412f4e31 [CANDIDATE]: Term 1 pre-election: Requested pre-vote from peers d653e71832b7402b9a03b46249d3b885 (127.7.25.193:43631), 105d6581548546b98eddd4ee7083bb12 (127.7.25.194:36925)
I20260709 13:00:38.638989  8576 consensus_queue.cc:260] T 7142cc29d84f4204bd97e07c0f6f6a84 P d653e71832b7402b9a03b46249d3b885 [NON_LEADER]: Queue going to NON_LEADER mode. State: All replicated index: 0, Majority replicated index: 0, Committed index: 0, Last appended: 0.0, Last appended by leader: 0, Current term: 0, Majority size: -1, State: 0, Mode: NON_LEADER, active raft config: opid_index: -1 OBSOLETE_local: false peers { permanent_uuid: "d653e71832b7402b9a03b46249d3b885" member_type: VOTER last_known_addr { host: "127.7.25.193" port: 43631 } } peers { permanent_uuid: "105d6581548546b98eddd4ee7083bb12" member_type: VOTER last_known_addr { host: "127.7.25.194" port: 36925 } } peers { permanent_uuid: "b8eb0ad4490645598004d862412f4e31" member_type: VOTER last_known_addr { host: "127.7.25.195" port: 40767 } }
I20260709 13:00:38.640129  8461 tablet_service.cc:1917] Received RequestConsensusVote() RPC: tablet_id: "1f865794cdc54a73bac275a71cb2034c" candidate_uuid: "b8eb0ad4490645598004d862412f4e31" candidate_term: 1 candidate_status { last_received { term: 0 index: 0 } } ignore_live_leader: false dest_uuid: "105d6581548546b98eddd4ee7083bb12" is_pre_election: true
I20260709 13:00:38.616827  8520 data_dirs.cc:400] Could only allocate 1 dirs of requested 3 for tablet 9c3c85d53de1420dab74923e2fc80f02. 1 dirs total, 0 dirs full, 0 dirs failed
W20260709 13:00:38.641695  8500 leader_election.cc:343] T 1f865794cdc54a73bac275a71cb2034c P b8eb0ad4490645598004d862412f4e31 [CANDIDATE]: Term 1 pre-election: Tablet error from VoteRequest() call to peer 105d6581548546b98eddd4ee7083bb12 (127.7.25.194:36925): Illegal state: must be running to vote when last-logged opid is not known
I20260709 13:00:38.642853  8577 ts_tablet_manager.cc:1403] T 911fa6f4e14f47f6a76fff18a00cd58e P b8eb0ad4490645598004d862412f4e31: Time spent bootstrapping tablet: real 0.119s	user 0.015s	sys 0.006s
I20260709 13:00:38.644145  8576 ts_tablet_manager.cc:1434] T 7142cc29d84f4204bd97e07c0f6f6a84 P d653e71832b7402b9a03b46249d3b885: Time spent starting tablet: real 0.010s	user 0.003s	sys 0.005s
I20260709 13:00:38.645205  8576 tablet_bootstrap.cc:492] T e63b8dc23aaf4956bbebb9f2fa7268cd P d653e71832b7402b9a03b46249d3b885: Bootstrap starting.
I20260709 13:00:38.647094  8577 raft_consensus.cc:359] T 911fa6f4e14f47f6a76fff18a00cd58e P b8eb0ad4490645598004d862412f4e31 [term 0 FOLLOWER]: Replica starting. Triggering 0 pending ops. Active config: opid_index: -1 OBSOLETE_local: false peers { permanent_uuid: "d653e71832b7402b9a03b46249d3b885" member_type: VOTER last_known_addr { host: "127.7.25.193" port: 43631 } } peers { permanent_uuid: "105d6581548546b98eddd4ee7083bb12" member_type: VOTER last_known_addr { host: "127.7.25.194" port: 36925 } } peers { permanent_uuid: "b8eb0ad4490645598004d862412f4e31" member_type: VOTER last_known_addr { host: "127.7.25.195" port: 40767 } }
I20260709 13:00:38.651008  8577 raft_consensus.cc:385] T 911fa6f4e14f47f6a76fff18a00cd58e P b8eb0ad4490645598004d862412f4e31 [term 0 FOLLOWER]: Consensus starting up: Expiring failure detector timer to make a prompt election more likely
I20260709 13:00:38.651419  8577 raft_consensus.cc:740] T 911fa6f4e14f47f6a76fff18a00cd58e P b8eb0ad4490645598004d862412f4e31 [term 0 FOLLOWER]: Becoming Follower/Learner. State: Replica: b8eb0ad4490645598004d862412f4e31, State: Initialized, Role: FOLLOWER
I20260709 13:00:38.651679  8576 tablet_bootstrap.cc:654] T e63b8dc23aaf4956bbebb9f2fa7268cd P d653e71832b7402b9a03b46249d3b885: Neither blocks nor log segments found. Creating new log.
I20260709 13:00:38.652444  8577 consensus_queue.cc:260] T 911fa6f4e14f47f6a76fff18a00cd58e P b8eb0ad4490645598004d862412f4e31 [NON_LEADER]: Queue going to NON_LEADER mode. State: All replicated index: 0, Majority replicated index: 0, Committed index: 0, Last appended: 0.0, Last appended by leader: 0, Current term: 0, Majority size: -1, State: 0, Mode: NON_LEADER, active raft config: opid_index: -1 OBSOLETE_local: false peers { permanent_uuid: "d653e71832b7402b9a03b46249d3b885" member_type: VOTER last_known_addr { host: "127.7.25.193" port: 43631 } } peers { permanent_uuid: "105d6581548546b98eddd4ee7083bb12" member_type: VOTER last_known_addr { host: "127.7.25.194" port: 36925 } } peers { permanent_uuid: "b8eb0ad4490645598004d862412f4e31" member_type: VOTER last_known_addr { host: "127.7.25.195" port: 40767 } }
I20260709 13:00:38.628876  8445 data_dirs.cc:400] Could only allocate 1 dirs of requested 3 for tablet c80796a5190345179ad066af334e5bae. 1 dirs total, 0 dirs full, 0 dirs failed
I20260709 13:00:38.650218  8585 raft_consensus.cc:515] T de8d0dfcd55e4b03b9a131362bf19085 P 105d6581548546b98eddd4ee7083bb12 [term 1 FOLLOWER]: Starting leader election with config: opid_index: -1 OBSOLETE_local: false peers { permanent_uuid: "d653e71832b7402b9a03b46249d3b885" member_type: VOTER last_known_addr { host: "127.7.25.193" port: 43631 } } peers { permanent_uuid: "b8eb0ad4490645598004d862412f4e31" member_type: VOTER last_known_addr { host: "127.7.25.195" port: 40767 } } peers { permanent_uuid: "105d6581548546b98eddd4ee7083bb12" member_type: VOTER last_known_addr { host: "127.7.25.194" port: 36925 } }
I20260709 13:00:38.656490  8522 tablet_service.cc:1511] Processing CreateTablet for tablet c80796a5190345179ad066af334e5bae (DEFAULT_TABLE table=test-workload [id=0997156cc4e34396a3ae068cffc60d9c]), partition=RANGE (key) PARTITION 1528717134 <= VALUES < 1565115161
I20260709 13:00:38.658115  8369 tablet_service.cc:1511] Processing CreateTablet for tablet c80796a5190345179ad066af334e5bae (DEFAULT_TABLE table=test-workload [id=0997156cc4e34396a3ae068cffc60d9c]), partition=RANGE (key) PARTITION 1528717134 <= VALUES < 1565115161
I20260709 13:00:38.659080  8369 data_dirs.cc:400] Could only allocate 1 dirs of requested 3 for tablet c80796a5190345179ad066af334e5bae. 1 dirs total, 0 dirs full, 0 dirs failed
I20260709 13:00:38.660614  8386 tablet_service.cc:1917] Received RequestConsensusVote() RPC: tablet_id: "1f865794cdc54a73bac275a71cb2034c" candidate_uuid: "b8eb0ad4490645598004d862412f4e31" candidate_term: 1 candidate_status { last_received { term: 0 index: 0 } } ignore_live_leader: false dest_uuid: "d653e71832b7402b9a03b46249d3b885" is_pre_election: true
W20260709 13:00:38.661923  8501 leader_election.cc:343] T 1f865794cdc54a73bac275a71cb2034c P b8eb0ad4490645598004d862412f4e31 [CANDIDATE]: Term 1 pre-election: Tablet error from VoteRequest() call to peer d653e71832b7402b9a03b46249d3b885 (127.7.25.193:43631): Illegal state: must be running to vote when last-logged opid is not known
I20260709 13:00:38.662350  8501 leader_election.cc:304] T 1f865794cdc54a73bac275a71cb2034c P b8eb0ad4490645598004d862412f4e31 [CANDIDATE]: Term 1 pre-election: Election decided. Result: candidate lost. Election summary: received 3 responses out of 3 voters: 1 yes votes; 2 no votes. yes voters: b8eb0ad4490645598004d862412f4e31; no voters: 105d6581548546b98eddd4ee7083bb12, d653e71832b7402b9a03b46249d3b885
I20260709 13:00:38.663224  8599 raft_consensus.cc:2749] T 1f865794cdc54a73bac275a71cb2034c P b8eb0ad4490645598004d862412f4e31 [term 0 FOLLOWER]: Leader pre-election lost for term 1. Reason: could not achieve majority
I20260709 13:00:38.666072  8577 ts_tablet_manager.cc:1434] T 911fa6f4e14f47f6a76fff18a00cd58e P b8eb0ad4490645598004d862412f4e31: Time spent starting tablet: real 0.023s	user 0.006s	sys 0.001s
I20260709 13:00:38.667709  8577 tablet_bootstrap.cc:492] T a457c771b2be434bb71c63fe617485e1 P b8eb0ad4490645598004d862412f4e31: Bootstrap starting.
I20260709 13:00:38.668711  8386 tablet_service.cc:1917] Received RequestConsensusVote() RPC: tablet_id: "de8d0dfcd55e4b03b9a131362bf19085" candidate_uuid: "105d6581548546b98eddd4ee7083bb12" candidate_term: 1 candidate_status { last_received { term: 0 index: 0 } } ignore_live_leader: false dest_uuid: "d653e71832b7402b9a03b46249d3b885"
I20260709 13:00:38.669325  8585 leader_election.cc:290] T de8d0dfcd55e4b03b9a131362bf19085 P 105d6581548546b98eddd4ee7083bb12 [CANDIDATE]: Term 1 election: Requested vote from peers d653e71832b7402b9a03b46249d3b885 (127.7.25.193:43631), b8eb0ad4490645598004d862412f4e31 (127.7.25.195:40767)
I20260709 13:00:38.669255  8370 tablet_service.cc:1511] Processing CreateTablet for tablet da501bdc0de7404f9ecae9db442353dc (DEFAULT_TABLE table=test-workload [id=0997156cc4e34396a3ae068cffc60d9c]), partition=RANGE (key) PARTITION 1565115161 <= VALUES < 1601513188
I20260709 13:00:38.670064  8535 tablet_service.cc:1917] Received RequestConsensusVote() RPC: tablet_id: "de8d0dfcd55e4b03b9a131362bf19085" candidate_uuid: "105d6581548546b98eddd4ee7083bb12" candidate_term: 1 candidate_status { last_received { term: 0 index: 0 } } ignore_live_leader: false dest_uuid: "b8eb0ad4490645598004d862412f4e31"
I20260709 13:00:38.670974  8370 data_dirs.cc:400] Could only allocate 1 dirs of requested 3 for tablet da501bdc0de7404f9ecae9db442353dc. 1 dirs total, 0 dirs full, 0 dirs failed
W20260709 13:00:38.671463  8424 leader_election.cc:343] T de8d0dfcd55e4b03b9a131362bf19085 P 105d6581548546b98eddd4ee7083bb12 [CANDIDATE]: Term 1 election: Tablet error from VoteRequest() call to peer b8eb0ad4490645598004d862412f4e31 (127.7.25.195:40767): Illegal state: must be running to vote when last-logged opid is not known
I20260709 13:00:38.669330  8386 raft_consensus.cc:3060] T de8d0dfcd55e4b03b9a131362bf19085 P d653e71832b7402b9a03b46249d3b885 [term 0 FOLLOWER]: Advancing to term 1
I20260709 13:00:38.677470  8444 tablet_service.cc:1511] Processing CreateTablet for tablet da501bdc0de7404f9ecae9db442353dc (DEFAULT_TABLE table=test-workload [id=0997156cc4e34396a3ae068cffc60d9c]), partition=RANGE (key) PARTITION 1565115161 <= VALUES < 1601513188
I20260709 13:00:38.677975  8524 tablet_service.cc:1511] Processing CreateTablet for tablet da501bdc0de7404f9ecae9db442353dc (DEFAULT_TABLE table=test-workload [id=0997156cc4e34396a3ae068cffc60d9c]), partition=RANGE (key) PARTITION 1565115161 <= VALUES < 1601513188
I20260709 13:00:38.678830  8444 data_dirs.cc:400] Could only allocate 1 dirs of requested 3 for tablet da501bdc0de7404f9ecae9db442353dc. 1 dirs total, 0 dirs full, 0 dirs failed
I20260709 13:00:38.682390  8443 tablet_service.cc:1511] Processing CreateTablet for tablet 1a4fc34dde1d4b269abf3c59d18630ec (DEFAULT_TABLE table=test-workload [id=0997156cc4e34396a3ae068cffc60d9c]), partition=RANGE (key) PARTITION 1601513188 <= VALUES < 1637911215
I20260709 13:00:38.683472  8443 data_dirs.cc:400] Could only allocate 1 dirs of requested 3 for tablet 1a4fc34dde1d4b269abf3c59d18630ec. 1 dirs total, 0 dirs full, 0 dirs failed
I20260709 13:00:38.683643  8521 tablet_service.cc:1511] Processing CreateTablet for tablet 1a4fc34dde1d4b269abf3c59d18630ec (DEFAULT_TABLE table=test-workload [id=0997156cc4e34396a3ae068cffc60d9c]), partition=RANGE (key) PARTITION 1601513188 <= VALUES < 1637911215
I20260709 13:00:38.686515  8446 tablet_service.cc:1511] Processing CreateTablet for tablet 4269b37b5f3540ba9fcfd6d23ad240b6 (DEFAULT_TABLE table=test-workload [id=0997156cc4e34396a3ae068cffc60d9c]), partition=RANGE (key) PARTITION 1637911215 <= VALUES < 1674309242
I20260709 13:00:38.687719  8446 data_dirs.cc:400] Could only allocate 1 dirs of requested 3 for tablet 4269b37b5f3540ba9fcfd6d23ad240b6. 1 dirs total, 0 dirs full, 0 dirs failed
I20260709 13:00:38.689643  8525 tablet_service.cc:1511] Processing CreateTablet for tablet 4269b37b5f3540ba9fcfd6d23ad240b6 (DEFAULT_TABLE table=test-workload [id=0997156cc4e34396a3ae068cffc60d9c]), partition=RANGE (key) PARTITION 1637911215 <= VALUES < 1674309242
I20260709 13:00:38.694573  8575 tablet_bootstrap.cc:492] T d9cb2781af004accaffe494aebc4c13c P 105d6581548546b98eddd4ee7083bb12: No bootstrap required, opened a new log
I20260709 13:00:38.675568  8522 data_dirs.cc:400] Could only allocate 1 dirs of requested 3 for tablet c80796a5190345179ad066af334e5bae. 1 dirs total, 0 dirs full, 0 dirs failed
I20260709 13:00:38.695502  8575 ts_tablet_manager.cc:1403] T d9cb2781af004accaffe494aebc4c13c P 105d6581548546b98eddd4ee7083bb12: Time spent bootstrapping tablet: real 0.199s	user 0.018s	sys 0.001s
I20260709 13:00:38.699728  8575 raft_consensus.cc:359] T d9cb2781af004accaffe494aebc4c13c P 105d6581548546b98eddd4ee7083bb12 [term 0 FOLLOWER]: Replica starting. Triggering 0 pending ops. Active config: opid_index: -1 OBSOLETE_local: false peers { permanent_uuid: "d653e71832b7402b9a03b46249d3b885" member_type: VOTER last_known_addr { host: "127.7.25.193" port: 43631 } } peers { permanent_uuid: "105d6581548546b98eddd4ee7083bb12" member_type: VOTER last_known_addr { host: "127.7.25.194" port: 36925 } } peers { permanent_uuid: "b8eb0ad4490645598004d862412f4e31" member_type: VOTER last_known_addr { host: "127.7.25.195" port: 40767 } }
I20260709 13:00:38.700439  8575 raft_consensus.cc:385] T d9cb2781af004accaffe494aebc4c13c P 105d6581548546b98eddd4ee7083bb12 [term 0 FOLLOWER]: Consensus starting up: Expiring failure detector timer to make a prompt election more likely
I20260709 13:00:38.700744  8575 raft_consensus.cc:740] T d9cb2781af004accaffe494aebc4c13c P 105d6581548546b98eddd4ee7083bb12 [term 0 FOLLOWER]: Becoming Follower/Learner. State: Replica: 105d6581548546b98eddd4ee7083bb12, State: Initialized, Role: FOLLOWER
I20260709 13:00:38.701376  8521 data_dirs.cc:400] Could only allocate 1 dirs of requested 3 for tablet 1a4fc34dde1d4b269abf3c59d18630ec. 1 dirs total, 0 dirs full, 0 dirs failed
I20260709 13:00:38.703145  8577 tablet_bootstrap.cc:654] T a457c771b2be434bb71c63fe617485e1 P b8eb0ad4490645598004d862412f4e31: Neither blocks nor log segments found. Creating new log.
I20260709 13:00:38.705359  8524 data_dirs.cc:400] Could only allocate 1 dirs of requested 3 for tablet da501bdc0de7404f9ecae9db442353dc. 1 dirs total, 0 dirs full, 0 dirs failed
I20260709 13:00:38.705680  8575 consensus_queue.cc:260] T d9cb2781af004accaffe494aebc4c13c P 105d6581548546b98eddd4ee7083bb12 [NON_LEADER]: Queue going to NON_LEADER mode. State: All replicated index: 0, Majority replicated index: 0, Committed index: 0, Last appended: 0.0, Last appended by leader: 0, Current term: 0, Majority size: -1, State: 0, Mode: NON_LEADER, active raft config: opid_index: -1 OBSOLETE_local: false peers { permanent_uuid: "d653e71832b7402b9a03b46249d3b885" member_type: VOTER last_known_addr { host: "127.7.25.193" port: 43631 } } peers { permanent_uuid: "105d6581548546b98eddd4ee7083bb12" member_type: VOTER last_known_addr { host: "127.7.25.194" port: 36925 } } peers { permanent_uuid: "b8eb0ad4490645598004d862412f4e31" member_type: VOTER last_known_addr { host: "127.7.25.195" port: 40767 } }
I20260709 13:00:38.713901  8368 tablet_service.cc:1511] Processing CreateTablet for tablet 4269b37b5f3540ba9fcfd6d23ad240b6 (DEFAULT_TABLE table=test-workload [id=0997156cc4e34396a3ae068cffc60d9c]), partition=RANGE (key) PARTITION 1637911215 <= VALUES < 1674309242
I20260709 13:00:38.715189  8368 data_dirs.cc:400] Could only allocate 1 dirs of requested 3 for tablet 4269b37b5f3540ba9fcfd6d23ad240b6. 1 dirs total, 0 dirs full, 0 dirs failed
I20260709 13:00:38.718566  8575 ts_tablet_manager.cc:1434] T d9cb2781af004accaffe494aebc4c13c P 105d6581548546b98eddd4ee7083bb12: Time spent starting tablet: real 0.021s	user 0.005s	sys 0.000s
I20260709 13:00:38.719655  8575 tablet_bootstrap.cc:492] T 1f865794cdc54a73bac275a71cb2034c P 105d6581548546b98eddd4ee7083bb12: Bootstrap starting.
I20260709 13:00:38.709544  8525 data_dirs.cc:400] Could only allocate 1 dirs of requested 3 for tablet 4269b37b5f3540ba9fcfd6d23ad240b6. 1 dirs total, 0 dirs full, 0 dirs failed
I20260709 13:00:38.695829  8386 raft_consensus.cc:2468] T de8d0dfcd55e4b03b9a131362bf19085 P d653e71832b7402b9a03b46249d3b885 [term 1 FOLLOWER]: Leader election vote request: Granting yes vote for candidate 105d6581548546b98eddd4ee7083bb12 in term 1.
I20260709 13:00:38.711743  8371 tablet_service.cc:1511] Processing CreateTablet for tablet 1a4fc34dde1d4b269abf3c59d18630ec (DEFAULT_TABLE table=test-workload [id=0997156cc4e34396a3ae068cffc60d9c]), partition=RANGE (key) PARTITION 1601513188 <= VALUES < 1637911215
I20260709 13:00:38.722669  8371 data_dirs.cc:400] Could only allocate 1 dirs of requested 3 for tablet 1a4fc34dde1d4b269abf3c59d18630ec. 1 dirs total, 0 dirs full, 0 dirs failed
I20260709 13:00:38.722754  8427 leader_election.cc:304] T de8d0dfcd55e4b03b9a131362bf19085 P 105d6581548546b98eddd4ee7083bb12 [CANDIDATE]: Term 1 election: Election decided. Result: candidate won. Election summary: received 3 responses out of 3 voters: 2 yes votes; 1 no votes. yes voters: 105d6581548546b98eddd4ee7083bb12, d653e71832b7402b9a03b46249d3b885; no voters: b8eb0ad4490645598004d862412f4e31
I20260709 13:00:38.724309  8585 raft_consensus.cc:2804] T de8d0dfcd55e4b03b9a131362bf19085 P 105d6581548546b98eddd4ee7083bb12 [term 1 FOLLOWER]: Leader election won for term 1
W20260709 13:00:38.727422  8332 auto_rebalancer.cc:288] Could not retrieve cluster info: Service unavailable: Tablet not running
I20260709 13:00:38.713405  8576 tablet_bootstrap.cc:492] T e63b8dc23aaf4956bbebb9f2fa7268cd P d653e71832b7402b9a03b46249d3b885: No bootstrap required, opened a new log
I20260709 13:00:38.733543  8576 ts_tablet_manager.cc:1403] T e63b8dc23aaf4956bbebb9f2fa7268cd P d653e71832b7402b9a03b46249d3b885: Time spent bootstrapping tablet: real 0.089s	user 0.013s	sys 0.000s
I20260709 13:00:38.739181  8369 tablet_service.cc:1511] Processing CreateTablet for tablet edca272c646743e09fb3b0c827c963b8 (DEFAULT_TABLE table=test-workload [id=0997156cc4e34396a3ae068cffc60d9c]), partition=RANGE (key) PARTITION 1674309242 <= VALUES < 1710707269
I20260709 13:00:38.740396  8369 data_dirs.cc:400] Could only allocate 1 dirs of requested 3 for tablet edca272c646743e09fb3b0c827c963b8. 1 dirs total, 0 dirs full, 0 dirs failed
I20260709 13:00:38.742995  8576 raft_consensus.cc:359] T e63b8dc23aaf4956bbebb9f2fa7268cd P d653e71832b7402b9a03b46249d3b885 [term 0 FOLLOWER]: Replica starting. Triggering 0 pending ops. Active config: opid_index: -1 OBSOLETE_local: false peers { permanent_uuid: "d653e71832b7402b9a03b46249d3b885" member_type: VOTER last_known_addr { host: "127.7.25.193" port: 43631 } } peers { permanent_uuid: "105d6581548546b98eddd4ee7083bb12" member_type: VOTER last_known_addr { host: "127.7.25.194" port: 36925 } } peers { permanent_uuid: "b8eb0ad4490645598004d862412f4e31" member_type: VOTER last_known_addr { host: "127.7.25.195" port: 40767 } }
I20260709 13:00:38.743757  8576 raft_consensus.cc:385] T e63b8dc23aaf4956bbebb9f2fa7268cd P d653e71832b7402b9a03b46249d3b885 [term 0 FOLLOWER]: Consensus starting up: Expiring failure detector timer to make a prompt election more likely
I20260709 13:00:38.744052  8576 raft_consensus.cc:740] T e63b8dc23aaf4956bbebb9f2fa7268cd P d653e71832b7402b9a03b46249d3b885 [term 0 FOLLOWER]: Becoming Follower/Learner. State: Replica: d653e71832b7402b9a03b46249d3b885, State: Initialized, Role: FOLLOWER
I20260709 13:00:38.744850  8576 consensus_queue.cc:260] T e63b8dc23aaf4956bbebb9f2fa7268cd P d653e71832b7402b9a03b46249d3b885 [NON_LEADER]: Queue going to NON_LEADER mode. State: All replicated index: 0, Majority replicated index: 0, Committed index: 0, Last appended: 0.0, Last appended by leader: 0, Current term: 0, Majority size: -1, State: 0, Mode: NON_LEADER, active raft config: opid_index: -1 OBSOLETE_local: false peers { permanent_uuid: "d653e71832b7402b9a03b46249d3b885" member_type: VOTER last_known_addr { host: "127.7.25.193" port: 43631 } } peers { permanent_uuid: "105d6581548546b98eddd4ee7083bb12" member_type: VOTER last_known_addr { host: "127.7.25.194" port: 36925 } } peers { permanent_uuid: "b8eb0ad4490645598004d862412f4e31" member_type: VOTER last_known_addr { host: "127.7.25.195" port: 40767 } }
I20260709 13:00:38.749704  8517 tablet_service.cc:1511] Processing CreateTablet for tablet edca272c646743e09fb3b0c827c963b8 (DEFAULT_TABLE table=test-workload [id=0997156cc4e34396a3ae068cffc60d9c]), partition=RANGE (key) PARTITION 1674309242 <= VALUES < 1710707269
I20260709 13:00:38.750391  8367 tablet_service.cc:1511] Processing CreateTablet for tablet 455c5d2786974d92a3ee8b825edcfaa7 (DEFAULT_TABLE table=test-workload [id=0997156cc4e34396a3ae068cffc60d9c]), partition=RANGE (key) PARTITION 1710707269 <= VALUES < 1747105296
I20260709 13:00:38.751070  8517 data_dirs.cc:400] Could only allocate 1 dirs of requested 3 for tablet edca272c646743e09fb3b0c827c963b8. 1 dirs total, 0 dirs full, 0 dirs failed
I20260709 13:00:38.751631  8367 data_dirs.cc:400] Could only allocate 1 dirs of requested 3 for tablet 455c5d2786974d92a3ee8b825edcfaa7. 1 dirs total, 0 dirs full, 0 dirs failed
I20260709 13:00:38.757858  8443 tablet_service.cc:1511] Processing CreateTablet for tablet edca272c646743e09fb3b0c827c963b8 (DEFAULT_TABLE table=test-workload [id=0997156cc4e34396a3ae068cffc60d9c]), partition=RANGE (key) PARTITION 1674309242 <= VALUES < 1710707269
I20260709 13:00:38.759119  8443 data_dirs.cc:400] Could only allocate 1 dirs of requested 3 for tablet edca272c646743e09fb3b0c827c963b8. 1 dirs total, 0 dirs full, 0 dirs failed
I20260709 13:00:38.761106  8575 tablet_bootstrap.cc:654] T 1f865794cdc54a73bac275a71cb2034c P 105d6581548546b98eddd4ee7083bb12: Neither blocks nor log segments found. Creating new log.
I20260709 13:00:38.761312  8585 raft_consensus.cc:697] T de8d0dfcd55e4b03b9a131362bf19085 P 105d6581548546b98eddd4ee7083bb12 [term 1 LEADER]: Becoming Leader. State: Replica: 105d6581548546b98eddd4ee7083bb12, State: Running, Role: LEADER
I20260709 13:00:38.769232  8585 consensus_queue.cc:237] T de8d0dfcd55e4b03b9a131362bf19085 P 105d6581548546b98eddd4ee7083bb12 [LEADER]: Queue going to LEADER mode. State: All replicated index: 0, Majority replicated index: 0, Committed index: 0, Last appended: 0.0, Last appended by leader: 0, Current term: 1, Majority size: 2, State: 0, Mode: LEADER, active raft config: opid_index: -1 OBSOLETE_local: false peers { permanent_uuid: "d653e71832b7402b9a03b46249d3b885" member_type: VOTER last_known_addr { host: "127.7.25.193" port: 43631 } } peers { permanent_uuid: "b8eb0ad4490645598004d862412f4e31" member_type: VOTER last_known_addr { host: "127.7.25.195" port: 40767 } } peers { permanent_uuid: "105d6581548546b98eddd4ee7083bb12" member_type: VOTER last_known_addr { host: "127.7.25.194" port: 36925 } }
I20260709 13:00:38.772181  8445 tablet_service.cc:1511] Processing CreateTablet for tablet 455c5d2786974d92a3ee8b825edcfaa7 (DEFAULT_TABLE table=test-workload [id=0997156cc4e34396a3ae068cffc60d9c]), partition=RANGE (key) PARTITION 1710707269 <= VALUES < 1747105296
I20260709 13:00:38.773547  8445 data_dirs.cc:400] Could only allocate 1 dirs of requested 3 for tablet 455c5d2786974d92a3ee8b825edcfaa7. 1 dirs total, 0 dirs full, 0 dirs failed
I20260709 13:00:38.775297  8577 tablet_bootstrap.cc:492] T a457c771b2be434bb71c63fe617485e1 P b8eb0ad4490645598004d862412f4e31: No bootstrap required, opened a new log
I20260709 13:00:38.775959  8577 ts_tablet_manager.cc:1403] T a457c771b2be434bb71c63fe617485e1 P b8eb0ad4490645598004d862412f4e31: Time spent bootstrapping tablet: real 0.108s	user 0.007s	sys 0.006s
I20260709 13:00:38.780105  8577 raft_consensus.cc:359] T a457c771b2be434bb71c63fe617485e1 P b8eb0ad4490645598004d862412f4e31 [term 0 FOLLOWER]: Replica starting. Triggering 0 pending ops. Active config: opid_index: -1 OBSOLETE_local: false peers { permanent_uuid: "d653e71832b7402b9a03b46249d3b885" member_type: VOTER last_known_addr { host: "127.7.25.193" port: 43631 } } peers { permanent_uuid: "105d6581548546b98eddd4ee7083bb12" member_type: VOTER last_known_addr { host: "127.7.25.194" port: 36925 } } peers { permanent_uuid: "b8eb0ad4490645598004d862412f4e31" member_type: VOTER last_known_addr { host: "127.7.25.195" port: 40767 } }
I20260709 13:00:38.781170  8521 tablet_service.cc:1511] Processing CreateTablet for tablet 455c5d2786974d92a3ee8b825edcfaa7 (DEFAULT_TABLE table=test-workload [id=0997156cc4e34396a3ae068cffc60d9c]), partition=RANGE (key) PARTITION 1710707269 <= VALUES < 1747105296
I20260709 13:00:38.781383  8370 tablet_service.cc:1511] Processing CreateTablet for tablet 74f6762ba0124b3a87dd4d54f5693927 (DEFAULT_TABLE table=test-workload [id=0997156cc4e34396a3ae068cffc60d9c]), partition=RANGE (key) PARTITION 1747105296 <= VALUES < 1783503323
I20260709 13:00:38.782488  8521 data_dirs.cc:400] Could only allocate 1 dirs of requested 3 for tablet 455c5d2786974d92a3ee8b825edcfaa7. 1 dirs total, 0 dirs full, 0 dirs failed
I20260709 13:00:38.782590  8370 data_dirs.cc:400] Could only allocate 1 dirs of requested 3 for tablet 74f6762ba0124b3a87dd4d54f5693927. 1 dirs total, 0 dirs full, 0 dirs failed
I20260709 13:00:38.780895  8577 raft_consensus.cc:385] T a457c771b2be434bb71c63fe617485e1 P b8eb0ad4490645598004d862412f4e31 [term 0 FOLLOWER]: Consensus starting up: Expiring failure detector timer to make a prompt election more likely
I20260709 13:00:38.789357  8577 raft_consensus.cc:740] T a457c771b2be434bb71c63fe617485e1 P b8eb0ad4490645598004d862412f4e31 [term 0 FOLLOWER]: Becoming Follower/Learner. State: Replica: b8eb0ad4490645598004d862412f4e31, State: Initialized, Role: FOLLOWER
I20260709 13:00:38.790896  8576 ts_tablet_manager.cc:1434] T e63b8dc23aaf4956bbebb9f2fa7268cd P d653e71832b7402b9a03b46249d3b885: Time spent starting tablet: real 0.057s	user 0.006s	sys 0.000s
I20260709 13:00:38.792052  8576 tablet_bootstrap.cc:492] T aa98ca5e34b24545adab36c2973a2f6e P d653e71832b7402b9a03b46249d3b885: Bootstrap starting.
I20260709 13:00:38.798600  8284 catalog_manager.cc:5697] T de8d0dfcd55e4b03b9a131362bf19085 P 105d6581548546b98eddd4ee7083bb12 reported cstate change: term changed from 0 to 1, leader changed from <none> to 105d6581548546b98eddd4ee7083bb12 (127.7.25.194). New cstate: current_term: 1 leader_uuid: "105d6581548546b98eddd4ee7083bb12" committed_config { opid_index: -1 OBSOLETE_local: false peers { permanent_uuid: "d653e71832b7402b9a03b46249d3b885" member_type: VOTER last_known_addr { host: "127.7.25.193" port: 43631 } health_report { overall_health: UNKNOWN } } peers { permanent_uuid: "b8eb0ad4490645598004d862412f4e31" member_type: VOTER last_known_addr { host: "127.7.25.195" port: 40767 } health_report { overall_health: UNKNOWN } } peers { permanent_uuid: "105d6581548546b98eddd4ee7083bb12" member_type: VOTER last_known_addr { host: "127.7.25.194" port: 36925 } health_report { overall_health: HEALTHY } } }
I20260709 13:00:38.800324  8577 consensus_queue.cc:260] T a457c771b2be434bb71c63fe617485e1 P b8eb0ad4490645598004d862412f4e31 [NON_LEADER]: Queue going to NON_LEADER mode. State: All replicated index: 0, Majority replicated index: 0, Committed index: 0, Last appended: 0.0, Last appended by leader: 0, Current term: 0, Majority size: -1, State: 0, Mode: NON_LEADER, active raft config: opid_index: -1 OBSOLETE_local: false peers { permanent_uuid: "d653e71832b7402b9a03b46249d3b885" member_type: VOTER last_known_addr { host: "127.7.25.193" port: 43631 } } peers { permanent_uuid: "105d6581548546b98eddd4ee7083bb12" member_type: VOTER last_known_addr { host: "127.7.25.194" port: 36925 } } peers { permanent_uuid: "b8eb0ad4490645598004d862412f4e31" member_type: VOTER last_known_addr { host: "127.7.25.195" port: 40767 } }
I20260709 13:00:38.812201  8581 raft_consensus.cc:493] T e63b8dc23aaf4956bbebb9f2fa7268cd P d653e71832b7402b9a03b46249d3b885 [term 0 FOLLOWER]: Starting pre-election (no leader contacted us within the election timeout)
I20260709 13:00:38.813297  8446 tablet_service.cc:1511] Processing CreateTablet for tablet 74f6762ba0124b3a87dd4d54f5693927 (DEFAULT_TABLE table=test-workload [id=0997156cc4e34396a3ae068cffc60d9c]), partition=RANGE (key) PARTITION 1747105296 <= VALUES < 1783503323
I20260709 13:00:38.812736  8581 raft_consensus.cc:515] T e63b8dc23aaf4956bbebb9f2fa7268cd P d653e71832b7402b9a03b46249d3b885 [term 0 FOLLOWER]: Starting pre-election with config: opid_index: -1 OBSOLETE_local: false peers { permanent_uuid: "d653e71832b7402b9a03b46249d3b885" member_type: VOTER last_known_addr { host: "127.7.25.193" port: 43631 } } peers { permanent_uuid: "105d6581548546b98eddd4ee7083bb12" member_type: VOTER last_known_addr { host: "127.7.25.194" port: 36925 } } peers { permanent_uuid: "b8eb0ad4490645598004d862412f4e31" member_type: VOTER last_known_addr { host: "127.7.25.195" port: 40767 } }
I20260709 13:00:38.815828  8581 leader_election.cc:290] T e63b8dc23aaf4956bbebb9f2fa7268cd P d653e71832b7402b9a03b46249d3b885 [CANDIDATE]: Term 1 pre-election: Requested pre-vote from peers 105d6581548546b98eddd4ee7083bb12 (127.7.25.194:36925), b8eb0ad4490645598004d862412f4e31 (127.7.25.195:40767)
I20260709 13:00:38.816933  8461 tablet_service.cc:1917] Received RequestConsensusVote() RPC: tablet_id: "e63b8dc23aaf4956bbebb9f2fa7268cd" candidate_uuid: "d653e71832b7402b9a03b46249d3b885" candidate_term: 1 candidate_status { last_received { term: 0 index: 0 } } ignore_live_leader: false dest_uuid: "105d6581548546b98eddd4ee7083bb12" is_pre_election: true
I20260709 13:00:38.817391  8535 tablet_service.cc:1917] Received RequestConsensusVote() RPC: tablet_id: "e63b8dc23aaf4956bbebb9f2fa7268cd" candidate_uuid: "d653e71832b7402b9a03b46249d3b885" candidate_term: 1 candidate_status { last_received { term: 0 index: 0 } } ignore_live_leader: false dest_uuid: "b8eb0ad4490645598004d862412f4e31" is_pre_election: true
I20260709 13:00:38.817570  8461 raft_consensus.cc:2468] T e63b8dc23aaf4956bbebb9f2fa7268cd P 105d6581548546b98eddd4ee7083bb12 [term 0 FOLLOWER]: Leader pre-election vote request: Granting yes vote for candidate d653e71832b7402b9a03b46249d3b885 in term 0.
I20260709 13:00:38.817982  8446 data_dirs.cc:400] Could only allocate 1 dirs of requested 3 for tablet 74f6762ba0124b3a87dd4d54f5693927. 1 dirs total, 0 dirs full, 0 dirs failed
W20260709 13:00:38.818810  8349 leader_election.cc:343] T e63b8dc23aaf4956bbebb9f2fa7268cd P d653e71832b7402b9a03b46249d3b885 [CANDIDATE]: Term 1 pre-election: Tablet error from VoteRequest() call to peer b8eb0ad4490645598004d862412f4e31 (127.7.25.195:40767): Illegal state: must be running to vote when last-logged opid is not known
I20260709 13:00:38.819365  8351 leader_election.cc:304] T e63b8dc23aaf4956bbebb9f2fa7268cd P d653e71832b7402b9a03b46249d3b885 [CANDIDATE]: Term 1 pre-election: Election decided. Result: candidate won. Election summary: received 3 responses out of 3 voters: 2 yes votes; 1 no votes. yes voters: 105d6581548546b98eddd4ee7083bb12, d653e71832b7402b9a03b46249d3b885; no voters: b8eb0ad4490645598004d862412f4e31
I20260709 13:00:38.820171  8521 tablet_service.cc:1511] Processing CreateTablet for tablet 74f6762ba0124b3a87dd4d54f5693927 (DEFAULT_TABLE table=test-workload [id=0997156cc4e34396a3ae068cffc60d9c]), partition=RANGE (key) PARTITION 1747105296 <= VALUES < 1783503323
I20260709 13:00:38.820516  8581 raft_consensus.cc:2804] T e63b8dc23aaf4956bbebb9f2fa7268cd P d653e71832b7402b9a03b46249d3b885 [term 0 FOLLOWER]: Leader pre-election won for term 1
I20260709 13:00:38.821031  8581 raft_consensus.cc:493] T e63b8dc23aaf4956bbebb9f2fa7268cd P d653e71832b7402b9a03b46249d3b885 [term 0 FOLLOWER]: Starting leader election (no leader contacted us within the election timeout)
I20260709 13:00:38.821363  8521 data_dirs.cc:400] Could only allocate 1 dirs of requested 3 for tablet 74f6762ba0124b3a87dd4d54f5693927. 1 dirs total, 0 dirs full, 0 dirs failed
I20260709 13:00:38.821511  8581 raft_consensus.cc:3060] T e63b8dc23aaf4956bbebb9f2fa7268cd P d653e71832b7402b9a03b46249d3b885 [term 0 FOLLOWER]: Advancing to term 1
I20260709 13:00:38.823494  8370 tablet_service.cc:1511] Processing CreateTablet for tablet 513b83e2d61c4ad7994ad4629a3d0079 (DEFAULT_TABLE table=test-workload [id=0997156cc4e34396a3ae068cffc60d9c]), partition=RANGE (key) PARTITION 1783503323 <= VALUES < 1819901350
I20260709 13:00:38.824986  8577 ts_tablet_manager.cc:1434] T a457c771b2be434bb71c63fe617485e1 P b8eb0ad4490645598004d862412f4e31: Time spent starting tablet: real 0.049s	user 0.007s	sys 0.003s
I20260709 13:00:38.830565  8370 data_dirs.cc:400] Could only allocate 1 dirs of requested 3 for tablet 513b83e2d61c4ad7994ad4629a3d0079. 1 dirs total, 0 dirs full, 0 dirs failed
I20260709 13:00:38.832114  8443 tablet_service.cc:1511] Processing CreateTablet for tablet 513b83e2d61c4ad7994ad4629a3d0079 (DEFAULT_TABLE table=test-workload [id=0997156cc4e34396a3ae068cffc60d9c]), partition=RANGE (key) PARTITION 1783503323 <= VALUES < 1819901350
I20260709 13:00:38.833225  8443 data_dirs.cc:400] Could only allocate 1 dirs of requested 3 for tablet 513b83e2d61c4ad7994ad4629a3d0079. 1 dirs total, 0 dirs full, 0 dirs failed
I20260709 13:00:38.835556  8367 tablet_service.cc:1511] Processing CreateTablet for tablet fd3ca20a5e4646d3b164329f7abcf44a (DEFAULT_TABLE table=test-workload [id=0997156cc4e34396a3ae068cffc60d9c]), partition=RANGE (key) PARTITION 1819901350 <= VALUES < 1856299377
I20260709 13:00:38.836666  8577 tablet_bootstrap.cc:492] T de8d0dfcd55e4b03b9a131362bf19085 P b8eb0ad4490645598004d862412f4e31: Bootstrap starting.
I20260709 13:00:38.836838  8367 data_dirs.cc:400] Could only allocate 1 dirs of requested 3 for tablet fd3ca20a5e4646d3b164329f7abcf44a. 1 dirs total, 0 dirs full, 0 dirs failed
I20260709 13:00:38.820955  8576 tablet_bootstrap.cc:654] T aa98ca5e34b24545adab36c2973a2f6e P d653e71832b7402b9a03b46249d3b885: Neither blocks nor log segments found. Creating new log.
I20260709 13:00:38.843436  8450 tablet_service.cc:1511] Processing CreateTablet for tablet fd3ca20a5e4646d3b164329f7abcf44a (DEFAULT_TABLE table=test-workload [id=0997156cc4e34396a3ae068cffc60d9c]), partition=RANGE (key) PARTITION 1819901350 <= VALUES < 1856299377
I20260709 13:00:38.844760  8450 data_dirs.cc:400] Could only allocate 1 dirs of requested 3 for tablet fd3ca20a5e4646d3b164329f7abcf44a. 1 dirs total, 0 dirs full, 0 dirs failed
I20260709 13:00:38.844847  8599 consensus_queue.cc:1048] T d9cb2781af004accaffe494aebc4c13c P b8eb0ad4490645598004d862412f4e31 [LEADER]: Connected to new peer: Peer: permanent_uuid: "d653e71832b7402b9a03b46249d3b885" member_type: VOTER last_known_addr { host: "127.7.25.193" port: 43631 }, Status: LMP_MISMATCH, Last received: 0.0, Next index: 1, Last known committed idx: 0, Time since last communication: 0.000s
I20260709 13:00:38.846649  8604 raft_consensus.cc:493] T 7142cc29d84f4204bd97e07c0f6f6a84 P d653e71832b7402b9a03b46249d3b885 [term 0 FOLLOWER]: Starting pre-election (no leader contacted us within the election timeout)
I20260709 13:00:38.847097  8604 raft_consensus.cc:515] T 7142cc29d84f4204bd97e07c0f6f6a84 P d653e71832b7402b9a03b46249d3b885 [term 0 FOLLOWER]: Starting pre-election with config: opid_index: -1 OBSOLETE_local: false peers { permanent_uuid: "d653e71832b7402b9a03b46249d3b885" member_type: VOTER last_known_addr { host: "127.7.25.193" port: 43631 } } peers { permanent_uuid: "105d6581548546b98eddd4ee7083bb12" member_type: VOTER last_known_addr { host: "127.7.25.194" port: 36925 } } peers { permanent_uuid: "b8eb0ad4490645598004d862412f4e31" member_type: VOTER last_known_addr { host: "127.7.25.195" port: 40767 } }
I20260709 13:00:38.849293  8604 leader_election.cc:290] T 7142cc29d84f4204bd97e07c0f6f6a84 P d653e71832b7402b9a03b46249d3b885 [CANDIDATE]: Term 1 pre-election: Requested pre-vote from peers 105d6581548546b98eddd4ee7083bb12 (127.7.25.194:36925), b8eb0ad4490645598004d862412f4e31 (127.7.25.195:40767)
I20260709 13:00:38.850597  8461 tablet_service.cc:1917] Received RequestConsensusVote() RPC: tablet_id: "7142cc29d84f4204bd97e07c0f6f6a84" candidate_uuid: "d653e71832b7402b9a03b46249d3b885" candidate_term: 1 candidate_status { last_received { term: 0 index: 0 } } ignore_live_leader: false dest_uuid: "105d6581548546b98eddd4ee7083bb12" is_pre_election: true
I20260709 13:00:38.850952  8535 tablet_service.cc:1917] Received RequestConsensusVote() RPC: tablet_id: "7142cc29d84f4204bd97e07c0f6f6a84" candidate_uuid: "d653e71832b7402b9a03b46249d3b885" candidate_term: 1 candidate_status { last_received { term: 0 index: 0 } } ignore_live_leader: false dest_uuid: "b8eb0ad4490645598004d862412f4e31" is_pre_election: true
I20260709 13:00:38.851536  8535 raft_consensus.cc:2468] T 7142cc29d84f4204bd97e07c0f6f6a84 P b8eb0ad4490645598004d862412f4e31 [term 0 FOLLOWER]: Leader pre-election vote request: Granting yes vote for candidate d653e71832b7402b9a03b46249d3b885 in term 0.
W20260709 13:00:38.851992  8351 leader_election.cc:343] T 7142cc29d84f4204bd97e07c0f6f6a84 P d653e71832b7402b9a03b46249d3b885 [CANDIDATE]: Term 1 pre-election: Tablet error from VoteRequest() call to peer 105d6581548546b98eddd4ee7083bb12 (127.7.25.194:36925): Illegal state: must be running to vote when last-logged opid is not known
I20260709 13:00:38.848676  8517 tablet_service.cc:1511] Processing CreateTablet for tablet fd3ca20a5e4646d3b164329f7abcf44a (DEFAULT_TABLE table=test-workload [id=0997156cc4e34396a3ae068cffc60d9c]), partition=RANGE (key) PARTITION 1819901350 <= VALUES < 1856299377
I20260709 13:00:38.853245  8517 data_dirs.cc:400] Could only allocate 1 dirs of requested 3 for tablet fd3ca20a5e4646d3b164329f7abcf44a. 1 dirs total, 0 dirs full, 0 dirs failed
I20260709 13:00:38.853693  8444 tablet_service.cc:1511] Processing CreateTablet for tablet 4ef8cc956c764eeeb9389ea099a35006 (DEFAULT_TABLE table=test-workload [id=0997156cc4e34396a3ae068cffc60d9c]), partition=RANGE (key) PARTITION 1856299377 <= VALUES < 1892697404
