I20260709 13:00:38.472492  8560 consensus_queue.cc:260] T 41e5ac9913384c54bfe92f57f4217d71 P af6e7677157844729cf64a8fbd026c12 [NON_LEADER]: Queue going to NON_LEADER mode. State: All replicated index: 0, Majority replicated index: 0, Committed index: 0, Last appended: 0.0, Last appended by leader: 0, Current term: 0, Majority size: -1, State: 0, Mode: NON_LEADER, active raft config: opid_index: -1 OBSOLETE_local: false peers { permanent_uuid: "af6e7677157844729cf64a8fbd026c12" member_type: VOTER last_known_addr { host: "127.7.21.129" port: 37157 } } peers { permanent_uuid: "7d5778d4045344db9d185cf1a7089935" member_type: VOTER last_known_addr { host: "127.7.21.130" port: 40645 } } peers { permanent_uuid: "3b036e764be04eec8998b8c56dc42655" member_type: VOTER last_known_addr { host: "127.7.21.131" port: 40503 } }
I20260709 13:00:38.474617  8560 ts_tablet_manager.cc:1434] T 41e5ac9913384c54bfe92f57f4217d71 P af6e7677157844729cf64a8fbd026c12: Time spent starting tablet: real 0.010s	user 0.006s	sys 0.000s
I20260709 13:00:38.477136  8268 catalog_manager.cc:5697] T 3785e382438a4358bb6bf201fbb56495 P 7d5778d4045344db9d185cf1a7089935 reported cstate change: term changed from 0 to 1, leader changed from <none> to 7d5778d4045344db9d185cf1a7089935 (127.7.21.130). New cstate: current_term: 1 leader_uuid: "7d5778d4045344db9d185cf1a7089935" committed_config { opid_index: -1 OBSOLETE_local: false peers { permanent_uuid: "af6e7677157844729cf64a8fbd026c12" member_type: VOTER last_known_addr { host: "127.7.21.129" port: 37157 } health_report { overall_health: UNKNOWN } } peers { permanent_uuid: "7d5778d4045344db9d185cf1a7089935" member_type: VOTER last_known_addr { host: "127.7.21.130" port: 40645 } health_report { overall_health: HEALTHY } } peers { permanent_uuid: "3b036e764be04eec8998b8c56dc42655" member_type: VOTER last_known_addr { host: "127.7.21.131" port: 40503 } health_report { overall_health: UNKNOWN } } }
I20260709 13:00:38.480340  8560 tablet_bootstrap.cc:492] T 18a8a327de5b4510ac41ddea4f317df8 P af6e7677157844729cf64a8fbd026c12: Bootstrap starting.
I20260709 13:00:38.481003  8559 tablet_bootstrap.cc:654] T f926c7b2fb454d88be200654c50d3783 P 3b036e764be04eec8998b8c56dc42655: Neither blocks nor log segments found. Creating new log.
I20260709 13:00:38.483026  8561 tablet_bootstrap.cc:654] T 92ee594f6e6a4333ac24b402f0348763 P 7d5778d4045344db9d185cf1a7089935: Neither blocks nor log segments found. Creating new log.
I20260709 13:00:38.487223  8560 tablet_bootstrap.cc:654] T 18a8a327de5b4510ac41ddea4f317df8 P af6e7677157844729cf64a8fbd026c12: Neither blocks nor log segments found. Creating new log.
I20260709 13:00:38.492170  8267 catalog_manager.cc:5697] T 97f36204837549ab9a805b111024dda7 P 3b036e764be04eec8998b8c56dc42655 reported cstate change: term changed from 0 to 1, leader changed from <none> to 3b036e764be04eec8998b8c56dc42655 (127.7.21.131). New cstate: current_term: 1 leader_uuid: "3b036e764be04eec8998b8c56dc42655" committed_config { opid_index: -1 OBSOLETE_local: false peers { permanent_uuid: "af6e7677157844729cf64a8fbd026c12" member_type: VOTER last_known_addr { host: "127.7.21.129" port: 37157 } health_report { overall_health: UNKNOWN } } peers { permanent_uuid: "7d5778d4045344db9d185cf1a7089935" member_type: VOTER last_known_addr { host: "127.7.21.130" port: 40645 } health_report { overall_health: UNKNOWN } } peers { permanent_uuid: "3b036e764be04eec8998b8c56dc42655" member_type: VOTER last_known_addr { host: "127.7.21.131" port: 40503 } health_report { overall_health: HEALTHY } } }
I20260709 13:00:38.495806  8444 raft_consensus.cc:3060] T cd11a5083b00481287bc8cac59586a77 P 7d5778d4045344db9d185cf1a7089935 [term 0 FOLLOWER]: Advancing to term 1
I20260709 13:00:38.509699  8591 raft_consensus.cc:515] T 92ee594f6e6a4333ac24b402f0348763 P af6e7677157844729cf64a8fbd026c12 [term 1 FOLLOWER]: Starting leader election with config: opid_index: -1 OBSOLETE_local: false peers { permanent_uuid: "af6e7677157844729cf64a8fbd026c12" member_type: VOTER last_known_addr { host: "127.7.21.129" port: 37157 } } peers { permanent_uuid: "7d5778d4045344db9d185cf1a7089935" member_type: VOTER last_known_addr { host: "127.7.21.130" port: 40645 } } peers { permanent_uuid: "3b036e764be04eec8998b8c56dc42655" member_type: VOTER last_known_addr { host: "127.7.21.131" port: 40503 } }
I20260709 13:00:38.512609  8591 leader_election.cc:290] T 92ee594f6e6a4333ac24b402f0348763 P af6e7677157844729cf64a8fbd026c12 [CANDIDATE]: Term 1 election: Requested vote from peers 7d5778d4045344db9d185cf1a7089935 (127.7.21.130:40645), 3b036e764be04eec8998b8c56dc42655 (127.7.21.131:40503)
I20260709 13:00:38.516155  8518 tablet_service.cc:1917] Received RequestConsensusVote() RPC: tablet_id: "92ee594f6e6a4333ac24b402f0348763" candidate_uuid: "af6e7677157844729cf64a8fbd026c12" candidate_term: 1 candidate_status { last_received { term: 0 index: 0 } } ignore_live_leader: false dest_uuid: "3b036e764be04eec8998b8c56dc42655"
I20260709 13:00:38.516728  8518 raft_consensus.cc:3060] T 92ee594f6e6a4333ac24b402f0348763 P 3b036e764be04eec8998b8c56dc42655 [term 0 FOLLOWER]: Advancing to term 1
I20260709 13:00:38.516609  8444 tablet_service.cc:1917] Received RequestConsensusVote() RPC: tablet_id: "92ee594f6e6a4333ac24b402f0348763" candidate_uuid: "af6e7677157844729cf64a8fbd026c12" candidate_term: 1 candidate_status { last_received { term: 0 index: 0 } } ignore_live_leader: false dest_uuid: "7d5778d4045344db9d185cf1a7089935"
W20260709 13:00:38.517970  8334 leader_election.cc:343] T 92ee594f6e6a4333ac24b402f0348763 P af6e7677157844729cf64a8fbd026c12 [CANDIDATE]: Term 1 election: Tablet error from VoteRequest() call to peer 7d5778d4045344db9d185cf1a7089935 (127.7.21.130:40645): Illegal state: must be running to vote when last-logged opid is not known
I20260709 13:00:38.524192  8589 consensus_queue.cc:1048] T cd11a5083b00481287bc8cac59586a77 P af6e7677157844729cf64a8fbd026c12 [LEADER]: Connected to new peer: Peer: permanent_uuid: "7d5778d4045344db9d185cf1a7089935" member_type: VOTER last_known_addr { host: "127.7.21.130" port: 40645 }, Status: LMP_MISMATCH, Last received: 0.0, Next index: 1, Last known committed idx: 0, Time since last communication: 0.000s
I20260709 13:00:38.525799  8518 raft_consensus.cc:2468] T 92ee594f6e6a4333ac24b402f0348763 P 3b036e764be04eec8998b8c56dc42655 [term 1 FOLLOWER]: Leader election vote request: Granting yes vote for candidate af6e7677157844729cf64a8fbd026c12 in term 1.
I20260709 13:00:38.528739  8561 tablet_bootstrap.cc:492] T 92ee594f6e6a4333ac24b402f0348763 P 7d5778d4045344db9d185cf1a7089935: No bootstrap required, opened a new log
I20260709 13:00:38.528541  8333 leader_election.cc:304] T 92ee594f6e6a4333ac24b402f0348763 P af6e7677157844729cf64a8fbd026c12 [CANDIDATE]: Term 1 election: Election decided. Result: candidate won. Election summary: received 3 responses out of 3 voters: 2 yes votes; 1 no votes. yes voters: 3b036e764be04eec8998b8c56dc42655, af6e7677157844729cf64a8fbd026c12; no voters: 7d5778d4045344db9d185cf1a7089935
I20260709 13:00:38.529629  8589 raft_consensus.cc:2804] T 92ee594f6e6a4333ac24b402f0348763 P af6e7677157844729cf64a8fbd026c12 [term 1 FOLLOWER]: Leader election won for term 1
I20260709 13:00:38.530099  8589 raft_consensus.cc:697] T 92ee594f6e6a4333ac24b402f0348763 P af6e7677157844729cf64a8fbd026c12 [term 1 LEADER]: Becoming Leader. State: Replica: af6e7677157844729cf64a8fbd026c12, State: Running, Role: LEADER
I20260709 13:00:38.530853  8589 consensus_queue.cc:237] T 92ee594f6e6a4333ac24b402f0348763 P af6e7677157844729cf64a8fbd026c12 [LEADER]: Queue going to LEADER mode. State: All replicated index: 0, Majority replicated index: 0, Committed index: 0, Last appended: 0.0, Last appended by leader: 0, Current term: 1, Majority size: 2, State: 0, Mode: LEADER, active raft config: opid_index: -1 OBSOLETE_local: false peers { permanent_uuid: "af6e7677157844729cf64a8fbd026c12" member_type: VOTER last_known_addr { host: "127.7.21.129" port: 37157 } } peers { permanent_uuid: "7d5778d4045344db9d185cf1a7089935" member_type: VOTER last_known_addr { host: "127.7.21.130" port: 40645 } } peers { permanent_uuid: "3b036e764be04eec8998b8c56dc42655" member_type: VOTER last_known_addr { host: "127.7.21.131" port: 40503 } }
I20260709 13:00:38.537709  8624 raft_consensus.cc:493] T 3a2c1cf97f8d4cb4a1bc617a6142d815 P 7d5778d4045344db9d185cf1a7089935 [term 0 FOLLOWER]: Starting pre-election (no leader contacted us within the election timeout)
I20260709 13:00:38.538211  8624 raft_consensus.cc:515] T 3a2c1cf97f8d4cb4a1bc617a6142d815 P 7d5778d4045344db9d185cf1a7089935 [term 0 FOLLOWER]: Starting pre-election with config: opid_index: -1 OBSOLETE_local: false peers { permanent_uuid: "af6e7677157844729cf64a8fbd026c12" member_type: VOTER last_known_addr { host: "127.7.21.129" port: 37157 } } peers { permanent_uuid: "7d5778d4045344db9d185cf1a7089935" member_type: VOTER last_known_addr { host: "127.7.21.130" port: 40645 } } peers { permanent_uuid: "3b036e764be04eec8998b8c56dc42655" member_type: VOTER last_known_addr { host: "127.7.21.131" port: 40503 } }
I20260709 13:00:38.541939  8519 tablet_service.cc:1917] Received RequestConsensusVote() RPC: tablet_id: "3a2c1cf97f8d4cb4a1bc617a6142d815" candidate_uuid: "7d5778d4045344db9d185cf1a7089935" candidate_term: 1 candidate_status { last_received { term: 0 index: 0 } } ignore_live_leader: false dest_uuid: "3b036e764be04eec8998b8c56dc42655" is_pre_election: true
I20260709 13:00:38.543143  8561 ts_tablet_manager.cc:1403] T 92ee594f6e6a4333ac24b402f0348763 P 7d5778d4045344db9d185cf1a7089935: Time spent bootstrapping tablet: real 0.129s	user 0.009s	sys 0.003s
I20260709 13:00:38.544606  8560 tablet_bootstrap.cc:492] T 18a8a327de5b4510ac41ddea4f317df8 P af6e7677157844729cf64a8fbd026c12: No bootstrap required, opened a new log
I20260709 13:00:38.545163  8560 ts_tablet_manager.cc:1403] T 18a8a327de5b4510ac41ddea4f317df8 P af6e7677157844729cf64a8fbd026c12: Time spent bootstrapping tablet: real 0.070s	user 0.011s	sys 0.010s
I20260709 13:00:38.545691  8561 raft_consensus.cc:359] T 92ee594f6e6a4333ac24b402f0348763 P 7d5778d4045344db9d185cf1a7089935 [term 0 FOLLOWER]: Replica starting. Triggering 0 pending ops. Active config: opid_index: -1 OBSOLETE_local: false peers { permanent_uuid: "af6e7677157844729cf64a8fbd026c12" member_type: VOTER last_known_addr { host: "127.7.21.129" port: 37157 } } peers { permanent_uuid: "7d5778d4045344db9d185cf1a7089935" member_type: VOTER last_known_addr { host: "127.7.21.130" port: 40645 } } peers { permanent_uuid: "3b036e764be04eec8998b8c56dc42655" member_type: VOTER last_known_addr { host: "127.7.21.131" port: 40503 } }
I20260709 13:00:38.545974  8369 tablet_service.cc:1917] Received RequestConsensusVote() RPC: tablet_id: "3a2c1cf97f8d4cb4a1bc617a6142d815" candidate_uuid: "7d5778d4045344db9d185cf1a7089935" candidate_term: 1 candidate_status { last_received { term: 0 index: 0 } } ignore_live_leader: false dest_uuid: "af6e7677157844729cf64a8fbd026c12" is_pre_election: true
I20260709 13:00:38.546355  8561 raft_consensus.cc:385] T 92ee594f6e6a4333ac24b402f0348763 P 7d5778d4045344db9d185cf1a7089935 [term 0 FOLLOWER]: Consensus starting up: Expiring failure detector timer to make a prompt election more likely
I20260709 13:00:38.546531  8369 raft_consensus.cc:2468] T 3a2c1cf97f8d4cb4a1bc617a6142d815 P af6e7677157844729cf64a8fbd026c12 [term 0 FOLLOWER]: Leader pre-election vote request: Granting yes vote for candidate 7d5778d4045344db9d185cf1a7089935 in term 0.
I20260709 13:00:38.547690  8410 leader_election.cc:304] T 3a2c1cf97f8d4cb4a1bc617a6142d815 P 7d5778d4045344db9d185cf1a7089935 [CANDIDATE]: Term 1 pre-election: Election decided. Result: candidate won. Election summary: received 2 responses out of 3 voters: 2 yes votes; 0 no votes. yes voters: 7d5778d4045344db9d185cf1a7089935, af6e7677157844729cf64a8fbd026c12; no voters: 
W20260709 13:00:38.548286  8408 leader_election.cc:343] T 3a2c1cf97f8d4cb4a1bc617a6142d815 P 7d5778d4045344db9d185cf1a7089935 [CANDIDATE]: Term 1 pre-election: Tablet error from VoteRequest() call to peer 3b036e764be04eec8998b8c56dc42655 (127.7.21.131:40503): Illegal state: must be running to vote when last-logged opid is not known
I20260709 13:00:38.548491  8627 raft_consensus.cc:2804] T 3a2c1cf97f8d4cb4a1bc617a6142d815 P 7d5778d4045344db9d185cf1a7089935 [term 0 FOLLOWER]: Leader pre-election won for term 1
I20260709 13:00:38.549220  8627 raft_consensus.cc:493] T 3a2c1cf97f8d4cb4a1bc617a6142d815 P 7d5778d4045344db9d185cf1a7089935 [term 0 FOLLOWER]: Starting leader election (no leader contacted us within the election timeout)
I20260709 13:00:38.549675  8627 raft_consensus.cc:3060] T 3a2c1cf97f8d4cb4a1bc617a6142d815 P 7d5778d4045344db9d185cf1a7089935 [term 0 FOLLOWER]: Advancing to term 1
I20260709 13:00:38.553628  8265 catalog_manager.cc:5697] T 92ee594f6e6a4333ac24b402f0348763 P af6e7677157844729cf64a8fbd026c12 reported cstate change: term changed from 0 to 1, leader changed from <none> to af6e7677157844729cf64a8fbd026c12 (127.7.21.129). New cstate: current_term: 1 leader_uuid: "af6e7677157844729cf64a8fbd026c12" committed_config { opid_index: -1 OBSOLETE_local: false peers { permanent_uuid: "af6e7677157844729cf64a8fbd026c12" member_type: VOTER last_known_addr { host: "127.7.21.129" port: 37157 } health_report { overall_health: HEALTHY } } peers { permanent_uuid: "7d5778d4045344db9d185cf1a7089935" member_type: VOTER last_known_addr { host: "127.7.21.130" port: 40645 } health_report { overall_health: UNKNOWN } } peers { permanent_uuid: "3b036e764be04eec8998b8c56dc42655" member_type: VOTER last_known_addr { host: "127.7.21.131" port: 40503 } health_report { overall_health: UNKNOWN } } }
I20260709 13:00:38.547230  8589 consensus_queue.cc:1048] T cd11a5083b00481287bc8cac59586a77 P af6e7677157844729cf64a8fbd026c12 [LEADER]: Connected to new peer: Peer: permanent_uuid: "3b036e764be04eec8998b8c56dc42655" member_type: VOTER last_known_addr { host: "127.7.21.131" port: 40503 }, Status: LMP_MISMATCH, Last received: 0.0, Next index: 1, Last known committed idx: 0, Time since last communication: 0.009s
I20260709 13:00:38.557263  8624 leader_election.cc:290] T 3a2c1cf97f8d4cb4a1bc617a6142d815 P 7d5778d4045344db9d185cf1a7089935 [CANDIDATE]: Term 1 pre-election: Requested pre-vote from peers af6e7677157844729cf64a8fbd026c12 (127.7.21.129:37157), 3b036e764be04eec8998b8c56dc42655 (127.7.21.131:40503)
I20260709 13:00:38.563706  8560 raft_consensus.cc:359] T 18a8a327de5b4510ac41ddea4f317df8 P af6e7677157844729cf64a8fbd026c12 [term 0 FOLLOWER]: Replica starting. Triggering 0 pending ops. Active config: opid_index: -1 OBSOLETE_local: false peers { permanent_uuid: "af6e7677157844729cf64a8fbd026c12" member_type: VOTER last_known_addr { host: "127.7.21.129" port: 37157 } } peers { permanent_uuid: "7d5778d4045344db9d185cf1a7089935" member_type: VOTER last_known_addr { host: "127.7.21.130" port: 40645 } } peers { permanent_uuid: "3b036e764be04eec8998b8c56dc42655" member_type: VOTER last_known_addr { host: "127.7.21.131" port: 40503 } }
I20260709 13:00:38.575745  8560 raft_consensus.cc:385] T 18a8a327de5b4510ac41ddea4f317df8 P af6e7677157844729cf64a8fbd026c12 [term 0 FOLLOWER]: Consensus starting up: Expiring failure detector timer to make a prompt election more likely
I20260709 13:00:38.576066  8560 raft_consensus.cc:740] T 18a8a327de5b4510ac41ddea4f317df8 P af6e7677157844729cf64a8fbd026c12 [term 0 FOLLOWER]: Becoming Follower/Learner. State: Replica: af6e7677157844729cf64a8fbd026c12, State: Initialized, Role: FOLLOWER
I20260709 13:00:38.572844  8559 tablet_bootstrap.cc:492] T f926c7b2fb454d88be200654c50d3783 P 3b036e764be04eec8998b8c56dc42655: No bootstrap required, opened a new log
I20260709 13:00:38.546641  8561 raft_consensus.cc:740] T 92ee594f6e6a4333ac24b402f0348763 P 7d5778d4045344db9d185cf1a7089935 [term 0 FOLLOWER]: Becoming Follower/Learner. State: Replica: 7d5778d4045344db9d185cf1a7089935, State: Initialized, Role: FOLLOWER
I20260709 13:00:38.577306  8559 ts_tablet_manager.cc:1403] T f926c7b2fb454d88be200654c50d3783 P 3b036e764be04eec8998b8c56dc42655: Time spent bootstrapping tablet: real 0.127s	user 0.027s	sys 0.036s
I20260709 13:00:38.577903  8561 consensus_queue.cc:260] T 92ee594f6e6a4333ac24b402f0348763 P 7d5778d4045344db9d185cf1a7089935 [NON_LEADER]: Queue going to NON_LEADER mode. State: All replicated index: 0, Majority replicated index: 0, Committed index: 0, Last appended: 0.0, Last appended by leader: 0, Current term: 0, Majority size: -1, State: 0, Mode: NON_LEADER, active raft config: opid_index: -1 OBSOLETE_local: false peers { permanent_uuid: "af6e7677157844729cf64a8fbd026c12" member_type: VOTER last_known_addr { host: "127.7.21.129" port: 37157 } } peers { permanent_uuid: "7d5778d4045344db9d185cf1a7089935" member_type: VOTER last_known_addr { host: "127.7.21.130" port: 40645 } } peers { permanent_uuid: "3b036e764be04eec8998b8c56dc42655" member_type: VOTER last_known_addr { host: "127.7.21.131" port: 40503 } }
I20260709 13:00:38.580149  8561 ts_tablet_manager.cc:1434] T 92ee594f6e6a4333ac24b402f0348763 P 7d5778d4045344db9d185cf1a7089935: Time spent starting tablet: real 0.037s	user 0.006s	sys 0.000s
I20260709 13:00:38.579996  8559 raft_consensus.cc:359] T f926c7b2fb454d88be200654c50d3783 P 3b036e764be04eec8998b8c56dc42655 [term 0 FOLLOWER]: Replica starting. Triggering 0 pending ops. Active config: opid_index: -1 OBSOLETE_local: false peers { permanent_uuid: "af6e7677157844729cf64a8fbd026c12" member_type: VOTER last_known_addr { host: "127.7.21.129" port: 37157 } } peers { permanent_uuid: "7d5778d4045344db9d185cf1a7089935" member_type: VOTER last_known_addr { host: "127.7.21.130" port: 40645 } } peers { permanent_uuid: "3b036e764be04eec8998b8c56dc42655" member_type: VOTER last_known_addr { host: "127.7.21.131" port: 40503 } }
I20260709 13:00:38.580677  8559 raft_consensus.cc:385] T f926c7b2fb454d88be200654c50d3783 P 3b036e764be04eec8998b8c56dc42655 [term 0 FOLLOWER]: Consensus starting up: Expiring failure detector timer to make a prompt election more likely
I20260709 13:00:38.580941  8559 raft_consensus.cc:740] T f926c7b2fb454d88be200654c50d3783 P 3b036e764be04eec8998b8c56dc42655 [term 0 FOLLOWER]: Becoming Follower/Learner. State: Replica: 3b036e764be04eec8998b8c56dc42655, State: Initialized, Role: FOLLOWER
I20260709 13:00:38.581331  8561 tablet_bootstrap.cc:492] T 2b36abe688964ec7ab9ab33121bb3cf3 P 7d5778d4045344db9d185cf1a7089935: Bootstrap starting.
I20260709 13:00:38.581570  8559 consensus_queue.cc:260] T f926c7b2fb454d88be200654c50d3783 P 3b036e764be04eec8998b8c56dc42655 [NON_LEADER]: Queue going to NON_LEADER mode. State: All replicated index: 0, Majority replicated index: 0, Committed index: 0, Last appended: 0.0, Last appended by leader: 0, Current term: 0, Majority size: -1, State: 0, Mode: NON_LEADER, active raft config: opid_index: -1 OBSOLETE_local: false peers { permanent_uuid: "af6e7677157844729cf64a8fbd026c12" member_type: VOTER last_known_addr { host: "127.7.21.129" port: 37157 } } peers { permanent_uuid: "7d5778d4045344db9d185cf1a7089935" member_type: VOTER last_known_addr { host: "127.7.21.130" port: 40645 } } peers { permanent_uuid: "3b036e764be04eec8998b8c56dc42655" member_type: VOTER last_known_addr { host: "127.7.21.131" port: 40503 } }
I20260709 13:00:38.583515  8559 ts_tablet_manager.cc:1434] T f926c7b2fb454d88be200654c50d3783 P 3b036e764be04eec8998b8c56dc42655: Time spent starting tablet: real 0.006s	user 0.006s	sys 0.000s
I20260709 13:00:38.576668  8560 consensus_queue.cc:260] T 18a8a327de5b4510ac41ddea4f317df8 P af6e7677157844729cf64a8fbd026c12 [NON_LEADER]: Queue going to NON_LEADER mode. State: All replicated index: 0, Majority replicated index: 0, Committed index: 0, Last appended: 0.0, Last appended by leader: 0, Current term: 0, Majority size: -1, State: 0, Mode: NON_LEADER, active raft config: opid_index: -1 OBSOLETE_local: false peers { permanent_uuid: "af6e7677157844729cf64a8fbd026c12" member_type: VOTER last_known_addr { host: "127.7.21.129" port: 37157 } } peers { permanent_uuid: "7d5778d4045344db9d185cf1a7089935" member_type: VOTER last_known_addr { host: "127.7.21.130" port: 40645 } } peers { permanent_uuid: "3b036e764be04eec8998b8c56dc42655" member_type: VOTER last_known_addr { host: "127.7.21.131" port: 40503 } }
I20260709 13:00:38.584345  8559 tablet_bootstrap.cc:492] T ca103640e8ad4af58c1bd21e0333f842 P 3b036e764be04eec8998b8c56dc42655: Bootstrap starting.
I20260709 13:00:38.585193  8560 ts_tablet_manager.cc:1434] T 18a8a327de5b4510ac41ddea4f317df8 P af6e7677157844729cf64a8fbd026c12: Time spent starting tablet: real 0.040s	user 0.007s	sys 0.000s
I20260709 13:00:38.590848  8559 tablet_bootstrap.cc:654] T ca103640e8ad4af58c1bd21e0333f842 P 3b036e764be04eec8998b8c56dc42655: Neither blocks nor log segments found. Creating new log.
I20260709 13:00:38.593887  8560 tablet_bootstrap.cc:492] T f926c7b2fb454d88be200654c50d3783 P af6e7677157844729cf64a8fbd026c12: Bootstrap starting.
I20260709 13:00:38.570907  8627 raft_consensus.cc:515] T 3a2c1cf97f8d4cb4a1bc617a6142d815 P 7d5778d4045344db9d185cf1a7089935 [term 1 FOLLOWER]: Starting leader election with config: opid_index: -1 OBSOLETE_local: false peers { permanent_uuid: "af6e7677157844729cf64a8fbd026c12" member_type: VOTER last_known_addr { host: "127.7.21.129" port: 37157 } } peers { permanent_uuid: "7d5778d4045344db9d185cf1a7089935" member_type: VOTER last_known_addr { host: "127.7.21.130" port: 40645 } } peers { permanent_uuid: "3b036e764be04eec8998b8c56dc42655" member_type: VOTER last_known_addr { host: "127.7.21.131" port: 40503 } }
I20260709 13:00:38.598887  8369 tablet_service.cc:1917] Received RequestConsensusVote() RPC: tablet_id: "3a2c1cf97f8d4cb4a1bc617a6142d815" candidate_uuid: "7d5778d4045344db9d185cf1a7089935" candidate_term: 1 candidate_status { last_received { term: 0 index: 0 } } ignore_live_leader: false dest_uuid: "af6e7677157844729cf64a8fbd026c12"
I20260709 13:00:38.599489  8369 raft_consensus.cc:3060] T 3a2c1cf97f8d4cb4a1bc617a6142d815 P af6e7677157844729cf64a8fbd026c12 [term 0 FOLLOWER]: Advancing to term 1
I20260709 13:00:38.602023  8559 tablet_bootstrap.cc:492] T ca103640e8ad4af58c1bd21e0333f842 P 3b036e764be04eec8998b8c56dc42655: No bootstrap required, opened a new log
I20260709 13:00:38.602437  8559 ts_tablet_manager.cc:1403] T ca103640e8ad4af58c1bd21e0333f842 P 3b036e764be04eec8998b8c56dc42655: Time spent bootstrapping tablet: real 0.018s	user 0.008s	sys 0.007s
I20260709 13:00:38.605278  8627 leader_election.cc:290] T 3a2c1cf97f8d4cb4a1bc617a6142d815 P 7d5778d4045344db9d185cf1a7089935 [CANDIDATE]: Term 1 election: Requested vote from peers af6e7677157844729cf64a8fbd026c12 (127.7.21.129:37157), 3b036e764be04eec8998b8c56dc42655 (127.7.21.131:40503)
I20260709 13:00:38.605122  8559 raft_consensus.cc:359] T ca103640e8ad4af58c1bd21e0333f842 P 3b036e764be04eec8998b8c56dc42655 [term 0 FOLLOWER]: Replica starting. Triggering 0 pending ops. Active config: opid_index: -1 OBSOLETE_local: false peers { permanent_uuid: "af6e7677157844729cf64a8fbd026c12" member_type: VOTER last_known_addr { host: "127.7.21.129" port: 37157 } } peers { permanent_uuid: "7d5778d4045344db9d185cf1a7089935" member_type: VOTER last_known_addr { host: "127.7.21.130" port: 40645 } } peers { permanent_uuid: "3b036e764be04eec8998b8c56dc42655" member_type: VOTER last_known_addr { host: "127.7.21.131" port: 40503 } }
I20260709 13:00:38.605872  8559 raft_consensus.cc:385] T ca103640e8ad4af58c1bd21e0333f842 P 3b036e764be04eec8998b8c56dc42655 [term 0 FOLLOWER]: Consensus starting up: Expiring failure detector timer to make a prompt election more likely
I20260709 13:00:38.605823  8519 tablet_service.cc:1917] Received RequestConsensusVote() RPC: tablet_id: "3a2c1cf97f8d4cb4a1bc617a6142d815" candidate_uuid: "7d5778d4045344db9d185cf1a7089935" candidate_term: 1 candidate_status { last_received { term: 0 index: 0 } } ignore_live_leader: false dest_uuid: "3b036e764be04eec8998b8c56dc42655"
I20260709 13:00:38.606060  8591 raft_consensus.cc:493] T 18a8a327de5b4510ac41ddea4f317df8 P af6e7677157844729cf64a8fbd026c12 [term 0 FOLLOWER]: Starting pre-election (no leader contacted us within the election timeout)
I20260709 13:00:38.606245  8559 raft_consensus.cc:740] T ca103640e8ad4af58c1bd21e0333f842 P 3b036e764be04eec8998b8c56dc42655 [term 0 FOLLOWER]: Becoming Follower/Learner. State: Replica: 3b036e764be04eec8998b8c56dc42655, State: Initialized, Role: FOLLOWER
I20260709 13:00:38.606572  8591 raft_consensus.cc:515] T 18a8a327de5b4510ac41ddea4f317df8 P af6e7677157844729cf64a8fbd026c12 [term 0 FOLLOWER]: Starting pre-election with config: opid_index: -1 OBSOLETE_local: false peers { permanent_uuid: "af6e7677157844729cf64a8fbd026c12" member_type: VOTER last_known_addr { host: "127.7.21.129" port: 37157 } } peers { permanent_uuid: "7d5778d4045344db9d185cf1a7089935" member_type: VOTER last_known_addr { host: "127.7.21.130" port: 40645 } } peers { permanent_uuid: "3b036e764be04eec8998b8c56dc42655" member_type: VOTER last_known_addr { host: "127.7.21.131" port: 40503 } }
W20260709 13:00:38.607203  8408 leader_election.cc:343] T 3a2c1cf97f8d4cb4a1bc617a6142d815 P 7d5778d4045344db9d185cf1a7089935 [CANDIDATE]: Term 1 election: Tablet error from VoteRequest() call to peer 3b036e764be04eec8998b8c56dc42655 (127.7.21.131:40503): Illegal state: must be running to vote when last-logged opid is not known
I20260709 13:00:38.606990  8559 consensus_queue.cc:260] T ca103640e8ad4af58c1bd21e0333f842 P 3b036e764be04eec8998b8c56dc42655 [NON_LEADER]: Queue going to NON_LEADER mode. State: All replicated index: 0, Majority replicated index: 0, Committed index: 0, Last appended: 0.0, Last appended by leader: 0, Current term: 0, Majority size: -1, State: 0, Mode: NON_LEADER, active raft config: opid_index: -1 OBSOLETE_local: false peers { permanent_uuid: "af6e7677157844729cf64a8fbd026c12" member_type: VOTER last_known_addr { host: "127.7.21.129" port: 37157 } } peers { permanent_uuid: "7d5778d4045344db9d185cf1a7089935" member_type: VOTER last_known_addr { host: "127.7.21.130" port: 40645 } } peers { permanent_uuid: "3b036e764be04eec8998b8c56dc42655" member_type: VOTER last_known_addr { host: "127.7.21.131" port: 40503 } }
I20260709 13:00:38.608637  8591 leader_election.cc:290] T 18a8a327de5b4510ac41ddea4f317df8 P af6e7677157844729cf64a8fbd026c12 [CANDIDATE]: Term 1 pre-election: Requested pre-vote from peers 7d5778d4045344db9d185cf1a7089935 (127.7.21.130:40645), 3b036e764be04eec8998b8c56dc42655 (127.7.21.131:40503)
I20260709 13:00:38.609211  8559 ts_tablet_manager.cc:1434] T ca103640e8ad4af58c1bd21e0333f842 P 3b036e764be04eec8998b8c56dc42655: Time spent starting tablet: real 0.007s	user 0.007s	sys 0.000s
I20260709 13:00:38.610112  8559 tablet_bootstrap.cc:492] T 41e5ac9913384c54bfe92f57f4217d71 P 3b036e764be04eec8998b8c56dc42655: Bootstrap starting.
I20260709 13:00:38.610226  8519 tablet_service.cc:1917] Received RequestConsensusVote() RPC: tablet_id: "18a8a327de5b4510ac41ddea4f317df8" candidate_uuid: "af6e7677157844729cf64a8fbd026c12" candidate_term: 1 candidate_status { last_received { term: 0 index: 0 } } ignore_live_leader: false dest_uuid: "3b036e764be04eec8998b8c56dc42655" is_pre_election: true
W20260709 13:00:38.611703  8333 leader_election.cc:343] T 18a8a327de5b4510ac41ddea4f317df8 P af6e7677157844729cf64a8fbd026c12 [CANDIDATE]: Term 1 pre-election: Tablet error from VoteRequest() call to peer 3b036e764be04eec8998b8c56dc42655 (127.7.21.131:40503): Illegal state: must be running to vote when last-logged opid is not known
I20260709 13:00:38.616293  8444 tablet_service.cc:1917] Received RequestConsensusVote() RPC: tablet_id: "18a8a327de5b4510ac41ddea4f317df8" candidate_uuid: "af6e7677157844729cf64a8fbd026c12" candidate_term: 1 candidate_status { last_received { term: 0 index: 0 } } ignore_live_leader: false dest_uuid: "7d5778d4045344db9d185cf1a7089935" is_pre_election: true
I20260709 13:00:38.619287  8559 tablet_bootstrap.cc:654] T 41e5ac9913384c54bfe92f57f4217d71 P 3b036e764be04eec8998b8c56dc42655: Neither blocks nor log segments found. Creating new log.
W20260709 13:00:38.621304  8334 leader_election.cc:343] T 18a8a327de5b4510ac41ddea4f317df8 P af6e7677157844729cf64a8fbd026c12 [CANDIDATE]: Term 1 pre-election: Tablet error from VoteRequest() call to peer 7d5778d4045344db9d185cf1a7089935 (127.7.21.130:40645): Illegal state: must be running to vote when last-logged opid is not known
I20260709 13:00:38.621747  8334 leader_election.cc:304] T 18a8a327de5b4510ac41ddea4f317df8 P af6e7677157844729cf64a8fbd026c12 [CANDIDATE]: Term 1 pre-election: Election decided. Result: candidate lost. Election summary: received 3 responses out of 3 voters: 1 yes votes; 2 no votes. yes voters: af6e7677157844729cf64a8fbd026c12; no voters: 3b036e764be04eec8998b8c56dc42655, 7d5778d4045344db9d185cf1a7089935
I20260709 13:00:38.596019  8561 tablet_bootstrap.cc:654] T 2b36abe688964ec7ab9ab33121bb3cf3 P 7d5778d4045344db9d185cf1a7089935: Neither blocks nor log segments found. Creating new log.
I20260709 13:00:38.623435  8369 raft_consensus.cc:2468] T 3a2c1cf97f8d4cb4a1bc617a6142d815 P af6e7677157844729cf64a8fbd026c12 [term 1 FOLLOWER]: Leader election vote request: Granting yes vote for candidate 7d5778d4045344db9d185cf1a7089935 in term 1.
I20260709 13:00:38.624071  8592 raft_consensus.cc:2749] T 18a8a327de5b4510ac41ddea4f317df8 P af6e7677157844729cf64a8fbd026c12 [term 0 FOLLOWER]: Leader pre-election lost for term 1. Reason: could not achieve majority
I20260709 13:00:38.628139  8560 tablet_bootstrap.cc:654] T f926c7b2fb454d88be200654c50d3783 P af6e7677157844729cf64a8fbd026c12: Neither blocks nor log segments found. Creating new log.
I20260709 13:00:38.628592  8559 tablet_bootstrap.cc:492] T 41e5ac9913384c54bfe92f57f4217d71 P 3b036e764be04eec8998b8c56dc42655: No bootstrap required, opened a new log
I20260709 13:00:38.629011  8559 ts_tablet_manager.cc:1403] T 41e5ac9913384c54bfe92f57f4217d71 P 3b036e764be04eec8998b8c56dc42655: Time spent bootstrapping tablet: real 0.019s	user 0.007s	sys 0.007s
I20260709 13:00:38.629038  8410 leader_election.cc:304] T 3a2c1cf97f8d4cb4a1bc617a6142d815 P 7d5778d4045344db9d185cf1a7089935 [CANDIDATE]: Term 1 election: Election decided. Result: candidate won. Election summary: received 3 responses out of 3 voters: 2 yes votes; 1 no votes. yes voters: 7d5778d4045344db9d185cf1a7089935, af6e7677157844729cf64a8fbd026c12; no voters: 3b036e764be04eec8998b8c56dc42655
I20260709 13:00:38.630357  8627 raft_consensus.cc:2804] T 3a2c1cf97f8d4cb4a1bc617a6142d815 P 7d5778d4045344db9d185cf1a7089935 [term 1 FOLLOWER]: Leader election won for term 1
I20260709 13:00:38.630573  8624 raft_consensus.cc:493] T 92ee594f6e6a4333ac24b402f0348763 P 7d5778d4045344db9d185cf1a7089935 [term 0 FOLLOWER]: Starting pre-election (no leader contacted us within the election timeout)
I20260709 13:00:38.630900  8627 raft_consensus.cc:697] T 3a2c1cf97f8d4cb4a1bc617a6142d815 P 7d5778d4045344db9d185cf1a7089935 [term 1 LEADER]: Becoming Leader. State: Replica: 7d5778d4045344db9d185cf1a7089935, State: Running, Role: LEADER
I20260709 13:00:38.631033  8624 raft_consensus.cc:515] T 92ee594f6e6a4333ac24b402f0348763 P 7d5778d4045344db9d185cf1a7089935 [term 0 FOLLOWER]: Starting pre-election with config: opid_index: -1 OBSOLETE_local: false peers { permanent_uuid: "af6e7677157844729cf64a8fbd026c12" member_type: VOTER last_known_addr { host: "127.7.21.129" port: 37157 } } peers { permanent_uuid: "7d5778d4045344db9d185cf1a7089935" member_type: VOTER last_known_addr { host: "127.7.21.130" port: 40645 } } peers { permanent_uuid: "3b036e764be04eec8998b8c56dc42655" member_type: VOTER last_known_addr { host: "127.7.21.131" port: 40503 } }
I20260709 13:00:38.631815  8627 consensus_queue.cc:237] T 3a2c1cf97f8d4cb4a1bc617a6142d815 P 7d5778d4045344db9d185cf1a7089935 [LEADER]: Queue going to LEADER mode. State: All replicated index: 0, Majority replicated index: 0, Committed index: 0, Last appended: 0.0, Last appended by leader: 0, Current term: 1, Majority size: 2, State: 0, Mode: LEADER, active raft config: opid_index: -1 OBSOLETE_local: false peers { permanent_uuid: "af6e7677157844729cf64a8fbd026c12" member_type: VOTER last_known_addr { host: "127.7.21.129" port: 37157 } } peers { permanent_uuid: "7d5778d4045344db9d185cf1a7089935" member_type: VOTER last_known_addr { host: "127.7.21.130" port: 40645 } } peers { permanent_uuid: "3b036e764be04eec8998b8c56dc42655" member_type: VOTER last_known_addr { host: "127.7.21.131" port: 40503 } }
I20260709 13:00:38.632017  8559 raft_consensus.cc:359] T 41e5ac9913384c54bfe92f57f4217d71 P 3b036e764be04eec8998b8c56dc42655 [term 0 FOLLOWER]: Replica starting. Triggering 0 pending ops. Active config: opid_index: -1 OBSOLETE_local: false peers { permanent_uuid: "af6e7677157844729cf64a8fbd026c12" member_type: VOTER last_known_addr { host: "127.7.21.129" port: 37157 } } peers { permanent_uuid: "7d5778d4045344db9d185cf1a7089935" member_type: VOTER last_known_addr { host: "127.7.21.130" port: 40645 } } peers { permanent_uuid: "3b036e764be04eec8998b8c56dc42655" member_type: VOTER last_known_addr { host: "127.7.21.131" port: 40503 } }
I20260709 13:00:38.632725  8559 raft_consensus.cc:385] T 41e5ac9913384c54bfe92f57f4217d71 P 3b036e764be04eec8998b8c56dc42655 [term 0 FOLLOWER]: Consensus starting up: Expiring failure detector timer to make a prompt election more likely
I20260709 13:00:38.632974  8624 leader_election.cc:290] T 92ee594f6e6a4333ac24b402f0348763 P 7d5778d4045344db9d185cf1a7089935 [CANDIDATE]: Term 1 pre-election: Requested pre-vote from peers af6e7677157844729cf64a8fbd026c12 (127.7.21.129:37157), 3b036e764be04eec8998b8c56dc42655 (127.7.21.131:40503)
I20260709 13:00:38.633009  8559 raft_consensus.cc:740] T 41e5ac9913384c54bfe92f57f4217d71 P 3b036e764be04eec8998b8c56dc42655 [term 0 FOLLOWER]: Becoming Follower/Learner. State: Replica: 3b036e764be04eec8998b8c56dc42655, State: Initialized, Role: FOLLOWER
I20260709 13:00:38.633720  8369 tablet_service.cc:1917] Received RequestConsensusVote() RPC: tablet_id: "92ee594f6e6a4333ac24b402f0348763" candidate_uuid: "7d5778d4045344db9d185cf1a7089935" candidate_term: 1 candidate_status { last_received { term: 0 index: 0 } } ignore_live_leader: false dest_uuid: "af6e7677157844729cf64a8fbd026c12" is_pre_election: true
I20260709 13:00:38.633960  8559 consensus_queue.cc:260] T 41e5ac9913384c54bfe92f57f4217d71 P 3b036e764be04eec8998b8c56dc42655 [NON_LEADER]: Queue going to NON_LEADER mode. State: All replicated index: 0, Majority replicated index: 0, Committed index: 0, Last appended: 0.0, Last appended by leader: 0, Current term: 0, Majority size: -1, State: 0, Mode: NON_LEADER, active raft config: opid_index: -1 OBSOLETE_local: false peers { permanent_uuid: "af6e7677157844729cf64a8fbd026c12" member_type: VOTER last_known_addr { host: "127.7.21.129" port: 37157 } } peers { permanent_uuid: "7d5778d4045344db9d185cf1a7089935" member_type: VOTER last_known_addr { host: "127.7.21.130" port: 40645 } } peers { permanent_uuid: "3b036e764be04eec8998b8c56dc42655" member_type: VOTER last_known_addr { host: "127.7.21.131" port: 40503 } }
I20260709 13:00:38.634554  8519 tablet_service.cc:1917] Received RequestConsensusVote() RPC: tablet_id: "92ee594f6e6a4333ac24b402f0348763" candidate_uuid: "7d5778d4045344db9d185cf1a7089935" candidate_term: 1 candidate_status { last_received { term: 0 index: 0 } } ignore_live_leader: false dest_uuid: "3b036e764be04eec8998b8c56dc42655" is_pre_election: true
I20260709 13:00:38.635358  8519 raft_consensus.cc:2393] T 92ee594f6e6a4333ac24b402f0348763 P 3b036e764be04eec8998b8c56dc42655 [term 1 FOLLOWER]: Leader pre-election vote request: Denying vote to candidate 7d5778d4045344db9d185cf1a7089935 in current term 1: Already voted for candidate af6e7677157844729cf64a8fbd026c12 in this term.
I20260709 13:00:38.636456  8408 leader_election.cc:304] T 92ee594f6e6a4333ac24b402f0348763 P 7d5778d4045344db9d185cf1a7089935 [CANDIDATE]: Term 1 pre-election: Election decided. Result: candidate lost. Election summary: received 3 responses out of 3 voters: 1 yes votes; 2 no votes. yes voters: 7d5778d4045344db9d185cf1a7089935; no voters: 3b036e764be04eec8998b8c56dc42655, af6e7677157844729cf64a8fbd026c12
I20260709 13:00:38.637677  8624 raft_consensus.cc:3060] T 92ee594f6e6a4333ac24b402f0348763 P 7d5778d4045344db9d185cf1a7089935 [term 0 FOLLOWER]: Advancing to term 1
I20260709 13:00:38.639516  8559 ts_tablet_manager.cc:1434] T 41e5ac9913384c54bfe92f57f4217d71 P 3b036e764be04eec8998b8c56dc42655: Time spent starting tablet: real 0.010s	user 0.008s	sys 0.000s
I20260709 13:00:38.640441  8559 tablet_bootstrap.cc:492] T 3a2c1cf97f8d4cb4a1bc617a6142d815 P 3b036e764be04eec8998b8c56dc42655: Bootstrap starting.
I20260709 13:00:38.644793  8624 raft_consensus.cc:2749] T 92ee594f6e6a4333ac24b402f0348763 P 7d5778d4045344db9d185cf1a7089935 [term 1 FOLLOWER]: Leader pre-election lost for term 1. Reason: could not achieve majority
I20260709 13:00:38.646095  8559 tablet_bootstrap.cc:654] T 3a2c1cf97f8d4cb4a1bc617a6142d815 P 3b036e764be04eec8998b8c56dc42655: Neither blocks nor log segments found. Creating new log.
I20260709 13:00:38.653074  8592 raft_consensus.cc:493] T 41e5ac9913384c54bfe92f57f4217d71 P af6e7677157844729cf64a8fbd026c12 [term 0 FOLLOWER]: Starting pre-election (no leader contacted us within the election timeout)
I20260709 13:00:38.653692  8592 raft_consensus.cc:515] T 41e5ac9913384c54bfe92f57f4217d71 P af6e7677157844729cf64a8fbd026c12 [term 0 FOLLOWER]: Starting pre-election with config: opid_index: -1 OBSOLETE_local: false peers { permanent_uuid: "af6e7677157844729cf64a8fbd026c12" member_type: VOTER last_known_addr { host: "127.7.21.129" port: 37157 } } peers { permanent_uuid: "7d5778d4045344db9d185cf1a7089935" member_type: VOTER last_known_addr { host: "127.7.21.130" port: 40645 } } peers { permanent_uuid: "3b036e764be04eec8998b8c56dc42655" member_type: VOTER last_known_addr { host: "127.7.21.131" port: 40503 } }
I20260709 13:00:38.657862  8559 tablet_bootstrap.cc:492] T 3a2c1cf97f8d4cb4a1bc617a6142d815 P 3b036e764be04eec8998b8c56dc42655: No bootstrap required, opened a new log
I20260709 13:00:38.657843  8519 tablet_service.cc:1917] Received RequestConsensusVote() RPC: tablet_id: "41e5ac9913384c54bfe92f57f4217d71" candidate_uuid: "af6e7677157844729cf64a8fbd026c12" candidate_term: 1 candidate_status { last_received { term: 0 index: 0 } } ignore_live_leader: false dest_uuid: "3b036e764be04eec8998b8c56dc42655" is_pre_election: true
I20260709 13:00:38.658383  8559 ts_tablet_manager.cc:1403] T 3a2c1cf97f8d4cb4a1bc617a6142d815 P 3b036e764be04eec8998b8c56dc42655: Time spent bootstrapping tablet: real 0.018s	user 0.006s	sys 0.007s
I20260709 13:00:38.658535  8444 tablet_service.cc:1917] Received RequestConsensusVote() RPC: tablet_id: "41e5ac9913384c54bfe92f57f4217d71" candidate_uuid: "af6e7677157844729cf64a8fbd026c12" candidate_term: 1 candidate_status { last_received { term: 0 index: 0 } } ignore_live_leader: false dest_uuid: "7d5778d4045344db9d185cf1a7089935" is_pre_election: true
I20260709 13:00:38.658522  8519 raft_consensus.cc:2468] T 41e5ac9913384c54bfe92f57f4217d71 P 3b036e764be04eec8998b8c56dc42655 [term 0 FOLLOWER]: Leader pre-election vote request: Granting yes vote for candidate af6e7677157844729cf64a8fbd026c12 in term 0.
I20260709 13:00:38.660899  8592 leader_election.cc:290] T 41e5ac9913384c54bfe92f57f4217d71 P af6e7677157844729cf64a8fbd026c12 [CANDIDATE]: Term 1 pre-election: Requested pre-vote from peers 7d5778d4045344db9d185cf1a7089935 (127.7.21.130:40645), 3b036e764be04eec8998b8c56dc42655 (127.7.21.131:40503)
I20260709 13:00:38.660924  8559 raft_consensus.cc:359] T 3a2c1cf97f8d4cb4a1bc617a6142d815 P 3b036e764be04eec8998b8c56dc42655 [term 0 FOLLOWER]: Replica starting. Triggering 0 pending ops. Active config: opid_index: -1 OBSOLETE_local: false peers { permanent_uuid: "af6e7677157844729cf64a8fbd026c12" member_type: VOTER last_known_addr { host: "127.7.21.129" port: 37157 } } peers { permanent_uuid: "7d5778d4045344db9d185cf1a7089935" member_type: VOTER last_known_addr { host: "127.7.21.130" port: 40645 } } peers { permanent_uuid: "3b036e764be04eec8998b8c56dc42655" member_type: VOTER last_known_addr { host: "127.7.21.131" port: 40503 } }
I20260709 13:00:38.661717  8559 raft_consensus.cc:385] T 3a2c1cf97f8d4cb4a1bc617a6142d815 P 3b036e764be04eec8998b8c56dc42655 [term 0 FOLLOWER]: Consensus starting up: Expiring failure detector timer to make a prompt election more likely
I20260709 13:00:38.661999  8559 raft_consensus.cc:740] T 3a2c1cf97f8d4cb4a1bc617a6142d815 P 3b036e764be04eec8998b8c56dc42655 [term 0 FOLLOWER]: Becoming Follower/Learner. State: Replica: 3b036e764be04eec8998b8c56dc42655, State: Initialized, Role: FOLLOWER
I20260709 13:00:38.662957  8333 leader_election.cc:304] T 41e5ac9913384c54bfe92f57f4217d71 P af6e7677157844729cf64a8fbd026c12 [CANDIDATE]: Term 1 pre-election: Election decided. Result: candidate won. Election summary: received 2 responses out of 3 voters: 2 yes votes; 0 no votes. yes voters: 3b036e764be04eec8998b8c56dc42655, af6e7677157844729cf64a8fbd026c12; no voters: 
I20260709 13:00:38.663061  8559 consensus_queue.cc:260] T 3a2c1cf97f8d4cb4a1bc617a6142d815 P 3b036e764be04eec8998b8c56dc42655 [NON_LEADER]: Queue going to NON_LEADER mode. State: All replicated index: 0, Majority replicated index: 0, Committed index: 0, Last appended: 0.0, Last appended by leader: 0, Current term: 0, Majority size: -1, State: 0, Mode: NON_LEADER, active raft config: opid_index: -1 OBSOLETE_local: false peers { permanent_uuid: "af6e7677157844729cf64a8fbd026c12" member_type: VOTER last_known_addr { host: "127.7.21.129" port: 37157 } } peers { permanent_uuid: "7d5778d4045344db9d185cf1a7089935" member_type: VOTER last_known_addr { host: "127.7.21.130" port: 40645 } } peers { permanent_uuid: "3b036e764be04eec8998b8c56dc42655" member_type: VOTER last_known_addr { host: "127.7.21.131" port: 40503 } }
I20260709 13:00:38.664192  8592 raft_consensus.cc:2804] T 41e5ac9913384c54bfe92f57f4217d71 P af6e7677157844729cf64a8fbd026c12 [term 0 FOLLOWER]: Leader pre-election won for term 1
I20260709 13:00:38.664736  8560 tablet_bootstrap.cc:492] T f926c7b2fb454d88be200654c50d3783 P af6e7677157844729cf64a8fbd026c12: No bootstrap required, opened a new log
I20260709 13:00:38.665319  8560 ts_tablet_manager.cc:1403] T f926c7b2fb454d88be200654c50d3783 P af6e7677157844729cf64a8fbd026c12: Time spent bootstrapping tablet: real 0.072s	user 0.012s	sys 0.004s
W20260709 13:00:38.665436  8334 leader_election.cc:343] T 41e5ac9913384c54bfe92f57f4217d71 P af6e7677157844729cf64a8fbd026c12 [CANDIDATE]: Term 1 pre-election: Tablet error from VoteRequest() call to peer 7d5778d4045344db9d185cf1a7089935 (127.7.21.130:40645): Illegal state: must be running to vote when last-logged opid is not known
I20260709 13:00:38.664651  8592 raft_consensus.cc:493] T 41e5ac9913384c54bfe92f57f4217d71 P af6e7677157844729cf64a8fbd026c12 [term 0 FOLLOWER]: Starting leader election (no leader contacted us within the election timeout)
I20260709 13:00:38.666566  8592 raft_consensus.cc:3060] T 41e5ac9913384c54bfe92f57f4217d71 P af6e7677157844729cf64a8fbd026c12 [term 0 FOLLOWER]: Advancing to term 1
I20260709 13:00:38.668128  8560 raft_consensus.cc:359] T f926c7b2fb454d88be200654c50d3783 P af6e7677157844729cf64a8fbd026c12 [term 0 FOLLOWER]: Replica starting. Triggering 0 pending ops. Active config: opid_index: -1 OBSOLETE_local: false peers { permanent_uuid: "af6e7677157844729cf64a8fbd026c12" member_type: VOTER last_known_addr { host: "127.7.21.129" port: 37157 } } peers { permanent_uuid: "7d5778d4045344db9d185cf1a7089935" member_type: VOTER last_known_addr { host: "127.7.21.130" port: 40645 } } peers { permanent_uuid: "3b036e764be04eec8998b8c56dc42655" member_type: VOTER last_known_addr { host: "127.7.21.131" port: 40503 } }
I20260709 13:00:38.668906  8559 ts_tablet_manager.cc:1434] T 3a2c1cf97f8d4cb4a1bc617a6142d815 P 3b036e764be04eec8998b8c56dc42655: Time spent starting tablet: real 0.010s	user 0.006s	sys 0.000s
I20260709 13:00:38.668851  8560 raft_consensus.cc:385] T f926c7b2fb454d88be200654c50d3783 P af6e7677157844729cf64a8fbd026c12 [term 0 FOLLOWER]: Consensus starting up: Expiring failure detector timer to make a prompt election more likely
I20260709 13:00:38.669296  8560 raft_consensus.cc:740] T f926c7b2fb454d88be200654c50d3783 P af6e7677157844729cf64a8fbd026c12 [term 0 FOLLOWER]: Becoming Follower/Learner. State: Replica: af6e7677157844729cf64a8fbd026c12, State: Initialized, Role: FOLLOWER
I20260709 13:00:38.669822  8559 tablet_bootstrap.cc:492] T 01ab0587f04d4c94a84dfae1b005e413 P 3b036e764be04eec8998b8c56dc42655: Bootstrap starting.
I20260709 13:00:38.669958  8560 consensus_queue.cc:260] T f926c7b2fb454d88be200654c50d3783 P af6e7677157844729cf64a8fbd026c12 [NON_LEADER]: Queue going to NON_LEADER mode. State: All replicated index: 0, Majority replicated index: 0, Committed index: 0, Last appended: 0.0, Last appended by leader: 0, Current term: 0, Majority size: -1, State: 0, Mode: NON_LEADER, active raft config: opid_index: -1 OBSOLETE_local: false peers { permanent_uuid: "af6e7677157844729cf64a8fbd026c12" member_type: VOTER last_known_addr { host: "127.7.21.129" port: 37157 } } peers { permanent_uuid: "7d5778d4045344db9d185cf1a7089935" member_type: VOTER last_known_addr { host: "127.7.21.130" port: 40645 } } peers { permanent_uuid: "3b036e764be04eec8998b8c56dc42655" member_type: VOTER last_known_addr { host: "127.7.21.131" port: 40503 } }
I20260709 13:00:38.681126  8560 ts_tablet_manager.cc:1434] T f926c7b2fb454d88be200654c50d3783 P af6e7677157844729cf64a8fbd026c12: Time spent starting tablet: real 0.015s	user 0.006s	sys 0.000s
I20260709 13:00:38.682325  8560 tablet_bootstrap.cc:492] T cafa32ffd5774d628c56f75a6db6caa7 P af6e7677157844729cf64a8fbd026c12: Bootstrap starting.
I20260709 13:00:38.677443  8267 catalog_manager.cc:5697] T 3a2c1cf97f8d4cb4a1bc617a6142d815 P 7d5778d4045344db9d185cf1a7089935 reported cstate change: term changed from 0 to 1, leader changed from <none> to 7d5778d4045344db9d185cf1a7089935 (127.7.21.130). New cstate: current_term: 1 leader_uuid: "7d5778d4045344db9d185cf1a7089935" committed_config { opid_index: -1 OBSOLETE_local: false peers { permanent_uuid: "af6e7677157844729cf64a8fbd026c12" member_type: VOTER last_known_addr { host: "127.7.21.129" port: 37157 } health_report { overall_health: UNKNOWN } } peers { permanent_uuid: "7d5778d4045344db9d185cf1a7089935" member_type: VOTER last_known_addr { host: "127.7.21.130" port: 40645 } health_report { overall_health: HEALTHY } } peers { permanent_uuid: "3b036e764be04eec8998b8c56dc42655" member_type: VOTER last_known_addr { host: "127.7.21.131" port: 40503 } health_report { overall_health: UNKNOWN } } }
I20260709 13:00:38.691606  8560 tablet_bootstrap.cc:654] T cafa32ffd5774d628c56f75a6db6caa7 P af6e7677157844729cf64a8fbd026c12: Neither blocks nor log segments found. Creating new log.
I20260709 13:00:38.697041  8592 raft_consensus.cc:515] T 41e5ac9913384c54bfe92f57f4217d71 P af6e7677157844729cf64a8fbd026c12 [term 1 FOLLOWER]: Starting leader election with config: opid_index: -1 OBSOLETE_local: false peers { permanent_uuid: "af6e7677157844729cf64a8fbd026c12" member_type: VOTER last_known_addr { host: "127.7.21.129" port: 37157 } } peers { permanent_uuid: "7d5778d4045344db9d185cf1a7089935" member_type: VOTER last_known_addr { host: "127.7.21.130" port: 40645 } } peers { permanent_uuid: "3b036e764be04eec8998b8c56dc42655" member_type: VOTER last_known_addr { host: "127.7.21.131" port: 40503 } }
I20260709 13:00:38.700951  8592 leader_election.cc:290] T 41e5ac9913384c54bfe92f57f4217d71 P af6e7677157844729cf64a8fbd026c12 [CANDIDATE]: Term 1 election: Requested vote from peers 7d5778d4045344db9d185cf1a7089935 (127.7.21.130:40645), 3b036e764be04eec8998b8c56dc42655 (127.7.21.131:40503)
I20260709 13:00:38.701586  8444 tablet_service.cc:1917] Received RequestConsensusVote() RPC: tablet_id: "41e5ac9913384c54bfe92f57f4217d71" candidate_uuid: "af6e7677157844729cf64a8fbd026c12" candidate_term: 1 candidate_status { last_received { term: 0 index: 0 } } ignore_live_leader: false dest_uuid: "7d5778d4045344db9d185cf1a7089935"
W20260709 13:00:38.702926  8334 leader_election.cc:343] T 41e5ac9913384c54bfe92f57f4217d71 P af6e7677157844729cf64a8fbd026c12 [CANDIDATE]: Term 1 election: Tablet error from VoteRequest() call to peer 7d5778d4045344db9d185cf1a7089935 (127.7.21.130:40645): Illegal state: must be running to vote when last-logged opid is not known
I20260709 13:00:38.703516  8559 tablet_bootstrap.cc:654] T 01ab0587f04d4c94a84dfae1b005e413 P 3b036e764be04eec8998b8c56dc42655: Neither blocks nor log segments found. Creating new log.
I20260709 13:00:38.703800  8519 tablet_service.cc:1917] Received RequestConsensusVote() RPC: tablet_id: "41e5ac9913384c54bfe92f57f4217d71" candidate_uuid: "af6e7677157844729cf64a8fbd026c12" candidate_term: 1 candidate_status { last_received { term: 0 index: 0 } } ignore_live_leader: false dest_uuid: "3b036e764be04eec8998b8c56dc42655"
I20260709 13:00:38.704357  8519 raft_consensus.cc:3060] T 41e5ac9913384c54bfe92f57f4217d71 P 3b036e764be04eec8998b8c56dc42655 [term 0 FOLLOWER]: Advancing to term 1
W20260709 13:00:38.706538  8316 auto_rebalancer.cc:288] Could not retrieve cluster info: Service unavailable: Tablet not running
I20260709 13:00:38.709743  8561 tablet_bootstrap.cc:492] T 2b36abe688964ec7ab9ab33121bb3cf3 P 7d5778d4045344db9d185cf1a7089935: No bootstrap required, opened a new log
I20260709 13:00:38.710148  8561 ts_tablet_manager.cc:1403] T 2b36abe688964ec7ab9ab33121bb3cf3 P 7d5778d4045344db9d185cf1a7089935: Time spent bootstrapping tablet: real 0.129s	user 0.031s	sys 0.032s
