I20260709 13:00:27.501118  8183 consensus_queue.cc:237] T 53718a41334a4e41b322f8180cc06f0d P 3b2a707956644fd084babbf72a413669 [LEADER]: Queue going to LEADER mode. State: All replicated index: 0, Majority replicated index: 3, Committed index: 3, Last appended: 3.3, Last appended by leader: 3, Current term: 4, Majority size: 2, State: 0, Mode: LEADER, active raft config: opid_index: -1 OBSOLETE_local: false peers { permanent_uuid: "3b2a707956644fd084babbf72a413669" member_type: VOTER last_known_addr { host: "127.7.24.65" port: 43969 } } peers { permanent_uuid: "8ffe5c6c0d08471c8181a8e5cd04add2" member_type: VOTER last_known_addr { host: "127.7.24.66" port: 37195 } } peers { permanent_uuid: "13bbb6770a2a4218a4cc71c06702ad49" member_type: VOTER last_known_addr { host: "127.7.24.67" port: 38023 } }
I20260709 13:00:27.507690  7779 catalog_manager.cc:5697] T 53718a41334a4e41b322f8180cc06f0d P 3b2a707956644fd084babbf72a413669 reported cstate change: term changed from 3 to 4, leader changed from 13bbb6770a2a4218a4cc71c06702ad49 (127.7.24.67) to 3b2a707956644fd084babbf72a413669 (127.7.24.65). New cstate: current_term: 4 leader_uuid: "3b2a707956644fd084babbf72a413669" committed_config { opid_index: -1 OBSOLETE_local: false peers { permanent_uuid: "3b2a707956644fd084babbf72a413669" member_type: VOTER last_known_addr { host: "127.7.24.65" port: 43969 } health_report { overall_health: HEALTHY } } peers { permanent_uuid: "8ffe5c6c0d08471c8181a8e5cd04add2" member_type: VOTER last_known_addr { host: "127.7.24.66" port: 37195 } health_report { overall_health: UNKNOWN } } peers { permanent_uuid: "13bbb6770a2a4218a4cc71c06702ad49" member_type: VOTER last_known_addr { host: "127.7.24.67" port: 38023 } health_report { overall_health: UNKNOWN } } }
I20260709 13:00:27.539192  7957 raft_consensus.cc:1275] T d0db0d0a65ad4b15a8f33bfd74eb161f P 8ffe5c6c0d08471c8181a8e5cd04add2 [term 2 FOLLOWER]: Refusing update from remote peer 3b2a707956644fd084babbf72a413669: Log matching property violated. Preceding OpId in replica: term: 1 index: 1. Preceding OpId from leader: term: 2 index: 2. (index mismatch)
I20260709 13:00:27.540480  8183 consensus_queue.cc:1048] T d0db0d0a65ad4b15a8f33bfd74eb161f P 3b2a707956644fd084babbf72a413669 [LEADER]: Connected to new peer: Peer: permanent_uuid: "8ffe5c6c0d08471c8181a8e5cd04add2" member_type: VOTER last_known_addr { host: "127.7.24.66" port: 37195 }, Status: LMP_MISMATCH, Last received: 0.0, Next index: 2, Last known committed idx: 1, Time since last communication: 0.000s
I20260709 13:00:27.542842  8030 raft_consensus.cc:1275] T d0db0d0a65ad4b15a8f33bfd74eb161f P 13bbb6770a2a4218a4cc71c06702ad49 [term 2 FOLLOWER]: Refusing update from remote peer 3b2a707956644fd084babbf72a413669: Log matching property violated. Preceding OpId in replica: term: 1 index: 1. Preceding OpId from leader: term: 2 index: 2. (index mismatch)
I20260709 13:00:27.544190  8183 consensus_queue.cc:1048] T d0db0d0a65ad4b15a8f33bfd74eb161f P 3b2a707956644fd084babbf72a413669 [LEADER]: Connected to new peer: Peer: permanent_uuid: "13bbb6770a2a4218a4cc71c06702ad49" member_type: VOTER last_known_addr { host: "127.7.24.67" port: 38023 }, Status: LMP_MISMATCH, Last received: 0.0, Next index: 2, Last known committed idx: 1, Time since last communication: 0.000s
I20260709 13:00:27.609608  7957 raft_consensus.cc:1275] T ca86429955854d2ca0321582682ffe6d P 8ffe5c6c0d08471c8181a8e5cd04add2 [term 2 FOLLOWER]: Refusing update from remote peer 3b2a707956644fd084babbf72a413669: Log matching property violated. Preceding OpId in replica: term: 1 index: 1. Preceding OpId from leader: term: 2 index: 2. (index mismatch)
I20260709 13:00:27.610898  8185 consensus_queue.cc:1048] T ca86429955854d2ca0321582682ffe6d P 3b2a707956644fd084babbf72a413669 [LEADER]: Connected to new peer: Peer: permanent_uuid: "8ffe5c6c0d08471c8181a8e5cd04add2" member_type: VOTER last_known_addr { host: "127.7.24.66" port: 37195 }, Status: LMP_MISMATCH, Last received: 0.0, Next index: 2, Last known committed idx: 1, Time since last communication: 0.000s
I20260709 13:00:27.619599  8030 raft_consensus.cc:1275] T ca86429955854d2ca0321582682ffe6d P 13bbb6770a2a4218a4cc71c06702ad49 [term 2 FOLLOWER]: Refusing update from remote peer 3b2a707956644fd084babbf72a413669: Log matching property violated. Preceding OpId in replica: term: 1 index: 1. Preceding OpId from leader: term: 2 index: 2. (index mismatch)
I20260709 13:00:27.621363  8159 consensus_queue.cc:1048] T ca86429955854d2ca0321582682ffe6d P 3b2a707956644fd084babbf72a413669 [LEADER]: Connected to new peer: Peer: permanent_uuid: "13bbb6770a2a4218a4cc71c06702ad49" member_type: VOTER last_known_addr { host: "127.7.24.67" port: 38023 }, Status: LMP_MISMATCH, Last received: 0.0, Next index: 2, Last known committed idx: 1, Time since last communication: 0.000s
I20260709 13:00:27.630051  8030 raft_consensus.cc:1275] T e86337431cf0483e9a4467a58b85cfea P 13bbb6770a2a4218a4cc71c06702ad49 [term 3 FOLLOWER]: Refusing update from remote peer 3b2a707956644fd084babbf72a413669: Log matching property violated. Preceding OpId in replica: term: 2 index: 2. Preceding OpId from leader: term: 3 index: 3. (index mismatch)
I20260709 13:00:27.631197  8159 consensus_queue.cc:1048] T e86337431cf0483e9a4467a58b85cfea P 3b2a707956644fd084babbf72a413669 [LEADER]: Connected to new peer: Peer: permanent_uuid: "13bbb6770a2a4218a4cc71c06702ad49" member_type: VOTER last_known_addr { host: "127.7.24.67" port: 38023 }, Status: LMP_MISMATCH, Last received: 0.0, Next index: 3, Last known committed idx: 2, Time since last communication: 0.000s
I20260709 13:00:27.638960  7957 raft_consensus.cc:1275] T e86337431cf0483e9a4467a58b85cfea P 8ffe5c6c0d08471c8181a8e5cd04add2 [term 3 FOLLOWER]: Refusing update from remote peer 3b2a707956644fd084babbf72a413669: Log matching property violated. Preceding OpId in replica: term: 2 index: 2. Preceding OpId from leader: term: 3 index: 3. (index mismatch)
I20260709 13:00:27.640671  8200 consensus_queue.cc:1048] T e86337431cf0483e9a4467a58b85cfea P 3b2a707956644fd084babbf72a413669 [LEADER]: Connected to new peer: Peer: permanent_uuid: "8ffe5c6c0d08471c8181a8e5cd04add2" member_type: VOTER last_known_addr { host: "127.7.24.66" port: 37195 }, Status: LMP_MISMATCH, Last received: 0.0, Next index: 3, Last known committed idx: 2, Time since last communication: 0.000s
I20260709 13:00:27.911302  8030 raft_consensus.cc:1275] T 237f0cbbf159444a8a348ed50be04a58 P 13bbb6770a2a4218a4cc71c06702ad49 [term 3 FOLLOWER]: Refusing update from remote peer 3b2a707956644fd084babbf72a413669: Log matching property violated. Preceding OpId in replica: term: 2 index: 2. Preceding OpId from leader: term: 3 index: 3. (index mismatch)
I20260709 13:00:27.912590  8200 consensus_queue.cc:1048] T 237f0cbbf159444a8a348ed50be04a58 P 3b2a707956644fd084babbf72a413669 [LEADER]: Connected to new peer: Peer: permanent_uuid: "13bbb6770a2a4218a4cc71c06702ad49" member_type: VOTER last_known_addr { host: "127.7.24.67" port: 38023 }, Status: LMP_MISMATCH, Last received: 0.0, Next index: 3, Last known committed idx: 2, Time since last communication: 0.000s
I20260709 13:00:27.921753  7957 raft_consensus.cc:1275] T 237f0cbbf159444a8a348ed50be04a58 P 8ffe5c6c0d08471c8181a8e5cd04add2 [term 3 FOLLOWER]: Refusing update from remote peer 3b2a707956644fd084babbf72a413669: Log matching property violated. Preceding OpId in replica: term: 2 index: 2. Preceding OpId from leader: term: 3 index: 3. (index mismatch)
I20260709 13:00:27.923334  8200 consensus_queue.cc:1048] T 237f0cbbf159444a8a348ed50be04a58 P 3b2a707956644fd084babbf72a413669 [LEADER]: Connected to new peer: Peer: permanent_uuid: "8ffe5c6c0d08471c8181a8e5cd04add2" member_type: VOTER last_known_addr { host: "127.7.24.66" port: 37195 }, Status: LMP_MISMATCH, Last received: 0.0, Next index: 3, Last known committed idx: 2, Time since last communication: 0.000s
I20260709 13:00:28.064539  8030 raft_consensus.cc:1275] T 53718a41334a4e41b322f8180cc06f0d P 13bbb6770a2a4218a4cc71c06702ad49 [term 4 FOLLOWER]: Refusing update from remote peer 3b2a707956644fd084babbf72a413669: Log matching property violated. Preceding OpId in replica: term: 3 index: 3. Preceding OpId from leader: term: 4 index: 4. (index mismatch)
I20260709 13:00:28.065573  8200 consensus_queue.cc:1048] T 53718a41334a4e41b322f8180cc06f0d P 3b2a707956644fd084babbf72a413669 [LEADER]: Connected to new peer: Peer: permanent_uuid: "13bbb6770a2a4218a4cc71c06702ad49" member_type: VOTER last_known_addr { host: "127.7.24.67" port: 38023 }, Status: LMP_MISMATCH, Last received: 0.0, Next index: 4, Last known committed idx: 3, Time since last communication: 0.000s
I20260709 13:00:28.073037  7957 raft_consensus.cc:1275] T 53718a41334a4e41b322f8180cc06f0d P 8ffe5c6c0d08471c8181a8e5cd04add2 [term 4 FOLLOWER]: Refusing update from remote peer 3b2a707956644fd084babbf72a413669: Log matching property violated. Preceding OpId in replica: term: 3 index: 3. Preceding OpId from leader: term: 4 index: 4. (index mismatch)
I20260709 13:00:28.074854  8200 consensus_queue.cc:1048] T 53718a41334a4e41b322f8180cc06f0d P 3b2a707956644fd084babbf72a413669 [LEADER]: Connected to new peer: Peer: permanent_uuid: "8ffe5c6c0d08471c8181a8e5cd04add2" member_type: VOTER last_known_addr { host: "127.7.24.66" port: 37195 }, Status: LMP_MISMATCH, Last received: 0.0, Next index: 4, Last known committed idx: 3, Time since last communication: 0.000s
I20260709 13:00:29.987924  7265 auto_leader_rebalancer.cc:141] leader rebalance for table test-workload
I20260709 13:00:29.995993  7882 tablet_service.cc:2072] Received LeaderStepDown RPC: tablet_id: "b8cc52ef461f42bda490323563fe2201"
dest_uuid: "3b2a707956644fd084babbf72a413669"
mode: GRACEFUL
new_leader_uuid: "8ffe5c6c0d08471c8181a8e5cd04add2"
 from {username='slave'} at 127.0.0.1:44712
I20260709 13:00:29.996750  7882 raft_consensus.cc:606] T b8cc52ef461f42bda490323563fe2201 P 3b2a707956644fd084babbf72a413669 [term 2 LEADER]: Received request to transfer leadership to TS 8ffe5c6c0d08471c8181a8e5cd04add2
I20260709 13:00:29.999820  7882 tablet_service.cc:2072] Received LeaderStepDown RPC: tablet_id: "ca86429955854d2ca0321582682ffe6d"
dest_uuid: "3b2a707956644fd084babbf72a413669"
mode: GRACEFUL
new_leader_uuid: "8ffe5c6c0d08471c8181a8e5cd04add2"
 from {username='slave'} at 127.0.0.1:44712
I20260709 13:00:30.000384  7882 raft_consensus.cc:606] T ca86429955854d2ca0321582682ffe6d P 3b2a707956644fd084babbf72a413669 [term 2 LEADER]: Received request to transfer leadership to TS 8ffe5c6c0d08471c8181a8e5cd04add2
I20260709 13:00:30.002918  7882 tablet_service.cc:2072] Received LeaderStepDown RPC: tablet_id: "d0db0d0a65ad4b15a8f33bfd74eb161f"
dest_uuid: "3b2a707956644fd084babbf72a413669"
mode: GRACEFUL
new_leader_uuid: "13bbb6770a2a4218a4cc71c06702ad49"
 from {username='slave'} at 127.0.0.1:44712
I20260709 13:00:30.003451  7882 raft_consensus.cc:606] T d0db0d0a65ad4b15a8f33bfd74eb161f P 3b2a707956644fd084babbf72a413669 [term 2 LEADER]: Received request to transfer leadership to TS 13bbb6770a2a4218a4cc71c06702ad49
I20260709 13:00:30.005672  7882 tablet_service.cc:2072] Received LeaderStepDown RPC: tablet_id: "e86337431cf0483e9a4467a58b85cfea"
dest_uuid: "3b2a707956644fd084babbf72a413669"
mode: GRACEFUL
new_leader_uuid: "13bbb6770a2a4218a4cc71c06702ad49"
 from {username='slave'} at 127.0.0.1:44712
I20260709 13:00:30.006130  7882 raft_consensus.cc:606] T e86337431cf0483e9a4467a58b85cfea P 3b2a707956644fd084babbf72a413669 [term 3 LEADER]: Received request to transfer leadership to TS 13bbb6770a2a4218a4cc71c06702ad49
I20260709 13:00:30.007133  7265 auto_leader_rebalancer.cc:452] table: test-workload, leader rebalance finish, leader transfer count: 4
I20260709 13:00:30.007583  7265 auto_leader_rebalancer.cc:527] All tables' leader rebalancing finished this round
I20260709 13:00:30.123854  8206 raft_consensus.cc:993] T ca86429955854d2ca0321582682ffe6d P 3b2a707956644fd084babbf72a413669: : Instructing follower 8ffe5c6c0d08471c8181a8e5cd04add2 to start an election
I20260709 13:00:30.124377  8183 raft_consensus.cc:1081] T ca86429955854d2ca0321582682ffe6d P 3b2a707956644fd084babbf72a413669 [term 2 LEADER]: Signalling peer 8ffe5c6c0d08471c8181a8e5cd04add2 to start an election
I20260709 13:00:30.125900  7957 tablet_service.cc:2044] Received Run Leader Election RPC: tablet_id: "ca86429955854d2ca0321582682ffe6d"
dest_uuid: "8ffe5c6c0d08471c8181a8e5cd04add2"
 from {username='slave'} at 127.0.0.1:52666
I20260709 13:00:30.126370  7957 raft_consensus.cc:493] T ca86429955854d2ca0321582682ffe6d P 8ffe5c6c0d08471c8181a8e5cd04add2 [term 2 FOLLOWER]: Starting forced leader election (received explicit request)
I20260709 13:00:30.126644  7957 raft_consensus.cc:3060] T ca86429955854d2ca0321582682ffe6d P 8ffe5c6c0d08471c8181a8e5cd04add2 [term 2 FOLLOWER]: Advancing to term 3
I20260709 13:00:30.132287  7957 raft_consensus.cc:515] T ca86429955854d2ca0321582682ffe6d P 8ffe5c6c0d08471c8181a8e5cd04add2 [term 3 FOLLOWER]: Starting forced leader election with config: opid_index: -1 OBSOLETE_local: false peers { permanent_uuid: "3b2a707956644fd084babbf72a413669" member_type: VOTER last_known_addr { host: "127.7.24.65" port: 43969 } } peers { permanent_uuid: "8ffe5c6c0d08471c8181a8e5cd04add2" member_type: VOTER last_known_addr { host: "127.7.24.66" port: 37195 } } peers { permanent_uuid: "13bbb6770a2a4218a4cc71c06702ad49" member_type: VOTER last_known_addr { host: "127.7.24.67" port: 38023 } }
I20260709 13:00:30.133813  7957 leader_election.cc:290] T ca86429955854d2ca0321582682ffe6d P 8ffe5c6c0d08471c8181a8e5cd04add2 [CANDIDATE]: Term 3 election: Requested vote from peers 3b2a707956644fd084babbf72a413669 (127.7.24.65:43969), 13bbb6770a2a4218a4cc71c06702ad49 (127.7.24.67:38023)
I20260709 13:00:30.134644  7882 tablet_service.cc:1917] Received RequestConsensusVote() RPC: tablet_id: "ca86429955854d2ca0321582682ffe6d" candidate_uuid: "8ffe5c6c0d08471c8181a8e5cd04add2" candidate_term: 3 candidate_status { last_received { term: 2 index: 2 } } ignore_live_leader: true dest_uuid: "3b2a707956644fd084babbf72a413669"
I20260709 13:00:30.135187  8030 tablet_service.cc:1917] Received RequestConsensusVote() RPC: tablet_id: "ca86429955854d2ca0321582682ffe6d" candidate_uuid: "8ffe5c6c0d08471c8181a8e5cd04add2" candidate_term: 3 candidate_status { last_received { term: 2 index: 2 } } ignore_live_leader: true dest_uuid: "13bbb6770a2a4218a4cc71c06702ad49"
I20260709 13:00:30.135443  7882 raft_consensus.cc:3055] T ca86429955854d2ca0321582682ffe6d P 3b2a707956644fd084babbf72a413669 [term 2 LEADER]: Stepping down as leader of term 2
I20260709 13:00:30.135718  8030 raft_consensus.cc:3060] T ca86429955854d2ca0321582682ffe6d P 13bbb6770a2a4218a4cc71c06702ad49 [term 2 FOLLOWER]: Advancing to term 3
I20260709 13:00:30.135787  7882 raft_consensus.cc:740] T ca86429955854d2ca0321582682ffe6d P 3b2a707956644fd084babbf72a413669 [term 2 LEADER]: Becoming Follower/Learner. State: Replica: 3b2a707956644fd084babbf72a413669, State: Running, Role: LEADER
I20260709 13:00:30.136672  7882 consensus_queue.cc:260] T ca86429955854d2ca0321582682ffe6d P 3b2a707956644fd084babbf72a413669 [NON_LEADER]: Queue going to NON_LEADER mode. State: All replicated index: 0, Majority replicated index: 2, Committed index: 2, Last appended: 2.2, Last appended by leader: 2, Current term: 2, Majority size: -1, State: 0, Mode: NON_LEADER, active raft config: opid_index: -1 OBSOLETE_local: false peers { permanent_uuid: "3b2a707956644fd084babbf72a413669" member_type: VOTER last_known_addr { host: "127.7.24.65" port: 43969 } } peers { permanent_uuid: "8ffe5c6c0d08471c8181a8e5cd04add2" member_type: VOTER last_known_addr { host: "127.7.24.66" port: 37195 } } peers { permanent_uuid: "13bbb6770a2a4218a4cc71c06702ad49" member_type: VOTER last_known_addr { host: "127.7.24.67" port: 38023 } }
I20260709 13:00:30.137782  7882 raft_consensus.cc:3060] T ca86429955854d2ca0321582682ffe6d P 3b2a707956644fd084babbf72a413669 [term 2 FOLLOWER]: Advancing to term 3
I20260709 13:00:30.141351  8030 raft_consensus.cc:2468] T ca86429955854d2ca0321582682ffe6d P 13bbb6770a2a4218a4cc71c06702ad49 [term 3 FOLLOWER]: Leader election vote request: Granting yes vote for candidate 8ffe5c6c0d08471c8181a8e5cd04add2 in term 3.
I20260709 13:00:30.142627  7921 leader_election.cc:304] T ca86429955854d2ca0321582682ffe6d P 8ffe5c6c0d08471c8181a8e5cd04add2 [CANDIDATE]: Term 3 election: Election decided. Result: candidate won. Election summary: received 2 responses out of 3 voters: 2 yes votes; 0 no votes. yes voters: 13bbb6770a2a4218a4cc71c06702ad49, 8ffe5c6c0d08471c8181a8e5cd04add2; no voters: 
I20260709 13:00:30.143177  7882 raft_consensus.cc:2468] T ca86429955854d2ca0321582682ffe6d P 3b2a707956644fd084babbf72a413669 [term 3 FOLLOWER]: Leader election vote request: Granting yes vote for candidate 8ffe5c6c0d08471c8181a8e5cd04add2 in term 3.
I20260709 13:00:30.143656  8181 raft_consensus.cc:2804] T ca86429955854d2ca0321582682ffe6d P 8ffe5c6c0d08471c8181a8e5cd04add2 [term 3 FOLLOWER]: Leader election won for term 3
I20260709 13:00:30.144781  8181 raft_consensus.cc:697] T ca86429955854d2ca0321582682ffe6d P 8ffe5c6c0d08471c8181a8e5cd04add2 [term 3 LEADER]: Becoming Leader. State: Replica: 8ffe5c6c0d08471c8181a8e5cd04add2, State: Running, Role: LEADER
I20260709 13:00:30.145732  8181 consensus_queue.cc:237] T ca86429955854d2ca0321582682ffe6d P 8ffe5c6c0d08471c8181a8e5cd04add2 [LEADER]: Queue going to LEADER mode. State: All replicated index: 0, Majority replicated index: 2, Committed index: 2, Last appended: 2.2, Last appended by leader: 2, Current term: 3, Majority size: 2, State: 0, Mode: LEADER, active raft config: opid_index: -1 OBSOLETE_local: false peers { permanent_uuid: "3b2a707956644fd084babbf72a413669" member_type: VOTER last_known_addr { host: "127.7.24.65" port: 43969 } } peers { permanent_uuid: "8ffe5c6c0d08471c8181a8e5cd04add2" member_type: VOTER last_known_addr { host: "127.7.24.66" port: 37195 } } peers { permanent_uuid: "13bbb6770a2a4218a4cc71c06702ad49" member_type: VOTER last_known_addr { host: "127.7.24.67" port: 38023 } }
I20260709 13:00:30.150084  8206 raft_consensus.cc:993] T d0db0d0a65ad4b15a8f33bfd74eb161f P 3b2a707956644fd084babbf72a413669: : Instructing follower 13bbb6770a2a4218a4cc71c06702ad49 to start an election
I20260709 13:00:30.150609  8183 raft_consensus.cc:1081] T d0db0d0a65ad4b15a8f33bfd74eb161f P 3b2a707956644fd084babbf72a413669 [term 2 LEADER]: Signalling peer 13bbb6770a2a4218a4cc71c06702ad49 to start an election
I20260709 13:00:30.152114  8030 tablet_service.cc:2044] Received Run Leader Election RPC: tablet_id: "d0db0d0a65ad4b15a8f33bfd74eb161f"
dest_uuid: "13bbb6770a2a4218a4cc71c06702ad49"
 from {username='slave'} at 127.0.0.1:32934
I20260709 13:00:30.152578  8030 raft_consensus.cc:493] T d0db0d0a65ad4b15a8f33bfd74eb161f P 13bbb6770a2a4218a4cc71c06702ad49 [term 2 FOLLOWER]: Starting forced leader election (received explicit request)
I20260709 13:00:30.152838  8030 raft_consensus.cc:3060] T d0db0d0a65ad4b15a8f33bfd74eb161f P 13bbb6770a2a4218a4cc71c06702ad49 [term 2 FOLLOWER]: Advancing to term 3
I20260709 13:00:30.153615  7779 catalog_manager.cc:5697] T ca86429955854d2ca0321582682ffe6d P 8ffe5c6c0d08471c8181a8e5cd04add2 reported cstate change: term changed from 2 to 3, leader changed from 3b2a707956644fd084babbf72a413669 (127.7.24.65) to 8ffe5c6c0d08471c8181a8e5cd04add2 (127.7.24.66). New cstate: current_term: 3 leader_uuid: "8ffe5c6c0d08471c8181a8e5cd04add2" committed_config { opid_index: -1 OBSOLETE_local: false peers { permanent_uuid: "3b2a707956644fd084babbf72a413669" member_type: VOTER last_known_addr { host: "127.7.24.65" port: 43969 } health_report { overall_health: UNKNOWN } } peers { permanent_uuid: "8ffe5c6c0d08471c8181a8e5cd04add2" member_type: VOTER last_known_addr { host: "127.7.24.66" port: 37195 } health_report { overall_health: HEALTHY } } peers { permanent_uuid: "13bbb6770a2a4218a4cc71c06702ad49" member_type: VOTER last_known_addr { host: "127.7.24.67" port: 38023 } health_report { overall_health: UNKNOWN } } }
I20260709 13:00:30.157791  8030 raft_consensus.cc:515] T d0db0d0a65ad4b15a8f33bfd74eb161f P 13bbb6770a2a4218a4cc71c06702ad49 [term 3 FOLLOWER]: Starting forced leader election with config: opid_index: -1 OBSOLETE_local: false peers { permanent_uuid: "3b2a707956644fd084babbf72a413669" member_type: VOTER last_known_addr { host: "127.7.24.65" port: 43969 } } peers { permanent_uuid: "8ffe5c6c0d08471c8181a8e5cd04add2" member_type: VOTER last_known_addr { host: "127.7.24.66" port: 37195 } } peers { permanent_uuid: "13bbb6770a2a4218a4cc71c06702ad49" member_type: VOTER last_known_addr { host: "127.7.24.67" port: 38023 } }
I20260709 13:00:30.160395  8030 leader_election.cc:290] T d0db0d0a65ad4b15a8f33bfd74eb161f P 13bbb6770a2a4218a4cc71c06702ad49 [CANDIDATE]: Term 3 election: Requested vote from peers 3b2a707956644fd084babbf72a413669 (127.7.24.65:43969), 8ffe5c6c0d08471c8181a8e5cd04add2 (127.7.24.66:37195)
I20260709 13:00:30.160895  7957 tablet_service.cc:1917] Received RequestConsensusVote() RPC: tablet_id: "d0db0d0a65ad4b15a8f33bfd74eb161f" candidate_uuid: "13bbb6770a2a4218a4cc71c06702ad49" candidate_term: 3 candidate_status { last_received { term: 2 index: 2 } } ignore_live_leader: true dest_uuid: "8ffe5c6c0d08471c8181a8e5cd04add2"
I20260709 13:00:30.160895  7882 tablet_service.cc:1917] Received RequestConsensusVote() RPC: tablet_id: "d0db0d0a65ad4b15a8f33bfd74eb161f" candidate_uuid: "13bbb6770a2a4218a4cc71c06702ad49" candidate_term: 3 candidate_status { last_received { term: 2 index: 2 } } ignore_live_leader: true dest_uuid: "3b2a707956644fd084babbf72a413669"
I20260709 13:00:30.161784  7957 raft_consensus.cc:3060] T d0db0d0a65ad4b15a8f33bfd74eb161f P 8ffe5c6c0d08471c8181a8e5cd04add2 [term 2 FOLLOWER]: Advancing to term 3
I20260709 13:00:30.161893  7882 raft_consensus.cc:3055] T d0db0d0a65ad4b15a8f33bfd74eb161f P 3b2a707956644fd084babbf72a413669 [term 2 LEADER]: Stepping down as leader of term 2
I20260709 13:00:30.162318  7882 raft_consensus.cc:740] T d0db0d0a65ad4b15a8f33bfd74eb161f P 3b2a707956644fd084babbf72a413669 [term 2 LEADER]: Becoming Follower/Learner. State: Replica: 3b2a707956644fd084babbf72a413669, State: Running, Role: LEADER
I20260709 13:00:30.163113  7882 consensus_queue.cc:260] T d0db0d0a65ad4b15a8f33bfd74eb161f P 3b2a707956644fd084babbf72a413669 [NON_LEADER]: Queue going to NON_LEADER mode. State: All replicated index: 0, Majority replicated index: 2, Committed index: 2, Last appended: 2.2, Last appended by leader: 2, Current term: 2, Majority size: -1, State: 0, Mode: NON_LEADER, active raft config: opid_index: -1 OBSOLETE_local: false peers { permanent_uuid: "3b2a707956644fd084babbf72a413669" member_type: VOTER last_known_addr { host: "127.7.24.65" port: 43969 } } peers { permanent_uuid: "8ffe5c6c0d08471c8181a8e5cd04add2" member_type: VOTER last_known_addr { host: "127.7.24.66" port: 37195 } } peers { permanent_uuid: "13bbb6770a2a4218a4cc71c06702ad49" member_type: VOTER last_known_addr { host: "127.7.24.67" port: 38023 } }
I20260709 13:00:30.164530  7882 raft_consensus.cc:3060] T d0db0d0a65ad4b15a8f33bfd74eb161f P 3b2a707956644fd084babbf72a413669 [term 2 FOLLOWER]: Advancing to term 3
I20260709 13:00:30.169358  7957 raft_consensus.cc:2468] T d0db0d0a65ad4b15a8f33bfd74eb161f P 8ffe5c6c0d08471c8181a8e5cd04add2 [term 3 FOLLOWER]: Leader election vote request: Granting yes vote for candidate 13bbb6770a2a4218a4cc71c06702ad49 in term 3.
I20260709 13:00:30.170421  7882 raft_consensus.cc:2468] T d0db0d0a65ad4b15a8f33bfd74eb161f P 3b2a707956644fd084babbf72a413669 [term 3 FOLLOWER]: Leader election vote request: Granting yes vote for candidate 13bbb6770a2a4218a4cc71c06702ad49 in term 3.
I20260709 13:00:30.171353  7994 leader_election.cc:304] T d0db0d0a65ad4b15a8f33bfd74eb161f P 13bbb6770a2a4218a4cc71c06702ad49 [CANDIDATE]: Term 3 election: Election decided. Result: candidate won. Election summary: received 2 responses out of 3 voters: 2 yes votes; 0 no votes. yes voters: 13bbb6770a2a4218a4cc71c06702ad49, 8ffe5c6c0d08471c8181a8e5cd04add2; no voters: 
I20260709 13:00:30.172412  8166 raft_consensus.cc:2804] T d0db0d0a65ad4b15a8f33bfd74eb161f P 13bbb6770a2a4218a4cc71c06702ad49 [term 3 FOLLOWER]: Leader election won for term 3
I20260709 13:00:30.173677  8166 raft_consensus.cc:697] T d0db0d0a65ad4b15a8f33bfd74eb161f P 13bbb6770a2a4218a4cc71c06702ad49 [term 3 LEADER]: Becoming Leader. State: Replica: 13bbb6770a2a4218a4cc71c06702ad49, State: Running, Role: LEADER
I20260709 13:00:30.174678  8166 consensus_queue.cc:237] T d0db0d0a65ad4b15a8f33bfd74eb161f P 13bbb6770a2a4218a4cc71c06702ad49 [LEADER]: Queue going to LEADER mode. State: All replicated index: 0, Majority replicated index: 2, Committed index: 2, Last appended: 2.2, Last appended by leader: 2, Current term: 3, Majority size: 2, State: 0, Mode: LEADER, active raft config: opid_index: -1 OBSOLETE_local: false peers { permanent_uuid: "3b2a707956644fd084babbf72a413669" member_type: VOTER last_known_addr { host: "127.7.24.65" port: 43969 } } peers { permanent_uuid: "8ffe5c6c0d08471c8181a8e5cd04add2" member_type: VOTER last_known_addr { host: "127.7.24.66" port: 37195 } } peers { permanent_uuid: "13bbb6770a2a4218a4cc71c06702ad49" member_type: VOTER last_known_addr { host: "127.7.24.67" port: 38023 } }
I20260709 13:00:30.181764  7779 catalog_manager.cc:5697] T d0db0d0a65ad4b15a8f33bfd74eb161f P 13bbb6770a2a4218a4cc71c06702ad49 reported cstate change: term changed from 2 to 3, leader changed from 3b2a707956644fd084babbf72a413669 (127.7.24.65) to 13bbb6770a2a4218a4cc71c06702ad49 (127.7.24.67). New cstate: current_term: 3 leader_uuid: "13bbb6770a2a4218a4cc71c06702ad49" committed_config { opid_index: -1 OBSOLETE_local: false peers { permanent_uuid: "3b2a707956644fd084babbf72a413669" member_type: VOTER last_known_addr { host: "127.7.24.65" port: 43969 } health_report { overall_health: UNKNOWN } } peers { permanent_uuid: "8ffe5c6c0d08471c8181a8e5cd04add2" member_type: VOTER last_known_addr { host: "127.7.24.66" port: 37195 } health_report { overall_health: UNKNOWN } } peers { permanent_uuid: "13bbb6770a2a4218a4cc71c06702ad49" member_type: VOTER last_known_addr { host: "127.7.24.67" port: 38023 } health_report { overall_health: HEALTHY } } }
I20260709 13:00:30.233546  8206 raft_consensus.cc:993] T b8cc52ef461f42bda490323563fe2201 P 3b2a707956644fd084babbf72a413669: : Instructing follower 8ffe5c6c0d08471c8181a8e5cd04add2 to start an election
I20260709 13:00:30.233992  8206 raft_consensus.cc:1081] T b8cc52ef461f42bda490323563fe2201 P 3b2a707956644fd084babbf72a413669 [term 2 LEADER]: Signalling peer 8ffe5c6c0d08471c8181a8e5cd04add2 to start an election
I20260709 13:00:30.235523  7957 tablet_service.cc:2044] Received Run Leader Election RPC: tablet_id: "b8cc52ef461f42bda490323563fe2201"
dest_uuid: "8ffe5c6c0d08471c8181a8e5cd04add2"
 from {username='slave'} at 127.0.0.1:52666
I20260709 13:00:30.236009  7957 raft_consensus.cc:493] T b8cc52ef461f42bda490323563fe2201 P 8ffe5c6c0d08471c8181a8e5cd04add2 [term 2 FOLLOWER]: Starting forced leader election (received explicit request)
I20260709 13:00:30.236336  7957 raft_consensus.cc:3060] T b8cc52ef461f42bda490323563fe2201 P 8ffe5c6c0d08471c8181a8e5cd04add2 [term 2 FOLLOWER]: Advancing to term 3
I20260709 13:00:30.240579  7957 raft_consensus.cc:515] T b8cc52ef461f42bda490323563fe2201 P 8ffe5c6c0d08471c8181a8e5cd04add2 [term 3 FOLLOWER]: Starting forced leader election with config: opid_index: -1 OBSOLETE_local: false peers { permanent_uuid: "3b2a707956644fd084babbf72a413669" member_type: VOTER last_known_addr { host: "127.7.24.65" port: 43969 } } peers { permanent_uuid: "8ffe5c6c0d08471c8181a8e5cd04add2" member_type: VOTER last_known_addr { host: "127.7.24.66" port: 37195 } } peers { permanent_uuid: "13bbb6770a2a4218a4cc71c06702ad49" member_type: VOTER last_known_addr { host: "127.7.24.67" port: 38023 } }
I20260709 13:00:30.241972  7957 leader_election.cc:290] T b8cc52ef461f42bda490323563fe2201 P 8ffe5c6c0d08471c8181a8e5cd04add2 [CANDIDATE]: Term 3 election: Requested vote from peers 3b2a707956644fd084babbf72a413669 (127.7.24.65:43969), 13bbb6770a2a4218a4cc71c06702ad49 (127.7.24.67:38023)
I20260709 13:00:30.242893  7882 tablet_service.cc:1917] Received RequestConsensusVote() RPC: tablet_id: "b8cc52ef461f42bda490323563fe2201" candidate_uuid: "8ffe5c6c0d08471c8181a8e5cd04add2" candidate_term: 3 candidate_status { last_received { term: 2 index: 2 } } ignore_live_leader: true dest_uuid: "3b2a707956644fd084babbf72a413669"
I20260709 13:00:30.243422  7882 raft_consensus.cc:3055] T b8cc52ef461f42bda490323563fe2201 P 3b2a707956644fd084babbf72a413669 [term 2 LEADER]: Stepping down as leader of term 2
I20260709 13:00:30.243391  8030 tablet_service.cc:1917] Received RequestConsensusVote() RPC: tablet_id: "b8cc52ef461f42bda490323563fe2201" candidate_uuid: "8ffe5c6c0d08471c8181a8e5cd04add2" candidate_term: 3 candidate_status { last_received { term: 2 index: 2 } } ignore_live_leader: true dest_uuid: "13bbb6770a2a4218a4cc71c06702ad49"
I20260709 13:00:30.243753  7882 raft_consensus.cc:740] T b8cc52ef461f42bda490323563fe2201 P 3b2a707956644fd084babbf72a413669 [term 2 LEADER]: Becoming Follower/Learner. State: Replica: 3b2a707956644fd084babbf72a413669, State: Running, Role: LEADER
I20260709 13:00:30.243914  8030 raft_consensus.cc:3060] T b8cc52ef461f42bda490323563fe2201 P 13bbb6770a2a4218a4cc71c06702ad49 [term 2 FOLLOWER]: Advancing to term 3
I20260709 13:00:30.244477  7882 consensus_queue.cc:260] T b8cc52ef461f42bda490323563fe2201 P 3b2a707956644fd084babbf72a413669 [NON_LEADER]: Queue going to NON_LEADER mode. State: All replicated index: 0, Majority replicated index: 2, Committed index: 2, Last appended: 2.2, Last appended by leader: 2, Current term: 2, Majority size: -1, State: 0, Mode: NON_LEADER, active raft config: opid_index: -1 OBSOLETE_local: false peers { permanent_uuid: "3b2a707956644fd084babbf72a413669" member_type: VOTER last_known_addr { host: "127.7.24.65" port: 43969 } } peers { permanent_uuid: "8ffe5c6c0d08471c8181a8e5cd04add2" member_type: VOTER last_known_addr { host: "127.7.24.66" port: 37195 } } peers { permanent_uuid: "13bbb6770a2a4218a4cc71c06702ad49" member_type: VOTER last_known_addr { host: "127.7.24.67" port: 38023 } }
I20260709 13:00:30.245415  7882 raft_consensus.cc:3060] T b8cc52ef461f42bda490323563fe2201 P 3b2a707956644fd084babbf72a413669 [term 2 FOLLOWER]: Advancing to term 3
I20260709 13:00:30.248175  8030 raft_consensus.cc:2468] T b8cc52ef461f42bda490323563fe2201 P 13bbb6770a2a4218a4cc71c06702ad49 [term 3 FOLLOWER]: Leader election vote request: Granting yes vote for candidate 8ffe5c6c0d08471c8181a8e5cd04add2 in term 3.
I20260709 13:00:30.249120  7921 leader_election.cc:304] T b8cc52ef461f42bda490323563fe2201 P 8ffe5c6c0d08471c8181a8e5cd04add2 [CANDIDATE]: Term 3 election: Election decided. Result: candidate won. Election summary: received 2 responses out of 3 voters: 2 yes votes; 0 no votes. yes voters: 13bbb6770a2a4218a4cc71c06702ad49, 8ffe5c6c0d08471c8181a8e5cd04add2; no voters: 
I20260709 13:00:30.249845  8181 raft_consensus.cc:2804] T b8cc52ef461f42bda490323563fe2201 P 8ffe5c6c0d08471c8181a8e5cd04add2 [term 3 FOLLOWER]: Leader election won for term 3
I20260709 13:00:30.249949  7882 raft_consensus.cc:2468] T b8cc52ef461f42bda490323563fe2201 P 3b2a707956644fd084babbf72a413669 [term 3 FOLLOWER]: Leader election vote request: Granting yes vote for candidate 8ffe5c6c0d08471c8181a8e5cd04add2 in term 3.
I20260709 13:00:30.250329  8181 raft_consensus.cc:697] T b8cc52ef461f42bda490323563fe2201 P 8ffe5c6c0d08471c8181a8e5cd04add2 [term 3 LEADER]: Becoming Leader. State: Replica: 8ffe5c6c0d08471c8181a8e5cd04add2, State: Running, Role: LEADER
I20260709 13:00:30.251271  8181 consensus_queue.cc:237] T b8cc52ef461f42bda490323563fe2201 P 8ffe5c6c0d08471c8181a8e5cd04add2 [LEADER]: Queue going to LEADER mode. State: All replicated index: 0, Majority replicated index: 2, Committed index: 2, Last appended: 2.2, Last appended by leader: 2, Current term: 3, Majority size: 2, State: 0, Mode: LEADER, active raft config: opid_index: -1 OBSOLETE_local: false peers { permanent_uuid: "3b2a707956644fd084babbf72a413669" member_type: VOTER last_known_addr { host: "127.7.24.65" port: 43969 } } peers { permanent_uuid: "8ffe5c6c0d08471c8181a8e5cd04add2" member_type: VOTER last_known_addr { host: "127.7.24.66" port: 37195 } } peers { permanent_uuid: "13bbb6770a2a4218a4cc71c06702ad49" member_type: VOTER last_known_addr { host: "127.7.24.67" port: 38023 } }
I20260709 13:00:30.258152  7779 catalog_manager.cc:5697] T b8cc52ef461f42bda490323563fe2201 P 8ffe5c6c0d08471c8181a8e5cd04add2 reported cstate change: term changed from 2 to 3, leader changed from 3b2a707956644fd084babbf72a413669 (127.7.24.65) to 8ffe5c6c0d08471c8181a8e5cd04add2 (127.7.24.66). New cstate: current_term: 3 leader_uuid: "8ffe5c6c0d08471c8181a8e5cd04add2" committed_config { opid_index: -1 OBSOLETE_local: false peers { permanent_uuid: "3b2a707956644fd084babbf72a413669" member_type: VOTER last_known_addr { host: "127.7.24.65" port: 43969 } health_report { overall_health: UNKNOWN } } peers { permanent_uuid: "8ffe5c6c0d08471c8181a8e5cd04add2" member_type: VOTER last_known_addr { host: "127.7.24.66" port: 37195 } health_report { overall_health: HEALTHY } } peers { permanent_uuid: "13bbb6770a2a4218a4cc71c06702ad49" member_type: VOTER last_known_addr { host: "127.7.24.67" port: 38023 } health_report { overall_health: UNKNOWN } } }
I20260709 13:00:30.290877  8183 raft_consensus.cc:993] T e86337431cf0483e9a4467a58b85cfea P 3b2a707956644fd084babbf72a413669: : Instructing follower 13bbb6770a2a4218a4cc71c06702ad49 to start an election
I20260709 13:00:30.291410  8206 raft_consensus.cc:1081] T e86337431cf0483e9a4467a58b85cfea P 3b2a707956644fd084babbf72a413669 [term 3 LEADER]: Signalling peer 13bbb6770a2a4218a4cc71c06702ad49 to start an election
I20260709 13:00:30.293150  8030 tablet_service.cc:2044] Received Run Leader Election RPC: tablet_id: "e86337431cf0483e9a4467a58b85cfea"
dest_uuid: "13bbb6770a2a4218a4cc71c06702ad49"
 from {username='slave'} at 127.0.0.1:32934
I20260709 13:00:30.293594  8030 raft_consensus.cc:493] T e86337431cf0483e9a4467a58b85cfea P 13bbb6770a2a4218a4cc71c06702ad49 [term 3 FOLLOWER]: Starting forced leader election (received explicit request)
I20260709 13:00:30.293874  8030 raft_consensus.cc:3060] T e86337431cf0483e9a4467a58b85cfea P 13bbb6770a2a4218a4cc71c06702ad49 [term 3 FOLLOWER]: Advancing to term 4
I20260709 13:00:30.298207  8030 raft_consensus.cc:515] T e86337431cf0483e9a4467a58b85cfea P 13bbb6770a2a4218a4cc71c06702ad49 [term 4 FOLLOWER]: Starting forced leader election with config: opid_index: -1 OBSOLETE_local: false peers { permanent_uuid: "3b2a707956644fd084babbf72a413669" member_type: VOTER last_known_addr { host: "127.7.24.65" port: 43969 } } peers { permanent_uuid: "8ffe5c6c0d08471c8181a8e5cd04add2" member_type: VOTER last_known_addr { host: "127.7.24.66" port: 37195 } } peers { permanent_uuid: "13bbb6770a2a4218a4cc71c06702ad49" member_type: VOTER last_known_addr { host: "127.7.24.67" port: 38023 } }
I20260709 13:00:30.299635  8030 leader_election.cc:290] T e86337431cf0483e9a4467a58b85cfea P 13bbb6770a2a4218a4cc71c06702ad49 [CANDIDATE]: Term 4 election: Requested vote from peers 3b2a707956644fd084babbf72a413669 (127.7.24.65:43969), 8ffe5c6c0d08471c8181a8e5cd04add2 (127.7.24.66:37195)
I20260709 13:00:30.300595  7882 tablet_service.cc:1917] Received RequestConsensusVote() RPC: tablet_id: "e86337431cf0483e9a4467a58b85cfea" candidate_uuid: "13bbb6770a2a4218a4cc71c06702ad49" candidate_term: 4 candidate_status { last_received { term: 3 index: 3 } } ignore_live_leader: true dest_uuid: "3b2a707956644fd084babbf72a413669"
I20260709 13:00:30.300647  7957 tablet_service.cc:1917] Received RequestConsensusVote() RPC: tablet_id: "e86337431cf0483e9a4467a58b85cfea" candidate_uuid: "13bbb6770a2a4218a4cc71c06702ad49" candidate_term: 4 candidate_status { last_received { term: 3 index: 3 } } ignore_live_leader: true dest_uuid: "8ffe5c6c0d08471c8181a8e5cd04add2"
I20260709 13:00:30.301209  7882 raft_consensus.cc:3055] T e86337431cf0483e9a4467a58b85cfea P 3b2a707956644fd084babbf72a413669 [term 3 LEADER]: Stepping down as leader of term 3
I20260709 13:00:30.301409  7957 raft_consensus.cc:3060] T e86337431cf0483e9a4467a58b85cfea P 8ffe5c6c0d08471c8181a8e5cd04add2 [term 3 FOLLOWER]: Advancing to term 4
I20260709 13:00:30.301529  7882 raft_consensus.cc:740] T e86337431cf0483e9a4467a58b85cfea P 3b2a707956644fd084babbf72a413669 [term 3 LEADER]: Becoming Follower/Learner. State: Replica: 3b2a707956644fd084babbf72a413669, State: Running, Role: LEADER
I20260709 13:00:30.302266  7882 consensus_queue.cc:260] T e86337431cf0483e9a4467a58b85cfea P 3b2a707956644fd084babbf72a413669 [NON_LEADER]: Queue going to NON_LEADER mode. State: All replicated index: 0, Majority replicated index: 3, Committed index: 3, Last appended: 3.3, Last appended by leader: 3, Current term: 3, Majority size: -1, State: 0, Mode: NON_LEADER, active raft config: opid_index: -1 OBSOLETE_local: false peers { permanent_uuid: "3b2a707956644fd084babbf72a413669" member_type: VOTER last_known_addr { host: "127.7.24.65" port: 43969 } } peers { permanent_uuid: "8ffe5c6c0d08471c8181a8e5cd04add2" member_type: VOTER last_known_addr { host: "127.7.24.66" port: 37195 } } peers { permanent_uuid: "13bbb6770a2a4218a4cc71c06702ad49" member_type: VOTER last_known_addr { host: "127.7.24.67" port: 38023 } }
I20260709 13:00:30.303185  7882 raft_consensus.cc:3060] T e86337431cf0483e9a4467a58b85cfea P 3b2a707956644fd084babbf72a413669 [term 3 FOLLOWER]: Advancing to term 4
I20260709 13:00:30.305752  7957 raft_consensus.cc:2468] T e86337431cf0483e9a4467a58b85cfea P 8ffe5c6c0d08471c8181a8e5cd04add2 [term 4 FOLLOWER]: Leader election vote request: Granting yes vote for candidate 13bbb6770a2a4218a4cc71c06702ad49 in term 4.
I20260709 13:00:30.306708  7994 leader_election.cc:304] T e86337431cf0483e9a4467a58b85cfea P 13bbb6770a2a4218a4cc71c06702ad49 [CANDIDATE]: Term 4 election: Election decided. Result: candidate won. Election summary: received 2 responses out of 3 voters: 2 yes votes; 0 no votes. yes voters: 13bbb6770a2a4218a4cc71c06702ad49, 8ffe5c6c0d08471c8181a8e5cd04add2; no voters: 
I20260709 13:00:30.307221  7882 raft_consensus.cc:2468] T e86337431cf0483e9a4467a58b85cfea P 3b2a707956644fd084babbf72a413669 [term 4 FOLLOWER]: Leader election vote request: Granting yes vote for candidate 13bbb6770a2a4218a4cc71c06702ad49 in term 4.
I20260709 13:00:30.307400  8166 raft_consensus.cc:2804] T e86337431cf0483e9a4467a58b85cfea P 13bbb6770a2a4218a4cc71c06702ad49 [term 4 FOLLOWER]: Leader election won for term 4
I20260709 13:00:30.307935  8166 raft_consensus.cc:697] T e86337431cf0483e9a4467a58b85cfea P 13bbb6770a2a4218a4cc71c06702ad49 [term 4 LEADER]: Becoming Leader. State: Replica: 13bbb6770a2a4218a4cc71c06702ad49, State: Running, Role: LEADER
I20260709 13:00:30.308761  8166 consensus_queue.cc:237] T e86337431cf0483e9a4467a58b85cfea P 13bbb6770a2a4218a4cc71c06702ad49 [LEADER]: Queue going to LEADER mode. State: All replicated index: 0, Majority replicated index: 3, Committed index: 3, Last appended: 3.3, Last appended by leader: 3, Current term: 4, Majority size: 2, State: 0, Mode: LEADER, active raft config: opid_index: -1 OBSOLETE_local: false peers { permanent_uuid: "3b2a707956644fd084babbf72a413669" member_type: VOTER last_known_addr { host: "127.7.24.65" port: 43969 } } peers { permanent_uuid: "8ffe5c6c0d08471c8181a8e5cd04add2" member_type: VOTER last_known_addr { host: "127.7.24.66" port: 37195 } } peers { permanent_uuid: "13bbb6770a2a4218a4cc71c06702ad49" member_type: VOTER last_known_addr { host: "127.7.24.67" port: 38023 } }
I20260709 13:00:30.315017  7779 catalog_manager.cc:5697] T e86337431cf0483e9a4467a58b85cfea P 13bbb6770a2a4218a4cc71c06702ad49 reported cstate change: term changed from 3 to 4, leader changed from 3b2a707956644fd084babbf72a413669 (127.7.24.65) to 13bbb6770a2a4218a4cc71c06702ad49 (127.7.24.67). New cstate: current_term: 4 leader_uuid: "13bbb6770a2a4218a4cc71c06702ad49" committed_config { opid_index: -1 OBSOLETE_local: false peers { permanent_uuid: "3b2a707956644fd084babbf72a413669" member_type: VOTER last_known_addr { host: "127.7.24.65" port: 43969 } health_report { overall_health: UNKNOWN } } peers { permanent_uuid: "8ffe5c6c0d08471c8181a8e5cd04add2" member_type: VOTER last_known_addr { host: "127.7.24.66" port: 37195 } health_report { overall_health: UNKNOWN } } peers { permanent_uuid: "13bbb6770a2a4218a4cc71c06702ad49" member_type: VOTER last_known_addr { host: "127.7.24.67" port: 38023 } health_report { overall_health: HEALTHY } } }
I20260709 13:00:30.660646  7882 raft_consensus.cc:1275] T ca86429955854d2ca0321582682ffe6d P 3b2a707956644fd084babbf72a413669 [term 3 FOLLOWER]: Refusing update from remote peer 8ffe5c6c0d08471c8181a8e5cd04add2: Log matching property violated. Preceding OpId in replica: term: 2 index: 2. Preceding OpId from leader: term: 3 index: 3. (index mismatch)
I20260709 13:00:30.661846  8181 consensus_queue.cc:1048] T ca86429955854d2ca0321582682ffe6d P 8ffe5c6c0d08471c8181a8e5cd04add2 [LEADER]: Connected to new peer: Peer: permanent_uuid: "3b2a707956644fd084babbf72a413669" member_type: VOTER last_known_addr { host: "127.7.24.65" port: 43969 }, Status: LMP_MISMATCH, Last received: 0.0, Next index: 3, Last known committed idx: 2, Time since last communication: 0.000s
I20260709 13:00:30.672180  8030 raft_consensus.cc:1275] T ca86429955854d2ca0321582682ffe6d P 13bbb6770a2a4218a4cc71c06702ad49 [term 3 FOLLOWER]: Refusing update from remote peer 8ffe5c6c0d08471c8181a8e5cd04add2: Log matching property violated. Preceding OpId in replica: term: 2 index: 2. Preceding OpId from leader: term: 3 index: 3. (index mismatch)
I20260709 13:00:30.673596  8181 consensus_queue.cc:1048] T ca86429955854d2ca0321582682ffe6d P 8ffe5c6c0d08471c8181a8e5cd04add2 [LEADER]: Connected to new peer: Peer: permanent_uuid: "13bbb6770a2a4218a4cc71c06702ad49" member_type: VOTER last_known_addr { host: "127.7.24.67" port: 38023 }, Status: LMP_MISMATCH, Last received: 0.0, Next index: 3, Last known committed idx: 2, Time since last communication: 0.000s
I20260709 13:00:30.711594  7882 raft_consensus.cc:1275] T d0db0d0a65ad4b15a8f33bfd74eb161f P 3b2a707956644fd084babbf72a413669 [term 3 FOLLOWER]: Refusing update from remote peer 13bbb6770a2a4218a4cc71c06702ad49: Log matching property violated. Preceding OpId in replica: term: 2 index: 2. Preceding OpId from leader: term: 3 index: 3. (index mismatch)
I20260709 13:00:30.712788  8166 consensus_queue.cc:1048] T d0db0d0a65ad4b15a8f33bfd74eb161f P 13bbb6770a2a4218a4cc71c06702ad49 [LEADER]: Connected to new peer: Peer: permanent_uuid: "3b2a707956644fd084babbf72a413669" member_type: VOTER last_known_addr { host: "127.7.24.65" port: 43969 }, Status: LMP_MISMATCH, Last received: 0.0, Next index: 3, Last known committed idx: 2, Time since last communication: 0.000s
I20260709 13:00:30.715373  7957 raft_consensus.cc:1275] T d0db0d0a65ad4b15a8f33bfd74eb161f P 8ffe5c6c0d08471c8181a8e5cd04add2 [term 3 FOLLOWER]: Refusing update from remote peer 13bbb6770a2a4218a4cc71c06702ad49: Log matching property violated. Preceding OpId in replica: term: 2 index: 2. Preceding OpId from leader: term: 3 index: 3. (index mismatch)
I20260709 13:00:30.716751  8213 consensus_queue.cc:1048] T d0db0d0a65ad4b15a8f33bfd74eb161f P 13bbb6770a2a4218a4cc71c06702ad49 [LEADER]: Connected to new peer: Peer: permanent_uuid: "8ffe5c6c0d08471c8181a8e5cd04add2" member_type: VOTER last_known_addr { host: "127.7.24.66" port: 37195 }, Status: LMP_MISMATCH, Last received: 0.0, Next index: 3, Last known committed idx: 2, Time since last communication: 0.000s
I20260709 13:00:30.738924  7882 raft_consensus.cc:1275] T b8cc52ef461f42bda490323563fe2201 P 3b2a707956644fd084babbf72a413669 [term 3 FOLLOWER]: Refusing update from remote peer 8ffe5c6c0d08471c8181a8e5cd04add2: Log matching property violated. Preceding OpId in replica: term: 2 index: 2. Preceding OpId from leader: term: 3 index: 3. (index mismatch)
I20260709 13:00:30.739416  7957 raft_consensus.cc:1275] T e86337431cf0483e9a4467a58b85cfea P 8ffe5c6c0d08471c8181a8e5cd04add2 [term 4 FOLLOWER]: Refusing update from remote peer 13bbb6770a2a4218a4cc71c06702ad49: Log matching property violated. Preceding OpId in replica: term: 3 index: 3. Preceding OpId from leader: term: 4 index: 4. (index mismatch)
I20260709 13:00:30.740327  8181 consensus_queue.cc:1048] T b8cc52ef461f42bda490323563fe2201 P 8ffe5c6c0d08471c8181a8e5cd04add2 [LEADER]: Connected to new peer: Peer: permanent_uuid: "3b2a707956644fd084babbf72a413669" member_type: VOTER last_known_addr { host: "127.7.24.65" port: 43969 }, Status: LMP_MISMATCH, Last received: 0.0, Next index: 3, Last known committed idx: 2, Time since last communication: 0.000s
I20260709 13:00:30.740909  8166 consensus_queue.cc:1048] T e86337431cf0483e9a4467a58b85cfea P 13bbb6770a2a4218a4cc71c06702ad49 [LEADER]: Connected to new peer: Peer: permanent_uuid: "8ffe5c6c0d08471c8181a8e5cd04add2" member_type: VOTER last_known_addr { host: "127.7.24.66" port: 37195 }, Status: LMP_MISMATCH, Last received: 0.0, Next index: 4, Last known committed idx: 3, Time since last communication: 0.000s
I20260709 13:00:30.750206  8030 raft_consensus.cc:1275] T b8cc52ef461f42bda490323563fe2201 P 13bbb6770a2a4218a4cc71c06702ad49 [term 3 FOLLOWER]: Refusing update from remote peer 8ffe5c6c0d08471c8181a8e5cd04add2: Log matching property violated. Preceding OpId in replica: term: 2 index: 2. Preceding OpId from leader: term: 3 index: 3. (index mismatch)
I20260709 13:00:30.754843  7881 raft_consensus.cc:1275] T e86337431cf0483e9a4467a58b85cfea P 3b2a707956644fd084babbf72a413669 [term 4 FOLLOWER]: Refusing update from remote peer 13bbb6770a2a4218a4cc71c06702ad49: Log matching property violated. Preceding OpId in replica: term: 3 index: 3. Preceding OpId from leader: term: 4 index: 4. (index mismatch)
I20260709 13:00:30.757210  8227 consensus_queue.cc:1048] T b8cc52ef461f42bda490323563fe2201 P 8ffe5c6c0d08471c8181a8e5cd04add2 [LEADER]: Connected to new peer: Peer: permanent_uuid: "13bbb6770a2a4218a4cc71c06702ad49" member_type: VOTER last_known_addr { host: "127.7.24.67" port: 38023 }, Status: LMP_MISMATCH, Last received: 0.0, Next index: 3, Last known committed idx: 2, Time since last communication: 0.006s
I20260709 13:00:30.758073  8224 consensus_queue.cc:1048] T e86337431cf0483e9a4467a58b85cfea P 13bbb6770a2a4218a4cc71c06702ad49 [LEADER]: Connected to new peer: Peer: permanent_uuid: "3b2a707956644fd084babbf72a413669" member_type: VOTER last_known_addr { host: "127.7.24.65" port: 43969 }, Status: LMP_MISMATCH, Last received: 0.0, Next index: 4, Last known committed idx: 3, Time since last communication: 0.001s
I20260709 13:00:31.008394  7265 auto_leader_rebalancer.cc:141] leader rebalance for table test-workload
I20260709 13:00:31.014868  7265 tablet_server.cc:179] TabletServer@127.7.24.65:0 shutting down...
I20260709 13:00:31.039940  7265 ts_tablet_manager.cc:1507] Shutting down tablet manager...
I20260709 13:00:31.040771  7265 tablet_replica.cc:333] T 53718a41334a4e41b322f8180cc06f0d P 3b2a707956644fd084babbf72a413669: stopping tablet replica
I20260709 13:00:31.041369  7265 raft_consensus.cc:2243] T 53718a41334a4e41b322f8180cc06f0d P 3b2a707956644fd084babbf72a413669 [term 4 LEADER]: Raft consensus shutting down.
I20260709 13:00:31.042184  7265 raft_consensus.cc:2272] T 53718a41334a4e41b322f8180cc06f0d P 3b2a707956644fd084babbf72a413669 [term 4 FOLLOWER]: Raft consensus is shut down!
I20260709 13:00:31.044109  7265 tablet_replica.cc:333] T ca86429955854d2ca0321582682ffe6d P 3b2a707956644fd084babbf72a413669: stopping tablet replica
I20260709 13:00:31.044659  7265 raft_consensus.cc:2243] T ca86429955854d2ca0321582682ffe6d P 3b2a707956644fd084babbf72a413669 [term 3 FOLLOWER]: Raft consensus shutting down.
I20260709 13:00:31.045022  7265 raft_consensus.cc:2272] T ca86429955854d2ca0321582682ffe6d P 3b2a707956644fd084babbf72a413669 [term 3 FOLLOWER]: Raft consensus is shut down!
I20260709 13:00:31.047977  7265 tablet_replica.cc:333] T 0f3b53d830884ff7851d79bcd750a13b P 3b2a707956644fd084babbf72a413669: stopping tablet replica
I20260709 13:00:31.048592  7265 raft_consensus.cc:2243] T 0f3b53d830884ff7851d79bcd750a13b P 3b2a707956644fd084babbf72a413669 [term 2 LEADER]: Raft consensus shutting down.
I20260709 13:00:31.049453  7265 raft_consensus.cc:2272] T 0f3b53d830884ff7851d79bcd750a13b P 3b2a707956644fd084babbf72a413669 [term 2 FOLLOWER]: Raft consensus is shut down!
I20260709 13:00:31.051571  7265 tablet_replica.cc:333] T ae254b92465e401db2b51d6b7c504c0a P 3b2a707956644fd084babbf72a413669: stopping tablet replica
I20260709 13:00:31.052130  7265 raft_consensus.cc:2243] T ae254b92465e401db2b51d6b7c504c0a P 3b2a707956644fd084babbf72a413669 [term 2 FOLLOWER]: Raft consensus shutting down.
I20260709 13:00:31.052570  7265 raft_consensus.cc:2272] T ae254b92465e401db2b51d6b7c504c0a P 3b2a707956644fd084babbf72a413669 [term 2 FOLLOWER]: Raft consensus is shut down!
I20260709 13:00:31.054311  7265 tablet_replica.cc:333] T 237f0cbbf159444a8a348ed50be04a58 P 3b2a707956644fd084babbf72a413669: stopping tablet replica
I20260709 13:00:31.054872  7265 raft_consensus.cc:2243] T 237f0cbbf159444a8a348ed50be04a58 P 3b2a707956644fd084babbf72a413669 [term 3 LEADER]: Raft consensus shutting down.
I20260709 13:00:31.055701  7265 raft_consensus.cc:2272] T 237f0cbbf159444a8a348ed50be04a58 P 3b2a707956644fd084babbf72a413669 [term 3 FOLLOWER]: Raft consensus is shut down!
I20260709 13:00:31.057542  7265 tablet_replica.cc:333] T 1f2c0e35721c492887a5bd4adc423409 P 3b2a707956644fd084babbf72a413669: stopping tablet replica
I20260709 13:00:31.058058  7265 raft_consensus.cc:2243] T 1f2c0e35721c492887a5bd4adc423409 P 3b2a707956644fd084babbf72a413669 [term 1 FOLLOWER]: Raft consensus shutting down.
