I20260709 13:00:38.479784  8509 tablet_service.cc:1917] Received RequestConsensusVote() RPC: tablet_id: "79f53d3fd9f54b57a6dbeaac44306ed6" candidate_uuid: "28c300c684ef40cd8f89fbbfcfa5c489" candidate_term: 1 candidate_status { last_received { term: 0 index: 0 } } ignore_live_leader: false dest_uuid: "14cacce56eb24ce897f2ca0195519170" is_pre_election: true
W20260709 13:00:38.491181  8327 leader_election.cc:343] T 79f53d3fd9f54b57a6dbeaac44306ed6 P 28c300c684ef40cd8f89fbbfcfa5c489 [CANDIDATE]: Term 1 pre-election: Tablet error from VoteRequest() call to peer 14cacce56eb24ce897f2ca0195519170 (127.7.24.67:37199): Illegal state: must be running to vote when last-logged opid is not known
I20260709 13:00:38.510183  8585 leader_election.cc:290] T b87081a16f4c4c1b91694d72210f0641 P 28c300c684ef40cd8f89fbbfcfa5c489 [CANDIDATE]: Term 1 pre-election: Requested pre-vote from peers 1c948a97aeba46379a655b8744f6e525 (127.7.24.66:38673), 14cacce56eb24ce897f2ca0195519170 (127.7.24.67:37199)
I20260709 13:00:38.512112  8849 raft_consensus.cc:493] T 273795d43bc64ad9bced14cef36ea461 P 28c300c684ef40cd8f89fbbfcfa5c489 [term 0 FOLLOWER]: Starting pre-election (no leader contacted us within the election timeout)
I20260709 13:00:38.512535  8435 tablet_service.cc:1917] Received RequestConsensusVote() RPC: tablet_id: "79f53d3fd9f54b57a6dbeaac44306ed6" candidate_uuid: "28c300c684ef40cd8f89fbbfcfa5c489" candidate_term: 1 candidate_status { last_received { term: 0 index: 0 } } ignore_live_leader: false dest_uuid: "1c948a97aeba46379a655b8744f6e525" is_pre_election: true
I20260709 13:00:38.512602  8849 raft_consensus.cc:515] T 273795d43bc64ad9bced14cef36ea461 P 28c300c684ef40cd8f89fbbfcfa5c489 [term 0 FOLLOWER]: Starting pre-election with config: opid_index: -1 OBSOLETE_local: false peers { permanent_uuid: "28c300c684ef40cd8f89fbbfcfa5c489" member_type: VOTER last_known_addr { host: "127.7.24.65" port: 45901 } } peers { permanent_uuid: "1c948a97aeba46379a655b8744f6e525" member_type: VOTER last_known_addr { host: "127.7.24.66" port: 38673 } } peers { permanent_uuid: "14cacce56eb24ce897f2ca0195519170" member_type: VOTER last_known_addr { host: "127.7.24.67" port: 37199 } }
I20260709 13:00:38.513652  8776 raft_consensus.cc:493] T 273795d43bc64ad9bced14cef36ea461 P 14cacce56eb24ce897f2ca0195519170 [term 0 FOLLOWER]: Starting pre-election (no leader contacted us within the election timeout)
I20260709 13:00:38.514106  8776 raft_consensus.cc:515] T 273795d43bc64ad9bced14cef36ea461 P 14cacce56eb24ce897f2ca0195519170 [term 0 FOLLOWER]: Starting pre-election with config: opid_index: -1 OBSOLETE_local: false peers { permanent_uuid: "28c300c684ef40cd8f89fbbfcfa5c489" member_type: VOTER last_known_addr { host: "127.7.24.65" port: 45901 } } peers { permanent_uuid: "1c948a97aeba46379a655b8744f6e525" member_type: VOTER last_known_addr { host: "127.7.24.66" port: 38673 } } peers { permanent_uuid: "14cacce56eb24ce897f2ca0195519170" member_type: VOTER last_known_addr { host: "127.7.24.67" port: 37199 } }
I20260709 13:00:38.519152  8776 leader_election.cc:290] T 273795d43bc64ad9bced14cef36ea461 P 14cacce56eb24ce897f2ca0195519170 [CANDIDATE]: Term 1 pre-election: Requested pre-vote from peers 28c300c684ef40cd8f89fbbfcfa5c489 (127.7.24.65:45901), 1c948a97aeba46379a655b8744f6e525 (127.7.24.66:38673)
I20260709 13:00:38.520037  8509 tablet_service.cc:1917] Received RequestConsensusVote() RPC: tablet_id: "b87081a16f4c4c1b91694d72210f0641" candidate_uuid: "28c300c684ef40cd8f89fbbfcfa5c489" candidate_term: 1 candidate_status { last_received { term: 0 index: 0 } } ignore_live_leader: false dest_uuid: "14cacce56eb24ce897f2ca0195519170" is_pre_election: true
W20260709 13:00:38.521692  8327 leader_election.cc:343] T b87081a16f4c4c1b91694d72210f0641 P 28c300c684ef40cd8f89fbbfcfa5c489 [CANDIDATE]: Term 1 pre-election: Tablet error from VoteRequest() call to peer 14cacce56eb24ce897f2ca0195519170 (127.7.24.67:37199): Illegal state: must be running to vote when last-logged opid is not known
W20260709 13:00:38.523425  8478 consensus_peers.cc:597] T 94137422175e4d16aa01d3a2f71e6886 P 14cacce56eb24ce897f2ca0195519170 -> Peer 1c948a97aeba46379a655b8744f6e525 (127.7.24.66:38673): Couldn't send request to peer 1c948a97aeba46379a655b8744f6e525. Error code: TABLET_NOT_RUNNING (12). Status: Illegal state: Tablet not RUNNING: INITIALIZED. This is attempt 1: this message will repeat every 5th retry.
I20260709 13:00:38.532150  8434 tablet_service.cc:1917] Received RequestConsensusVote() RPC: tablet_id: "b87081a16f4c4c1b91694d72210f0641" candidate_uuid: "28c300c684ef40cd8f89fbbfcfa5c489" candidate_term: 1 candidate_status { last_received { term: 0 index: 0 } } ignore_live_leader: false dest_uuid: "1c948a97aeba46379a655b8744f6e525" is_pre_election: true
I20260709 13:00:38.532519  8435 tablet_service.cc:1917] Received RequestConsensusVote() RPC: tablet_id: "273795d43bc64ad9bced14cef36ea461" candidate_uuid: "28c300c684ef40cd8f89fbbfcfa5c489" candidate_term: 1 candidate_status { last_received { term: 0 index: 0 } } ignore_live_leader: false dest_uuid: "1c948a97aeba46379a655b8744f6e525" is_pre_election: true
I20260709 13:00:38.535678  8362 tablet_service.cc:1917] Received RequestConsensusVote() RPC: tablet_id: "273795d43bc64ad9bced14cef36ea461" candidate_uuid: "14cacce56eb24ce897f2ca0195519170" candidate_term: 1 candidate_status { last_received { term: 0 index: 0 } } ignore_live_leader: false dest_uuid: "28c300c684ef40cd8f89fbbfcfa5c489" is_pre_election: true
I20260709 13:00:38.536288  8362 raft_consensus.cc:2468] T 273795d43bc64ad9bced14cef36ea461 P 28c300c684ef40cd8f89fbbfcfa5c489 [term 0 FOLLOWER]: Leader pre-election vote request: Granting yes vote for candidate 14cacce56eb24ce897f2ca0195519170 in term 0.
I20260709 13:00:38.536679  8849 leader_election.cc:290] T 273795d43bc64ad9bced14cef36ea461 P 28c300c684ef40cd8f89fbbfcfa5c489 [CANDIDATE]: Term 1 pre-election: Requested pre-vote from peers 1c948a97aeba46379a655b8744f6e525 (127.7.24.66:38673), 14cacce56eb24ce897f2ca0195519170 (127.7.24.67:37199)
I20260709 13:00:38.538371  8437 tablet_service.cc:1917] Received RequestConsensusVote() RPC: tablet_id: "273795d43bc64ad9bced14cef36ea461" candidate_uuid: "14cacce56eb24ce897f2ca0195519170" candidate_term: 1 candidate_status { last_received { term: 0 index: 0 } } ignore_live_leader: false dest_uuid: "1c948a97aeba46379a655b8744f6e525" is_pre_election: true
W20260709 13:00:38.540771  8478 leader_election.cc:343] T 273795d43bc64ad9bced14cef36ea461 P 14cacce56eb24ce897f2ca0195519170 [CANDIDATE]: Term 1 pre-election: Tablet error from VoteRequest() call to peer 1c948a97aeba46379a655b8744f6e525 (127.7.24.66:38673): Illegal state: must be running to vote when last-logged opid is not known
W20260709 13:00:38.542802  8329 leader_election.cc:343] T 79f53d3fd9f54b57a6dbeaac44306ed6 P 28c300c684ef40cd8f89fbbfcfa5c489 [CANDIDATE]: Term 1 pre-election: Tablet error from VoteRequest() call to peer 1c948a97aeba46379a655b8744f6e525 (127.7.24.66:38673): Illegal state: must be running to vote when last-logged opid is not known
I20260709 13:00:38.543373  8329 leader_election.cc:304] T 79f53d3fd9f54b57a6dbeaac44306ed6 P 28c300c684ef40cd8f89fbbfcfa5c489 [CANDIDATE]: Term 1 pre-election: Election decided. Result: candidate lost. Election summary: received 3 responses out of 3 voters: 1 yes votes; 2 no votes. yes voters: 28c300c684ef40cd8f89fbbfcfa5c489; no voters: 14cacce56eb24ce897f2ca0195519170, 1c948a97aeba46379a655b8744f6e525
I20260709 13:00:38.545574  8585 raft_consensus.cc:2749] T 79f53d3fd9f54b57a6dbeaac44306ed6 P 28c300c684ef40cd8f89fbbfcfa5c489 [term 0 FOLLOWER]: Leader pre-election lost for term 1. Reason: could not achieve majority
I20260709 13:00:38.547115  8553 raft_consensus.cc:359] T 13c0cfbd22574bfd810b68eb7e17e217 P 1c948a97aeba46379a655b8744f6e525 [term 0 FOLLOWER]: Replica starting. Triggering 0 pending ops. Active config: opid_index: -1 OBSOLETE_local: false peers { permanent_uuid: "28c300c684ef40cd8f89fbbfcfa5c489" member_type: VOTER last_known_addr { host: "127.7.24.65" port: 45901 } } peers { permanent_uuid: "1c948a97aeba46379a655b8744f6e525" member_type: VOTER last_known_addr { host: "127.7.24.66" port: 38673 } } peers { permanent_uuid: "14cacce56eb24ce897f2ca0195519170" member_type: VOTER last_known_addr { host: "127.7.24.67" port: 37199 } }
I20260709 13:00:38.547866  8553 raft_consensus.cc:385] T 13c0cfbd22574bfd810b68eb7e17e217 P 1c948a97aeba46379a655b8744f6e525 [term 0 FOLLOWER]: Consensus starting up: Expiring failure detector timer to make a prompt election more likely
I20260709 13:00:38.548131  8553 raft_consensus.cc:740] T 13c0cfbd22574bfd810b68eb7e17e217 P 1c948a97aeba46379a655b8744f6e525 [term 0 FOLLOWER]: Becoming Follower/Learner. State: Replica: 1c948a97aeba46379a655b8744f6e525, State: Initialized, Role: FOLLOWER
I20260709 13:00:38.548858  8553 consensus_queue.cc:260] T 13c0cfbd22574bfd810b68eb7e17e217 P 1c948a97aeba46379a655b8744f6e525 [NON_LEADER]: Queue going to NON_LEADER mode. State: All replicated index: 0, Majority replicated index: 0, Committed index: 0, Last appended: 0.0, Last appended by leader: 0, Current term: 0, Majority size: -1, State: 0, Mode: NON_LEADER, active raft config: opid_index: -1 OBSOLETE_local: false peers { permanent_uuid: "28c300c684ef40cd8f89fbbfcfa5c489" member_type: VOTER last_known_addr { host: "127.7.24.65" port: 45901 } } peers { permanent_uuid: "1c948a97aeba46379a655b8744f6e525" member_type: VOTER last_known_addr { host: "127.7.24.66" port: 38673 } } peers { permanent_uuid: "14cacce56eb24ce897f2ca0195519170" member_type: VOTER last_known_addr { host: "127.7.24.67" port: 37199 } }
I20260709 13:00:38.553560  8477 leader_election.cc:304] T 273795d43bc64ad9bced14cef36ea461 P 14cacce56eb24ce897f2ca0195519170 [CANDIDATE]: Term 1 pre-election: Election decided. Result: candidate won. Election summary: received 3 responses out of 3 voters: 2 yes votes; 1 no votes. yes voters: 14cacce56eb24ce897f2ca0195519170, 28c300c684ef40cd8f89fbbfcfa5c489; no voters: 1c948a97aeba46379a655b8744f6e525
I20260709 13:00:38.558929  8846 raft_consensus.cc:493] T 13c0cfbd22574bfd810b68eb7e17e217 P 1c948a97aeba46379a655b8744f6e525 [term 0 FOLLOWER]: Starting pre-election (no leader contacted us within the election timeout)
I20260709 13:00:38.555531  8509 tablet_service.cc:1917] Received RequestConsensusVote() RPC: tablet_id: "273795d43bc64ad9bced14cef36ea461" candidate_uuid: "28c300c684ef40cd8f89fbbfcfa5c489" candidate_term: 1 candidate_status { last_received { term: 0 index: 0 } } ignore_live_leader: false dest_uuid: "14cacce56eb24ce897f2ca0195519170" is_pre_election: true
I20260709 13:00:38.559890  8509 raft_consensus.cc:2468] T 273795d43bc64ad9bced14cef36ea461 P 14cacce56eb24ce897f2ca0195519170 [term 0 FOLLOWER]: Leader pre-election vote request: Granting yes vote for candidate 28c300c684ef40cd8f89fbbfcfa5c489 in term 0.
I20260709 13:00:38.559707  8846 raft_consensus.cc:515] T 13c0cfbd22574bfd810b68eb7e17e217 P 1c948a97aeba46379a655b8744f6e525 [term 0 FOLLOWER]: Starting pre-election with config: opid_index: -1 OBSOLETE_local: false peers { permanent_uuid: "28c300c684ef40cd8f89fbbfcfa5c489" member_type: VOTER last_known_addr { host: "127.7.24.65" port: 45901 } } peers { permanent_uuid: "1c948a97aeba46379a655b8744f6e525" member_type: VOTER last_known_addr { host: "127.7.24.66" port: 38673 } } peers { permanent_uuid: "14cacce56eb24ce897f2ca0195519170" member_type: VOTER last_known_addr { host: "127.7.24.67" port: 37199 } }
I20260709 13:00:38.560464  8553 ts_tablet_manager.cc:1434] T 13c0cfbd22574bfd810b68eb7e17e217 P 1c948a97aeba46379a655b8744f6e525: Time spent starting tablet: real 0.093s	user 0.007s	sys 0.003s
I20260709 13:00:38.560683  8590 raft_consensus.cc:2804] T 273795d43bc64ad9bced14cef36ea461 P 14cacce56eb24ce897f2ca0195519170 [term 0 FOLLOWER]: Leader pre-election won for term 1
I20260709 13:00:38.560997  8590 raft_consensus.cc:493] T 273795d43bc64ad9bced14cef36ea461 P 14cacce56eb24ce897f2ca0195519170 [term 0 FOLLOWER]: Starting leader election (no leader contacted us within the election timeout)
I20260709 13:00:38.561283  8590 raft_consensus.cc:3060] T 273795d43bc64ad9bced14cef36ea461 P 14cacce56eb24ce897f2ca0195519170 [term 0 FOLLOWER]: Advancing to term 1
I20260709 13:00:38.561334  8553 tablet_bootstrap.cc:492] T 73dac7c1c49f46d0b9a85e4f6fb048da P 1c948a97aeba46379a655b8744f6e525: Bootstrap starting.
I20260709 13:00:38.566560  8590 raft_consensus.cc:515] T 273795d43bc64ad9bced14cef36ea461 P 14cacce56eb24ce897f2ca0195519170 [term 1 FOLLOWER]: Starting leader election with config: opid_index: -1 OBSOLETE_local: false peers { permanent_uuid: "28c300c684ef40cd8f89fbbfcfa5c489" member_type: VOTER last_known_addr { host: "127.7.24.65" port: 45901 } } peers { permanent_uuid: "1c948a97aeba46379a655b8744f6e525" member_type: VOTER last_known_addr { host: "127.7.24.66" port: 38673 } } peers { permanent_uuid: "14cacce56eb24ce897f2ca0195519170" member_type: VOTER last_known_addr { host: "127.7.24.67" port: 37199 } }
I20260709 13:00:38.570705  8435 tablet_service.cc:1917] Received RequestConsensusVote() RPC: tablet_id: "273795d43bc64ad9bced14cef36ea461" candidate_uuid: "14cacce56eb24ce897f2ca0195519170" candidate_term: 1 candidate_status { last_received { term: 0 index: 0 } } ignore_live_leader: false dest_uuid: "1c948a97aeba46379a655b8744f6e525"
W20260709 13:00:38.572243  8478 leader_election.cc:343] T 273795d43bc64ad9bced14cef36ea461 P 14cacce56eb24ce897f2ca0195519170 [CANDIDATE]: Term 1 election: Tablet error from VoteRequest() call to peer 1c948a97aeba46379a655b8744f6e525 (127.7.24.66:38673): Illegal state: must be running to vote when last-logged opid is not known
I20260709 13:00:38.572480  8509 tablet_service.cc:1917] Received RequestConsensusVote() RPC: tablet_id: "13c0cfbd22574bfd810b68eb7e17e217" candidate_uuid: "1c948a97aeba46379a655b8744f6e525" candidate_term: 1 candidate_status { last_received { term: 0 index: 0 } } ignore_live_leader: false dest_uuid: "14cacce56eb24ce897f2ca0195519170" is_pre_election: true
I20260709 13:00:38.573688  8554 raft_consensus.cc:359] T fc562587e5464d489552df0bf7ad9439 P 14cacce56eb24ce897f2ca0195519170 [term 0 FOLLOWER]: Replica starting. Triggering 0 pending ops. Active config: opid_index: -1 OBSOLETE_local: false peers { permanent_uuid: "28c300c684ef40cd8f89fbbfcfa5c489" member_type: VOTER last_known_addr { host: "127.7.24.65" port: 45901 } } peers { permanent_uuid: "1c948a97aeba46379a655b8744f6e525" member_type: VOTER last_known_addr { host: "127.7.24.66" port: 38673 } } peers { permanent_uuid: "14cacce56eb24ce897f2ca0195519170" member_type: VOTER last_known_addr { host: "127.7.24.67" port: 37199 } }
I20260709 13:00:38.574405  8554 raft_consensus.cc:385] T fc562587e5464d489552df0bf7ad9439 P 14cacce56eb24ce897f2ca0195519170 [term 0 FOLLOWER]: Consensus starting up: Expiring failure detector timer to make a prompt election more likely
I20260709 13:00:38.574662  8554 raft_consensus.cc:740] T fc562587e5464d489552df0bf7ad9439 P 14cacce56eb24ce897f2ca0195519170 [term 0 FOLLOWER]: Becoming Follower/Learner. State: Replica: 14cacce56eb24ce897f2ca0195519170, State: Initialized, Role: FOLLOWER
I20260709 13:00:38.575286  8554 consensus_queue.cc:260] T fc562587e5464d489552df0bf7ad9439 P 14cacce56eb24ce897f2ca0195519170 [NON_LEADER]: Queue going to NON_LEADER mode. State: All replicated index: 0, Majority replicated index: 0, Committed index: 0, Last appended: 0.0, Last appended by leader: 0, Current term: 0, Majority size: -1, State: 0, Mode: NON_LEADER, active raft config: opid_index: -1 OBSOLETE_local: false peers { permanent_uuid: "28c300c684ef40cd8f89fbbfcfa5c489" member_type: VOTER last_known_addr { host: "127.7.24.65" port: 45901 } } peers { permanent_uuid: "1c948a97aeba46379a655b8744f6e525" member_type: VOTER last_known_addr { host: "127.7.24.66" port: 38673 } } peers { permanent_uuid: "14cacce56eb24ce897f2ca0195519170" member_type: VOTER last_known_addr { host: "127.7.24.67" port: 37199 } }
I20260709 13:00:38.578748  8590 leader_election.cc:290] T 273795d43bc64ad9bced14cef36ea461 P 14cacce56eb24ce897f2ca0195519170 [CANDIDATE]: Term 1 election: Requested vote from peers 28c300c684ef40cd8f89fbbfcfa5c489 (127.7.24.65:45901), 1c948a97aeba46379a655b8744f6e525 (127.7.24.66:38673)
I20260709 13:00:38.579450  8327 leader_election.cc:304] T 273795d43bc64ad9bced14cef36ea461 P 28c300c684ef40cd8f89fbbfcfa5c489 [CANDIDATE]: Term 1 pre-election: Election decided. Result: candidate won. Election summary: received 2 responses out of 3 voters: 2 yes votes; 0 no votes. yes voters: 14cacce56eb24ce897f2ca0195519170, 28c300c684ef40cd8f89fbbfcfa5c489; no voters: 
W20260709 13:00:38.546734  8329 leader_election.cc:343] T b87081a16f4c4c1b91694d72210f0641 P 28c300c684ef40cd8f89fbbfcfa5c489 [CANDIDATE]: Term 1 pre-election: Tablet error from VoteRequest() call to peer 1c948a97aeba46379a655b8744f6e525 (127.7.24.66:38673): Illegal state: must be running to vote when last-logged opid is not known
I20260709 13:00:38.584429  8362 tablet_service.cc:1917] Received RequestConsensusVote() RPC: tablet_id: "273795d43bc64ad9bced14cef36ea461" candidate_uuid: "14cacce56eb24ce897f2ca0195519170" candidate_term: 1 candidate_status { last_received { term: 0 index: 0 } } ignore_live_leader: false dest_uuid: "28c300c684ef40cd8f89fbbfcfa5c489"
I20260709 13:00:38.585093  8554 ts_tablet_manager.cc:1434] T fc562587e5464d489552df0bf7ad9439 P 14cacce56eb24ce897f2ca0195519170: Time spent starting tablet: real 0.120s	user 0.006s	sys 0.001s
I20260709 13:00:38.586045  8554 tablet_bootstrap.cc:492] T 423a95feca1a478d99eae8345590733e P 14cacce56eb24ce897f2ca0195519170: Bootstrap starting.
I20260709 13:00:38.584964  8261 catalog_manager.cc:5697] T 73dac7c1c49f46d0b9a85e4f6fb048da P 28c300c684ef40cd8f89fbbfcfa5c489 reported cstate change: term changed from 0 to 1, leader changed from <none> to 28c300c684ef40cd8f89fbbfcfa5c489 (127.7.24.65). New cstate: current_term: 1 leader_uuid: "28c300c684ef40cd8f89fbbfcfa5c489" committed_config { opid_index: -1 OBSOLETE_local: false peers { permanent_uuid: "28c300c684ef40cd8f89fbbfcfa5c489" member_type: VOTER last_known_addr { host: "127.7.24.65" port: 45901 } health_report { overall_health: HEALTHY } } peers { permanent_uuid: "1c948a97aeba46379a655b8744f6e525" member_type: VOTER last_known_addr { host: "127.7.24.66" port: 38673 } health_report { overall_health: UNKNOWN } } peers { permanent_uuid: "14cacce56eb24ce897f2ca0195519170" member_type: VOTER last_known_addr { host: "127.7.24.67" port: 37199 } health_report { overall_health: UNKNOWN } } }
I20260709 13:00:38.568462  8846 leader_election.cc:290] T 13c0cfbd22574bfd810b68eb7e17e217 P 1c948a97aeba46379a655b8744f6e525 [CANDIDATE]: Term 1 pre-election: Requested pre-vote from peers 28c300c684ef40cd8f89fbbfcfa5c489 (127.7.24.65:45901), 14cacce56eb24ce897f2ca0195519170 (127.7.24.67:37199)
I20260709 13:00:38.589381  8261 catalog_manager.cc:5697] T 32a272e7f0094a45aa0029aea19f1c2d P 28c300c684ef40cd8f89fbbfcfa5c489 reported cstate change: term changed from 0 to 1, leader changed from <none> to 28c300c684ef40cd8f89fbbfcfa5c489 (127.7.24.65). New cstate: current_term: 1 leader_uuid: "28c300c684ef40cd8f89fbbfcfa5c489" committed_config { opid_index: -1 OBSOLETE_local: false peers { permanent_uuid: "28c300c684ef40cd8f89fbbfcfa5c489" member_type: VOTER last_known_addr { host: "127.7.24.65" port: 45901 } health_report { overall_health: HEALTHY } } peers { permanent_uuid: "1c948a97aeba46379a655b8744f6e525" member_type: VOTER last_known_addr { host: "127.7.24.66" port: 38673 } health_report { overall_health: UNKNOWN } } peers { permanent_uuid: "14cacce56eb24ce897f2ca0195519170" member_type: VOTER last_known_addr { host: "127.7.24.67" port: 37199 } health_report { overall_health: UNKNOWN } } }
I20260709 13:00:38.585016  8707 raft_consensus.cc:2804] T 273795d43bc64ad9bced14cef36ea461 P 28c300c684ef40cd8f89fbbfcfa5c489 [term 0 FOLLOWER]: Leader pre-election won for term 1
I20260709 13:00:38.590937  8707 raft_consensus.cc:493] T 273795d43bc64ad9bced14cef36ea461 P 28c300c684ef40cd8f89fbbfcfa5c489 [term 0 FOLLOWER]: Starting leader election (no leader contacted us within the election timeout)
I20260709 13:00:38.591354  8707 raft_consensus.cc:3060] T 273795d43bc64ad9bced14cef36ea461 P 28c300c684ef40cd8f89fbbfcfa5c489 [term 0 FOLLOWER]: Advancing to term 1
I20260709 13:00:38.589804  8329 leader_election.cc:304] T b87081a16f4c4c1b91694d72210f0641 P 28c300c684ef40cd8f89fbbfcfa5c489 [CANDIDATE]: Term 1 pre-election: Election decided. Result: candidate lost. Election summary: received 3 responses out of 3 voters: 1 yes votes; 2 no votes. yes voters: 28c300c684ef40cd8f89fbbfcfa5c489; no voters: 14cacce56eb24ce897f2ca0195519170, 1c948a97aeba46379a655b8744f6e525
I20260709 13:00:38.592134  8837 raft_consensus.cc:2749] T b87081a16f4c4c1b91694d72210f0641 P 28c300c684ef40cd8f89fbbfcfa5c489 [term 0 FOLLOWER]: Leader pre-election lost for term 1. Reason: could not achieve majority
W20260709 13:00:38.592975  8329 outbound_call.cc:321] RPC callback for RPC call kudu.consensus.ConsensusService.RequestConsensusVote -> {remote=127.7.24.66:38673, user_credentials={real_user=slave}} blocked reactor thread for 46281.1us
I20260709 13:00:38.593376  8361 tablet_service.cc:1917] Received RequestConsensusVote() RPC: tablet_id: "13c0cfbd22574bfd810b68eb7e17e217" candidate_uuid: "1c948a97aeba46379a655b8744f6e525" candidate_term: 1 candidate_status { last_received { term: 0 index: 0 } } ignore_live_leader: false dest_uuid: "28c300c684ef40cd8f89fbbfcfa5c489" is_pre_election: true
W20260709 13:00:38.593655  8329 leader_election.cc:343] T 273795d43bc64ad9bced14cef36ea461 P 28c300c684ef40cd8f89fbbfcfa5c489 [CANDIDATE]: Term 1 pre-election: Tablet error from VoteRequest() call to peer 1c948a97aeba46379a655b8744f6e525 (127.7.24.66:38673): Illegal state: must be running to vote when last-logged opid is not known
I20260709 13:00:38.594136  8361 raft_consensus.cc:2393] T 13c0cfbd22574bfd810b68eb7e17e217 P 28c300c684ef40cd8f89fbbfcfa5c489 [term 1 FOLLOWER]: Leader pre-election vote request: Denying vote to candidate 1c948a97aeba46379a655b8744f6e525 in current term 1: Already voted for candidate 14cacce56eb24ce897f2ca0195519170 in this term.
I20260709 13:00:38.596971  8777 raft_consensus.cc:493] T fc562587e5464d489552df0bf7ad9439 P 14cacce56eb24ce897f2ca0195519170 [term 0 FOLLOWER]: Starting pre-election (no leader contacted us within the election timeout)
I20260709 13:00:38.597401  8777 raft_consensus.cc:515] T fc562587e5464d489552df0bf7ad9439 P 14cacce56eb24ce897f2ca0195519170 [term 0 FOLLOWER]: Starting pre-election with config: opid_index: -1 OBSOLETE_local: false peers { permanent_uuid: "28c300c684ef40cd8f89fbbfcfa5c489" member_type: VOTER last_known_addr { host: "127.7.24.65" port: 45901 } } peers { permanent_uuid: "1c948a97aeba46379a655b8744f6e525" member_type: VOTER last_known_addr { host: "127.7.24.66" port: 38673 } } peers { permanent_uuid: "14cacce56eb24ce897f2ca0195519170" member_type: VOTER last_known_addr { host: "127.7.24.67" port: 37199 } }
I20260709 13:00:38.600322  8777 leader_election.cc:290] T fc562587e5464d489552df0bf7ad9439 P 14cacce56eb24ce897f2ca0195519170 [CANDIDATE]: Term 1 pre-election: Requested pre-vote from peers 28c300c684ef40cd8f89fbbfcfa5c489 (127.7.24.65:45901), 1c948a97aeba46379a655b8744f6e525 (127.7.24.66:38673)
I20260709 13:00:38.602291  8435 tablet_service.cc:1917] Received RequestConsensusVote() RPC: tablet_id: "fc562587e5464d489552df0bf7ad9439" candidate_uuid: "14cacce56eb24ce897f2ca0195519170" candidate_term: 1 candidate_status { last_received { term: 0 index: 0 } } ignore_live_leader: false dest_uuid: "1c948a97aeba46379a655b8744f6e525" is_pre_election: true
I20260709 13:00:38.603235  8403 leader_election.cc:304] T 13c0cfbd22574bfd810b68eb7e17e217 P 1c948a97aeba46379a655b8744f6e525 [CANDIDATE]: Term 1 pre-election: Election decided. Result: candidate lost. Election summary: received 3 responses out of 3 voters: 1 yes votes; 2 no votes. yes voters: 1c948a97aeba46379a655b8744f6e525; no voters: 14cacce56eb24ce897f2ca0195519170, 28c300c684ef40cd8f89fbbfcfa5c489
I20260709 13:00:38.603554  8553 tablet_bootstrap.cc:654] T 73dac7c1c49f46d0b9a85e4f6fb048da P 1c948a97aeba46379a655b8744f6e525: Neither blocks nor log segments found. Creating new log.
W20260709 13:00:38.603775  8478 leader_election.cc:343] T fc562587e5464d489552df0bf7ad9439 P 14cacce56eb24ce897f2ca0195519170 [CANDIDATE]: Term 1 pre-election: Tablet error from VoteRequest() call to peer 1c948a97aeba46379a655b8744f6e525 (127.7.24.66:38673): Illegal state: must be running to vote when last-logged opid is not known
I20260709 13:00:38.604835  8792 raft_consensus.cc:3060] T 13c0cfbd22574bfd810b68eb7e17e217 P 1c948a97aeba46379a655b8744f6e525 [term 0 FOLLOWER]: Advancing to term 1
I20260709 13:00:38.616247  8553 tablet_bootstrap.cc:492] T 73dac7c1c49f46d0b9a85e4f6fb048da P 1c948a97aeba46379a655b8744f6e525: No bootstrap required, opened a new log
I20260709 13:00:38.616782  8553 ts_tablet_manager.cc:1403] T 73dac7c1c49f46d0b9a85e4f6fb048da P 1c948a97aeba46379a655b8744f6e525: Time spent bootstrapping tablet: real 0.056s	user 0.009s	sys 0.008s
I20260709 13:00:38.620028  8552 tablet_bootstrap.cc:492] T 49058b1fb5b8438e96fe551e601dfb18 P 28c300c684ef40cd8f89fbbfcfa5c489: No bootstrap required, opened a new log
I20260709 13:00:38.620477  8552 ts_tablet_manager.cc:1403] T 49058b1fb5b8438e96fe551e601dfb18 P 28c300c684ef40cd8f89fbbfcfa5c489: Time spent bootstrapping tablet: real 0.289s	user 0.008s	sys 0.041s
I20260709 13:00:38.623616  8792 raft_consensus.cc:2749] T 13c0cfbd22574bfd810b68eb7e17e217 P 1c948a97aeba46379a655b8744f6e525 [term 1 FOLLOWER]: Leader pre-election lost for term 1. Reason: could not achieve majority
I20260709 13:00:38.626861  8553 raft_consensus.cc:359] T 73dac7c1c49f46d0b9a85e4f6fb048da P 1c948a97aeba46379a655b8744f6e525 [term 0 FOLLOWER]: Replica starting. Triggering 0 pending ops. Active config: opid_index: -1 OBSOLETE_local: false peers { permanent_uuid: "28c300c684ef40cd8f89fbbfcfa5c489" member_type: VOTER last_known_addr { host: "127.7.24.65" port: 45901 } } peers { permanent_uuid: "1c948a97aeba46379a655b8744f6e525" member_type: VOTER last_known_addr { host: "127.7.24.66" port: 38673 } } peers { permanent_uuid: "14cacce56eb24ce897f2ca0195519170" member_type: VOTER last_known_addr { host: "127.7.24.67" port: 37199 } }
I20260709 13:00:38.627702  8553 raft_consensus.cc:385] T 73dac7c1c49f46d0b9a85e4f6fb048da P 1c948a97aeba46379a655b8744f6e525 [term 0 FOLLOWER]: Consensus starting up: Expiring failure detector timer to make a prompt election more likely
I20260709 13:00:38.627674  8552 raft_consensus.cc:359] T 49058b1fb5b8438e96fe551e601dfb18 P 28c300c684ef40cd8f89fbbfcfa5c489 [term 0 FOLLOWER]: Replica starting. Triggering 0 pending ops. Active config: opid_index: -1 OBSOLETE_local: false peers { permanent_uuid: "28c300c684ef40cd8f89fbbfcfa5c489" member_type: VOTER last_known_addr { host: "127.7.24.65" port: 45901 } } peers { permanent_uuid: "1c948a97aeba46379a655b8744f6e525" member_type: VOTER last_known_addr { host: "127.7.24.66" port: 38673 } } peers { permanent_uuid: "14cacce56eb24ce897f2ca0195519170" member_type: VOTER last_known_addr { host: "127.7.24.67" port: 37199 } }
I20260709 13:00:38.628191  8553 raft_consensus.cc:740] T 73dac7c1c49f46d0b9a85e4f6fb048da P 1c948a97aeba46379a655b8744f6e525 [term 0 FOLLOWER]: Becoming Follower/Learner. State: Replica: 1c948a97aeba46379a655b8744f6e525, State: Initialized, Role: FOLLOWER
I20260709 13:00:38.628427  8552 raft_consensus.cc:385] T 49058b1fb5b8438e96fe551e601dfb18 P 28c300c684ef40cd8f89fbbfcfa5c489 [term 0 FOLLOWER]: Consensus starting up: Expiring failure detector timer to make a prompt election more likely
I20260709 13:00:38.628749  8552 raft_consensus.cc:740] T 49058b1fb5b8438e96fe551e601dfb18 P 28c300c684ef40cd8f89fbbfcfa5c489 [term 0 FOLLOWER]: Becoming Follower/Learner. State: Replica: 28c300c684ef40cd8f89fbbfcfa5c489, State: Initialized, Role: FOLLOWER
I20260709 13:00:38.618556  8707 raft_consensus.cc:515] T 273795d43bc64ad9bced14cef36ea461 P 28c300c684ef40cd8f89fbbfcfa5c489 [term 1 FOLLOWER]: Starting leader election with config: opid_index: -1 OBSOLETE_local: false peers { permanent_uuid: "28c300c684ef40cd8f89fbbfcfa5c489" member_type: VOTER last_known_addr { host: "127.7.24.65" port: 45901 } } peers { permanent_uuid: "1c948a97aeba46379a655b8744f6e525" member_type: VOTER last_known_addr { host: "127.7.24.66" port: 38673 } } peers { permanent_uuid: "14cacce56eb24ce897f2ca0195519170" member_type: VOTER last_known_addr { host: "127.7.24.67" port: 37199 } }
I20260709 13:00:38.629180  8553 consensus_queue.cc:260] T 73dac7c1c49f46d0b9a85e4f6fb048da P 1c948a97aeba46379a655b8744f6e525 [NON_LEADER]: Queue going to NON_LEADER mode. State: All replicated index: 0, Majority replicated index: 0, Committed index: 0, Last appended: 0.0, Last appended by leader: 0, Current term: 0, Majority size: -1, State: 0, Mode: NON_LEADER, active raft config: opid_index: -1 OBSOLETE_local: false peers { permanent_uuid: "28c300c684ef40cd8f89fbbfcfa5c489" member_type: VOTER last_known_addr { host: "127.7.24.65" port: 45901 } } peers { permanent_uuid: "1c948a97aeba46379a655b8744f6e525" member_type: VOTER last_known_addr { host: "127.7.24.66" port: 38673 } } peers { permanent_uuid: "14cacce56eb24ce897f2ca0195519170" member_type: VOTER last_known_addr { host: "127.7.24.67" port: 37199 } }
I20260709 13:00:38.629746  8362 raft_consensus.cc:2393] T 273795d43bc64ad9bced14cef36ea461 P 28c300c684ef40cd8f89fbbfcfa5c489 [term 1 FOLLOWER]: Leader election vote request: Denying vote to candidate 14cacce56eb24ce897f2ca0195519170 in current term 1: Already voted for candidate 28c300c684ef40cd8f89fbbfcfa5c489 in this term.
I20260709 13:00:38.630970  8585 consensus_queue.cc:1048] T 905e2c1203a540cf975c88af804e9134 P 28c300c684ef40cd8f89fbbfcfa5c489 [LEADER]: Connected to new peer: Peer: permanent_uuid: "1c948a97aeba46379a655b8744f6e525" member_type: VOTER last_known_addr { host: "127.7.24.66" port: 38673 }, Status: LMP_MISMATCH, Last received: 0.0, Next index: 1, Last known committed idx: 0, Time since last communication: 0.000s
I20260709 13:00:38.632879  8552 consensus_queue.cc:260] T 49058b1fb5b8438e96fe551e601dfb18 P 28c300c684ef40cd8f89fbbfcfa5c489 [NON_LEADER]: Queue going to NON_LEADER mode. State: All replicated index: 0, Majority replicated index: 0, Committed index: 0, Last appended: 0.0, Last appended by leader: 0, Current term: 0, Majority size: -1, State: 0, Mode: NON_LEADER, active raft config: opid_index: -1 OBSOLETE_local: false peers { permanent_uuid: "28c300c684ef40cd8f89fbbfcfa5c489" member_type: VOTER last_known_addr { host: "127.7.24.65" port: 45901 } } peers { permanent_uuid: "1c948a97aeba46379a655b8744f6e525" member_type: VOTER last_known_addr { host: "127.7.24.66" port: 38673 } } peers { permanent_uuid: "14cacce56eb24ce897f2ca0195519170" member_type: VOTER last_known_addr { host: "127.7.24.67" port: 37199 } }
I20260709 13:00:38.633824  8553 ts_tablet_manager.cc:1434] T 73dac7c1c49f46d0b9a85e4f6fb048da P 1c948a97aeba46379a655b8744f6e525: Time spent starting tablet: real 0.017s	user 0.006s	sys 0.000s
I20260709 13:00:38.634663  8552 ts_tablet_manager.cc:1434] T 49058b1fb5b8438e96fe551e601dfb18 P 28c300c684ef40cd8f89fbbfcfa5c489: Time spent starting tablet: real 0.014s	user 0.003s	sys 0.002s
I20260709 13:00:38.634773  8553 tablet_bootstrap.cc:492] T 94137422175e4d16aa01d3a2f71e6886 P 1c948a97aeba46379a655b8744f6e525: Bootstrap starting.
I20260709 13:00:38.635854  8552 tablet_bootstrap.cc:492] T fd8937d6ce6040e798abb0a30ad4b0d8 P 28c300c684ef40cd8f89fbbfcfa5c489: Bootstrap starting.
I20260709 13:00:38.644135  8777 consensus_queue.cc:1048] T 13c0cfbd22574bfd810b68eb7e17e217 P 14cacce56eb24ce897f2ca0195519170 [LEADER]: Connected to new peer: Peer: permanent_uuid: "1c948a97aeba46379a655b8744f6e525" member_type: VOTER last_known_addr { host: "127.7.24.66" port: 38673 }, Status: LMP_MISMATCH, Last received: 0.0, Next index: 1, Last known committed idx: 0, Time since last communication: 0.000s
W20260709 13:00:38.647898  8309 auto_rebalancer.cc:288] Could not retrieve cluster info: Service unavailable: Tablet not running
I20260709 13:00:38.648743  8552 tablet_bootstrap.cc:654] T fd8937d6ce6040e798abb0a30ad4b0d8 P 28c300c684ef40cd8f89fbbfcfa5c489: Neither blocks nor log segments found. Creating new log.
I20260709 13:00:38.650146  8707 leader_election.cc:290] T 273795d43bc64ad9bced14cef36ea461 P 28c300c684ef40cd8f89fbbfcfa5c489 [CANDIDATE]: Term 1 election: Requested vote from peers 1c948a97aeba46379a655b8744f6e525 (127.7.24.66:38673), 14cacce56eb24ce897f2ca0195519170 (127.7.24.67:37199)
I20260709 13:00:38.653143  8553 tablet_bootstrap.cc:654] T 94137422175e4d16aa01d3a2f71e6886 P 1c948a97aeba46379a655b8744f6e525: Neither blocks nor log segments found. Creating new log.
I20260709 13:00:38.653680  8436 tablet_service.cc:1917] Received RequestConsensusVote() RPC: tablet_id: "273795d43bc64ad9bced14cef36ea461" candidate_uuid: "28c300c684ef40cd8f89fbbfcfa5c489" candidate_term: 1 candidate_status { last_received { term: 0 index: 0 } } ignore_live_leader: false dest_uuid: "1c948a97aeba46379a655b8744f6e525"
W20260709 13:00:38.656467  8329 leader_election.cc:343] T 273795d43bc64ad9bced14cef36ea461 P 28c300c684ef40cd8f89fbbfcfa5c489 [CANDIDATE]: Term 1 election: Tablet error from VoteRequest() call to peer 1c948a97aeba46379a655b8744f6e525 (127.7.24.66:38673): Illegal state: must be running to vote when last-logged opid is not known
I20260709 13:00:38.658324  8362 tablet_service.cc:1917] Received RequestConsensusVote() RPC: tablet_id: "fc562587e5464d489552df0bf7ad9439" candidate_uuid: "14cacce56eb24ce897f2ca0195519170" candidate_term: 1 candidate_status { last_received { term: 0 index: 0 } } ignore_live_leader: false dest_uuid: "28c300c684ef40cd8f89fbbfcfa5c489" is_pre_election: true
I20260709 13:00:38.658953  8362 raft_consensus.cc:2468] T fc562587e5464d489552df0bf7ad9439 P 28c300c684ef40cd8f89fbbfcfa5c489 [term 0 FOLLOWER]: Leader pre-election vote request: Granting yes vote for candidate 14cacce56eb24ce897f2ca0195519170 in term 0.
I20260709 13:00:38.656585  8554 tablet_bootstrap.cc:654] T 423a95feca1a478d99eae8345590733e P 14cacce56eb24ce897f2ca0195519170: Neither blocks nor log segments found. Creating new log.
I20260709 13:00:38.661536  8477 leader_election.cc:304] T 273795d43bc64ad9bced14cef36ea461 P 14cacce56eb24ce897f2ca0195519170 [CANDIDATE]: Term 1 election: Election decided. Result: candidate lost. Election summary: received 3 responses out of 3 voters: 1 yes votes; 2 no votes. yes voters: 14cacce56eb24ce897f2ca0195519170; no voters: 1c948a97aeba46379a655b8744f6e525, 28c300c684ef40cd8f89fbbfcfa5c489
I20260709 13:00:38.663390  8776 raft_consensus.cc:2749] T 273795d43bc64ad9bced14cef36ea461 P 14cacce56eb24ce897f2ca0195519170 [term 1 FOLLOWER]: Leader election lost for term 1. Reason: could not achieve majority
I20260709 13:00:38.664222  8436 raft_consensus.cc:3060] T 73dac7c1c49f46d0b9a85e4f6fb048da P 1c948a97aeba46379a655b8744f6e525 [term 0 FOLLOWER]: Advancing to term 1
I20260709 13:00:38.669013  8477 leader_election.cc:304] T fc562587e5464d489552df0bf7ad9439 P 14cacce56eb24ce897f2ca0195519170 [CANDIDATE]: Term 1 pre-election: Election decided. Result: candidate won. Election summary: received 3 responses out of 3 voters: 2 yes votes; 1 no votes. yes voters: 14cacce56eb24ce897f2ca0195519170, 28c300c684ef40cd8f89fbbfcfa5c489; no voters: 1c948a97aeba46379a655b8744f6e525
I20260709 13:00:38.670140  8776 raft_consensus.cc:2804] T fc562587e5464d489552df0bf7ad9439 P 14cacce56eb24ce897f2ca0195519170 [term 0 FOLLOWER]: Leader pre-election won for term 1
I20260709 13:00:38.670619  8776 raft_consensus.cc:493] T fc562587e5464d489552df0bf7ad9439 P 14cacce56eb24ce897f2ca0195519170 [term 0 FOLLOWER]: Starting leader election (no leader contacted us within the election timeout)
I20260709 13:00:38.671140  8776 raft_consensus.cc:3060] T fc562587e5464d489552df0bf7ad9439 P 14cacce56eb24ce897f2ca0195519170 [term 0 FOLLOWER]: Advancing to term 1
I20260709 13:00:38.671650  8508 tablet_service.cc:1917] Received RequestConsensusVote() RPC: tablet_id: "273795d43bc64ad9bced14cef36ea461" candidate_uuid: "28c300c684ef40cd8f89fbbfcfa5c489" candidate_term: 1 candidate_status { last_received { term: 0 index: 0 } } ignore_live_leader: false dest_uuid: "14cacce56eb24ce897f2ca0195519170"
I20260709 13:00:38.672660  8508 raft_consensus.cc:2393] T 273795d43bc64ad9bced14cef36ea461 P 14cacce56eb24ce897f2ca0195519170 [term 1 FOLLOWER]: Leader election vote request: Denying vote to candidate 28c300c684ef40cd8f89fbbfcfa5c489 in current term 1: Already voted for candidate 14cacce56eb24ce897f2ca0195519170 in this term.
I20260709 13:00:38.675704  8327 leader_election.cc:304] T 273795d43bc64ad9bced14cef36ea461 P 28c300c684ef40cd8f89fbbfcfa5c489 [CANDIDATE]: Term 1 election: Election decided. Result: candidate lost. Election summary: received 3 responses out of 3 voters: 1 yes votes; 2 no votes. yes voters: 28c300c684ef40cd8f89fbbfcfa5c489; no voters: 14cacce56eb24ce897f2ca0195519170, 1c948a97aeba46379a655b8744f6e525
I20260709 13:00:38.677076  8849 raft_consensus.cc:2749] T 273795d43bc64ad9bced14cef36ea461 P 28c300c684ef40cd8f89fbbfcfa5c489 [term 1 FOLLOWER]: Leader election lost for term 1. Reason: could not achieve majority
I20260709 13:00:38.679091  8585 consensus_queue.cc:1048] T 905e2c1203a540cf975c88af804e9134 P 28c300c684ef40cd8f89fbbfcfa5c489 [LEADER]: Connected to new peer: Peer: permanent_uuid: "14cacce56eb24ce897f2ca0195519170" member_type: VOTER last_known_addr { host: "127.7.24.67" port: 37199 }, Status: LMP_MISMATCH, Last received: 0.0, Next index: 1, Last known committed idx: 0, Time since last communication: 0.000s
I20260709 13:00:38.709760  8777 consensus_queue.cc:1048] T 94137422175e4d16aa01d3a2f71e6886 P 14cacce56eb24ce897f2ca0195519170 [LEADER]: Connected to new peer: Peer: permanent_uuid: "28c300c684ef40cd8f89fbbfcfa5c489" member_type: VOTER last_known_addr { host: "127.7.24.65" port: 45901 }, Status: LMP_MISMATCH, Last received: 0.0, Next index: 1, Last known committed idx: 0, Time since last communication: 0.001s
I20260709 13:00:38.698442  8776 raft_consensus.cc:515] T fc562587e5464d489552df0bf7ad9439 P 14cacce56eb24ce897f2ca0195519170 [term 1 FOLLOWER]: Starting leader election with config: opid_index: -1 OBSOLETE_local: false peers { permanent_uuid: "28c300c684ef40cd8f89fbbfcfa5c489" member_type: VOTER last_known_addr { host: "127.7.24.65" port: 45901 } } peers { permanent_uuid: "1c948a97aeba46379a655b8744f6e525" member_type: VOTER last_known_addr { host: "127.7.24.66" port: 38673 } } peers { permanent_uuid: "14cacce56eb24ce897f2ca0195519170" member_type: VOTER last_known_addr { host: "127.7.24.67" port: 37199 } }
I20260709 13:00:38.729746  8432 tablet_service.cc:1917] Received RequestConsensusVote() RPC: tablet_id: "fc562587e5464d489552df0bf7ad9439" candidate_uuid: "14cacce56eb24ce897f2ca0195519170" candidate_term: 1 candidate_status { last_received { term: 0 index: 0 } } ignore_live_leader: false dest_uuid: "1c948a97aeba46379a655b8744f6e525"
W20260709 13:00:38.731348  8478 leader_election.cc:343] T fc562587e5464d489552df0bf7ad9439 P 14cacce56eb24ce897f2ca0195519170 [CANDIDATE]: Term 1 election: Tablet error from VoteRequest() call to peer 1c948a97aeba46379a655b8744f6e525 (127.7.24.66:38673): Illegal state: must be running to vote when last-logged opid is not known
I20260709 13:00:38.732641  8707 consensus_queue.cc:1048] T 73dac7c1c49f46d0b9a85e4f6fb048da P 28c300c684ef40cd8f89fbbfcfa5c489 [LEADER]: Connected to new peer: Peer: permanent_uuid: "1c948a97aeba46379a655b8744f6e525" member_type: VOTER last_known_addr { host: "127.7.24.66" port: 38673 }, Status: LMP_MISMATCH, Last received: 0.0, Next index: 1, Last known committed idx: 0, Time since last communication: 0.001s
I20260709 13:00:38.739420  8361 tablet_service.cc:1917] Received RequestConsensusVote() RPC: tablet_id: "fc562587e5464d489552df0bf7ad9439" candidate_uuid: "14cacce56eb24ce897f2ca0195519170" candidate_term: 1 candidate_status { last_received { term: 0 index: 0 } } ignore_live_leader: false dest_uuid: "28c300c684ef40cd8f89fbbfcfa5c489"
I20260709 13:00:38.740058  8361 raft_consensus.cc:3060] T fc562587e5464d489552df0bf7ad9439 P 28c300c684ef40cd8f89fbbfcfa5c489 [term 0 FOLLOWER]: Advancing to term 1
I20260709 13:00:38.747200  8776 leader_election.cc:290] T fc562587e5464d489552df0bf7ad9439 P 14cacce56eb24ce897f2ca0195519170 [CANDIDATE]: Term 1 election: Requested vote from peers 28c300c684ef40cd8f89fbbfcfa5c489 (127.7.24.65:45901), 1c948a97aeba46379a655b8744f6e525 (127.7.24.66:38673)
I20260709 13:00:38.747581  8361 raft_consensus.cc:2468] T fc562587e5464d489552df0bf7ad9439 P 28c300c684ef40cd8f89fbbfcfa5c489 [term 1 FOLLOWER]: Leader election vote request: Granting yes vote for candidate 14cacce56eb24ce897f2ca0195519170 in term 1.
I20260709 13:00:38.758708  8553 tablet_bootstrap.cc:492] T 94137422175e4d16aa01d3a2f71e6886 P 1c948a97aeba46379a655b8744f6e525: No bootstrap required, opened a new log
I20260709 13:00:38.772761  8553 ts_tablet_manager.cc:1403] T 94137422175e4d16aa01d3a2f71e6886 P 1c948a97aeba46379a655b8744f6e525: Time spent bootstrapping tablet: real 0.138s	user 0.020s	sys 0.038s
I20260709 13:00:38.774362  8554 tablet_bootstrap.cc:492] T 423a95feca1a478d99eae8345590733e P 14cacce56eb24ce897f2ca0195519170: No bootstrap required, opened a new log
I20260709 13:00:38.774992  8554 ts_tablet_manager.cc:1403] T 423a95feca1a478d99eae8345590733e P 14cacce56eb24ce897f2ca0195519170: Time spent bootstrapping tablet: real 0.189s	user 0.011s	sys 0.002s
I20260709 13:00:38.775519  8553 raft_consensus.cc:359] T 94137422175e4d16aa01d3a2f71e6886 P 1c948a97aeba46379a655b8744f6e525 [term 0 FOLLOWER]: Replica starting. Triggering 0 pending ops. Active config: opid_index: -1 OBSOLETE_local: false peers { permanent_uuid: "28c300c684ef40cd8f89fbbfcfa5c489" member_type: VOTER last_known_addr { host: "127.7.24.65" port: 45901 } } peers { permanent_uuid: "1c948a97aeba46379a655b8744f6e525" member_type: VOTER last_known_addr { host: "127.7.24.66" port: 38673 } } peers { permanent_uuid: "14cacce56eb24ce897f2ca0195519170" member_type: VOTER last_known_addr { host: "127.7.24.67" port: 37199 } }
I20260709 13:00:38.776207  8553 raft_consensus.cc:385] T 94137422175e4d16aa01d3a2f71e6886 P 1c948a97aeba46379a655b8744f6e525 [term 0 FOLLOWER]: Consensus starting up: Expiring failure detector timer to make a prompt election more likely
I20260709 13:00:38.776495  8553 raft_consensus.cc:740] T 94137422175e4d16aa01d3a2f71e6886 P 1c948a97aeba46379a655b8744f6e525 [term 0 FOLLOWER]: Becoming Follower/Learner. State: Replica: 1c948a97aeba46379a655b8744f6e525, State: Initialized, Role: FOLLOWER
I20260709 13:00:38.777122  8553 consensus_queue.cc:260] T 94137422175e4d16aa01d3a2f71e6886 P 1c948a97aeba46379a655b8744f6e525 [NON_LEADER]: Queue going to NON_LEADER mode. State: All replicated index: 0, Majority replicated index: 0, Committed index: 0, Last appended: 0.0, Last appended by leader: 0, Current term: 0, Majority size: -1, State: 0, Mode: NON_LEADER, active raft config: opid_index: -1 OBSOLETE_local: false peers { permanent_uuid: "28c300c684ef40cd8f89fbbfcfa5c489" member_type: VOTER last_known_addr { host: "127.7.24.65" port: 45901 } } peers { permanent_uuid: "1c948a97aeba46379a655b8744f6e525" member_type: VOTER last_known_addr { host: "127.7.24.66" port: 38673 } } peers { permanent_uuid: "14cacce56eb24ce897f2ca0195519170" member_type: VOTER last_known_addr { host: "127.7.24.67" port: 37199 } }
I20260709 13:00:38.763844  8707 consensus_queue.cc:1048] T 73dac7c1c49f46d0b9a85e4f6fb048da P 28c300c684ef40cd8f89fbbfcfa5c489 [LEADER]: Connected to new peer: Peer: permanent_uuid: "14cacce56eb24ce897f2ca0195519170" member_type: VOTER last_known_addr { host: "127.7.24.67" port: 37199 }, Status: LMP_MISMATCH, Last received: 0.0, Next index: 1, Last known committed idx: 0, Time since last communication: 0.000s
I20260709 13:00:38.765084  8777 consensus_queue.cc:1048] T 13c0cfbd22574bfd810b68eb7e17e217 P 14cacce56eb24ce897f2ca0195519170 [LEADER]: Connected to new peer: Peer: permanent_uuid: "28c300c684ef40cd8f89fbbfcfa5c489" member_type: VOTER last_known_addr { host: "127.7.24.65" port: 45901 }, Status: LMP_MISMATCH, Last received: 0.0, Next index: 1, Last known committed idx: 0, Time since last communication: 0.000s
I20260709 13:00:38.780715  8553 ts_tablet_manager.cc:1434] T 94137422175e4d16aa01d3a2f71e6886 P 1c948a97aeba46379a655b8744f6e525: Time spent starting tablet: real 0.008s	user 0.005s	sys 0.001s
I20260709 13:00:38.781673  8553 tablet_bootstrap.cc:492] T fc562587e5464d489552df0bf7ad9439 P 1c948a97aeba46379a655b8744f6e525: Bootstrap starting.
I20260709 13:00:38.784024  8477 leader_election.cc:304] T fc562587e5464d489552df0bf7ad9439 P 14cacce56eb24ce897f2ca0195519170 [CANDIDATE]: Term 1 election: Election decided. Result: candidate won. Election summary: received 3 responses out of 3 voters: 2 yes votes; 1 no votes. yes voters: 14cacce56eb24ce897f2ca0195519170, 28c300c684ef40cd8f89fbbfcfa5c489; no voters: 1c948a97aeba46379a655b8744f6e525
I20260709 13:00:38.788357  8848 raft_consensus.cc:2804] T fc562587e5464d489552df0bf7ad9439 P 14cacce56eb24ce897f2ca0195519170 [term 1 FOLLOWER]: Leader election won for term 1
I20260709 13:00:38.791199  8553 tablet_bootstrap.cc:654] T fc562587e5464d489552df0bf7ad9439 P 1c948a97aeba46379a655b8744f6e525: Neither blocks nor log segments found. Creating new log.
I20260709 13:00:38.793049  8848 raft_consensus.cc:697] T fc562587e5464d489552df0bf7ad9439 P 14cacce56eb24ce897f2ca0195519170 [term 1 LEADER]: Becoming Leader. State: Replica: 14cacce56eb24ce897f2ca0195519170, State: Running, Role: LEADER
I20260709 13:00:38.794246  8848 consensus_queue.cc:237] T fc562587e5464d489552df0bf7ad9439 P 14cacce56eb24ce897f2ca0195519170 [LEADER]: Queue going to LEADER mode. State: All replicated index: 0, Majority replicated index: 0, Committed index: 0, Last appended: 0.0, Last appended by leader: 0, Current term: 1, Majority size: 2, State: 0, Mode: LEADER, active raft config: opid_index: -1 OBSOLETE_local: false peers { permanent_uuid: "28c300c684ef40cd8f89fbbfcfa5c489" member_type: VOTER last_known_addr { host: "127.7.24.65" port: 45901 } } peers { permanent_uuid: "1c948a97aeba46379a655b8744f6e525" member_type: VOTER last_known_addr { host: "127.7.24.66" port: 38673 } } peers { permanent_uuid: "14cacce56eb24ce897f2ca0195519170" member_type: VOTER last_known_addr { host: "127.7.24.67" port: 37199 } }
I20260709 13:00:38.807092  8553 tablet_bootstrap.cc:492] T fc562587e5464d489552df0bf7ad9439 P 1c948a97aeba46379a655b8744f6e525: No bootstrap required, opened a new log
I20260709 13:00:38.807672  8553 ts_tablet_manager.cc:1403] T fc562587e5464d489552df0bf7ad9439 P 1c948a97aeba46379a655b8744f6e525: Time spent bootstrapping tablet: real 0.026s	user 0.008s	sys 0.007s
I20260709 13:00:38.810235  8553 raft_consensus.cc:359] T fc562587e5464d489552df0bf7ad9439 P 1c948a97aeba46379a655b8744f6e525 [term 0 FOLLOWER]: Replica starting. Triggering 0 pending ops. Active config: opid_index: -1 OBSOLETE_local: false peers { permanent_uuid: "28c300c684ef40cd8f89fbbfcfa5c489" member_type: VOTER last_known_addr { host: "127.7.24.65" port: 45901 } } peers { permanent_uuid: "1c948a97aeba46379a655b8744f6e525" member_type: VOTER last_known_addr { host: "127.7.24.66" port: 38673 } } peers { permanent_uuid: "14cacce56eb24ce897f2ca0195519170" member_type: VOTER last_known_addr { host: "127.7.24.67" port: 37199 } }
I20260709 13:00:38.811056  8553 raft_consensus.cc:385] T fc562587e5464d489552df0bf7ad9439 P 1c948a97aeba46379a655b8744f6e525 [term 0 FOLLOWER]: Consensus starting up: Expiring failure detector timer to make a prompt election more likely
I20260709 13:00:38.811336  8553 raft_consensus.cc:740] T fc562587e5464d489552df0bf7ad9439 P 1c948a97aeba46379a655b8744f6e525 [term 0 FOLLOWER]: Becoming Follower/Learner. State: Replica: 1c948a97aeba46379a655b8744f6e525, State: Initialized, Role: FOLLOWER
I20260709 13:00:38.811947  8553 consensus_queue.cc:260] T fc562587e5464d489552df0bf7ad9439 P 1c948a97aeba46379a655b8744f6e525 [NON_LEADER]: Queue going to NON_LEADER mode. State: All replicated index: 0, Majority replicated index: 0, Committed index: 0, Last appended: 0.0, Last appended by leader: 0, Current term: 0, Majority size: -1, State: 0, Mode: NON_LEADER, active raft config: opid_index: -1 OBSOLETE_local: false peers { permanent_uuid: "28c300c684ef40cd8f89fbbfcfa5c489" member_type: VOTER last_known_addr { host: "127.7.24.65" port: 45901 } } peers { permanent_uuid: "1c948a97aeba46379a655b8744f6e525" member_type: VOTER last_known_addr { host: "127.7.24.66" port: 38673 } } peers { permanent_uuid: "14cacce56eb24ce897f2ca0195519170" member_type: VOTER last_known_addr { host: "127.7.24.67" port: 37199 } }
I20260709 13:00:38.798288  8554 raft_consensus.cc:359] T 423a95feca1a478d99eae8345590733e P 14cacce56eb24ce897f2ca0195519170 [term 0 FOLLOWER]: Replica starting. Triggering 0 pending ops. Active config: opid_index: -1 OBSOLETE_local: false peers { permanent_uuid: "28c300c684ef40cd8f89fbbfcfa5c489" member_type: VOTER last_known_addr { host: "127.7.24.65" port: 45901 } } peers { permanent_uuid: "1c948a97aeba46379a655b8744f6e525" member_type: VOTER last_known_addr { host: "127.7.24.66" port: 38673 } } peers { permanent_uuid: "14cacce56eb24ce897f2ca0195519170" member_type: VOTER last_known_addr { host: "127.7.24.67" port: 37199 } }
I20260709 13:00:38.813282  8554 raft_consensus.cc:385] T 423a95feca1a478d99eae8345590733e P 14cacce56eb24ce897f2ca0195519170 [term 0 FOLLOWER]: Consensus starting up: Expiring failure detector timer to make a prompt election more likely
