I20260709 13:00:07.985584  7565 leader_election.cc:290] T 6e8ff72c5891462cadf3d2fb87042400 P 5c416d6cea1443bba0c553bf1db51015 [CANDIDATE]: Term 2 election: Requested vote from peers 784c4afa7e5d41db9fb6675a10737fcb (127.7.28.193:40219), 1202bb710e4d4a878c8d1d2b2ab06d77 (127.7.28.194:45209)
I20260709 13:00:07.986578  7492 tablet_service.cc:1917] Received RequestConsensusVote() RPC: tablet_id: "6e8ff72c5891462cadf3d2fb87042400" candidate_uuid: "5c416d6cea1443bba0c553bf1db51015" candidate_term: 2 candidate_status { last_received { term: 1 index: 1 } } ignore_live_leader: true dest_uuid: "1202bb710e4d4a878c8d1d2b2ab06d77"
I20260709 13:00:07.987183  7492 raft_consensus.cc:3055] T 6e8ff72c5891462cadf3d2fb87042400 P 1202bb710e4d4a878c8d1d2b2ab06d77 [term 1 LEADER]: Stepping down as leader of term 1
I20260709 13:00:07.987470  7492 raft_consensus.cc:740] T 6e8ff72c5891462cadf3d2fb87042400 P 1202bb710e4d4a878c8d1d2b2ab06d77 [term 1 LEADER]: Becoming Follower/Learner. State: Replica: 1202bb710e4d4a878c8d1d2b2ab06d77, State: Running, Role: LEADER
I20260709 13:00:07.987866  7564 raft_consensus.cc:2468] T 487e5aec2b284b60b211283731c25df5 P 5c416d6cea1443bba0c553bf1db51015 [term 2 FOLLOWER]: Leader election vote request: Granting yes vote for candidate 784c4afa7e5d41db9fb6675a10737fcb in term 2.
I20260709 13:00:07.988168  7492 consensus_queue.cc:260] T 6e8ff72c5891462cadf3d2fb87042400 P 1202bb710e4d4a878c8d1d2b2ab06d77 [NON_LEADER]: Queue going to NON_LEADER mode. State: All replicated index: 0, Majority replicated index: 1, Committed index: 1, Last appended: 1.1, Last appended by leader: 1, Current term: 1, Majority size: -1, State: 0, Mode: NON_LEADER, active raft config: opid_index: -1 OBSOLETE_local: false peers { permanent_uuid: "784c4afa7e5d41db9fb6675a10737fcb" member_type: VOTER last_known_addr { host: "127.7.28.193" port: 40219 } } peers { permanent_uuid: "1202bb710e4d4a878c8d1d2b2ab06d77" member_type: VOTER last_known_addr { host: "127.7.28.194" port: 45209 } } peers { permanent_uuid: "5c416d6cea1443bba0c553bf1db51015" member_type: VOTER last_known_addr { host: "127.7.28.195" port: 34313 } }
I20260709 13:00:07.989372  7492 raft_consensus.cc:3060] T 6e8ff72c5891462cadf3d2fb87042400 P 1202bb710e4d4a878c8d1d2b2ab06d77 [term 1 FOLLOWER]: Advancing to term 2
I20260709 13:00:07.989602  7416 raft_consensus.cc:2468] T 6e8ff72c5891462cadf3d2fb87042400 P 784c4afa7e5d41db9fb6675a10737fcb [term 2 FOLLOWER]: Leader election vote request: Granting yes vote for candidate 5c416d6cea1443bba0c553bf1db51015 in term 2.
I20260709 13:00:07.986224  7493 raft_consensus.cc:3060] T d2e23d7d8e2c48f69f3a3abb8e7ae761 P 1202bb710e4d4a878c8d1d2b2ab06d77 [term 1 FOLLOWER]: Advancing to term 2
I20260709 13:00:07.990724  7566 raft_consensus.cc:2468] T d2e23d7d8e2c48f69f3a3abb8e7ae761 P 5c416d6cea1443bba0c553bf1db51015 [term 2 FOLLOWER]: Leader election vote request: Granting yes vote for candidate 784c4afa7e5d41db9fb6675a10737fcb in term 2.
I20260709 13:00:07.990672  7530 leader_election.cc:304] T 6e8ff72c5891462cadf3d2fb87042400 P 5c416d6cea1443bba0c553bf1db51015 [CANDIDATE]: Term 2 election: Election decided. Result: candidate won. Election summary: received 2 responses out of 3 voters: 2 yes votes; 0 no votes. yes voters: 5c416d6cea1443bba0c553bf1db51015, 784c4afa7e5d41db9fb6675a10737fcb; no voters: 
I20260709 13:00:07.991671  7641 raft_consensus.cc:2804] T 6e8ff72c5891462cadf3d2fb87042400 P 5c416d6cea1443bba0c553bf1db51015 [term 2 FOLLOWER]: Leader election won for term 2
I20260709 13:00:07.992120  7641 raft_consensus.cc:697] T 6e8ff72c5891462cadf3d2fb87042400 P 5c416d6cea1443bba0c553bf1db51015 [term 2 LEADER]: Becoming Leader. State: Replica: 5c416d6cea1443bba0c553bf1db51015, State: Running, Role: LEADER
I20260709 13:00:07.992905  7641 consensus_queue.cc:237] T 6e8ff72c5891462cadf3d2fb87042400 P 5c416d6cea1443bba0c553bf1db51015 [LEADER]: Queue going to LEADER mode. State: All replicated index: 0, Majority replicated index: 1, Committed index: 1, Last appended: 1.1, Last appended by leader: 1, Current term: 2, Majority size: 2, State: 0, Mode: LEADER, active raft config: opid_index: -1 OBSOLETE_local: false peers { permanent_uuid: "784c4afa7e5d41db9fb6675a10737fcb" member_type: VOTER last_known_addr { host: "127.7.28.193" port: 40219 } } peers { permanent_uuid: "1202bb710e4d4a878c8d1d2b2ab06d77" member_type: VOTER last_known_addr { host: "127.7.28.194" port: 45209 } } peers { permanent_uuid: "5c416d6cea1443bba0c553bf1db51015" member_type: VOTER last_known_addr { host: "127.7.28.195" port: 34313 } }
I20260709 13:00:07.995071  7493 raft_consensus.cc:2468] T d2e23d7d8e2c48f69f3a3abb8e7ae761 P 1202bb710e4d4a878c8d1d2b2ab06d77 [term 2 FOLLOWER]: Leader election vote request: Granting yes vote for candidate 784c4afa7e5d41db9fb6675a10737fcb in term 2.
I20260709 13:00:07.992137  7383 leader_election.cc:304] T d2e23d7d8e2c48f69f3a3abb8e7ae761 P 784c4afa7e5d41db9fb6675a10737fcb [CANDIDATE]: Term 2 election: Election decided. Result: candidate won. Election summary: received 2 responses out of 3 voters: 2 yes votes; 0 no votes. yes voters: 5c416d6cea1443bba0c553bf1db51015, 784c4afa7e5d41db9fb6675a10737fcb; no voters: 
I20260709 13:00:07.995496  7492 raft_consensus.cc:2468] T 6e8ff72c5891462cadf3d2fb87042400 P 1202bb710e4d4a878c8d1d2b2ab06d77 [term 2 FOLLOWER]: Leader election vote request: Granting yes vote for candidate 5c416d6cea1443bba0c553bf1db51015 in term 2.
I20260709 13:00:07.995975  7617 raft_consensus.cc:2804] T d2e23d7d8e2c48f69f3a3abb8e7ae761 P 784c4afa7e5d41db9fb6675a10737fcb [term 2 FOLLOWER]: Leader election won for term 2
I20260709 13:00:07.996416  7617 raft_consensus.cc:697] T d2e23d7d8e2c48f69f3a3abb8e7ae761 P 784c4afa7e5d41db9fb6675a10737fcb [term 2 LEADER]: Becoming Leader. State: Replica: 784c4afa7e5d41db9fb6675a10737fcb, State: Running, Role: LEADER
I20260709 13:00:07.997978  7617 consensus_queue.cc:237] T d2e23d7d8e2c48f69f3a3abb8e7ae761 P 784c4afa7e5d41db9fb6675a10737fcb [LEADER]: Queue going to LEADER mode. State: All replicated index: 0, Majority replicated index: 1, Committed index: 1, Last appended: 1.1, Last appended by leader: 1, Current term: 2, Majority size: 2, State: 0, Mode: LEADER, active raft config: opid_index: -1 OBSOLETE_local: false peers { permanent_uuid: "1202bb710e4d4a878c8d1d2b2ab06d77" member_type: VOTER last_known_addr { host: "127.7.28.194" port: 45209 } } peers { permanent_uuid: "784c4afa7e5d41db9fb6675a10737fcb" member_type: VOTER last_known_addr { host: "127.7.28.193" port: 40219 } } peers { permanent_uuid: "5c416d6cea1443bba0c553bf1db51015" member_type: VOTER last_known_addr { host: "127.7.28.195" port: 34313 } }
I20260709 13:00:08.003512  7315 catalog_manager.cc:5697] T 6e8ff72c5891462cadf3d2fb87042400 P 5c416d6cea1443bba0c553bf1db51015 reported cstate change: term changed from 1 to 2, leader changed from 1202bb710e4d4a878c8d1d2b2ab06d77 (127.7.28.194) to 5c416d6cea1443bba0c553bf1db51015 (127.7.28.195). New cstate: current_term: 2 leader_uuid: "5c416d6cea1443bba0c553bf1db51015" committed_config { opid_index: -1 OBSOLETE_local: false peers { permanent_uuid: "784c4afa7e5d41db9fb6675a10737fcb" member_type: VOTER last_known_addr { host: "127.7.28.193" port: 40219 } health_report { overall_health: UNKNOWN } } peers { permanent_uuid: "1202bb710e4d4a878c8d1d2b2ab06d77" member_type: VOTER last_known_addr { host: "127.7.28.194" port: 45209 } health_report { overall_health: UNKNOWN } } peers { permanent_uuid: "5c416d6cea1443bba0c553bf1db51015" member_type: VOTER last_known_addr { host: "127.7.28.195" port: 34313 } health_report { overall_health: HEALTHY } } }
I20260709 13:00:08.004885  7312 catalog_manager.cc:5697] T d2e23d7d8e2c48f69f3a3abb8e7ae761 P 784c4afa7e5d41db9fb6675a10737fcb reported cstate change: term changed from 1 to 2, leader changed from 1202bb710e4d4a878c8d1d2b2ab06d77 (127.7.28.194) to 784c4afa7e5d41db9fb6675a10737fcb (127.7.28.193). New cstate: current_term: 2 leader_uuid: "784c4afa7e5d41db9fb6675a10737fcb" committed_config { opid_index: -1 OBSOLETE_local: false peers { permanent_uuid: "1202bb710e4d4a878c8d1d2b2ab06d77" member_type: VOTER last_known_addr { host: "127.7.28.194" port: 45209 } health_report { overall_health: UNKNOWN } } peers { permanent_uuid: "784c4afa7e5d41db9fb6675a10737fcb" member_type: VOTER last_known_addr { host: "127.7.28.193" port: 40219 } health_report { overall_health: HEALTHY } } peers { permanent_uuid: "5c416d6cea1443bba0c553bf1db51015" member_type: VOTER last_known_addr { host: "127.7.28.195" port: 34313 } health_report { overall_health: UNKNOWN } } }
I20260709 13:00:08.068800  7616 raft_consensus.cc:993] T fd80f93875194648b478b52f5f155f26 P 1202bb710e4d4a878c8d1d2b2ab06d77: : Instructing follower 784c4afa7e5d41db9fb6675a10737fcb to start an election
I20260709 13:00:08.069190  7659 raft_consensus.cc:1081] T fd80f93875194648b478b52f5f155f26 P 1202bb710e4d4a878c8d1d2b2ab06d77 [term 1 LEADER]: Signalling peer 784c4afa7e5d41db9fb6675a10737fcb to start an election
I20260709 13:00:08.070492  7416 tablet_service.cc:2044] Received Run Leader Election RPC: tablet_id: "fd80f93875194648b478b52f5f155f26"
dest_uuid: "784c4afa7e5d41db9fb6675a10737fcb"
 from {username='slave'} at 127.0.0.1:60146
I20260709 13:00:08.070955  7416 raft_consensus.cc:493] T fd80f93875194648b478b52f5f155f26 P 784c4afa7e5d41db9fb6675a10737fcb [term 1 FOLLOWER]: Starting forced leader election (received explicit request)
I20260709 13:00:08.071211  7416 raft_consensus.cc:3060] T fd80f93875194648b478b52f5f155f26 P 784c4afa7e5d41db9fb6675a10737fcb [term 1 FOLLOWER]: Advancing to term 2
I20260709 13:00:08.075343  7416 raft_consensus.cc:515] T fd80f93875194648b478b52f5f155f26 P 784c4afa7e5d41db9fb6675a10737fcb [term 2 FOLLOWER]: Starting forced leader election with config: opid_index: -1 OBSOLETE_local: false peers { permanent_uuid: "784c4afa7e5d41db9fb6675a10737fcb" member_type: VOTER last_known_addr { host: "127.7.28.193" port: 40219 } } peers { permanent_uuid: "1202bb710e4d4a878c8d1d2b2ab06d77" member_type: VOTER last_known_addr { host: "127.7.28.194" port: 45209 } } peers { permanent_uuid: "5c416d6cea1443bba0c553bf1db51015" member_type: VOTER last_known_addr { host: "127.7.28.195" port: 34313 } }
I20260709 13:00:08.076809  7416 leader_election.cc:290] T fd80f93875194648b478b52f5f155f26 P 784c4afa7e5d41db9fb6675a10737fcb [CANDIDATE]: Term 2 election: Requested vote from peers 1202bb710e4d4a878c8d1d2b2ab06d77 (127.7.28.194:45209), 5c416d6cea1443bba0c553bf1db51015 (127.7.28.195:34313)
I20260709 13:00:08.077534  7492 tablet_service.cc:1917] Received RequestConsensusVote() RPC: tablet_id: "fd80f93875194648b478b52f5f155f26" candidate_uuid: "784c4afa7e5d41db9fb6675a10737fcb" candidate_term: 2 candidate_status { last_received { term: 1 index: 1 } } ignore_live_leader: true dest_uuid: "1202bb710e4d4a878c8d1d2b2ab06d77"
I20260709 13:00:08.077831  7566 tablet_service.cc:1917] Received RequestConsensusVote() RPC: tablet_id: "fd80f93875194648b478b52f5f155f26" candidate_uuid: "784c4afa7e5d41db9fb6675a10737fcb" candidate_term: 2 candidate_status { last_received { term: 1 index: 1 } } ignore_live_leader: true dest_uuid: "5c416d6cea1443bba0c553bf1db51015"
I20260709 13:00:08.078087  7492 raft_consensus.cc:3055] T fd80f93875194648b478b52f5f155f26 P 1202bb710e4d4a878c8d1d2b2ab06d77 [term 1 LEADER]: Stepping down as leader of term 1
I20260709 13:00:08.078372  7566 raft_consensus.cc:3060] T fd80f93875194648b478b52f5f155f26 P 5c416d6cea1443bba0c553bf1db51015 [term 1 FOLLOWER]: Advancing to term 2
I20260709 13:00:08.078424  7492 raft_consensus.cc:740] T fd80f93875194648b478b52f5f155f26 P 1202bb710e4d4a878c8d1d2b2ab06d77 [term 1 LEADER]: Becoming Follower/Learner. State: Replica: 1202bb710e4d4a878c8d1d2b2ab06d77, State: Running, Role: LEADER
I20260709 13:00:08.079319  7492 consensus_queue.cc:260] T fd80f93875194648b478b52f5f155f26 P 1202bb710e4d4a878c8d1d2b2ab06d77 [NON_LEADER]: Queue going to NON_LEADER mode. State: All replicated index: 0, Majority replicated index: 1, Committed index: 1, Last appended: 1.1, Last appended by leader: 1, Current term: 1, Majority size: -1, State: 0, Mode: NON_LEADER, active raft config: opid_index: -1 OBSOLETE_local: false peers { permanent_uuid: "784c4afa7e5d41db9fb6675a10737fcb" member_type: VOTER last_known_addr { host: "127.7.28.193" port: 40219 } } peers { permanent_uuid: "1202bb710e4d4a878c8d1d2b2ab06d77" member_type: VOTER last_known_addr { host: "127.7.28.194" port: 45209 } } peers { permanent_uuid: "5c416d6cea1443bba0c553bf1db51015" member_type: VOTER last_known_addr { host: "127.7.28.195" port: 34313 } }
I20260709 13:00:08.080401  7492 raft_consensus.cc:3060] T fd80f93875194648b478b52f5f155f26 P 1202bb710e4d4a878c8d1d2b2ab06d77 [term 1 FOLLOWER]: Advancing to term 2
I20260709 13:00:08.082712  7566 raft_consensus.cc:2468] T fd80f93875194648b478b52f5f155f26 P 5c416d6cea1443bba0c553bf1db51015 [term 2 FOLLOWER]: Leader election vote request: Granting yes vote for candidate 784c4afa7e5d41db9fb6675a10737fcb in term 2.
I20260709 13:00:08.083595  7383 leader_election.cc:304] T fd80f93875194648b478b52f5f155f26 P 784c4afa7e5d41db9fb6675a10737fcb [CANDIDATE]: Term 2 election: Election decided. Result: candidate won. Election summary: received 2 responses out of 3 voters: 2 yes votes; 0 no votes. yes voters: 5c416d6cea1443bba0c553bf1db51015, 784c4afa7e5d41db9fb6675a10737fcb; no voters: 
I20260709 13:00:08.084342  7617 raft_consensus.cc:2804] T fd80f93875194648b478b52f5f155f26 P 784c4afa7e5d41db9fb6675a10737fcb [term 2 FOLLOWER]: Leader election won for term 2
I20260709 13:00:08.084731  7617 raft_consensus.cc:697] T fd80f93875194648b478b52f5f155f26 P 784c4afa7e5d41db9fb6675a10737fcb [term 2 LEADER]: Becoming Leader. State: Replica: 784c4afa7e5d41db9fb6675a10737fcb, State: Running, Role: LEADER
I20260709 13:00:08.084956  7492 raft_consensus.cc:2468] T fd80f93875194648b478b52f5f155f26 P 1202bb710e4d4a878c8d1d2b2ab06d77 [term 2 FOLLOWER]: Leader election vote request: Granting yes vote for candidate 784c4afa7e5d41db9fb6675a10737fcb in term 2.
I20260709 13:00:08.085516  7617 consensus_queue.cc:237] T fd80f93875194648b478b52f5f155f26 P 784c4afa7e5d41db9fb6675a10737fcb [LEADER]: Queue going to LEADER mode. State: All replicated index: 0, Majority replicated index: 1, Committed index: 1, Last appended: 1.1, Last appended by leader: 1, Current term: 2, Majority size: 2, State: 0, Mode: LEADER, active raft config: opid_index: -1 OBSOLETE_local: false peers { permanent_uuid: "784c4afa7e5d41db9fb6675a10737fcb" member_type: VOTER last_known_addr { host: "127.7.28.193" port: 40219 } } peers { permanent_uuid: "1202bb710e4d4a878c8d1d2b2ab06d77" member_type: VOTER last_known_addr { host: "127.7.28.194" port: 45209 } } peers { permanent_uuid: "5c416d6cea1443bba0c553bf1db51015" member_type: VOTER last_known_addr { host: "127.7.28.195" port: 34313 } }
I20260709 13:00:08.091461  7312 catalog_manager.cc:5697] T fd80f93875194648b478b52f5f155f26 P 784c4afa7e5d41db9fb6675a10737fcb reported cstate change: term changed from 1 to 2, leader changed from 1202bb710e4d4a878c8d1d2b2ab06d77 (127.7.28.194) to 784c4afa7e5d41db9fb6675a10737fcb (127.7.28.193). New cstate: current_term: 2 leader_uuid: "784c4afa7e5d41db9fb6675a10737fcb" committed_config { opid_index: -1 OBSOLETE_local: false peers { permanent_uuid: "784c4afa7e5d41db9fb6675a10737fcb" member_type: VOTER last_known_addr { host: "127.7.28.193" port: 40219 } health_report { overall_health: HEALTHY } } peers { permanent_uuid: "1202bb710e4d4a878c8d1d2b2ab06d77" member_type: VOTER last_known_addr { host: "127.7.28.194" port: 45209 } health_report { overall_health: UNKNOWN } } peers { permanent_uuid: "5c416d6cea1443bba0c553bf1db51015" member_type: VOTER last_known_addr { host: "127.7.28.195" port: 34313 } health_report { overall_health: UNKNOWN } } }
I20260709 13:00:08.218286  7566 raft_consensus.cc:1275] T c7b7e4e9017e4caeb3a606e551d66889 P 5c416d6cea1443bba0c553bf1db51015 [term 2 FOLLOWER]: Refusing update from remote peer 1202bb710e4d4a878c8d1d2b2ab06d77: Log matching property violated. Preceding OpId in replica: term: 1 index: 1. Preceding OpId from leader: term: 2 index: 2. (index mismatch)
I20260709 13:00:08.219555  7659 consensus_queue.cc:1048] T c7b7e4e9017e4caeb3a606e551d66889 P 1202bb710e4d4a878c8d1d2b2ab06d77 [LEADER]: Connected to new peer: Peer: permanent_uuid: "5c416d6cea1443bba0c553bf1db51015" member_type: VOTER last_known_addr { host: "127.7.28.195" port: 34313 }, Status: LMP_MISMATCH, Last received: 0.0, Next index: 2, Last known committed idx: 1, Time since last communication: 0.000s
I20260709 13:00:08.226838  7416 raft_consensus.cc:1275] T c7b7e4e9017e4caeb3a606e551d66889 P 784c4afa7e5d41db9fb6675a10737fcb [term 2 FOLLOWER]: Refusing update from remote peer 1202bb710e4d4a878c8d1d2b2ab06d77: Log matching property violated. Preceding OpId in replica: term: 1 index: 1. Preceding OpId from leader: term: 2 index: 2. (index mismatch)
I20260709 13:00:08.228117  7651 consensus_queue.cc:1048] T c7b7e4e9017e4caeb3a606e551d66889 P 1202bb710e4d4a878c8d1d2b2ab06d77 [LEADER]: Connected to new peer: Peer: permanent_uuid: "784c4afa7e5d41db9fb6675a10737fcb" member_type: VOTER last_known_addr { host: "127.7.28.193" port: 40219 }, Status: LMP_MISMATCH, Last received: 0.0, Next index: 2, Last known committed idx: 1, Time since last communication: 0.000s
I20260709 13:00:08.369472  7566 raft_consensus.cc:1275] T 046c567e54064b5a81cf3baf466ff013 P 5c416d6cea1443bba0c553bf1db51015 [term 2 FOLLOWER]: Refusing update from remote peer 784c4afa7e5d41db9fb6675a10737fcb: Log matching property violated. Preceding OpId in replica: term: 1 index: 1. Preceding OpId from leader: term: 2 index: 2. (index mismatch)
I20260709 13:00:08.370504  7617 consensus_queue.cc:1048] T 046c567e54064b5a81cf3baf466ff013 P 784c4afa7e5d41db9fb6675a10737fcb [LEADER]: Connected to new peer: Peer: permanent_uuid: "5c416d6cea1443bba0c553bf1db51015" member_type: VOTER last_known_addr { host: "127.7.28.195" port: 34313 }, Status: LMP_MISMATCH, Last received: 0.0, Next index: 2, Last known committed idx: 1, Time since last communication: 0.000s
I20260709 13:00:08.378029  7492 raft_consensus.cc:1275] T 046c567e54064b5a81cf3baf466ff013 P 1202bb710e4d4a878c8d1d2b2ab06d77 [term 2 FOLLOWER]: Refusing update from remote peer 784c4afa7e5d41db9fb6675a10737fcb: Log matching property violated. Preceding OpId in replica: term: 1 index: 1. Preceding OpId from leader: term: 2 index: 2. (index mismatch)
I20260709 13:00:08.379565  7696 consensus_queue.cc:1048] T 046c567e54064b5a81cf3baf466ff013 P 784c4afa7e5d41db9fb6675a10737fcb [LEADER]: Connected to new peer: Peer: permanent_uuid: "1202bb710e4d4a878c8d1d2b2ab06d77" member_type: VOTER last_known_addr { host: "127.7.28.194" port: 45209 }, Status: LMP_MISMATCH, Last received: 0.0, Next index: 2, Last known committed idx: 1, Time since last communication: 0.000s
I20260709 13:00:08.416049  7492 raft_consensus.cc:1275] T 6e8ff72c5891462cadf3d2fb87042400 P 1202bb710e4d4a878c8d1d2b2ab06d77 [term 2 FOLLOWER]: Refusing update from remote peer 5c416d6cea1443bba0c553bf1db51015: Log matching property violated. Preceding OpId in replica: term: 1 index: 1. Preceding OpId from leader: term: 2 index: 2. (index mismatch)
I20260709 13:00:08.417168  7641 consensus_queue.cc:1048] T 6e8ff72c5891462cadf3d2fb87042400 P 5c416d6cea1443bba0c553bf1db51015 [LEADER]: Connected to new peer: Peer: permanent_uuid: "1202bb710e4d4a878c8d1d2b2ab06d77" member_type: VOTER last_known_addr { host: "127.7.28.194" port: 45209 }, Status: LMP_MISMATCH, Last received: 0.0, Next index: 2, Last known committed idx: 1, Time since last communication: 0.000s
I20260709 13:00:08.423677  7416 raft_consensus.cc:1275] T 6e8ff72c5891462cadf3d2fb87042400 P 784c4afa7e5d41db9fb6675a10737fcb [term 2 FOLLOWER]: Refusing update from remote peer 5c416d6cea1443bba0c553bf1db51015: Log matching property violated. Preceding OpId in replica: term: 1 index: 1. Preceding OpId from leader: term: 2 index: 2. (index mismatch)
I20260709 13:00:08.424737  7698 consensus_queue.cc:1048] T 6e8ff72c5891462cadf3d2fb87042400 P 5c416d6cea1443bba0c553bf1db51015 [LEADER]: Connected to new peer: Peer: permanent_uuid: "784c4afa7e5d41db9fb6675a10737fcb" member_type: VOTER last_known_addr { host: "127.7.28.193" port: 40219 }, Status: LMP_MISMATCH, Last received: 0.0, Next index: 2, Last known committed idx: 1, Time since last communication: 0.000s
I20260709 13:00:08.430625  7492 raft_consensus.cc:1275] T 487e5aec2b284b60b211283731c25df5 P 1202bb710e4d4a878c8d1d2b2ab06d77 [term 2 FOLLOWER]: Refusing update from remote peer 784c4afa7e5d41db9fb6675a10737fcb: Log matching property violated. Preceding OpId in replica: term: 1 index: 1. Preceding OpId from leader: term: 2 index: 2. (index mismatch)
I20260709 13:00:08.432092  7691 consensus_queue.cc:1048] T 487e5aec2b284b60b211283731c25df5 P 784c4afa7e5d41db9fb6675a10737fcb [LEADER]: Connected to new peer: Peer: permanent_uuid: "1202bb710e4d4a878c8d1d2b2ab06d77" member_type: VOTER last_known_addr { host: "127.7.28.194" port: 45209 }, Status: LMP_MISMATCH, Last received: 0.0, Next index: 2, Last known committed idx: 1, Time since last communication: 0.000s
I20260709 13:00:08.441231  7566 raft_consensus.cc:1275] T 487e5aec2b284b60b211283731c25df5 P 5c416d6cea1443bba0c553bf1db51015 [term 2 FOLLOWER]: Refusing update from remote peer 784c4afa7e5d41db9fb6675a10737fcb: Log matching property violated. Preceding OpId in replica: term: 1 index: 1. Preceding OpId from leader: term: 2 index: 2. (index mismatch)
I20260709 13:00:08.442972  7617 consensus_queue.cc:1048] T 487e5aec2b284b60b211283731c25df5 P 784c4afa7e5d41db9fb6675a10737fcb [LEADER]: Connected to new peer: Peer: permanent_uuid: "5c416d6cea1443bba0c553bf1db51015" member_type: VOTER last_known_addr { host: "127.7.28.195" port: 34313 }, Status: LMP_MISMATCH, Last received: 0.0, Next index: 2, Last known committed idx: 1, Time since last communication: 0.000s
I20260709 13:00:08.479067  7566 raft_consensus.cc:1275] T d2e23d7d8e2c48f69f3a3abb8e7ae761 P 5c416d6cea1443bba0c553bf1db51015 [term 2 FOLLOWER]: Refusing update from remote peer 784c4afa7e5d41db9fb6675a10737fcb: Log matching property violated. Preceding OpId in replica: term: 1 index: 1. Preceding OpId from leader: term: 2 index: 2. (index mismatch)
I20260709 13:00:08.480226  7617 consensus_queue.cc:1048] T d2e23d7d8e2c48f69f3a3abb8e7ae761 P 784c4afa7e5d41db9fb6675a10737fcb [LEADER]: Connected to new peer: Peer: permanent_uuid: "5c416d6cea1443bba0c553bf1db51015" member_type: VOTER last_known_addr { host: "127.7.28.195" port: 34313 }, Status: LMP_MISMATCH, Last received: 0.0, Next index: 2, Last known committed idx: 1, Time since last communication: 0.000s
I20260709 13:00:08.480968  7492 raft_consensus.cc:1275] T d2e23d7d8e2c48f69f3a3abb8e7ae761 P 1202bb710e4d4a878c8d1d2b2ab06d77 [term 2 FOLLOWER]: Refusing update from remote peer 784c4afa7e5d41db9fb6675a10737fcb: Log matching property violated. Preceding OpId in replica: term: 1 index: 1. Preceding OpId from leader: term: 2 index: 2. (index mismatch)
I20260709 13:00:08.482026  7617 consensus_queue.cc:1048] T d2e23d7d8e2c48f69f3a3abb8e7ae761 P 784c4afa7e5d41db9fb6675a10737fcb [LEADER]: Connected to new peer: Peer: permanent_uuid: "1202bb710e4d4a878c8d1d2b2ab06d77" member_type: VOTER last_known_addr { host: "127.7.28.194" port: 45209 }, Status: LMP_MISMATCH, Last received: 0.0, Next index: 2, Last known committed idx: 1, Time since last communication: 0.000s
I20260709 13:00:08.543732  7566 raft_consensus.cc:1275] T fd80f93875194648b478b52f5f155f26 P 5c416d6cea1443bba0c553bf1db51015 [term 2 FOLLOWER]: Refusing update from remote peer 784c4afa7e5d41db9fb6675a10737fcb: Log matching property violated. Preceding OpId in replica: term: 1 index: 1. Preceding OpId from leader: term: 2 index: 2. (index mismatch)
I20260709 13:00:08.544766  7701 consensus_queue.cc:1048] T fd80f93875194648b478b52f5f155f26 P 784c4afa7e5d41db9fb6675a10737fcb [LEADER]: Connected to new peer: Peer: permanent_uuid: "5c416d6cea1443bba0c553bf1db51015" member_type: VOTER last_known_addr { host: "127.7.28.195" port: 34313 }, Status: LMP_MISMATCH, Last received: 0.0, Next index: 2, Last known committed idx: 1, Time since last communication: 0.000s
I20260709 13:00:08.552657  7566 raft_consensus.cc:1275] T 05209f1224fb4cf7a39c3f8d0c961398 P 5c416d6cea1443bba0c553bf1db51015 [term 2 FOLLOWER]: Refusing update from remote peer 1202bb710e4d4a878c8d1d2b2ab06d77: Log matching property violated. Preceding OpId in replica: term: 1 index: 1. Preceding OpId from leader: term: 2 index: 2. (index mismatch)
I20260709 13:00:08.552680  7492 raft_consensus.cc:1275] T fd80f93875194648b478b52f5f155f26 P 1202bb710e4d4a878c8d1d2b2ab06d77 [term 2 FOLLOWER]: Refusing update from remote peer 784c4afa7e5d41db9fb6675a10737fcb: Log matching property violated. Preceding OpId in replica: term: 1 index: 1. Preceding OpId from leader: term: 2 index: 2. (index mismatch)
I20260709 13:00:08.554276  7651 consensus_queue.cc:1048] T 05209f1224fb4cf7a39c3f8d0c961398 P 1202bb710e4d4a878c8d1d2b2ab06d77 [LEADER]: Connected to new peer: Peer: permanent_uuid: "5c416d6cea1443bba0c553bf1db51015" member_type: VOTER last_known_addr { host: "127.7.28.195" port: 34313 }, Status: LMP_MISMATCH, Last received: 0.0, Next index: 2, Last known committed idx: 1, Time since last communication: 0.000s
I20260709 13:00:08.554881  7691 consensus_queue.cc:1048] T fd80f93875194648b478b52f5f155f26 P 784c4afa7e5d41db9fb6675a10737fcb [LEADER]: Connected to new peer: Peer: permanent_uuid: "1202bb710e4d4a878c8d1d2b2ab06d77" member_type: VOTER last_known_addr { host: "127.7.28.194" port: 45209 }, Status: LMP_MISMATCH, Last received: 0.0, Next index: 2, Last known committed idx: 1, Time since last communication: 0.000s
I20260709 13:00:08.565815  7416 raft_consensus.cc:1275] T 05209f1224fb4cf7a39c3f8d0c961398 P 784c4afa7e5d41db9fb6675a10737fcb [term 2 FOLLOWER]: Refusing update from remote peer 1202bb710e4d4a878c8d1d2b2ab06d77: Log matching property violated. Preceding OpId in replica: term: 1 index: 1. Preceding OpId from leader: term: 2 index: 2. (index mismatch)
I20260709 13:00:08.567145  7616 consensus_queue.cc:1048] T 05209f1224fb4cf7a39c3f8d0c961398 P 1202bb710e4d4a878c8d1d2b2ab06d77 [LEADER]: Connected to new peer: Peer: permanent_uuid: "784c4afa7e5d41db9fb6675a10737fcb" member_type: VOTER last_known_addr { host: "127.7.28.193" port: 40219 }, Status: LMP_MISMATCH, Last received: 0.0, Next index: 2, Last known committed idx: 1, Time since last communication: 0.000s
I20260709 13:00:10.618407  7283 auto_leader_rebalancer-test.cc:316] The leader distribution is 
I20260709 13:00:10.619195  7283 auto_leader_rebalancer.cc:141] leader rebalance for table test-workload
I20260709 13:00:10.644315  7493 tablet_service.cc:2072] Received LeaderStepDown RPC: tablet_id: "05209f1224fb4cf7a39c3f8d0c961398"
dest_uuid: "1202bb710e4d4a878c8d1d2b2ab06d77"
mode: GRACEFUL
new_leader_uuid: "5c416d6cea1443bba0c553bf1db51015"
 from {username='slave'} at 127.0.0.1:54492
I20260709 13:00:10.644804  7493 raft_consensus.cc:606] T 05209f1224fb4cf7a39c3f8d0c961398 P 1202bb710e4d4a878c8d1d2b2ab06d77 [term 2 LEADER]: Received request to transfer leadership to TS 5c416d6cea1443bba0c553bf1db51015
I20260709 13:00:10.653532  7416 tablet_service.cc:2072] Received LeaderStepDown RPC: tablet_id: "fd80f93875194648b478b52f5f155f26"
dest_uuid: "784c4afa7e5d41db9fb6675a10737fcb"
mode: GRACEFUL
new_leader_uuid: "5c416d6cea1443bba0c553bf1db51015"
 from {username='slave'} at 127.0.0.1:48534
I20260709 13:00:10.653977  7416 raft_consensus.cc:606] T fd80f93875194648b478b52f5f155f26 P 784c4afa7e5d41db9fb6675a10737fcb [term 2 LEADER]: Received request to transfer leadership to TS 5c416d6cea1443bba0c553bf1db51015
I20260709 13:00:10.654937  7283 auto_leader_rebalancer.cc:452] table: test-workload, leader rebalance finish, leader transfer count: 2
I20260709 13:00:10.655347  7283 auto_leader_rebalancer.cc:527] All tables' leader rebalancing finished this round
I20260709 13:00:10.966107  7617 raft_consensus.cc:993] T fd80f93875194648b478b52f5f155f26 P 784c4afa7e5d41db9fb6675a10737fcb: : Instructing follower 5c416d6cea1443bba0c553bf1db51015 to start an election
I20260709 13:00:10.966526  7713 raft_consensus.cc:1081] T fd80f93875194648b478b52f5f155f26 P 784c4afa7e5d41db9fb6675a10737fcb [term 2 LEADER]: Signalling peer 5c416d6cea1443bba0c553bf1db51015 to start an election
I20260709 13:00:10.967911  7565 tablet_service.cc:2044] Received Run Leader Election RPC: tablet_id: "fd80f93875194648b478b52f5f155f26"
dest_uuid: "5c416d6cea1443bba0c553bf1db51015"
 from {username='slave'} at 127.0.0.1:48880
I20260709 13:00:10.968353  7565 raft_consensus.cc:493] T fd80f93875194648b478b52f5f155f26 P 5c416d6cea1443bba0c553bf1db51015 [term 2 FOLLOWER]: Starting forced leader election (received explicit request)
I20260709 13:00:10.968626  7565 raft_consensus.cc:3060] T fd80f93875194648b478b52f5f155f26 P 5c416d6cea1443bba0c553bf1db51015 [term 2 FOLLOWER]: Advancing to term 3
I20260709 13:00:10.972966  7565 raft_consensus.cc:515] T fd80f93875194648b478b52f5f155f26 P 5c416d6cea1443bba0c553bf1db51015 [term 3 FOLLOWER]: Starting forced leader election with config: opid_index: -1 OBSOLETE_local: false peers { permanent_uuid: "784c4afa7e5d41db9fb6675a10737fcb" member_type: VOTER last_known_addr { host: "127.7.28.193" port: 40219 } } peers { permanent_uuid: "1202bb710e4d4a878c8d1d2b2ab06d77" member_type: VOTER last_known_addr { host: "127.7.28.194" port: 45209 } } peers { permanent_uuid: "5c416d6cea1443bba0c553bf1db51015" member_type: VOTER last_known_addr { host: "127.7.28.195" port: 34313 } }
I20260709 13:00:10.974395  7565 leader_election.cc:290] T fd80f93875194648b478b52f5f155f26 P 5c416d6cea1443bba0c553bf1db51015 [CANDIDATE]: Term 3 election: Requested vote from peers 784c4afa7e5d41db9fb6675a10737fcb (127.7.28.193:40219), 1202bb710e4d4a878c8d1d2b2ab06d77 (127.7.28.194:45209)
I20260709 13:00:10.975154  7416 tablet_service.cc:1917] Received RequestConsensusVote() RPC: tablet_id: "fd80f93875194648b478b52f5f155f26" candidate_uuid: "5c416d6cea1443bba0c553bf1db51015" candidate_term: 3 candidate_status { last_received { term: 2 index: 2 } } ignore_live_leader: true dest_uuid: "784c4afa7e5d41db9fb6675a10737fcb"
I20260709 13:00:10.975395  7493 tablet_service.cc:1917] Received RequestConsensusVote() RPC: tablet_id: "fd80f93875194648b478b52f5f155f26" candidate_uuid: "5c416d6cea1443bba0c553bf1db51015" candidate_term: 3 candidate_status { last_received { term: 2 index: 2 } } ignore_live_leader: true dest_uuid: "1202bb710e4d4a878c8d1d2b2ab06d77"
I20260709 13:00:10.975710  7416 raft_consensus.cc:3055] T fd80f93875194648b478b52f5f155f26 P 784c4afa7e5d41db9fb6675a10737fcb [term 2 LEADER]: Stepping down as leader of term 2
I20260709 13:00:10.975890  7493 raft_consensus.cc:3060] T fd80f93875194648b478b52f5f155f26 P 1202bb710e4d4a878c8d1d2b2ab06d77 [term 2 FOLLOWER]: Advancing to term 3
I20260709 13:00:10.976070  7416 raft_consensus.cc:740] T fd80f93875194648b478b52f5f155f26 P 784c4afa7e5d41db9fb6675a10737fcb [term 2 LEADER]: Becoming Follower/Learner. State: Replica: 784c4afa7e5d41db9fb6675a10737fcb, State: Running, Role: LEADER
I20260709 13:00:10.976835  7416 consensus_queue.cc:260] T fd80f93875194648b478b52f5f155f26 P 784c4afa7e5d41db9fb6675a10737fcb [NON_LEADER]: Queue going to NON_LEADER mode. State: All replicated index: 0, Majority replicated index: 2, Committed index: 2, Last appended: 2.2, Last appended by leader: 2, Current term: 2, Majority size: -1, State: 0, Mode: NON_LEADER, active raft config: opid_index: -1 OBSOLETE_local: false peers { permanent_uuid: "784c4afa7e5d41db9fb6675a10737fcb" member_type: VOTER last_known_addr { host: "127.7.28.193" port: 40219 } } peers { permanent_uuid: "1202bb710e4d4a878c8d1d2b2ab06d77" member_type: VOTER last_known_addr { host: "127.7.28.194" port: 45209 } } peers { permanent_uuid: "5c416d6cea1443bba0c553bf1db51015" member_type: VOTER last_known_addr { host: "127.7.28.195" port: 34313 } }
I20260709 13:00:10.977957  7416 raft_consensus.cc:3060] T fd80f93875194648b478b52f5f155f26 P 784c4afa7e5d41db9fb6675a10737fcb [term 2 FOLLOWER]: Advancing to term 3
I20260709 13:00:10.982029  7493 raft_consensus.cc:2468] T fd80f93875194648b478b52f5f155f26 P 1202bb710e4d4a878c8d1d2b2ab06d77 [term 3 FOLLOWER]: Leader election vote request: Granting yes vote for candidate 5c416d6cea1443bba0c553bf1db51015 in term 3.
I20260709 13:00:10.983192  7533 leader_election.cc:304] T fd80f93875194648b478b52f5f155f26 P 5c416d6cea1443bba0c553bf1db51015 [CANDIDATE]: Term 3 election: Election decided. Result: candidate won. Election summary: received 2 responses out of 3 voters: 2 yes votes; 0 no votes. yes voters: 1202bb710e4d4a878c8d1d2b2ab06d77, 5c416d6cea1443bba0c553bf1db51015; no voters: 
I20260709 13:00:10.983925  7707 raft_consensus.cc:2804] T fd80f93875194648b478b52f5f155f26 P 5c416d6cea1443bba0c553bf1db51015 [term 3 FOLLOWER]: Leader election won for term 3
I20260709 13:00:10.984063  7416 raft_consensus.cc:2468] T fd80f93875194648b478b52f5f155f26 P 784c4afa7e5d41db9fb6675a10737fcb [term 3 FOLLOWER]: Leader election vote request: Granting yes vote for candidate 5c416d6cea1443bba0c553bf1db51015 in term 3.
I20260709 13:00:10.985056  7707 raft_consensus.cc:697] T fd80f93875194648b478b52f5f155f26 P 5c416d6cea1443bba0c553bf1db51015 [term 3 LEADER]: Becoming Leader. State: Replica: 5c416d6cea1443bba0c553bf1db51015, State: Running, Role: LEADER
I20260709 13:00:10.985862  7707 consensus_queue.cc:237] T fd80f93875194648b478b52f5f155f26 P 5c416d6cea1443bba0c553bf1db51015 [LEADER]: Queue going to LEADER mode. State: All replicated index: 0, Majority replicated index: 2, Committed index: 2, Last appended: 2.2, Last appended by leader: 2, Current term: 3, Majority size: 2, State: 0, Mode: LEADER, active raft config: opid_index: -1 OBSOLETE_local: false peers { permanent_uuid: "784c4afa7e5d41db9fb6675a10737fcb" member_type: VOTER last_known_addr { host: "127.7.28.193" port: 40219 } } peers { permanent_uuid: "1202bb710e4d4a878c8d1d2b2ab06d77" member_type: VOTER last_known_addr { host: "127.7.28.194" port: 45209 } } peers { permanent_uuid: "5c416d6cea1443bba0c553bf1db51015" member_type: VOTER last_known_addr { host: "127.7.28.195" port: 34313 } }
I20260709 13:00:10.995034  7315 catalog_manager.cc:5697] T fd80f93875194648b478b52f5f155f26 P 5c416d6cea1443bba0c553bf1db51015 reported cstate change: term changed from 2 to 3, leader changed from 784c4afa7e5d41db9fb6675a10737fcb (127.7.28.193) to 5c416d6cea1443bba0c553bf1db51015 (127.7.28.195). New cstate: current_term: 3 leader_uuid: "5c416d6cea1443bba0c553bf1db51015" committed_config { opid_index: -1 OBSOLETE_local: false peers { permanent_uuid: "784c4afa7e5d41db9fb6675a10737fcb" member_type: VOTER last_known_addr { host: "127.7.28.193" port: 40219 } health_report { overall_health: UNKNOWN } } peers { permanent_uuid: "1202bb710e4d4a878c8d1d2b2ab06d77" member_type: VOTER last_known_addr { host: "127.7.28.194" port: 45209 } health_report { overall_health: UNKNOWN } } peers { permanent_uuid: "5c416d6cea1443bba0c553bf1db51015" member_type: VOTER last_known_addr { host: "127.7.28.195" port: 34313 } health_report { overall_health: HEALTHY } } }
I20260709 13:00:11.157599  7708 raft_consensus.cc:993] T 05209f1224fb4cf7a39c3f8d0c961398 P 1202bb710e4d4a878c8d1d2b2ab06d77: : Instructing follower 5c416d6cea1443bba0c553bf1db51015 to start an election
I20260709 13:00:11.158003  7720 raft_consensus.cc:1081] T 05209f1224fb4cf7a39c3f8d0c961398 P 1202bb710e4d4a878c8d1d2b2ab06d77 [term 2 LEADER]: Signalling peer 5c416d6cea1443bba0c553bf1db51015 to start an election
I20260709 13:00:11.159570  7565 tablet_service.cc:2044] Received Run Leader Election RPC: tablet_id: "05209f1224fb4cf7a39c3f8d0c961398"
dest_uuid: "5c416d6cea1443bba0c553bf1db51015"
 from {username='slave'} at 127.0.0.1:48872
I20260709 13:00:11.160019  7565 raft_consensus.cc:493] T 05209f1224fb4cf7a39c3f8d0c961398 P 5c416d6cea1443bba0c553bf1db51015 [term 2 FOLLOWER]: Starting forced leader election (received explicit request)
I20260709 13:00:11.160305  7565 raft_consensus.cc:3060] T 05209f1224fb4cf7a39c3f8d0c961398 P 5c416d6cea1443bba0c553bf1db51015 [term 2 FOLLOWER]: Advancing to term 3
I20260709 13:00:11.164817  7565 raft_consensus.cc:515] T 05209f1224fb4cf7a39c3f8d0c961398 P 5c416d6cea1443bba0c553bf1db51015 [term 3 FOLLOWER]: Starting forced leader election with config: opid_index: -1 OBSOLETE_local: false peers { permanent_uuid: "784c4afa7e5d41db9fb6675a10737fcb" member_type: VOTER last_known_addr { host: "127.7.28.193" port: 40219 } } peers { permanent_uuid: "1202bb710e4d4a878c8d1d2b2ab06d77" member_type: VOTER last_known_addr { host: "127.7.28.194" port: 45209 } } peers { permanent_uuid: "5c416d6cea1443bba0c553bf1db51015" member_type: VOTER last_known_addr { host: "127.7.28.195" port: 34313 } }
I20260709 13:00:11.166416  7565 leader_election.cc:290] T 05209f1224fb4cf7a39c3f8d0c961398 P 5c416d6cea1443bba0c553bf1db51015 [CANDIDATE]: Term 3 election: Requested vote from peers 784c4afa7e5d41db9fb6675a10737fcb (127.7.28.193:40219), 1202bb710e4d4a878c8d1d2b2ab06d77 (127.7.28.194:45209)
I20260709 13:00:11.167049  7416 tablet_service.cc:1917] Received RequestConsensusVote() RPC: tablet_id: "05209f1224fb4cf7a39c3f8d0c961398" candidate_uuid: "5c416d6cea1443bba0c553bf1db51015" candidate_term: 3 candidate_status { last_received { term: 2 index: 2 } } ignore_live_leader: true dest_uuid: "784c4afa7e5d41db9fb6675a10737fcb"
I20260709 13:00:11.167384  7493 tablet_service.cc:1917] Received RequestConsensusVote() RPC: tablet_id: "05209f1224fb4cf7a39c3f8d0c961398" candidate_uuid: "5c416d6cea1443bba0c553bf1db51015" candidate_term: 3 candidate_status { last_received { term: 2 index: 2 } } ignore_live_leader: true dest_uuid: "1202bb710e4d4a878c8d1d2b2ab06d77"
I20260709 13:00:11.167531  7416 raft_consensus.cc:3060] T 05209f1224fb4cf7a39c3f8d0c961398 P 784c4afa7e5d41db9fb6675a10737fcb [term 2 FOLLOWER]: Advancing to term 3
I20260709 13:00:11.167851  7493 raft_consensus.cc:3055] T 05209f1224fb4cf7a39c3f8d0c961398 P 1202bb710e4d4a878c8d1d2b2ab06d77 [term 2 LEADER]: Stepping down as leader of term 2
I20260709 13:00:11.168094  7493 raft_consensus.cc:740] T 05209f1224fb4cf7a39c3f8d0c961398 P 1202bb710e4d4a878c8d1d2b2ab06d77 [term 2 LEADER]: Becoming Follower/Learner. State: Replica: 1202bb710e4d4a878c8d1d2b2ab06d77, State: Running, Role: LEADER
I20260709 13:00:11.168676  7493 consensus_queue.cc:260] T 05209f1224fb4cf7a39c3f8d0c961398 P 1202bb710e4d4a878c8d1d2b2ab06d77 [NON_LEADER]: Queue going to NON_LEADER mode. State: All replicated index: 0, Majority replicated index: 2, Committed index: 2, Last appended: 2.2, Last appended by leader: 2, Current term: 2, Majority size: -1, State: 0, Mode: NON_LEADER, active raft config: opid_index: -1 OBSOLETE_local: false peers { permanent_uuid: "784c4afa7e5d41db9fb6675a10737fcb" member_type: VOTER last_known_addr { host: "127.7.28.193" port: 40219 } } peers { permanent_uuid: "1202bb710e4d4a878c8d1d2b2ab06d77" member_type: VOTER last_known_addr { host: "127.7.28.194" port: 45209 } } peers { permanent_uuid: "5c416d6cea1443bba0c553bf1db51015" member_type: VOTER last_known_addr { host: "127.7.28.195" port: 34313 } }
I20260709 13:00:11.169538  7493 raft_consensus.cc:3060] T 05209f1224fb4cf7a39c3f8d0c961398 P 1202bb710e4d4a878c8d1d2b2ab06d77 [term 2 FOLLOWER]: Advancing to term 3
I20260709 13:00:11.171737  7416 raft_consensus.cc:2468] T 05209f1224fb4cf7a39c3f8d0c961398 P 784c4afa7e5d41db9fb6675a10737fcb [term 3 FOLLOWER]: Leader election vote request: Granting yes vote for candidate 5c416d6cea1443bba0c553bf1db51015 in term 3.
I20260709 13:00:11.172642  7530 leader_election.cc:304] T 05209f1224fb4cf7a39c3f8d0c961398 P 5c416d6cea1443bba0c553bf1db51015 [CANDIDATE]: Term 3 election: Election decided. Result: candidate won. Election summary: received 2 responses out of 3 voters: 2 yes votes; 0 no votes. yes voters: 5c416d6cea1443bba0c553bf1db51015, 784c4afa7e5d41db9fb6675a10737fcb; no voters: 
I20260709 13:00:11.173384  7707 raft_consensus.cc:2804] T 05209f1224fb4cf7a39c3f8d0c961398 P 5c416d6cea1443bba0c553bf1db51015 [term 3 FOLLOWER]: Leader election won for term 3
I20260709 13:00:11.173746  7707 raft_consensus.cc:697] T 05209f1224fb4cf7a39c3f8d0c961398 P 5c416d6cea1443bba0c553bf1db51015 [term 3 LEADER]: Becoming Leader. State: Replica: 5c416d6cea1443bba0c553bf1db51015, State: Running, Role: LEADER
I20260709 13:00:11.173897  7493 raft_consensus.cc:2468] T 05209f1224fb4cf7a39c3f8d0c961398 P 1202bb710e4d4a878c8d1d2b2ab06d77 [term 3 FOLLOWER]: Leader election vote request: Granting yes vote for candidate 5c416d6cea1443bba0c553bf1db51015 in term 3.
I20260709 13:00:11.174424  7707 consensus_queue.cc:237] T 05209f1224fb4cf7a39c3f8d0c961398 P 5c416d6cea1443bba0c553bf1db51015 [LEADER]: Queue going to LEADER mode. State: All replicated index: 0, Majority replicated index: 2, Committed index: 2, Last appended: 2.2, Last appended by leader: 2, Current term: 3, Majority size: 2, State: 0, Mode: LEADER, active raft config: opid_index: -1 OBSOLETE_local: false peers { permanent_uuid: "784c4afa7e5d41db9fb6675a10737fcb" member_type: VOTER last_known_addr { host: "127.7.28.193" port: 40219 } } peers { permanent_uuid: "1202bb710e4d4a878c8d1d2b2ab06d77" member_type: VOTER last_known_addr { host: "127.7.28.194" port: 45209 } } peers { permanent_uuid: "5c416d6cea1443bba0c553bf1db51015" member_type: VOTER last_known_addr { host: "127.7.28.195" port: 34313 } }
I20260709 13:00:11.180274  7315 catalog_manager.cc:5697] T 05209f1224fb4cf7a39c3f8d0c961398 P 5c416d6cea1443bba0c553bf1db51015 reported cstate change: term changed from 2 to 3, leader changed from 1202bb710e4d4a878c8d1d2b2ab06d77 (127.7.28.194) to 5c416d6cea1443bba0c553bf1db51015 (127.7.28.195). New cstate: current_term: 3 leader_uuid: "5c416d6cea1443bba0c553bf1db51015" committed_config { opid_index: -1 OBSOLETE_local: false peers { permanent_uuid: "784c4afa7e5d41db9fb6675a10737fcb" member_type: VOTER last_known_addr { host: "127.7.28.193" port: 40219 } health_report { overall_health: UNKNOWN } } peers { permanent_uuid: "1202bb710e4d4a878c8d1d2b2ab06d77" member_type: VOTER last_known_addr { host: "127.7.28.194" port: 45209 } health_report { overall_health: UNKNOWN } } peers { permanent_uuid: "5c416d6cea1443bba0c553bf1db51015" member_type: VOTER last_known_addr { host: "127.7.28.195" port: 34313 } health_report { overall_health: HEALTHY } } }
I20260709 13:00:11.471783  7493 raft_consensus.cc:1275] T fd80f93875194648b478b52f5f155f26 P 1202bb710e4d4a878c8d1d2b2ab06d77 [term 3 FOLLOWER]: Refusing update from remote peer 5c416d6cea1443bba0c553bf1db51015: Log matching property violated. Preceding OpId in replica: term: 2 index: 2. Preceding OpId from leader: term: 3 index: 3. (index mismatch)
I20260709 13:00:11.472887  7707 consensus_queue.cc:1048] T fd80f93875194648b478b52f5f155f26 P 5c416d6cea1443bba0c553bf1db51015 [LEADER]: Connected to new peer: Peer: permanent_uuid: "1202bb710e4d4a878c8d1d2b2ab06d77" member_type: VOTER last_known_addr { host: "127.7.28.194" port: 45209 }, Status: LMP_MISMATCH, Last received: 0.0, Next index: 3, Last known committed idx: 2, Time since last communication: 0.000s
I20260709 13:00:11.481532  7416 raft_consensus.cc:1275] T fd80f93875194648b478b52f5f155f26 P 784c4afa7e5d41db9fb6675a10737fcb [term 3 FOLLOWER]: Refusing update from remote peer 5c416d6cea1443bba0c553bf1db51015: Log matching property violated. Preceding OpId in replica: term: 2 index: 2. Preceding OpId from leader: term: 3 index: 3. (index mismatch)
I20260709 13:00:11.483213  7707 consensus_queue.cc:1048] T fd80f93875194648b478b52f5f155f26 P 5c416d6cea1443bba0c553bf1db51015 [LEADER]: Connected to new peer: Peer: permanent_uuid: "784c4afa7e5d41db9fb6675a10737fcb" member_type: VOTER last_known_addr { host: "127.7.28.193" port: 40219 }, Status: LMP_MISMATCH, Last received: 0.0, Next index: 3, Last known committed idx: 2, Time since last communication: 0.000s
I20260709 13:00:11.656124  7283 auto_leader_rebalancer.cc:141] leader rebalance for table test-workload
I20260709 13:00:11.673074  7416 tablet_service.cc:2072] Received LeaderStepDown RPC: tablet_id: "d2e23d7d8e2c48f69f3a3abb8e7ae761"
dest_uuid: "784c4afa7e5d41db9fb6675a10737fcb"
mode: GRACEFUL
new_leader_uuid: "1202bb710e4d4a878c8d1d2b2ab06d77"
 from {username='slave'} at 127.0.0.1:48544
I20260709 13:00:11.673535  7416 raft_consensus.cc:606] T d2e23d7d8e2c48f69f3a3abb8e7ae761 P 784c4afa7e5d41db9fb6675a10737fcb [term 2 LEADER]: Received request to transfer leadership to TS 1202bb710e4d4a878c8d1d2b2ab06d77
I20260709 13:00:11.677670  7416 tablet_service.cc:2072] Received LeaderStepDown RPC: tablet_id: "046c567e54064b5a81cf3baf466ff013"
dest_uuid: "784c4afa7e5d41db9fb6675a10737fcb"
mode: GRACEFUL
new_leader_uuid: "1202bb710e4d4a878c8d1d2b2ab06d77"
 from {username='slave'} at 127.0.0.1:48544
I20260709 13:00:11.678148  7416 raft_consensus.cc:606] T 046c567e54064b5a81cf3baf466ff013 P 784c4afa7e5d41db9fb6675a10737fcb [term 2 LEADER]: Received request to transfer leadership to TS 1202bb710e4d4a878c8d1d2b2ab06d77
I20260709 13:00:11.680338  7713 raft_consensus.cc:993] T 046c567e54064b5a81cf3baf466ff013 P 784c4afa7e5d41db9fb6675a10737fcb: : Instructing follower 1202bb710e4d4a878c8d1d2b2ab06d77 to start an election
I20260709 13:00:11.680677  7730 raft_consensus.cc:1081] T 046c567e54064b5a81cf3baf466ff013 P 784c4afa7e5d41db9fb6675a10737fcb [term 2 LEADER]: Signalling peer 1202bb710e4d4a878c8d1d2b2ab06d77 to start an election
I20260709 13:00:11.682055  7492 tablet_service.cc:2044] Received Run Leader Election RPC: tablet_id: "046c567e54064b5a81cf3baf466ff013"
dest_uuid: "1202bb710e4d4a878c8d1d2b2ab06d77"
 from {username='slave'} at 127.0.0.1:51106
I20260709 13:00:11.682487  7492 raft_consensus.cc:493] T 046c567e54064b5a81cf3baf466ff013 P 1202bb710e4d4a878c8d1d2b2ab06d77 [term 2 FOLLOWER]: Starting forced leader election (received explicit request)
I20260709 13:00:11.682777  7492 raft_consensus.cc:3060] T 046c567e54064b5a81cf3baf466ff013 P 1202bb710e4d4a878c8d1d2b2ab06d77 [term 2 FOLLOWER]: Advancing to term 3
I20260709 13:00:11.682821  7565 tablet_service.cc:2072] Received LeaderStepDown RPC: tablet_id: "fd80f93875194648b478b52f5f155f26"
dest_uuid: "5c416d6cea1443bba0c553bf1db51015"
mode: GRACEFUL
new_leader_uuid: "1202bb710e4d4a878c8d1d2b2ab06d77"
 from {username='slave'} at 127.0.0.1:54654
I20260709 13:00:11.683316  7565 raft_consensus.cc:606] T fd80f93875194648b478b52f5f155f26 P 5c416d6cea1443bba0c553bf1db51015 [term 3 LEADER]: Received request to transfer leadership to TS 1202bb710e4d4a878c8d1d2b2ab06d77
I20260709 13:00:11.687873  7416 tablet_service.cc:2072] Received LeaderStepDown RPC: tablet_id: "487e5aec2b284b60b211283731c25df5"
dest_uuid: "784c4afa7e5d41db9fb6675a10737fcb"
mode: GRACEFUL
new_leader_uuid: "1202bb710e4d4a878c8d1d2b2ab06d77"
 from {username='slave'} at 127.0.0.1:48544
I20260709 13:00:11.688295  7416 raft_consensus.cc:606] T 487e5aec2b284b60b211283731c25df5 P 784c4afa7e5d41db9fb6675a10737fcb [term 2 LEADER]: Received request to transfer leadership to TS 1202bb710e4d4a878c8d1d2b2ab06d77
I20260709 13:00:11.688119  7492 raft_consensus.cc:515] T 046c567e54064b5a81cf3baf466ff013 P 1202bb710e4d4a878c8d1d2b2ab06d77 [term 3 FOLLOWER]: Starting forced leader election with config: opid_index: -1 OBSOLETE_local: false peers { permanent_uuid: "784c4afa7e5d41db9fb6675a10737fcb" member_type: VOTER last_known_addr { host: "127.7.28.193" port: 40219 } } peers { permanent_uuid: "1202bb710e4d4a878c8d1d2b2ab06d77" member_type: VOTER last_known_addr { host: "127.7.28.194" port: 45209 } } peers { permanent_uuid: "5c416d6cea1443bba0c553bf1db51015" member_type: VOTER last_known_addr { host: "127.7.28.195" port: 34313 } }
I20260709 13:00:11.689910  7492 leader_election.cc:290] T 046c567e54064b5a81cf3baf466ff013 P 1202bb710e4d4a878c8d1d2b2ab06d77 [CANDIDATE]: Term 3 election: Requested vote from peers 784c4afa7e5d41db9fb6675a10737fcb (127.7.28.193:40219), 5c416d6cea1443bba0c553bf1db51015 (127.7.28.195:34313)
I20260709 13:00:11.690407  7416 tablet_service.cc:1917] Received RequestConsensusVote() RPC: tablet_id: "046c567e54064b5a81cf3baf466ff013" candidate_uuid: "1202bb710e4d4a878c8d1d2b2ab06d77" candidate_term: 3 candidate_status { last_received { term: 2 index: 2 } } ignore_live_leader: true dest_uuid: "784c4afa7e5d41db9fb6675a10737fcb"
I20260709 13:00:11.690989  7416 raft_consensus.cc:3055] T 046c567e54064b5a81cf3baf466ff013 P 784c4afa7e5d41db9fb6675a10737fcb [term 2 LEADER]: Stepping down as leader of term 2
I20260709 13:00:11.690933  7565 tablet_service.cc:1917] Received RequestConsensusVote() RPC: tablet_id: "046c567e54064b5a81cf3baf466ff013" candidate_uuid: "1202bb710e4d4a878c8d1d2b2ab06d77" candidate_term: 3 candidate_status { last_received { term: 2 index: 2 } } ignore_live_leader: true dest_uuid: "5c416d6cea1443bba0c553bf1db51015"
I20260709 13:00:11.691458  7416 raft_consensus.cc:740] T 046c567e54064b5a81cf3baf466ff013 P 784c4afa7e5d41db9fb6675a10737fcb [term 2 LEADER]: Becoming Follower/Learner. State: Replica: 784c4afa7e5d41db9fb6675a10737fcb, State: Running, Role: LEADER
I20260709 13:00:11.691692  7565 raft_consensus.cc:3060] T 046c567e54064b5a81cf3baf466ff013 P 5c416d6cea1443bba0c553bf1db51015 [term 2 FOLLOWER]: Advancing to term 3
