I20260709 13:00:03.777743  7571 raft_consensus.cc:515] T e7c74ff6600b4e2288680e4a420fcdc6 P 3367fd8130064e22bba960a8fd2fd4dc [term 1 FOLLOWER]: Starting leader election with config: opid_index: -1 OBSOLETE_local: false peers { permanent_uuid: "afccaf75022d42dba528a0de3d499f42" member_type: VOTER last_known_addr { host: "127.7.17.193" port: 46707 } } peers { permanent_uuid: "117e136b941049f5866ef3c025d77041" member_type: VOTER last_known_addr { host: "127.7.17.194" port: 44063 } } peers { permanent_uuid: "3367fd8130064e22bba960a8fd2fd4dc" member_type: VOTER last_known_addr { host: "127.7.17.195" port: 42685 } }
I20260709 13:00:03.779047  7337 leader_election.cc:304] T 3a06d066061a475f83a33ed3eb232f47 P afccaf75022d42dba528a0de3d499f42 [CANDIDATE]: Term 1 election: Election decided. Result: candidate won. Election summary: received 2 responses out of 3 voters: 2 yes votes; 0 no votes. yes voters: 3367fd8130064e22bba960a8fd2fd4dc, afccaf75022d42dba528a0de3d499f42; no voters: 
I20260709 13:00:03.790160  7603 raft_consensus.cc:2804] T 3a06d066061a475f83a33ed3eb232f47 P afccaf75022d42dba528a0de3d499f42 [term 1 FOLLOWER]: Leader election won for term 1
I20260709 13:00:03.790601  7521 raft_consensus.cc:2393] T e7c74ff6600b4e2288680e4a420fcdc6 P 3367fd8130064e22bba960a8fd2fd4dc [term 1 FOLLOWER]: Leader pre-election vote request: Denying vote to candidate afccaf75022d42dba528a0de3d499f42 in current term 1: Already voted for candidate 3367fd8130064e22bba960a8fd2fd4dc in this term.
I20260709 13:00:03.790841  7603 raft_consensus.cc:697] T 3a06d066061a475f83a33ed3eb232f47 P afccaf75022d42dba528a0de3d499f42 [term 1 LEADER]: Becoming Leader. State: Replica: afccaf75022d42dba528a0de3d499f42, State: Running, Role: LEADER
I20260709 13:00:03.791606  7447 tablet_service.cc:1917] Received RequestConsensusVote() RPC: tablet_id: "e7c74ff6600b4e2288680e4a420fcdc6" candidate_uuid: "afccaf75022d42dba528a0de3d499f42" candidate_term: 1 candidate_status { last_received { term: 0 index: 0 } } ignore_live_leader: false dest_uuid: "117e136b941049f5866ef3c025d77041"
I20260709 13:00:03.793078  7595 leader_election.cc:290] T e7c74ff6600b4e2288680e4a420fcdc6 P afccaf75022d42dba528a0de3d499f42 [CANDIDATE]: Term 1 election: Requested vote from peers 117e136b941049f5866ef3c025d77041 (127.7.17.194:44063), 3367fd8130064e22bba960a8fd2fd4dc (127.7.17.195:42685)
I20260709 13:00:03.793960  7447 raft_consensus.cc:3060] T e7c74ff6600b4e2288680e4a420fcdc6 P 117e136b941049f5866ef3c025d77041 [term 0 FOLLOWER]: Advancing to term 1
I20260709 13:00:03.797479  7371 tablet_service.cc:1917] Received RequestConsensusVote() RPC: tablet_id: "2a3db452952a4a8c89eba03e642c5438" candidate_uuid: "117e136b941049f5866ef3c025d77041" candidate_term: 1 candidate_status { last_received { term: 0 index: 0 } } ignore_live_leader: false dest_uuid: "afccaf75022d42dba528a0de3d499f42" is_pre_election: true
I20260709 13:00:03.798264  7607 leader_election.cc:290] T 2a3db452952a4a8c89eba03e642c5438 P 117e136b941049f5866ef3c025d77041 [CANDIDATE]: Term 1 pre-election: Requested pre-vote from peers afccaf75022d42dba528a0de3d499f42 (127.7.17.193:46707), 3367fd8130064e22bba960a8fd2fd4dc (127.7.17.195:42685)
I20260709 13:00:03.799558  7520 tablet_service.cc:1917] Received RequestConsensusVote() RPC: tablet_id: "e7c74ff6600b4e2288680e4a420fcdc6" candidate_uuid: "afccaf75022d42dba528a0de3d499f42" candidate_term: 1 candidate_status { last_received { term: 0 index: 0 } } ignore_live_leader: false dest_uuid: "3367fd8130064e22bba960a8fd2fd4dc"
I20260709 13:00:03.794018  7603 consensus_queue.cc:237] T 3a06d066061a475f83a33ed3eb232f47 P afccaf75022d42dba528a0de3d499f42 [LEADER]: Queue going to LEADER mode. State: All replicated index: 0, Majority replicated index: 0, Committed index: 0, Last appended: 0.0, Last appended by leader: 0, Current term: 1, Majority size: 2, State: 0, Mode: LEADER, active raft config: opid_index: -1 OBSOLETE_local: false peers { permanent_uuid: "afccaf75022d42dba528a0de3d499f42" member_type: VOTER last_known_addr { host: "127.7.17.193" port: 46707 } } peers { permanent_uuid: "117e136b941049f5866ef3c025d77041" member_type: VOTER last_known_addr { host: "127.7.17.194" port: 44063 } } peers { permanent_uuid: "3367fd8130064e22bba960a8fd2fd4dc" member_type: VOTER last_known_addr { host: "127.7.17.195" port: 42685 } }
I20260709 13:00:03.798236  7371 raft_consensus.cc:2468] T 2a3db452952a4a8c89eba03e642c5438 P afccaf75022d42dba528a0de3d499f42 [term 0 FOLLOWER]: Leader pre-election vote request: Granting yes vote for candidate 117e136b941049f5866ef3c025d77041 in term 0.
I20260709 13:00:03.802743  7413 leader_election.cc:304] T 2a3db452952a4a8c89eba03e642c5438 P 117e136b941049f5866ef3c025d77041 [CANDIDATE]: Term 1 pre-election: Election decided. Result: candidate won. Election summary: received 2 responses out of 3 voters: 2 yes votes; 0 no votes. yes voters: 117e136b941049f5866ef3c025d77041, afccaf75022d42dba528a0de3d499f42; no voters: 
I20260709 13:00:03.804939  7607 raft_consensus.cc:2804] T 2a3db452952a4a8c89eba03e642c5438 P 117e136b941049f5866ef3c025d77041 [term 0 FOLLOWER]: Leader pre-election won for term 1
I20260709 13:00:03.805349  7607 raft_consensus.cc:493] T 2a3db452952a4a8c89eba03e642c5438 P 117e136b941049f5866ef3c025d77041 [term 0 FOLLOWER]: Starting leader election (no leader contacted us within the election timeout)
I20260709 13:00:03.805271  7371 tablet_service.cc:1917] Received RequestConsensusVote() RPC: tablet_id: "e7c74ff6600b4e2288680e4a420fcdc6" candidate_uuid: "3367fd8130064e22bba960a8fd2fd4dc" candidate_term: 1 candidate_status { last_received { term: 0 index: 0 } } ignore_live_leader: false dest_uuid: "afccaf75022d42dba528a0de3d499f42"
I20260709 13:00:03.805570  7448 tablet_service.cc:1917] Received RequestConsensusVote() RPC: tablet_id: "e7c74ff6600b4e2288680e4a420fcdc6" candidate_uuid: "3367fd8130064e22bba960a8fd2fd4dc" candidate_term: 1 candidate_status { last_received { term: 0 index: 0 } } ignore_live_leader: false dest_uuid: "117e136b941049f5866ef3c025d77041"
I20260709 13:00:03.805830  7523 tablet_service.cc:1917] Received RequestConsensusVote() RPC: tablet_id: "2a3db452952a4a8c89eba03e642c5438" candidate_uuid: "117e136b941049f5866ef3c025d77041" candidate_term: 1 candidate_status { last_received { term: 0 index: 0 } } ignore_live_leader: false dest_uuid: "3367fd8130064e22bba960a8fd2fd4dc" is_pre_election: true
I20260709 13:00:03.803471  7571 leader_election.cc:290] T e7c74ff6600b4e2288680e4a420fcdc6 P 3367fd8130064e22bba960a8fd2fd4dc [CANDIDATE]: Term 1 election: Requested vote from peers afccaf75022d42dba528a0de3d499f42 (127.7.17.193:46707), 117e136b941049f5866ef3c025d77041 (127.7.17.194:44063)
I20260709 13:00:03.807128  7607 raft_consensus.cc:3060] T 2a3db452952a4a8c89eba03e642c5438 P 117e136b941049f5866ef3c025d77041 [term 0 FOLLOWER]: Advancing to term 1
I20260709 13:00:03.792161  7605 raft_consensus.cc:515] T 35152bb1c5e8405285c18645b373a6c7 P 117e136b941049f5866ef3c025d77041 [term 0 FOLLOWER]: Starting pre-election with config: opid_index: -1 OBSOLETE_local: false peers { permanent_uuid: "afccaf75022d42dba528a0de3d499f42" member_type: VOTER last_known_addr { host: "127.7.17.193" port: 46707 } } peers { permanent_uuid: "117e136b941049f5866ef3c025d77041" member_type: VOTER last_known_addr { host: "127.7.17.194" port: 44063 } } peers { permanent_uuid: "3367fd8130064e22bba960a8fd2fd4dc" member_type: VOTER last_known_addr { host: "127.7.17.195" port: 42685 } }
I20260709 13:00:03.811471  7605 leader_election.cc:290] T 35152bb1c5e8405285c18645b373a6c7 P 117e136b941049f5866ef3c025d77041 [CANDIDATE]: Term 1 pre-election: Requested pre-vote from peers afccaf75022d42dba528a0de3d499f42 (127.7.17.193:46707), 3367fd8130064e22bba960a8fd2fd4dc (127.7.17.195:42685)
I20260709 13:00:03.812788  7412 leader_election.cc:304] T 1e0e94439a884e54a5fbd85bd301ea38 P 117e136b941049f5866ef3c025d77041 [CANDIDATE]: Term 1 pre-election: Election decided. Result: candidate lost. Election summary: received 3 responses out of 3 voters: 1 yes votes; 2 no votes. yes voters: 117e136b941049f5866ef3c025d77041; no voters: 3367fd8130064e22bba960a8fd2fd4dc, afccaf75022d42dba528a0de3d499f42
I20260709 13:00:03.814180  7371 tablet_service.cc:1917] Received RequestConsensusVote() RPC: tablet_id: "35152bb1c5e8405285c18645b373a6c7" candidate_uuid: "117e136b941049f5866ef3c025d77041" candidate_term: 1 candidate_status { last_received { term: 0 index: 0 } } ignore_live_leader: false dest_uuid: "afccaf75022d42dba528a0de3d499f42" is_pre_election: true
I20260709 13:00:03.814796  7371 raft_consensus.cc:2468] T 35152bb1c5e8405285c18645b373a6c7 P afccaf75022d42dba528a0de3d499f42 [term 0 FOLLOWER]: Leader pre-election vote request: Granting yes vote for candidate 117e136b941049f5866ef3c025d77041 in term 0.
I20260709 13:00:03.815168  7522 tablet_service.cc:1917] Received RequestConsensusVote() RPC: tablet_id: "35152bb1c5e8405285c18645b373a6c7" candidate_uuid: "117e136b941049f5866ef3c025d77041" candidate_term: 1 candidate_status { last_received { term: 0 index: 0 } } ignore_live_leader: false dest_uuid: "3367fd8130064e22bba960a8fd2fd4dc" is_pre_election: true
I20260709 13:00:03.815752  7605 raft_consensus.cc:2749] T 1e0e94439a884e54a5fbd85bd301ea38 P 117e136b941049f5866ef3c025d77041 [term 1 FOLLOWER]: Leader pre-election lost for term 1. Reason: could not achieve majority
I20260709 13:00:03.816203  7413 leader_election.cc:304] T 35152bb1c5e8405285c18645b373a6c7 P 117e136b941049f5866ef3c025d77041 [CANDIDATE]: Term 1 pre-election: Election decided. Result: candidate won. Election summary: received 2 responses out of 3 voters: 2 yes votes; 0 no votes. yes voters: 117e136b941049f5866ef3c025d77041, afccaf75022d42dba528a0de3d499f42; no voters: 
I20260709 13:00:03.816629  7488 leader_election.cc:304] T e7c74ff6600b4e2288680e4a420fcdc6 P 3367fd8130064e22bba960a8fd2fd4dc [CANDIDATE]: Term 1 election: Election decided. Result: candidate lost. Election summary: received 3 responses out of 3 voters: 1 yes votes; 2 no votes. yes voters: 3367fd8130064e22bba960a8fd2fd4dc; no voters: 117e136b941049f5866ef3c025d77041, afccaf75022d42dba528a0de3d499f42
I20260709 13:00:03.816978  7605 raft_consensus.cc:2804] T 35152bb1c5e8405285c18645b373a6c7 P 117e136b941049f5866ef3c025d77041 [term 0 FOLLOWER]: Leader pre-election won for term 1
I20260709 13:00:03.817380  7605 raft_consensus.cc:493] T 35152bb1c5e8405285c18645b373a6c7 P 117e136b941049f5866ef3c025d77041 [term 0 FOLLOWER]: Starting leader election (no leader contacted us within the election timeout)
I20260709 13:00:03.817755  7605 raft_consensus.cc:3060] T 35152bb1c5e8405285c18645b373a6c7 P 117e136b941049f5866ef3c025d77041 [term 0 FOLLOWER]: Advancing to term 1
I20260709 13:00:03.818038  7571 raft_consensus.cc:2749] T e7c74ff6600b4e2288680e4a420fcdc6 P 3367fd8130064e22bba960a8fd2fd4dc [term 1 FOLLOWER]: Leader election lost for term 1. Reason: could not achieve majority
W20260709 13:00:03.818003  7412 leader_election.cc:343] T 35152bb1c5e8405285c18645b373a6c7 P 117e136b941049f5866ef3c025d77041 [CANDIDATE]: Term 1 pre-election: Tablet error from VoteRequest() call to peer 3367fd8130064e22bba960a8fd2fd4dc (127.7.17.195:42685): Illegal state: must be running to vote when last-logged opid is not known
I20260709 13:00:03.822213  7447 raft_consensus.cc:2468] T e7c74ff6600b4e2288680e4a420fcdc6 P 117e136b941049f5866ef3c025d77041 [term 1 FOLLOWER]: Leader election vote request: Granting yes vote for candidate afccaf75022d42dba528a0de3d499f42 in term 1.
I20260709 13:00:03.829991  7339 leader_election.cc:304] T e7c74ff6600b4e2288680e4a420fcdc6 P afccaf75022d42dba528a0de3d499f42 [CANDIDATE]: Term 1 election: Election decided. Result: candidate won. Election summary: received 3 responses out of 3 voters: 2 yes votes; 1 no votes. yes voters: 117e136b941049f5866ef3c025d77041, afccaf75022d42dba528a0de3d499f42; no voters: 3367fd8130064e22bba960a8fd2fd4dc
I20260709 13:00:03.832163  7595 raft_consensus.cc:2804] T e7c74ff6600b4e2288680e4a420fcdc6 P afccaf75022d42dba528a0de3d499f42 [term 1 FOLLOWER]: Leader election won for term 1
I20260709 13:00:03.833316  7595 raft_consensus.cc:697] T e7c74ff6600b4e2288680e4a420fcdc6 P afccaf75022d42dba528a0de3d499f42 [term 1 LEADER]: Becoming Leader. State: Replica: afccaf75022d42dba528a0de3d499f42, State: Running, Role: LEADER
I20260709 13:00:03.836231  7595 consensus_queue.cc:237] T e7c74ff6600b4e2288680e4a420fcdc6 P afccaf75022d42dba528a0de3d499f42 [LEADER]: Queue going to LEADER mode. State: All replicated index: 0, Majority replicated index: 0, Committed index: 0, Last appended: 0.0, Last appended by leader: 0, Current term: 1, Majority size: 2, State: 0, Mode: LEADER, active raft config: opid_index: -1 OBSOLETE_local: false peers { permanent_uuid: "afccaf75022d42dba528a0de3d499f42" member_type: VOTER last_known_addr { host: "127.7.17.193" port: 46707 } } peers { permanent_uuid: "117e136b941049f5866ef3c025d77041" member_type: VOTER last_known_addr { host: "127.7.17.194" port: 44063 } } peers { permanent_uuid: "3367fd8130064e22bba960a8fd2fd4dc" member_type: VOTER last_known_addr { host: "127.7.17.195" port: 42685 } }
I20260709 13:00:03.860447  7570 tablet_bootstrap.cc:654] T 1e0e94439a884e54a5fbd85bd301ea38 P afccaf75022d42dba528a0de3d499f42: Neither blocks nor log segments found. Creating new log.
I20260709 13:00:03.863968  7607 raft_consensus.cc:515] T 2a3db452952a4a8c89eba03e642c5438 P 117e136b941049f5866ef3c025d77041 [term 1 FOLLOWER]: Starting leader election with config: opid_index: -1 OBSOLETE_local: false peers { permanent_uuid: "afccaf75022d42dba528a0de3d499f42" member_type: VOTER last_known_addr { host: "127.7.17.193" port: 46707 } } peers { permanent_uuid: "117e136b941049f5866ef3c025d77041" member_type: VOTER last_known_addr { host: "127.7.17.194" port: 44063 } } peers { permanent_uuid: "3367fd8130064e22bba960a8fd2fd4dc" member_type: VOTER last_known_addr { host: "127.7.17.195" port: 42685 } }
I20260709 13:00:03.869558  7607 leader_election.cc:290] T 2a3db452952a4a8c89eba03e642c5438 P 117e136b941049f5866ef3c025d77041 [CANDIDATE]: Term 1 election: Requested vote from peers afccaf75022d42dba528a0de3d499f42 (127.7.17.193:46707), 3367fd8130064e22bba960a8fd2fd4dc (127.7.17.195:42685)
I20260709 13:00:03.868089  7567 tablet_bootstrap.cc:654] T 97680c7960694f8a9702c9a60baeb005 P 117e136b941049f5866ef3c025d77041: Neither blocks nor log segments found. Creating new log.
I20260709 13:00:03.871836  7371 tablet_service.cc:1917] Received RequestConsensusVote() RPC: tablet_id: "2a3db452952a4a8c89eba03e642c5438" candidate_uuid: "117e136b941049f5866ef3c025d77041" candidate_term: 1 candidate_status { last_received { term: 0 index: 0 } } ignore_live_leader: false dest_uuid: "afccaf75022d42dba528a0de3d499f42"
I20260709 13:00:03.872491  7371 raft_consensus.cc:3060] T 2a3db452952a4a8c89eba03e642c5438 P afccaf75022d42dba528a0de3d499f42 [term 0 FOLLOWER]: Advancing to term 1
I20260709 13:00:03.868432  7605 raft_consensus.cc:515] T 35152bb1c5e8405285c18645b373a6c7 P 117e136b941049f5866ef3c025d77041 [term 1 FOLLOWER]: Starting leader election with config: opid_index: -1 OBSOLETE_local: false peers { permanent_uuid: "afccaf75022d42dba528a0de3d499f42" member_type: VOTER last_known_addr { host: "127.7.17.193" port: 46707 } } peers { permanent_uuid: "117e136b941049f5866ef3c025d77041" member_type: VOTER last_known_addr { host: "127.7.17.194" port: 44063 } } peers { permanent_uuid: "3367fd8130064e22bba960a8fd2fd4dc" member_type: VOTER last_known_addr { host: "127.7.17.195" port: 42685 } }
I20260709 13:00:03.875018  7522 tablet_service.cc:1917] Received RequestConsensusVote() RPC: tablet_id: "2a3db452952a4a8c89eba03e642c5438" candidate_uuid: "117e136b941049f5866ef3c025d77041" candidate_term: 1 candidate_status { last_received { term: 0 index: 0 } } ignore_live_leader: false dest_uuid: "3367fd8130064e22bba960a8fd2fd4dc"
W20260709 13:00:03.876470  7412 leader_election.cc:343] T 2a3db452952a4a8c89eba03e642c5438 P 117e136b941049f5866ef3c025d77041 [CANDIDATE]: Term 1 election: Tablet error from VoteRequest() call to peer 3367fd8130064e22bba960a8fd2fd4dc (127.7.17.195:42685): Illegal state: must be running to vote when last-logged opid is not known
W20260709 13:00:03.878667  7412 leader_election.cc:343] T 2a3db452952a4a8c89eba03e642c5438 P 117e136b941049f5866ef3c025d77041 [CANDIDATE]: Term 1 pre-election: Tablet error from VoteRequest() call to peer 3367fd8130064e22bba960a8fd2fd4dc (127.7.17.195:42685): Illegal state: must be running to vote when last-logged opid is not known
I20260709 13:00:03.879590  7566 raft_consensus.cc:359] T 2a3db452952a4a8c89eba03e642c5438 P 3367fd8130064e22bba960a8fd2fd4dc [term 0 FOLLOWER]: Replica starting. Triggering 0 pending ops. Active config: opid_index: -1 OBSOLETE_local: false peers { permanent_uuid: "afccaf75022d42dba528a0de3d499f42" member_type: VOTER last_known_addr { host: "127.7.17.193" port: 46707 } } peers { permanent_uuid: "117e136b941049f5866ef3c025d77041" member_type: VOTER last_known_addr { host: "127.7.17.194" port: 44063 } } peers { permanent_uuid: "3367fd8130064e22bba960a8fd2fd4dc" member_type: VOTER last_known_addr { host: "127.7.17.195" port: 42685 } }
I20260709 13:00:03.880722  7566 raft_consensus.cc:385] T 2a3db452952a4a8c89eba03e642c5438 P 3367fd8130064e22bba960a8fd2fd4dc [term 0 FOLLOWER]: Consensus starting up: Expiring failure detector timer to make a prompt election more likely
I20260709 13:00:03.882457  7566 raft_consensus.cc:740] T 2a3db452952a4a8c89eba03e642c5438 P 3367fd8130064e22bba960a8fd2fd4dc [term 0 FOLLOWER]: Becoming Follower/Learner. State: Replica: 3367fd8130064e22bba960a8fd2fd4dc, State: Initialized, Role: FOLLOWER
I20260709 13:00:03.883315  7566 consensus_queue.cc:260] T 2a3db452952a4a8c89eba03e642c5438 P 3367fd8130064e22bba960a8fd2fd4dc [NON_LEADER]: Queue going to NON_LEADER mode. State: All replicated index: 0, Majority replicated index: 0, Committed index: 0, Last appended: 0.0, Last appended by leader: 0, Current term: 0, Majority size: -1, State: 0, Mode: NON_LEADER, active raft config: opid_index: -1 OBSOLETE_local: false peers { permanent_uuid: "afccaf75022d42dba528a0de3d499f42" member_type: VOTER last_known_addr { host: "127.7.17.193" port: 46707 } } peers { permanent_uuid: "117e136b941049f5866ef3c025d77041" member_type: VOTER last_known_addr { host: "127.7.17.194" port: 44063 } } peers { permanent_uuid: "3367fd8130064e22bba960a8fd2fd4dc" member_type: VOTER last_known_addr { host: "127.7.17.195" port: 42685 } }
I20260709 13:00:03.885023  7371 raft_consensus.cc:2468] T 2a3db452952a4a8c89eba03e642c5438 P afccaf75022d42dba528a0de3d499f42 [term 1 FOLLOWER]: Leader election vote request: Granting yes vote for candidate 117e136b941049f5866ef3c025d77041 in term 1.
I20260709 13:00:03.886385  7566 ts_tablet_manager.cc:1434] T 2a3db452952a4a8c89eba03e642c5438 P 3367fd8130064e22bba960a8fd2fd4dc: Time spent starting tablet: real 0.103s	user 0.006s	sys 0.008s
I20260709 13:00:03.886351  7413 leader_election.cc:304] T 2a3db452952a4a8c89eba03e642c5438 P 117e136b941049f5866ef3c025d77041 [CANDIDATE]: Term 1 election: Election decided. Result: candidate won. Election summary: received 3 responses out of 3 voters: 2 yes votes; 1 no votes. yes voters: 117e136b941049f5866ef3c025d77041, afccaf75022d42dba528a0de3d499f42; no voters: 3367fd8130064e22bba960a8fd2fd4dc
I20260709 13:00:03.887573  7566 tablet_bootstrap.cc:492] T 35152bb1c5e8405285c18645b373a6c7 P 3367fd8130064e22bba960a8fd2fd4dc: Bootstrap starting.
I20260709 13:00:03.887938  7607 raft_consensus.cc:2804] T 2a3db452952a4a8c89eba03e642c5438 P 117e136b941049f5866ef3c025d77041 [term 1 FOLLOWER]: Leader election won for term 1
I20260709 13:00:03.888406  7607 raft_consensus.cc:697] T 2a3db452952a4a8c89eba03e642c5438 P 117e136b941049f5866ef3c025d77041 [term 1 LEADER]: Becoming Leader. State: Replica: 117e136b941049f5866ef3c025d77041, State: Running, Role: LEADER
I20260709 13:00:03.888638  7523 tablet_service.cc:1917] Received RequestConsensusVote() RPC: tablet_id: "35152bb1c5e8405285c18645b373a6c7" candidate_uuid: "117e136b941049f5866ef3c025d77041" candidate_term: 1 candidate_status { last_received { term: 0 index: 0 } } ignore_live_leader: false dest_uuid: "3367fd8130064e22bba960a8fd2fd4dc"
I20260709 13:00:03.889178  7607 consensus_queue.cc:237] T 2a3db452952a4a8c89eba03e642c5438 P 117e136b941049f5866ef3c025d77041 [LEADER]: Queue going to LEADER mode. State: All replicated index: 0, Majority replicated index: 0, Committed index: 0, Last appended: 0.0, Last appended by leader: 0, Current term: 1, Majority size: 2, State: 0, Mode: LEADER, active raft config: opid_index: -1 OBSOLETE_local: false peers { permanent_uuid: "afccaf75022d42dba528a0de3d499f42" member_type: VOTER last_known_addr { host: "127.7.17.193" port: 46707 } } peers { permanent_uuid: "117e136b941049f5866ef3c025d77041" member_type: VOTER last_known_addr { host: "127.7.17.194" port: 44063 } } peers { permanent_uuid: "3367fd8130064e22bba960a8fd2fd4dc" member_type: VOTER last_known_addr { host: "127.7.17.195" port: 42685 } }
W20260709 13:00:03.890002  7412 leader_election.cc:343] T 35152bb1c5e8405285c18645b373a6c7 P 117e136b941049f5866ef3c025d77041 [CANDIDATE]: Term 1 election: Tablet error from VoteRequest() call to peer 3367fd8130064e22bba960a8fd2fd4dc (127.7.17.195:42685): Illegal state: must be running to vote when last-logged opid is not known
I20260709 13:00:03.891561  7605 leader_election.cc:290] T 35152bb1c5e8405285c18645b373a6c7 P 117e136b941049f5866ef3c025d77041 [CANDIDATE]: Term 1 election: Requested vote from peers afccaf75022d42dba528a0de3d499f42 (127.7.17.193:46707), 3367fd8130064e22bba960a8fd2fd4dc (127.7.17.195:42685)
I20260709 13:00:03.894059  7566 tablet_bootstrap.cc:654] T 35152bb1c5e8405285c18645b373a6c7 P 3367fd8130064e22bba960a8fd2fd4dc: Neither blocks nor log segments found. Creating new log.
I20260709 13:00:03.895355  7371 tablet_service.cc:1917] Received RequestConsensusVote() RPC: tablet_id: "35152bb1c5e8405285c18645b373a6c7" candidate_uuid: "117e136b941049f5866ef3c025d77041" candidate_term: 1 candidate_status { last_received { term: 0 index: 0 } } ignore_live_leader: false dest_uuid: "afccaf75022d42dba528a0de3d499f42"
I20260709 13:00:03.895967  7371 raft_consensus.cc:3060] T 35152bb1c5e8405285c18645b373a6c7 P afccaf75022d42dba528a0de3d499f42 [term 0 FOLLOWER]: Advancing to term 1
I20260709 13:00:03.901374  7271 catalog_manager.cc:5697] T 1e0e94439a884e54a5fbd85bd301ea38 P 3367fd8130064e22bba960a8fd2fd4dc reported cstate change: term changed from 0 to 1, leader changed from <none> to 3367fd8130064e22bba960a8fd2fd4dc (127.7.17.195). New cstate: current_term: 1 leader_uuid: "3367fd8130064e22bba960a8fd2fd4dc" committed_config { opid_index: -1 OBSOLETE_local: false peers { permanent_uuid: "117e136b941049f5866ef3c025d77041" member_type: VOTER last_known_addr { host: "127.7.17.194" port: 44063 } health_report { overall_health: UNKNOWN } } peers { permanent_uuid: "3367fd8130064e22bba960a8fd2fd4dc" member_type: VOTER last_known_addr { host: "127.7.17.195" port: 42685 } health_report { overall_health: HEALTHY } } peers { permanent_uuid: "afccaf75022d42dba528a0de3d499f42" member_type: VOTER last_known_addr { host: "127.7.17.193" port: 46707 } health_report { overall_health: UNKNOWN } } }
I20260709 13:00:03.903566  7371 raft_consensus.cc:2468] T 35152bb1c5e8405285c18645b373a6c7 P afccaf75022d42dba528a0de3d499f42 [term 1 FOLLOWER]: Leader election vote request: Granting yes vote for candidate 117e136b941049f5866ef3c025d77041 in term 1.
I20260709 13:00:03.904654  7413 leader_election.cc:304] T 35152bb1c5e8405285c18645b373a6c7 P 117e136b941049f5866ef3c025d77041 [CANDIDATE]: Term 1 election: Election decided. Result: candidate won. Election summary: received 3 responses out of 3 voters: 2 yes votes; 1 no votes. yes voters: 117e136b941049f5866ef3c025d77041, afccaf75022d42dba528a0de3d499f42; no voters: 3367fd8130064e22bba960a8fd2fd4dc
I20260709 13:00:03.905849  7571 raft_consensus.cc:493] T 2a3db452952a4a8c89eba03e642c5438 P 3367fd8130064e22bba960a8fd2fd4dc [term 0 FOLLOWER]: Starting pre-election (no leader contacted us within the election timeout)
I20260709 13:00:03.906420  7571 raft_consensus.cc:515] T 2a3db452952a4a8c89eba03e642c5438 P 3367fd8130064e22bba960a8fd2fd4dc [term 0 FOLLOWER]: Starting pre-election with config: opid_index: -1 OBSOLETE_local: false peers { permanent_uuid: "afccaf75022d42dba528a0de3d499f42" member_type: VOTER last_known_addr { host: "127.7.17.193" port: 46707 } } peers { permanent_uuid: "117e136b941049f5866ef3c025d77041" member_type: VOTER last_known_addr { host: "127.7.17.194" port: 44063 } } peers { permanent_uuid: "3367fd8130064e22bba960a8fd2fd4dc" member_type: VOTER last_known_addr { host: "127.7.17.195" port: 42685 } }
I20260709 13:00:03.908425  7571 leader_election.cc:290] T 2a3db452952a4a8c89eba03e642c5438 P 3367fd8130064e22bba960a8fd2fd4dc [CANDIDATE]: Term 1 pre-election: Requested pre-vote from peers afccaf75022d42dba528a0de3d499f42 (127.7.17.193:46707), 117e136b941049f5866ef3c025d77041 (127.7.17.194:44063)
I20260709 13:00:03.905913  7607 raft_consensus.cc:2804] T 35152bb1c5e8405285c18645b373a6c7 P 117e136b941049f5866ef3c025d77041 [term 1 FOLLOWER]: Leader election won for term 1
I20260709 13:00:03.909735  7607 raft_consensus.cc:697] T 35152bb1c5e8405285c18645b373a6c7 P 117e136b941049f5866ef3c025d77041 [term 1 LEADER]: Becoming Leader. State: Replica: 117e136b941049f5866ef3c025d77041, State: Running, Role: LEADER
I20260709 13:00:03.911249  7607 consensus_queue.cc:237] T 35152bb1c5e8405285c18645b373a6c7 P 117e136b941049f5866ef3c025d77041 [LEADER]: Queue going to LEADER mode. State: All replicated index: 0, Majority replicated index: 0, Committed index: 0, Last appended: 0.0, Last appended by leader: 0, Current term: 1, Majority size: 2, State: 0, Mode: LEADER, active raft config: opid_index: -1 OBSOLETE_local: false peers { permanent_uuid: "afccaf75022d42dba528a0de3d499f42" member_type: VOTER last_known_addr { host: "127.7.17.193" port: 46707 } } peers { permanent_uuid: "117e136b941049f5866ef3c025d77041" member_type: VOTER last_known_addr { host: "127.7.17.194" port: 44063 } } peers { permanent_uuid: "3367fd8130064e22bba960a8fd2fd4dc" member_type: VOTER last_known_addr { host: "127.7.17.195" port: 42685 } }
I20260709 13:00:03.911602  7447 tablet_service.cc:1917] Received RequestConsensusVote() RPC: tablet_id: "2a3db452952a4a8c89eba03e642c5438" candidate_uuid: "3367fd8130064e22bba960a8fd2fd4dc" candidate_term: 1 candidate_status { last_received { term: 0 index: 0 } } ignore_live_leader: false dest_uuid: "117e136b941049f5866ef3c025d77041" is_pre_election: true
I20260709 13:00:03.918613  7371 tablet_service.cc:1917] Received RequestConsensusVote() RPC: tablet_id: "2a3db452952a4a8c89eba03e642c5438" candidate_uuid: "3367fd8130064e22bba960a8fd2fd4dc" candidate_term: 1 candidate_status { last_received { term: 0 index: 0 } } ignore_live_leader: false dest_uuid: "afccaf75022d42dba528a0de3d499f42" is_pre_election: true
I20260709 13:00:03.922572  7371 raft_consensus.cc:2393] T 2a3db452952a4a8c89eba03e642c5438 P afccaf75022d42dba528a0de3d499f42 [term 1 FOLLOWER]: Leader pre-election vote request: Denying vote to candidate 3367fd8130064e22bba960a8fd2fd4dc in current term 1: Already voted for candidate 117e136b941049f5866ef3c025d77041 in this term.
I20260709 13:00:03.925535  7269 catalog_manager.cc:5697] T 3a06d066061a475f83a33ed3eb232f47 P afccaf75022d42dba528a0de3d499f42 reported cstate change: term changed from 0 to 1, leader changed from <none> to afccaf75022d42dba528a0de3d499f42 (127.7.17.193). New cstate: current_term: 1 leader_uuid: "afccaf75022d42dba528a0de3d499f42" committed_config { opid_index: -1 OBSOLETE_local: false peers { permanent_uuid: "afccaf75022d42dba528a0de3d499f42" member_type: VOTER last_known_addr { host: "127.7.17.193" port: 46707 } health_report { overall_health: HEALTHY } } peers { permanent_uuid: "117e136b941049f5866ef3c025d77041" member_type: VOTER last_known_addr { host: "127.7.17.194" port: 44063 } health_report { overall_health: UNKNOWN } } peers { permanent_uuid: "3367fd8130064e22bba960a8fd2fd4dc" member_type: VOTER last_known_addr { host: "127.7.17.195" port: 42685 } health_report { overall_health: UNKNOWN } } }
I20260709 13:00:03.928596  7269 catalog_manager.cc:5697] T e7c74ff6600b4e2288680e4a420fcdc6 P afccaf75022d42dba528a0de3d499f42 reported cstate change: term changed from 0 to 1, leader changed from <none> to afccaf75022d42dba528a0de3d499f42 (127.7.17.193). New cstate: current_term: 1 leader_uuid: "afccaf75022d42dba528a0de3d499f42" committed_config { opid_index: -1 OBSOLETE_local: false peers { permanent_uuid: "afccaf75022d42dba528a0de3d499f42" member_type: VOTER last_known_addr { host: "127.7.17.193" port: 46707 } health_report { overall_health: HEALTHY } } peers { permanent_uuid: "117e136b941049f5866ef3c025d77041" member_type: VOTER last_known_addr { host: "127.7.17.194" port: 44063 } health_report { overall_health: UNKNOWN } } peers { permanent_uuid: "3367fd8130064e22bba960a8fd2fd4dc" member_type: VOTER last_known_addr { host: "127.7.17.195" port: 42685 } health_report { overall_health: UNKNOWN } } }
I20260709 13:00:03.926067  7570 tablet_bootstrap.cc:492] T 1e0e94439a884e54a5fbd85bd301ea38 P afccaf75022d42dba528a0de3d499f42: No bootstrap required, opened a new log
I20260709 13:00:03.919603  7567 tablet_bootstrap.cc:492] T 97680c7960694f8a9702c9a60baeb005 P 117e136b941049f5866ef3c025d77041: No bootstrap required, opened a new log
I20260709 13:00:03.931111  7567 ts_tablet_manager.cc:1403] T 97680c7960694f8a9702c9a60baeb005 P 117e136b941049f5866ef3c025d77041: Time spent bootstrapping tablet: real 0.184s	user 0.017s	sys 0.006s
I20260709 13:00:03.926836  7487 leader_election.cc:304] T 2a3db452952a4a8c89eba03e642c5438 P 3367fd8130064e22bba960a8fd2fd4dc [CANDIDATE]: Term 1 pre-election: Election decided. Result: candidate lost. Election summary: received 3 responses out of 3 voters: 1 yes votes; 2 no votes. yes voters: 3367fd8130064e22bba960a8fd2fd4dc; no voters: 117e136b941049f5866ef3c025d77041, afccaf75022d42dba528a0de3d499f42
I20260709 13:00:03.934288  7571 raft_consensus.cc:3060] T 2a3db452952a4a8c89eba03e642c5438 P 3367fd8130064e22bba960a8fd2fd4dc [term 0 FOLLOWER]: Advancing to term 1
I20260709 13:00:03.936359  7570 ts_tablet_manager.cc:1403] T 1e0e94439a884e54a5fbd85bd301ea38 P afccaf75022d42dba528a0de3d499f42: Time spent bootstrapping tablet: real 0.168s	user 0.017s	sys 0.000s
I20260709 13:00:03.938845  7567 raft_consensus.cc:359] T 97680c7960694f8a9702c9a60baeb005 P 117e136b941049f5866ef3c025d77041 [term 0 FOLLOWER]: Replica starting. Triggering 0 pending ops. Active config: opid_index: -1 OBSOLETE_local: false peers { permanent_uuid: "afccaf75022d42dba528a0de3d499f42" member_type: VOTER last_known_addr { host: "127.7.17.193" port: 46707 } } peers { permanent_uuid: "117e136b941049f5866ef3c025d77041" member_type: VOTER last_known_addr { host: "127.7.17.194" port: 44063 } } peers { permanent_uuid: "3367fd8130064e22bba960a8fd2fd4dc" member_type: VOTER last_known_addr { host: "127.7.17.195" port: 42685 } }
I20260709 13:00:03.939136  7570 raft_consensus.cc:359] T 1e0e94439a884e54a5fbd85bd301ea38 P afccaf75022d42dba528a0de3d499f42 [term 0 FOLLOWER]: Replica starting. Triggering 0 pending ops. Active config: opid_index: -1 OBSOLETE_local: false peers { permanent_uuid: "117e136b941049f5866ef3c025d77041" member_type: VOTER last_known_addr { host: "127.7.17.194" port: 44063 } } peers { permanent_uuid: "3367fd8130064e22bba960a8fd2fd4dc" member_type: VOTER last_known_addr { host: "127.7.17.195" port: 42685 } } peers { permanent_uuid: "afccaf75022d42dba528a0de3d499f42" member_type: VOTER last_known_addr { host: "127.7.17.193" port: 46707 } }
I20260709 13:00:03.939815  7567 raft_consensus.cc:385] T 97680c7960694f8a9702c9a60baeb005 P 117e136b941049f5866ef3c025d77041 [term 0 FOLLOWER]: Consensus starting up: Expiring failure detector timer to make a prompt election more likely
I20260709 13:00:03.940218  7567 raft_consensus.cc:740] T 97680c7960694f8a9702c9a60baeb005 P 117e136b941049f5866ef3c025d77041 [term 0 FOLLOWER]: Becoming Follower/Learner. State: Replica: 117e136b941049f5866ef3c025d77041, State: Initialized, Role: FOLLOWER
I20260709 13:00:03.941176  7567 consensus_queue.cc:260] T 97680c7960694f8a9702c9a60baeb005 P 117e136b941049f5866ef3c025d77041 [NON_LEADER]: Queue going to NON_LEADER mode. State: All replicated index: 0, Majority replicated index: 0, Committed index: 0, Last appended: 0.0, Last appended by leader: 0, Current term: 0, Majority size: -1, State: 0, Mode: NON_LEADER, active raft config: opid_index: -1 OBSOLETE_local: false peers { permanent_uuid: "afccaf75022d42dba528a0de3d499f42" member_type: VOTER last_known_addr { host: "127.7.17.193" port: 46707 } } peers { permanent_uuid: "117e136b941049f5866ef3c025d77041" member_type: VOTER last_known_addr { host: "127.7.17.194" port: 44063 } } peers { permanent_uuid: "3367fd8130064e22bba960a8fd2fd4dc" member_type: VOTER last_known_addr { host: "127.7.17.195" port: 42685 } }
I20260709 13:00:03.944764  7567 ts_tablet_manager.cc:1434] T 97680c7960694f8a9702c9a60baeb005 P 117e136b941049f5866ef3c025d77041: Time spent starting tablet: real 0.013s	user 0.006s	sys 0.000s
I20260709 13:00:03.939842  7570 raft_consensus.cc:385] T 1e0e94439a884e54a5fbd85bd301ea38 P afccaf75022d42dba528a0de3d499f42 [term 0 FOLLOWER]: Consensus starting up: Expiring failure detector timer to make a prompt election more likely
I20260709 13:00:03.946210  7570 raft_consensus.cc:740] T 1e0e94439a884e54a5fbd85bd301ea38 P afccaf75022d42dba528a0de3d499f42 [term 0 FOLLOWER]: Becoming Follower/Learner. State: Replica: afccaf75022d42dba528a0de3d499f42, State: Initialized, Role: FOLLOWER
I20260709 13:00:03.947391  7567 tablet_bootstrap.cc:492] T 0c8bad4686974fee8be7effddf09eba4 P 117e136b941049f5866ef3c025d77041: Bootstrap starting.
I20260709 13:00:03.949240  7570 consensus_queue.cc:260] T 1e0e94439a884e54a5fbd85bd301ea38 P afccaf75022d42dba528a0de3d499f42 [NON_LEADER]: Queue going to NON_LEADER mode. State: All replicated index: 0, Majority replicated index: 0, Committed index: 0, Last appended: 0.0, Last appended by leader: 0, Current term: 0, Majority size: -1, State: 0, Mode: NON_LEADER, active raft config: opid_index: -1 OBSOLETE_local: false peers { permanent_uuid: "117e136b941049f5866ef3c025d77041" member_type: VOTER last_known_addr { host: "127.7.17.194" port: 44063 } } peers { permanent_uuid: "3367fd8130064e22bba960a8fd2fd4dc" member_type: VOTER last_known_addr { host: "127.7.17.195" port: 42685 } } peers { permanent_uuid: "afccaf75022d42dba528a0de3d499f42" member_type: VOTER last_known_addr { host: "127.7.17.193" port: 46707 } }
I20260709 13:00:03.949818  7566 tablet_bootstrap.cc:492] T 35152bb1c5e8405285c18645b373a6c7 P 3367fd8130064e22bba960a8fd2fd4dc: No bootstrap required, opened a new log
I20260709 13:00:03.950249  7566 ts_tablet_manager.cc:1403] T 35152bb1c5e8405285c18645b373a6c7 P 3367fd8130064e22bba960a8fd2fd4dc: Time spent bootstrapping tablet: real 0.063s	user 0.007s	sys 0.019s
I20260709 13:00:03.951319  7570 ts_tablet_manager.cc:1434] T 1e0e94439a884e54a5fbd85bd301ea38 P afccaf75022d42dba528a0de3d499f42: Time spent starting tablet: real 0.015s	user 0.005s	sys 0.000s
I20260709 13:00:03.947582  7571 raft_consensus.cc:2749] T 2a3db452952a4a8c89eba03e642c5438 P 3367fd8130064e22bba960a8fd2fd4dc [term 1 FOLLOWER]: Leader pre-election lost for term 1. Reason: could not achieve majority
I20260709 13:00:03.954381  7566 raft_consensus.cc:359] T 35152bb1c5e8405285c18645b373a6c7 P 3367fd8130064e22bba960a8fd2fd4dc [term 0 FOLLOWER]: Replica starting. Triggering 0 pending ops. Active config: opid_index: -1 OBSOLETE_local: false peers { permanent_uuid: "afccaf75022d42dba528a0de3d499f42" member_type: VOTER last_known_addr { host: "127.7.17.193" port: 46707 } } peers { permanent_uuid: "117e136b941049f5866ef3c025d77041" member_type: VOTER last_known_addr { host: "127.7.17.194" port: 44063 } } peers { permanent_uuid: "3367fd8130064e22bba960a8fd2fd4dc" member_type: VOTER last_known_addr { host: "127.7.17.195" port: 42685 } }
I20260709 13:00:03.955185  7566 raft_consensus.cc:385] T 35152bb1c5e8405285c18645b373a6c7 P 3367fd8130064e22bba960a8fd2fd4dc [term 0 FOLLOWER]: Consensus starting up: Expiring failure detector timer to make a prompt election more likely
I20260709 13:00:03.955545  7566 raft_consensus.cc:740] T 35152bb1c5e8405285c18645b373a6c7 P 3367fd8130064e22bba960a8fd2fd4dc [term 0 FOLLOWER]: Becoming Follower/Learner. State: Replica: 3367fd8130064e22bba960a8fd2fd4dc, State: Initialized, Role: FOLLOWER
I20260709 13:00:03.956513  7566 consensus_queue.cc:260] T 35152bb1c5e8405285c18645b373a6c7 P 3367fd8130064e22bba960a8fd2fd4dc [NON_LEADER]: Queue going to NON_LEADER mode. State: All replicated index: 0, Majority replicated index: 0, Committed index: 0, Last appended: 0.0, Last appended by leader: 0, Current term: 0, Majority size: -1, State: 0, Mode: NON_LEADER, active raft config: opid_index: -1 OBSOLETE_local: false peers { permanent_uuid: "afccaf75022d42dba528a0de3d499f42" member_type: VOTER last_known_addr { host: "127.7.17.193" port: 46707 } } peers { permanent_uuid: "117e136b941049f5866ef3c025d77041" member_type: VOTER last_known_addr { host: "127.7.17.194" port: 44063 } } peers { permanent_uuid: "3367fd8130064e22bba960a8fd2fd4dc" member_type: VOTER last_known_addr { host: "127.7.17.195" port: 42685 } }
I20260709 13:00:03.959453  7566 ts_tablet_manager.cc:1434] T 35152bb1c5e8405285c18645b373a6c7 P 3367fd8130064e22bba960a8fd2fd4dc: Time spent starting tablet: real 0.009s	user 0.003s	sys 0.005s
I20260709 13:00:03.962102  7567 tablet_bootstrap.cc:654] T 0c8bad4686974fee8be7effddf09eba4 P 117e136b941049f5866ef3c025d77041: Neither blocks nor log segments found. Creating new log.
I20260709 13:00:03.960469  7566 tablet_bootstrap.cc:492] T d81f9aa921044387b7f6b88beede47fe P 3367fd8130064e22bba960a8fd2fd4dc: Bootstrap starting.
I20260709 13:00:03.959527  7268 catalog_manager.cc:5697] T 2a3db452952a4a8c89eba03e642c5438 P 117e136b941049f5866ef3c025d77041 reported cstate change: term changed from 0 to 1, leader changed from <none> to 117e136b941049f5866ef3c025d77041 (127.7.17.194). New cstate: current_term: 1 leader_uuid: "117e136b941049f5866ef3c025d77041" committed_config { opid_index: -1 OBSOLETE_local: false peers { permanent_uuid: "afccaf75022d42dba528a0de3d499f42" member_type: VOTER last_known_addr { host: "127.7.17.193" port: 46707 } health_report { overall_health: UNKNOWN } } peers { permanent_uuid: "117e136b941049f5866ef3c025d77041" member_type: VOTER last_known_addr { host: "127.7.17.194" port: 44063 } health_report { overall_health: HEALTHY } } peers { permanent_uuid: "3367fd8130064e22bba960a8fd2fd4dc" member_type: VOTER last_known_addr { host: "127.7.17.195" port: 42685 } health_report { overall_health: UNKNOWN } } }
I20260709 13:00:03.968314  7268 catalog_manager.cc:5697] T 35152bb1c5e8405285c18645b373a6c7 P 117e136b941049f5866ef3c025d77041 reported cstate change: term changed from 0 to 1, leader changed from <none> to 117e136b941049f5866ef3c025d77041 (127.7.17.194). New cstate: current_term: 1 leader_uuid: "117e136b941049f5866ef3c025d77041" committed_config { opid_index: -1 OBSOLETE_local: false peers { permanent_uuid: "afccaf75022d42dba528a0de3d499f42" member_type: VOTER last_known_addr { host: "127.7.17.193" port: 46707 } health_report { overall_health: UNKNOWN } } peers { permanent_uuid: "117e136b941049f5866ef3c025d77041" member_type: VOTER last_known_addr { host: "127.7.17.194" port: 44063 } health_report { overall_health: HEALTHY } } peers { permanent_uuid: "3367fd8130064e22bba960a8fd2fd4dc" member_type: VOTER last_known_addr { host: "127.7.17.195" port: 42685 } health_report { overall_health: UNKNOWN } } }
I20260709 13:00:03.970324  7566 tablet_bootstrap.cc:654] T d81f9aa921044387b7f6b88beede47fe P 3367fd8130064e22bba960a8fd2fd4dc: Neither blocks nor log segments found. Creating new log.
I20260709 13:00:03.975481  7567 tablet_bootstrap.cc:492] T 0c8bad4686974fee8be7effddf09eba4 P 117e136b941049f5866ef3c025d77041: No bootstrap required, opened a new log
I20260709 13:00:03.976011  7567 ts_tablet_manager.cc:1403] T 0c8bad4686974fee8be7effddf09eba4 P 117e136b941049f5866ef3c025d77041: Time spent bootstrapping tablet: real 0.030s	user 0.010s	sys 0.009s
I20260709 13:00:03.977250  7566 tablet_bootstrap.cc:492] T d81f9aa921044387b7f6b88beede47fe P 3367fd8130064e22bba960a8fd2fd4dc: No bootstrap required, opened a new log
I20260709 13:00:03.977698  7566 ts_tablet_manager.cc:1403] T d81f9aa921044387b7f6b88beede47fe P 3367fd8130064e22bba960a8fd2fd4dc: Time spent bootstrapping tablet: real 0.017s	user 0.011s	sys 0.002s
I20260709 13:00:03.978523  7567 raft_consensus.cc:359] T 0c8bad4686974fee8be7effddf09eba4 P 117e136b941049f5866ef3c025d77041 [term 0 FOLLOWER]: Replica starting. Triggering 0 pending ops. Active config: opid_index: -1 OBSOLETE_local: false peers { permanent_uuid: "afccaf75022d42dba528a0de3d499f42" member_type: VOTER last_known_addr { host: "127.7.17.193" port: 46707 } } peers { permanent_uuid: "117e136b941049f5866ef3c025d77041" member_type: VOTER last_known_addr { host: "127.7.17.194" port: 44063 } } peers { permanent_uuid: "3367fd8130064e22bba960a8fd2fd4dc" member_type: VOTER last_known_addr { host: "127.7.17.195" port: 42685 } }
I20260709 13:00:03.979928  7567 raft_consensus.cc:385] T 0c8bad4686974fee8be7effddf09eba4 P 117e136b941049f5866ef3c025d77041 [term 0 FOLLOWER]: Consensus starting up: Expiring failure detector timer to make a prompt election more likely
I20260709 13:00:03.981837  7567 raft_consensus.cc:740] T 0c8bad4686974fee8be7effddf09eba4 P 117e136b941049f5866ef3c025d77041 [term 0 FOLLOWER]: Becoming Follower/Learner. State: Replica: 117e136b941049f5866ef3c025d77041, State: Initialized, Role: FOLLOWER
I20260709 13:00:03.982542  7567 consensus_queue.cc:260] T 0c8bad4686974fee8be7effddf09eba4 P 117e136b941049f5866ef3c025d77041 [NON_LEADER]: Queue going to NON_LEADER mode. State: All replicated index: 0, Majority replicated index: 0, Committed index: 0, Last appended: 0.0, Last appended by leader: 0, Current term: 0, Majority size: -1, State: 0, Mode: NON_LEADER, active raft config: opid_index: -1 OBSOLETE_local: false peers { permanent_uuid: "afccaf75022d42dba528a0de3d499f42" member_type: VOTER last_known_addr { host: "127.7.17.193" port: 46707 } } peers { permanent_uuid: "117e136b941049f5866ef3c025d77041" member_type: VOTER last_known_addr { host: "127.7.17.194" port: 44063 } } peers { permanent_uuid: "3367fd8130064e22bba960a8fd2fd4dc" member_type: VOTER last_known_addr { host: "127.7.17.195" port: 42685 } }
I20260709 13:00:03.984390  7567 ts_tablet_manager.cc:1434] T 0c8bad4686974fee8be7effddf09eba4 P 117e136b941049f5866ef3c025d77041: Time spent starting tablet: real 0.008s	user 0.004s	sys 0.000s
I20260709 13:00:03.980631  7566 raft_consensus.cc:359] T d81f9aa921044387b7f6b88beede47fe P 3367fd8130064e22bba960a8fd2fd4dc [term 0 FOLLOWER]: Replica starting. Triggering 0 pending ops. Active config: opid_index: -1 OBSOLETE_local: false peers { permanent_uuid: "afccaf75022d42dba528a0de3d499f42" member_type: VOTER last_known_addr { host: "127.7.17.193" port: 46707 } } peers { permanent_uuid: "117e136b941049f5866ef3c025d77041" member_type: VOTER last_known_addr { host: "127.7.17.194" port: 44063 } } peers { permanent_uuid: "3367fd8130064e22bba960a8fd2fd4dc" member_type: VOTER last_known_addr { host: "127.7.17.195" port: 42685 } }
I20260709 13:00:03.985647  7566 raft_consensus.cc:385] T d81f9aa921044387b7f6b88beede47fe P 3367fd8130064e22bba960a8fd2fd4dc [term 0 FOLLOWER]: Consensus starting up: Expiring failure detector timer to make a prompt election more likely
I20260709 13:00:03.985940  7566 raft_consensus.cc:740] T d81f9aa921044387b7f6b88beede47fe P 3367fd8130064e22bba960a8fd2fd4dc [term 0 FOLLOWER]: Becoming Follower/Learner. State: Replica: 3367fd8130064e22bba960a8fd2fd4dc, State: Initialized, Role: FOLLOWER
I20260709 13:00:03.986630  7566 consensus_queue.cc:260] T d81f9aa921044387b7f6b88beede47fe P 3367fd8130064e22bba960a8fd2fd4dc [NON_LEADER]: Queue going to NON_LEADER mode. State: All replicated index: 0, Majority replicated index: 0, Committed index: 0, Last appended: 0.0, Last appended by leader: 0, Current term: 0, Majority size: -1, State: 0, Mode: NON_LEADER, active raft config: opid_index: -1 OBSOLETE_local: false peers { permanent_uuid: "afccaf75022d42dba528a0de3d499f42" member_type: VOTER last_known_addr { host: "127.7.17.193" port: 46707 } } peers { permanent_uuid: "117e136b941049f5866ef3c025d77041" member_type: VOTER last_known_addr { host: "127.7.17.194" port: 44063 } } peers { permanent_uuid: "3367fd8130064e22bba960a8fd2fd4dc" member_type: VOTER last_known_addr { host: "127.7.17.195" port: 42685 } }
I20260709 13:00:03.989143  7566 ts_tablet_manager.cc:1434] T d81f9aa921044387b7f6b88beede47fe P 3367fd8130064e22bba960a8fd2fd4dc: Time spent starting tablet: real 0.011s	user 0.004s	sys 0.000s
I20260709 13:00:03.990051  7566 tablet_bootstrap.cc:492] T 0c8bad4686974fee8be7effddf09eba4 P 3367fd8130064e22bba960a8fd2fd4dc: Bootstrap starting.
I20260709 13:00:03.993906  7595 raft_consensus.cc:493] T 1e0e94439a884e54a5fbd85bd301ea38 P afccaf75022d42dba528a0de3d499f42 [term 0 FOLLOWER]: Starting pre-election (no leader contacted us within the election timeout)
I20260709 13:00:03.994290  7595 raft_consensus.cc:515] T 1e0e94439a884e54a5fbd85bd301ea38 P afccaf75022d42dba528a0de3d499f42 [term 0 FOLLOWER]: Starting pre-election with config: opid_index: -1 OBSOLETE_local: false peers { permanent_uuid: "117e136b941049f5866ef3c025d77041" member_type: VOTER last_known_addr { host: "127.7.17.194" port: 44063 } } peers { permanent_uuid: "3367fd8130064e22bba960a8fd2fd4dc" member_type: VOTER last_known_addr { host: "127.7.17.195" port: 42685 } } peers { permanent_uuid: "afccaf75022d42dba528a0de3d499f42" member_type: VOTER last_known_addr { host: "127.7.17.193" port: 46707 } }
I20260709 13:00:03.996007  7595 leader_election.cc:290] T 1e0e94439a884e54a5fbd85bd301ea38 P afccaf75022d42dba528a0de3d499f42 [CANDIDATE]: Term 1 pre-election: Requested pre-vote from peers 117e136b941049f5866ef3c025d77041 (127.7.17.194:44063), 3367fd8130064e22bba960a8fd2fd4dc (127.7.17.195:42685)
I20260709 13:00:03.996373  7566 tablet_bootstrap.cc:654] T 0c8bad4686974fee8be7effddf09eba4 P 3367fd8130064e22bba960a8fd2fd4dc: Neither blocks nor log segments found. Creating new log.
I20260709 13:00:03.996627  7447 tablet_service.cc:1917] Received RequestConsensusVote() RPC: tablet_id: "1e0e94439a884e54a5fbd85bd301ea38" candidate_uuid: "afccaf75022d42dba528a0de3d499f42" candidate_term: 1 candidate_status { last_received { term: 0 index: 0 } } ignore_live_leader: false dest_uuid: "117e136b941049f5866ef3c025d77041" is_pre_election: true
I20260709 13:00:03.997376  7447 raft_consensus.cc:2393] T 1e0e94439a884e54a5fbd85bd301ea38 P 117e136b941049f5866ef3c025d77041 [term 1 FOLLOWER]: Leader pre-election vote request: Denying vote to candidate afccaf75022d42dba528a0de3d499f42 in current term 1: Already voted for candidate 3367fd8130064e22bba960a8fd2fd4dc in this term.
I20260709 13:00:03.997284  7523 tablet_service.cc:1917] Received RequestConsensusVote() RPC: tablet_id: "1e0e94439a884e54a5fbd85bd301ea38" candidate_uuid: "afccaf75022d42dba528a0de3d499f42" candidate_term: 1 candidate_status { last_received { term: 0 index: 0 } } ignore_live_leader: false dest_uuid: "3367fd8130064e22bba960a8fd2fd4dc" is_pre_election: true
I20260709 13:00:03.998692  7337 leader_election.cc:304] T 1e0e94439a884e54a5fbd85bd301ea38 P afccaf75022d42dba528a0de3d499f42 [CANDIDATE]: Term 1 pre-election: Election decided. Result: candidate lost. Election summary: received 3 responses out of 3 voters: 1 yes votes; 2 no votes. yes voters: afccaf75022d42dba528a0de3d499f42; no voters: 117e136b941049f5866ef3c025d77041, 3367fd8130064e22bba960a8fd2fd4dc
I20260709 13:00:03.999375  7595 raft_consensus.cc:3060] T 1e0e94439a884e54a5fbd85bd301ea38 P afccaf75022d42dba528a0de3d499f42 [term 0 FOLLOWER]: Advancing to term 1
I20260709 13:00:04.001065  7566 tablet_bootstrap.cc:492] T 0c8bad4686974fee8be7effddf09eba4 P 3367fd8130064e22bba960a8fd2fd4dc: No bootstrap required, opened a new log
I20260709 13:00:04.001519  7566 ts_tablet_manager.cc:1403] T 0c8bad4686974fee8be7effddf09eba4 P 3367fd8130064e22bba960a8fd2fd4dc: Time spent bootstrapping tablet: real 0.012s	user 0.007s	sys 0.004s
I20260709 13:00:04.003486  7566 raft_consensus.cc:359] T 0c8bad4686974fee8be7effddf09eba4 P 3367fd8130064e22bba960a8fd2fd4dc [term 0 FOLLOWER]: Replica starting. Triggering 0 pending ops. Active config: opid_index: -1 OBSOLETE_local: false peers { permanent_uuid: "afccaf75022d42dba528a0de3d499f42" member_type: VOTER last_known_addr { host: "127.7.17.193" port: 46707 } } peers { permanent_uuid: "117e136b941049f5866ef3c025d77041" member_type: VOTER last_known_addr { host: "127.7.17.194" port: 44063 } } peers { permanent_uuid: "3367fd8130064e22bba960a8fd2fd4dc" member_type: VOTER last_known_addr { host: "127.7.17.195" port: 42685 } }
I20260709 13:00:04.003921  7566 raft_consensus.cc:385] T 0c8bad4686974fee8be7effddf09eba4 P 3367fd8130064e22bba960a8fd2fd4dc [term 0 FOLLOWER]: Consensus starting up: Expiring failure detector timer to make a prompt election more likely
I20260709 13:00:04.004135  7566 raft_consensus.cc:740] T 0c8bad4686974fee8be7effddf09eba4 P 3367fd8130064e22bba960a8fd2fd4dc [term 0 FOLLOWER]: Becoming Follower/Learner. State: Replica: 3367fd8130064e22bba960a8fd2fd4dc, State: Initialized, Role: FOLLOWER
