I20260709 13:00:25.682261  8479 data_dirs.cc:400] Could only allocate 1 dirs of requested 3 for tablet e163715c535c4f9bbefca8fc629158f3. 1 dirs total, 0 dirs full, 0 dirs failed
I20260709 13:00:25.694725  8482 data_dirs.cc:400] Could only allocate 1 dirs of requested 3 for tablet 0b2dce03814b44a0842806be35904b08. 1 dirs total, 0 dirs full, 0 dirs failed
I20260709 13:00:25.665078  8559 consensus_queue.cc:1048] T 2adce29e58ba4ee2af0849128f5c3436 P 79b4cc9ce4724cee98623b771cf3b403 [LEADER]: Connected to new peer: Peer: permanent_uuid: "54f9974e0f9a4f01b4933c186900e7a9" member_type: VOTER last_known_addr { host: "127.7.17.193" port: 42689 }, Status: LMP_MISMATCH, Last received: 0.0, Next index: 1, Last known committed idx: 0, Time since last communication: 0.029s
I20260709 13:00:25.682528  8532 ts_tablet_manager.cc:1403] T 5fddb479b0da442f9d58f40d305c5c1d P b93ab5bf233d4365a3e326eb2283e256: Time spent bootstrapping tablet: real 0.324s	user 0.020s	sys 0.011s
I20260709 13:00:25.714280  8473 data_dirs.cc:400] Could only allocate 1 dirs of requested 3 for tablet ab1edf532a0149e38fef28dbfb58782f. 1 dirs total, 0 dirs full, 0 dirs failed
I20260709 13:00:25.720961  8329 tablet_service.cc:1511] Processing CreateTablet for tablet 798eb91d97664eef98b112c68ab4901b (DEFAULT_TABLE table=test-workload [id=a890afb52fa849cfaf5fb4f20b29d68f]), partition=RANGE (key) PARTITION 1892697404 <= VALUES < 1929095431
I20260709 13:00:25.722566  8407 tablet_service.cc:1511] Processing CreateTablet for tablet 798eb91d97664eef98b112c68ab4901b (DEFAULT_TABLE table=test-workload [id=a890afb52fa849cfaf5fb4f20b29d68f]), partition=RANGE (key) PARTITION 1892697404 <= VALUES < 1929095431
I20260709 13:00:25.723392  8329 data_dirs.cc:400] Could only allocate 1 dirs of requested 3 for tablet 798eb91d97664eef98b112c68ab4901b. 1 dirs total, 0 dirs full, 0 dirs failed
I20260709 13:00:25.709477  8404 data_dirs.cc:400] Could only allocate 1 dirs of requested 3 for tablet 98c1c69f6bc14f66b1f9409a0d5fec62. 1 dirs total, 0 dirs full, 0 dirs failed
I20260709 13:00:25.742280  8556 consensus_queue.cc:1048] T 3b5c41d5f835412ebf7ddb96b3fc7b1f P 79b4cc9ce4724cee98623b771cf3b403 [LEADER]: Connected to new peer: Peer: permanent_uuid: "54f9974e0f9a4f01b4933c186900e7a9" member_type: VOTER last_known_addr { host: "127.7.17.193" port: 42689 }, Status: LMP_MISMATCH, Last received: 0.0, Next index: 1, Last known committed idx: 0, Time since last communication: 0.000s
I20260709 13:00:25.747195  8533 tablet_bootstrap.cc:492] T 5fddb479b0da442f9d58f40d305c5c1d P 54f9974e0f9a4f01b4933c186900e7a9: Bootstrap starting.
I20260709 13:00:25.751075  8328 tablet_service.cc:1511] Processing CreateTablet for tablet 02cbadba4e02402eb82a35d07174c1c2 (DEFAULT_TABLE table=test-workload [id=a890afb52fa849cfaf5fb4f20b29d68f]), partition=RANGE (key) PARTITION 1929095431 <= VALUES < 1965493458
I20260709 13:00:25.760131  8482 tablet_service.cc:1511] Processing CreateTablet for tablet 02cbadba4e02402eb82a35d07174c1c2 (DEFAULT_TABLE table=test-workload [id=a890afb52fa849cfaf5fb4f20b29d68f]), partition=RANGE (key) PARTITION 1929095431 <= VALUES < 1965493458
I20260709 13:00:25.752653  8476 data_dirs.cc:400] Could only allocate 1 dirs of requested 3 for tablet 1bede8db374742cd84b0dc592a0f3bdb. 1 dirs total, 0 dirs full, 0 dirs failed
I20260709 13:00:25.697048  8406 tablet_service.cc:1511] Processing CreateTablet for tablet 0b2dce03814b44a0842806be35904b08 (DEFAULT_TABLE table=test-workload [id=a890afb52fa849cfaf5fb4f20b29d68f]), partition=RANGE (key) PARTITION 1856299377 <= VALUES < 1892697404
I20260709 13:00:25.768738  8475 tablet_service.cc:1511] Processing CreateTablet for tablet 0006cd5cdd534869abaa2680f72d6837 (DEFAULT_TABLE table=test-workload [id=a890afb52fa849cfaf5fb4f20b29d68f]), partition=RANGE (key) PARTITION 1965493458 <= VALUES < 2001891485
I20260709 13:00:25.770183  8475 data_dirs.cc:400] Could only allocate 1 dirs of requested 3 for tablet 0006cd5cdd534869abaa2680f72d6837. 1 dirs total, 0 dirs full, 0 dirs failed
I20260709 13:00:25.772781  8328 data_dirs.cc:400] Could only allocate 1 dirs of requested 3 for tablet 02cbadba4e02402eb82a35d07174c1c2. 1 dirs total, 0 dirs full, 0 dirs failed
I20260709 13:00:25.773324  8535 tablet_bootstrap.cc:654] T 5fddb479b0da442f9d58f40d305c5c1d P 79b4cc9ce4724cee98623b771cf3b403: Neither blocks nor log segments found. Creating new log.
I20260709 13:00:25.773902  8332 data_dirs.cc:400] Could only allocate 1 dirs of requested 3 for tablet 0c279469732f42709a5706b63826b712. 1 dirs total, 0 dirs full, 0 dirs failed
I20260709 13:00:25.773676  8474 tablet_service.cc:1511] Processing CreateTablet for tablet 798eb91d97664eef98b112c68ab4901b (DEFAULT_TABLE table=test-workload [id=a890afb52fa849cfaf5fb4f20b29d68f]), partition=RANGE (key) PARTITION 1892697404 <= VALUES < 1929095431
I20260709 13:00:25.773934  8481 data_dirs.cc:400] Could only allocate 1 dirs of requested 3 for tablet f63d3e1b91ba4fae96e70e5e4f3f140c. 1 dirs total, 0 dirs full, 0 dirs failed
I20260709 13:00:25.775192  8407 data_dirs.cc:400] Could only allocate 1 dirs of requested 3 for tablet 798eb91d97664eef98b112c68ab4901b. 1 dirs total, 0 dirs full, 0 dirs failed
I20260709 13:00:25.781457  8405 data_dirs.cc:400] Could only allocate 1 dirs of requested 3 for tablet e163715c535c4f9bbefca8fc629158f3. 1 dirs total, 0 dirs full, 0 dirs failed
I20260709 13:00:25.782523  8327 tablet_service.cc:1511] Processing CreateTablet for tablet 0006cd5cdd534869abaa2680f72d6837 (DEFAULT_TABLE table=test-workload [id=a890afb52fa849cfaf5fb4f20b29d68f]), partition=RANGE (key) PARTITION 1965493458 <= VALUES < 2001891485
W20260709 13:00:25.765715  8455 outbound_call.cc:321] RPC callback for RPC call kudu.consensus.ConsensusService.UpdateConsensus -> {remote=127.7.17.193:42689, user_credentials={real_user=slave}} blocked reactor thread for 68304.6us
I20260709 13:00:25.786945  8482 data_dirs.cc:400] Could only allocate 1 dirs of requested 3 for tablet 02cbadba4e02402eb82a35d07174c1c2. 1 dirs total, 0 dirs full, 0 dirs failed
I20260709 13:00:25.749318  8240 catalog_manager.cc:5697] T 142a87c816e44f929ef9bd33dd5e18a9 P 79b4cc9ce4724cee98623b771cf3b403 reported cstate change: term changed from 0 to 1, leader changed from <none> to 79b4cc9ce4724cee98623b771cf3b403 (127.7.17.195). New cstate: current_term: 1 leader_uuid: "79b4cc9ce4724cee98623b771cf3b403" committed_config { opid_index: -1 OBSOLETE_local: false peers { permanent_uuid: "54f9974e0f9a4f01b4933c186900e7a9" member_type: VOTER last_known_addr { host: "127.7.17.193" port: 42689 } health_report { overall_health: UNKNOWN } } peers { permanent_uuid: "b93ab5bf233d4365a3e326eb2283e256" member_type: VOTER last_known_addr { host: "127.7.17.194" port: 46401 } health_report { overall_health: UNKNOWN } } peers { permanent_uuid: "79b4cc9ce4724cee98623b771cf3b403" member_type: VOTER last_known_addr { host: "127.7.17.195" port: 39985 } health_report { overall_health: HEALTHY } } }
I20260709 13:00:25.817453  8477 data_dirs.cc:400] Could only allocate 1 dirs of requested 3 for tablet 0c279469732f42709a5706b63826b712. 1 dirs total, 0 dirs full, 0 dirs failed
I20260709 13:00:25.817373  8333 data_dirs.cc:400] Could only allocate 1 dirs of requested 3 for tablet 1bede8db374742cd84b0dc592a0f3bdb. 1 dirs total, 0 dirs full, 0 dirs failed
I20260709 13:00:25.828027  8331 tablet_service.cc:1511] Processing CreateTablet for tablet 0b2dce03814b44a0842806be35904b08 (DEFAULT_TABLE table=test-workload [id=a890afb52fa849cfaf5fb4f20b29d68f]), partition=RANGE (key) PARTITION 1856299377 <= VALUES < 1892697404
I20260709 13:00:25.837280  8405 tablet_service.cc:1511] Processing CreateTablet for tablet 02cbadba4e02402eb82a35d07174c1c2 (DEFAULT_TABLE table=test-workload [id=a890afb52fa849cfaf5fb4f20b29d68f]), partition=RANGE (key) PARTITION 1929095431 <= VALUES < 1965493458
I20260709 13:00:25.844195  8401 tablet_service.cc:1511] Processing CreateTablet for tablet 0006cd5cdd534869abaa2680f72d6837 (DEFAULT_TABLE table=test-workload [id=a890afb52fa849cfaf5fb4f20b29d68f]), partition=RANGE (key) PARTITION 1965493458 <= VALUES < 2001891485
I20260709 13:00:25.841468  8533 tablet_bootstrap.cc:654] T 5fddb479b0da442f9d58f40d305c5c1d P 54f9974e0f9a4f01b4933c186900e7a9: Neither blocks nor log segments found. Creating new log.
I20260709 13:00:25.861887  8406 data_dirs.cc:400] Could only allocate 1 dirs of requested 3 for tablet 0b2dce03814b44a0842806be35904b08. 1 dirs total, 0 dirs full, 0 dirs failed
I20260709 13:00:25.881639  8474 data_dirs.cc:400] Could only allocate 1 dirs of requested 3 for tablet 798eb91d97664eef98b112c68ab4901b. 1 dirs total, 0 dirs full, 0 dirs failed
I20260709 13:00:25.863947  8532 raft_consensus.cc:359] T 5fddb479b0da442f9d58f40d305c5c1d P b93ab5bf233d4365a3e326eb2283e256 [term 0 FOLLOWER]: Replica starting. Triggering 0 pending ops. Active config: opid_index: -1 OBSOLETE_local: false peers { permanent_uuid: "54f9974e0f9a4f01b4933c186900e7a9" member_type: VOTER last_known_addr { host: "127.7.17.193" port: 42689 } } peers { permanent_uuid: "b93ab5bf233d4365a3e326eb2283e256" member_type: VOTER last_known_addr { host: "127.7.17.194" port: 46401 } } peers { permanent_uuid: "79b4cc9ce4724cee98623b771cf3b403" member_type: VOTER last_known_addr { host: "127.7.17.195" port: 39985 } }
I20260709 13:00:25.864637  8482 tablet_service.cc:1511] Processing CreateTablet for tablet 030f6f30867a4960b44a31d4bedae6e1 (DEFAULT_TABLE table=test-workload [id=a890afb52fa849cfaf5fb4f20b29d68f]), partition=RANGE (key) PARTITION 2001891485 <= VALUES < 2038289512
I20260709 13:00:25.884060  8482 data_dirs.cc:400] Could only allocate 1 dirs of requested 3 for tablet 030f6f30867a4960b44a31d4bedae6e1. 1 dirs total, 0 dirs full, 0 dirs failed
I20260709 13:00:25.864907  8537 consensus_queue.cc:1048] T e33d2492aa2840ba9db786db392cbe53 P b93ab5bf233d4365a3e326eb2283e256 [LEADER]: Connected to new peer: Peer: permanent_uuid: "54f9974e0f9a4f01b4933c186900e7a9" member_type: VOTER last_known_addr { host: "127.7.17.193" port: 42689 }, Status: LMP_MISMATCH, Last received: 0.0, Next index: 1, Last known committed idx: 0, Time since last communication: 0.000s
W20260709 13:00:25.870941  8582 log.cc:927] Time spent T 2adce29e58ba4ee2af0849128f5c3436 P b93ab5bf233d4365a3e326eb2283e256: Append to log took a long time: real 0.051s	user 0.000s	sys 0.000s
I20260709 13:00:25.887547  8405 data_dirs.cc:400] Could only allocate 1 dirs of requested 3 for tablet 02cbadba4e02402eb82a35d07174c1c2. 1 dirs total, 0 dirs full, 0 dirs failed
I20260709 13:00:25.894012  8403 tablet_service.cc:1511] Processing CreateTablet for tablet 030f6f30867a4960b44a31d4bedae6e1 (DEFAULT_TABLE table=test-workload [id=a890afb52fa849cfaf5fb4f20b29d68f]), partition=RANGE (key) PARTITION 2001891485 <= VALUES < 2038289512
I20260709 13:00:25.898025  8327 data_dirs.cc:400] Could only allocate 1 dirs of requested 3 for tablet 0006cd5cdd534869abaa2680f72d6837. 1 dirs total, 0 dirs full, 0 dirs failed
I20260709 13:00:25.899245  8567 consensus_queue.cc:1048] T e33d2492aa2840ba9db786db392cbe53 P b93ab5bf233d4365a3e326eb2283e256 [LEADER]: Connected to new peer: Peer: permanent_uuid: "79b4cc9ce4724cee98623b771cf3b403" member_type: VOTER last_known_addr { host: "127.7.17.195" port: 39985 }, Status: LMP_MISMATCH, Last received: 0.0, Next index: 1, Last known committed idx: 0, Time since last communication: 0.000s
I20260709 13:00:25.900041  8401 data_dirs.cc:400] Could only allocate 1 dirs of requested 3 for tablet 0006cd5cdd534869abaa2680f72d6837. 1 dirs total, 0 dirs full, 0 dirs failed
I20260709 13:00:25.901914  8325 tablet_service.cc:1511] Processing CreateTablet for tablet 030f6f30867a4960b44a31d4bedae6e1 (DEFAULT_TABLE table=test-workload [id=a890afb52fa849cfaf5fb4f20b29d68f]), partition=RANGE (key) PARTITION 2001891485 <= VALUES < 2038289512
I20260709 13:00:25.903167  8325 data_dirs.cc:400] Could only allocate 1 dirs of requested 3 for tablet 030f6f30867a4960b44a31d4bedae6e1. 1 dirs total, 0 dirs full, 0 dirs failed
I20260709 13:00:25.905098  8324 tablet_service.cc:1511] Processing CreateTablet for tablet f87dd1df62e8440989c801e900c2eb53 (DEFAULT_TABLE table=test-workload [id=a890afb52fa849cfaf5fb4f20b29d68f]), partition=RANGE (key) PARTITION 2038289512 <= VALUES < 2074687539
I20260709 13:00:25.905622  8326 data_dirs.cc:400] Could only allocate 1 dirs of requested 3 for tablet e163715c535c4f9bbefca8fc629158f3. 1 dirs total, 0 dirs full, 0 dirs failed
I20260709 13:00:25.909754  8538 raft_consensus.cc:493] T 7ff26f0f892e4efa907d24e77e1cc5d4 P 54f9974e0f9a4f01b4933c186900e7a9 [term 0 FOLLOWER]: Starting pre-election (no leader contacted us within the election timeout)
I20260709 13:00:25.910252  8538 raft_consensus.cc:515] T 7ff26f0f892e4efa907d24e77e1cc5d4 P 54f9974e0f9a4f01b4933c186900e7a9 [term 0 FOLLOWER]: Starting pre-election with config: opid_index: -1 OBSOLETE_local: false peers { permanent_uuid: "54f9974e0f9a4f01b4933c186900e7a9" member_type: VOTER last_known_addr { host: "127.7.17.193" port: 42689 } } peers { permanent_uuid: "b93ab5bf233d4365a3e326eb2283e256" member_type: VOTER last_known_addr { host: "127.7.17.194" port: 46401 } } peers { permanent_uuid: "79b4cc9ce4724cee98623b771cf3b403" member_type: VOTER last_known_addr { host: "127.7.17.195" port: 39985 } }
I20260709 13:00:25.910844  8331 data_dirs.cc:400] Could only allocate 1 dirs of requested 3 for tablet 0b2dce03814b44a0842806be35904b08. 1 dirs total, 0 dirs full, 0 dirs failed
I20260709 13:00:25.912235  8538 leader_election.cc:290] T 7ff26f0f892e4efa907d24e77e1cc5d4 P 54f9974e0f9a4f01b4933c186900e7a9 [CANDIDATE]: Term 1 pre-election: Requested pre-vote from peers b93ab5bf233d4365a3e326eb2283e256 (127.7.17.194:46401), 79b4cc9ce4724cee98623b771cf3b403 (127.7.17.195:39985)
I20260709 13:00:25.914705  8330 tablet_service.cc:1511] Processing CreateTablet for tablet 1a83bdaf36ae40ee95c41abd5efd387f (DEFAULT_TABLE table=test-workload [id=a890afb52fa849cfaf5fb4f20b29d68f]), partition=RANGE (key) PARTITION 2074687539 <= VALUES < 2111085566
I20260709 13:00:25.915930  8330 data_dirs.cc:400] Could only allocate 1 dirs of requested 3 for tablet 1a83bdaf36ae40ee95c41abd5efd387f. 1 dirs total, 0 dirs full, 0 dirs failed
I20260709 13:00:25.883366  8532 raft_consensus.cc:385] T 5fddb479b0da442f9d58f40d305c5c1d P b93ab5bf233d4365a3e326eb2283e256 [term 0 FOLLOWER]: Consensus starting up: Expiring failure detector timer to make a prompt election more likely
I20260709 13:00:25.921115  8532 raft_consensus.cc:740] T 5fddb479b0da442f9d58f40d305c5c1d P b93ab5bf233d4365a3e326eb2283e256 [term 0 FOLLOWER]: Becoming Follower/Learner. State: Replica: b93ab5bf233d4365a3e326eb2283e256, State: Initialized, Role: FOLLOWER
I20260709 13:00:25.918032  8417 tablet_service.cc:1917] Received RequestConsensusVote() RPC: tablet_id: "7ff26f0f892e4efa907d24e77e1cc5d4" candidate_uuid: "54f9974e0f9a4f01b4933c186900e7a9" candidate_term: 1 candidate_status { last_received { term: 0 index: 0 } } ignore_live_leader: false dest_uuid: "b93ab5bf233d4365a3e326eb2283e256" is_pre_election: true
I20260709 13:00:25.940270  8481 tablet_service.cc:1511] Processing CreateTablet for tablet f87dd1df62e8440989c801e900c2eb53 (DEFAULT_TABLE table=test-workload [id=a890afb52fa849cfaf5fb4f20b29d68f]), partition=RANGE (key) PARTITION 2038289512 <= VALUES < 2074687539
I20260709 13:00:25.960381  8481 data_dirs.cc:400] Could only allocate 1 dirs of requested 3 for tablet f87dd1df62e8440989c801e900c2eb53. 1 dirs total, 0 dirs full, 0 dirs failed
I20260709 13:00:25.979418  8324 data_dirs.cc:400] Could only allocate 1 dirs of requested 3 for tablet f87dd1df62e8440989c801e900c2eb53. 1 dirs total, 0 dirs full, 0 dirs failed
I20260709 13:00:25.987099  8407 tablet_service.cc:1511] Processing CreateTablet for tablet 1a83bdaf36ae40ee95c41abd5efd387f (DEFAULT_TABLE table=test-workload [id=a890afb52fa849cfaf5fb4f20b29d68f]), partition=RANGE (key) PARTITION 2074687539 <= VALUES < 2111085566
I20260709 13:00:25.983862  8532 consensus_queue.cc:260] T 5fddb479b0da442f9d58f40d305c5c1d P b93ab5bf233d4365a3e326eb2283e256 [NON_LEADER]: Queue going to NON_LEADER mode. State: All replicated index: 0, Majority replicated index: 0, Committed index: 0, Last appended: 0.0, Last appended by leader: 0, Current term: 0, Majority size: -1, State: 0, Mode: NON_LEADER, active raft config: opid_index: -1 OBSOLETE_local: false peers { permanent_uuid: "54f9974e0f9a4f01b4933c186900e7a9" member_type: VOTER last_known_addr { host: "127.7.17.193" port: 42689 } } peers { permanent_uuid: "b93ab5bf233d4365a3e326eb2283e256" member_type: VOTER last_known_addr { host: "127.7.17.194" port: 46401 } } peers { permanent_uuid: "79b4cc9ce4724cee98623b771cf3b403" member_type: VOTER last_known_addr { host: "127.7.17.195" port: 39985 } }
I20260709 13:00:25.992057  8533 tablet_bootstrap.cc:492] T 5fddb479b0da442f9d58f40d305c5c1d P 54f9974e0f9a4f01b4933c186900e7a9: No bootstrap required, opened a new log
I20260709 13:00:25.992611  8533 ts_tablet_manager.cc:1403] T 5fddb479b0da442f9d58f40d305c5c1d P 54f9974e0f9a4f01b4933c186900e7a9: Time spent bootstrapping tablet: real 0.246s	user 0.009s	sys 0.017s
I20260709 13:00:25.994356  8482 tablet_service.cc:1511] Processing CreateTablet for tablet 1a83bdaf36ae40ee95c41abd5efd387f (DEFAULT_TABLE table=test-workload [id=a890afb52fa849cfaf5fb4f20b29d68f]), partition=RANGE (key) PARTITION 2074687539 <= VALUES < 2111085566
I20260709 13:00:25.995780  8482 data_dirs.cc:400] Could only allocate 1 dirs of requested 3 for tablet 1a83bdaf36ae40ee95c41abd5efd387f. 1 dirs total, 0 dirs full, 0 dirs failed
I20260709 13:00:25.997571  8593 consensus_queue.cc:1048] T 7ff26f0f892e4efa907d24e77e1cc5d4 P b93ab5bf233d4365a3e326eb2283e256 [LEADER]: Connected to new peer: Peer: permanent_uuid: "79b4cc9ce4724cee98623b771cf3b403" member_type: VOTER last_known_addr { host: "127.7.17.195" port: 39985 }, Status: LMP_MISMATCH, Last received: 0.0, Next index: 1, Last known committed idx: 0, Time since last communication: 0.013s
I20260709 13:00:25.983610  8403 data_dirs.cc:400] Could only allocate 1 dirs of requested 3 for tablet 030f6f30867a4960b44a31d4bedae6e1. 1 dirs total, 0 dirs full, 0 dirs failed
W20260709 13:00:25.977483  8384 outbound_call.cc:321] RPC callback for RPC call kudu.consensus.ConsensusService.UpdateConsensus -> {remote=127.7.17.195:39985, user_credentials={real_user=slave}} blocked reactor thread for 59527.2us
I20260709 13:00:26.019479  8407 data_dirs.cc:400] Could only allocate 1 dirs of requested 3 for tablet 1a83bdaf36ae40ee95c41abd5efd387f. 1 dirs total, 0 dirs full, 0 dirs failed
I20260709 13:00:26.030820  8559 raft_consensus.cc:493] T e33d2492aa2840ba9db786db392cbe53 P 79b4cc9ce4724cee98623b771cf3b403 [term 1 FOLLOWER]: Starting pre-election (no leader contacted us within the election timeout)
I20260709 13:00:26.031337  8559 raft_consensus.cc:515] T e33d2492aa2840ba9db786db392cbe53 P 79b4cc9ce4724cee98623b771cf3b403 [term 1 FOLLOWER]: Starting pre-election with config: opid_index: -1 OBSOLETE_local: false peers { permanent_uuid: "54f9974e0f9a4f01b4933c186900e7a9" member_type: VOTER last_known_addr { host: "127.7.17.193" port: 42689 } } peers { permanent_uuid: "b93ab5bf233d4365a3e326eb2283e256" member_type: VOTER last_known_addr { host: "127.7.17.194" port: 46401 } } peers { permanent_uuid: "79b4cc9ce4724cee98623b771cf3b403" member_type: VOTER last_known_addr { host: "127.7.17.195" port: 39985 } }
I20260709 13:00:26.035274  8333 tablet_service.cc:1511] Processing CreateTablet for tablet a95e941f47304745a951c43ba2596874 (DEFAULT_TABLE table=test-workload [id=a890afb52fa849cfaf5fb4f20b29d68f]), partition=RANGE (key) PARTITION 2111085566 <= VALUES
I20260709 13:00:26.036422  8333 data_dirs.cc:400] Could only allocate 1 dirs of requested 3 for tablet a95e941f47304745a951c43ba2596874. 1 dirs total, 0 dirs full, 0 dirs failed
I20260709 13:00:26.039466  8408 tablet_service.cc:1511] Processing CreateTablet for tablet a95e941f47304745a951c43ba2596874 (DEFAULT_TABLE table=test-workload [id=a890afb52fa849cfaf5fb4f20b29d68f]), partition=RANGE (key) PARTITION 2111085566 <= VALUES
I20260709 13:00:26.040869  8408 data_dirs.cc:400] Could only allocate 1 dirs of requested 3 for tablet a95e941f47304745a951c43ba2596874. 1 dirs total, 0 dirs full, 0 dirs failed
I20260709 13:00:26.048064  8532 ts_tablet_manager.cc:1434] T 5fddb479b0da442f9d58f40d305c5c1d P b93ab5bf233d4365a3e326eb2283e256: Time spent starting tablet: real 0.341s	user 0.009s	sys 0.009s
I20260709 13:00:26.047715  8533 raft_consensus.cc:359] T 5fddb479b0da442f9d58f40d305c5c1d P 54f9974e0f9a4f01b4933c186900e7a9 [term 0 FOLLOWER]: Replica starting. Triggering 0 pending ops. Active config: opid_index: -1 OBSOLETE_local: false peers { permanent_uuid: "54f9974e0f9a4f01b4933c186900e7a9" member_type: VOTER last_known_addr { host: "127.7.17.193" port: 42689 } } peers { permanent_uuid: "b93ab5bf233d4365a3e326eb2283e256" member_type: VOTER last_known_addr { host: "127.7.17.194" port: 46401 } } peers { permanent_uuid: "79b4cc9ce4724cee98623b771cf3b403" member_type: VOTER last_known_addr { host: "127.7.17.195" port: 39985 } }
I20260709 13:00:26.048516  8533 raft_consensus.cc:385] T 5fddb479b0da442f9d58f40d305c5c1d P 54f9974e0f9a4f01b4933c186900e7a9 [term 0 FOLLOWER]: Consensus starting up: Expiring failure detector timer to make a prompt election more likely
I20260709 13:00:26.048822  8533 raft_consensus.cc:740] T 5fddb479b0da442f9d58f40d305c5c1d P 54f9974e0f9a4f01b4933c186900e7a9 [term 0 FOLLOWER]: Becoming Follower/Learner. State: Replica: 54f9974e0f9a4f01b4933c186900e7a9, State: Initialized, Role: FOLLOWER
I20260709 13:00:26.051263  8532 tablet_bootstrap.cc:492] T 26735ed3eece4629a802af51d4daeba4 P b93ab5bf233d4365a3e326eb2283e256: Bootstrap starting.
I20260709 13:00:26.009119  8491 tablet_service.cc:1917] Received RequestConsensusVote() RPC: tablet_id: "7ff26f0f892e4efa907d24e77e1cc5d4" candidate_uuid: "54f9974e0f9a4f01b4933c186900e7a9" candidate_term: 1 candidate_status { last_received { term: 0 index: 0 } } ignore_live_leader: false dest_uuid: "79b4cc9ce4724cee98623b771cf3b403" is_pre_election: true
I20260709 13:00:26.033387  8559 leader_election.cc:290] T e33d2492aa2840ba9db786db392cbe53 P 79b4cc9ce4724cee98623b771cf3b403 [CANDIDATE]: Term 2 pre-election: Requested pre-vote from peers 54f9974e0f9a4f01b4933c186900e7a9 (127.7.17.193:42689), b93ab5bf233d4365a3e326eb2283e256 (127.7.17.194:46401)
I20260709 13:00:26.063882  8533 consensus_queue.cc:260] T 5fddb479b0da442f9d58f40d305c5c1d P 54f9974e0f9a4f01b4933c186900e7a9 [NON_LEADER]: Queue going to NON_LEADER mode. State: All replicated index: 0, Majority replicated index: 0, Committed index: 0, Last appended: 0.0, Last appended by leader: 0, Current term: 0, Majority size: -1, State: 0, Mode: NON_LEADER, active raft config: opid_index: -1 OBSOLETE_local: false peers { permanent_uuid: "54f9974e0f9a4f01b4933c186900e7a9" member_type: VOTER last_known_addr { host: "127.7.17.193" port: 42689 } } peers { permanent_uuid: "b93ab5bf233d4365a3e326eb2283e256" member_type: VOTER last_known_addr { host: "127.7.17.194" port: 46401 } } peers { permanent_uuid: "79b4cc9ce4724cee98623b771cf3b403" member_type: VOTER last_known_addr { host: "127.7.17.195" port: 39985 } }
I20260709 13:00:26.066176  8416 tablet_service.cc:1917] Received RequestConsensusVote() RPC: tablet_id: "e33d2492aa2840ba9db786db392cbe53" candidate_uuid: "79b4cc9ce4724cee98623b771cf3b403" candidate_term: 2 candidate_status { last_received { term: 0 index: 0 } } ignore_live_leader: false dest_uuid: "b93ab5bf233d4365a3e326eb2283e256" is_pre_election: true
I20260709 13:00:26.071835  8341 tablet_service.cc:1917] Received RequestConsensusVote() RPC: tablet_id: "e33d2492aa2840ba9db786db392cbe53" candidate_uuid: "79b4cc9ce4724cee98623b771cf3b403" candidate_term: 2 candidate_status { last_received { term: 0 index: 0 } } ignore_live_leader: false dest_uuid: "54f9974e0f9a4f01b4933c186900e7a9" is_pre_election: true
I20260709 13:00:26.072597  8341 raft_consensus.cc:2468] T e33d2492aa2840ba9db786db392cbe53 P 54f9974e0f9a4f01b4933c186900e7a9 [term 1 FOLLOWER]: Leader pre-election vote request: Granting yes vote for candidate 79b4cc9ce4724cee98623b771cf3b403 in term 1.
I20260709 13:00:26.074652  8455 leader_election.cc:304] T e33d2492aa2840ba9db786db392cbe53 P 79b4cc9ce4724cee98623b771cf3b403 [CANDIDATE]: Term 2 pre-election: Election decided. Result: candidate won. Election summary: received 2 responses out of 3 voters: 2 yes votes; 0 no votes. yes voters: 54f9974e0f9a4f01b4933c186900e7a9, 79b4cc9ce4724cee98623b771cf3b403; no voters: 
I20260709 13:00:26.081853  8559 raft_consensus.cc:2804] T e33d2492aa2840ba9db786db392cbe53 P 79b4cc9ce4724cee98623b771cf3b403 [term 1 FOLLOWER]: Leader pre-election won for term 2
I20260709 13:00:26.082152  8535 tablet_bootstrap.cc:492] T 5fddb479b0da442f9d58f40d305c5c1d P 79b4cc9ce4724cee98623b771cf3b403: No bootstrap required, opened a new log
I20260709 13:00:26.082304  8559 raft_consensus.cc:493] T e33d2492aa2840ba9db786db392cbe53 P 79b4cc9ce4724cee98623b771cf3b403 [term 1 FOLLOWER]: Starting leader election (no leader contacted us within the election timeout)
I20260709 13:00:26.082765  8559 raft_consensus.cc:3060] T e33d2492aa2840ba9db786db392cbe53 P 79b4cc9ce4724cee98623b771cf3b403 [term 1 FOLLOWER]: Advancing to term 2
I20260709 13:00:26.084870  8535 ts_tablet_manager.cc:1403] T 5fddb479b0da442f9d58f40d305c5c1d P 79b4cc9ce4724cee98623b771cf3b403: Time spent bootstrapping tablet: real 0.407s	user 0.013s	sys 0.007s
I20260709 13:00:26.086521  8533 ts_tablet_manager.cc:1434] T 5fddb479b0da442f9d58f40d305c5c1d P 54f9974e0f9a4f01b4933c186900e7a9: Time spent starting tablet: real 0.094s	user 0.003s	sys 0.003s
I20260709 13:00:26.087569  8533 tablet_bootstrap.cc:492] T 26735ed3eece4629a802af51d4daeba4 P 54f9974e0f9a4f01b4933c186900e7a9: Bootstrap starting.
I20260709 13:00:26.087754  8535 raft_consensus.cc:359] T 5fddb479b0da442f9d58f40d305c5c1d P 79b4cc9ce4724cee98623b771cf3b403 [term 0 FOLLOWER]: Replica starting. Triggering 0 pending ops. Active config: opid_index: -1 OBSOLETE_local: false peers { permanent_uuid: "54f9974e0f9a4f01b4933c186900e7a9" member_type: VOTER last_known_addr { host: "127.7.17.193" port: 42689 } } peers { permanent_uuid: "b93ab5bf233d4365a3e326eb2283e256" member_type: VOTER last_known_addr { host: "127.7.17.194" port: 46401 } } peers { permanent_uuid: "79b4cc9ce4724cee98623b771cf3b403" member_type: VOTER last_known_addr { host: "127.7.17.195" port: 39985 } }
I20260709 13:00:26.088455  8535 raft_consensus.cc:385] T 5fddb479b0da442f9d58f40d305c5c1d P 79b4cc9ce4724cee98623b771cf3b403 [term 0 FOLLOWER]: Consensus starting up: Expiring failure detector timer to make a prompt election more likely
I20260709 13:00:26.088713  8535 raft_consensus.cc:740] T 5fddb479b0da442f9d58f40d305c5c1d P 79b4cc9ce4724cee98623b771cf3b403 [term 0 FOLLOWER]: Becoming Follower/Learner. State: Replica: 79b4cc9ce4724cee98623b771cf3b403, State: Initialized, Role: FOLLOWER
I20260709 13:00:26.089866  8491 raft_consensus.cc:2393] T 7ff26f0f892e4efa907d24e77e1cc5d4 P 79b4cc9ce4724cee98623b771cf3b403 [term 1 FOLLOWER]: Leader pre-election vote request: Denying vote to candidate 54f9974e0f9a4f01b4933c186900e7a9 in current term 1: Already voted for candidate b93ab5bf233d4365a3e326eb2283e256 in this term.
I20260709 13:00:26.085165  8400 tablet_service.cc:1511] Processing CreateTablet for tablet f87dd1df62e8440989c801e900c2eb53 (DEFAULT_TABLE table=test-workload [id=a890afb52fa849cfaf5fb4f20b29d68f]), partition=RANGE (key) PARTITION 2038289512 <= VALUES < 2074687539
I20260709 13:00:26.106376  8400 data_dirs.cc:400] Could only allocate 1 dirs of requested 3 for tablet f87dd1df62e8440989c801e900c2eb53. 1 dirs total, 0 dirs full, 0 dirs failed
I20260709 13:00:26.106897  8309 leader_election.cc:304] T 7ff26f0f892e4efa907d24e77e1cc5d4 P 54f9974e0f9a4f01b4933c186900e7a9 [CANDIDATE]: Term 1 pre-election: Election decided. Result: candidate lost. Election summary: received 3 responses out of 3 voters: 1 yes votes; 2 no votes. yes voters: 54f9974e0f9a4f01b4933c186900e7a9; no voters: 79b4cc9ce4724cee98623b771cf3b403, b93ab5bf233d4365a3e326eb2283e256
I20260709 13:00:26.108362  8538 raft_consensus.cc:3060] T 7ff26f0f892e4efa907d24e77e1cc5d4 P 54f9974e0f9a4f01b4933c186900e7a9 [term 0 FOLLOWER]: Advancing to term 1
I20260709 13:00:26.115410  8482 tablet_service.cc:1511] Processing CreateTablet for tablet a95e941f47304745a951c43ba2596874 (DEFAULT_TABLE table=test-workload [id=a890afb52fa849cfaf5fb4f20b29d68f]), partition=RANGE (key) PARTITION 2111085566 <= VALUES
I20260709 13:00:26.116668  8482 data_dirs.cc:400] Could only allocate 1 dirs of requested 3 for tablet a95e941f47304745a951c43ba2596874. 1 dirs total, 0 dirs full, 0 dirs failed
W20260709 13:00:26.119145  8228 outbound_call.cc:321] RPC callback for RPC call kudu.tserver.TabletServerAdminService.CreateTablet -> {remote=127.7.17.195:39985, user_credentials={real_user=slave}} blocked reactor thread for 46905.8us
I20260709 13:00:26.120056  8589 consensus_queue.cc:1048] T 142a87c816e44f929ef9bd33dd5e18a9 P 79b4cc9ce4724cee98623b771cf3b403 [LEADER]: Connected to new peer: Peer: permanent_uuid: "54f9974e0f9a4f01b4933c186900e7a9" member_type: VOTER last_known_addr { host: "127.7.17.193" port: 42689 }, Status: LMP_MISMATCH, Last received: 0.0, Next index: 1, Last known committed idx: 0, Time since last communication: 0.006s
I20260709 13:00:26.120360  8538 raft_consensus.cc:2749] T 7ff26f0f892e4efa907d24e77e1cc5d4 P 54f9974e0f9a4f01b4933c186900e7a9 [term 1 FOLLOWER]: Leader pre-election lost for term 1. Reason: could not achieve majority
I20260709 13:00:26.123600  8541 consensus_queue.cc:1048] T 142a87c816e44f929ef9bd33dd5e18a9 P 79b4cc9ce4724cee98623b771cf3b403 [LEADER]: Connected to new peer: Peer: permanent_uuid: "b93ab5bf233d4365a3e326eb2283e256" member_type: VOTER last_known_addr { host: "127.7.17.194" port: 46401 }, Status: LMP_MISMATCH, Last received: 0.0, Next index: 1, Last known committed idx: 0, Time since last communication: 0.000s
I20260709 13:00:26.089341  8535 consensus_queue.cc:260] T 5fddb479b0da442f9d58f40d305c5c1d P 79b4cc9ce4724cee98623b771cf3b403 [NON_LEADER]: Queue going to NON_LEADER mode. State: All replicated index: 0, Majority replicated index: 0, Committed index: 0, Last appended: 0.0, Last appended by leader: 0, Current term: 0, Majority size: -1, State: 0, Mode: NON_LEADER, active raft config: opid_index: -1 OBSOLETE_local: false peers { permanent_uuid: "54f9974e0f9a4f01b4933c186900e7a9" member_type: VOTER last_known_addr { host: "127.7.17.193" port: 42689 } } peers { permanent_uuid: "b93ab5bf233d4365a3e326eb2283e256" member_type: VOTER last_known_addr { host: "127.7.17.194" port: 46401 } } peers { permanent_uuid: "79b4cc9ce4724cee98623b771cf3b403" member_type: VOTER last_known_addr { host: "127.7.17.195" port: 39985 } }
I20260709 13:00:26.124641  8537 consensus_queue.cc:1048] T 7ff26f0f892e4efa907d24e77e1cc5d4 P b93ab5bf233d4365a3e326eb2283e256 [LEADER]: Connected to new peer: Peer: permanent_uuid: "54f9974e0f9a4f01b4933c186900e7a9" member_type: VOTER last_known_addr { host: "127.7.17.193" port: 42689 }, Status: LMP_MISMATCH, Last received: 0.0, Next index: 1, Last known committed idx: 0, Time since last communication: 0.006s
I20260709 13:00:26.132989  8535 ts_tablet_manager.cc:1434] T 5fddb479b0da442f9d58f40d305c5c1d P 79b4cc9ce4724cee98623b771cf3b403: Time spent starting tablet: real 0.048s	user 0.003s	sys 0.003s
I20260709 13:00:26.157394  8535 tablet_bootstrap.cc:492] T 26735ed3eece4629a802af51d4daeba4 P 79b4cc9ce4724cee98623b771cf3b403: Bootstrap starting.
I20260709 13:00:26.158546  8532 tablet_bootstrap.cc:654] T 26735ed3eece4629a802af51d4daeba4 P b93ab5bf233d4365a3e326eb2283e256: Neither blocks nor log segments found. Creating new log.
I20260709 13:00:26.170710  8535 tablet_bootstrap.cc:654] T 26735ed3eece4629a802af51d4daeba4 P 79b4cc9ce4724cee98623b771cf3b403: Neither blocks nor log segments found. Creating new log.
I20260709 13:00:26.177351  8559 raft_consensus.cc:515] T e33d2492aa2840ba9db786db392cbe53 P 79b4cc9ce4724cee98623b771cf3b403 [term 2 FOLLOWER]: Starting leader election with config: opid_index: -1 OBSOLETE_local: false peers { permanent_uuid: "54f9974e0f9a4f01b4933c186900e7a9" member_type: VOTER last_known_addr { host: "127.7.17.193" port: 42689 } } peers { permanent_uuid: "b93ab5bf233d4365a3e326eb2283e256" member_type: VOTER last_known_addr { host: "127.7.17.194" port: 46401 } } peers { permanent_uuid: "79b4cc9ce4724cee98623b771cf3b403" member_type: VOTER last_known_addr { host: "127.7.17.195" port: 39985 } }
I20260709 13:00:26.181842  8492 raft_consensus.cc:1240] T e33d2492aa2840ba9db786db392cbe53 P 79b4cc9ce4724cee98623b771cf3b403 [term 2 FOLLOWER]: Rejecting Update request from peer b93ab5bf233d4365a3e326eb2283e256 for earlier term 1. Current term is 2. Ops: [1.1-1.1]
I20260709 13:00:26.184360  8533 tablet_bootstrap.cc:654] T 26735ed3eece4629a802af51d4daeba4 P 54f9974e0f9a4f01b4933c186900e7a9: Neither blocks nor log segments found. Creating new log.
I20260709 13:00:26.185776  8598 consensus_queue.cc:1059] T e33d2492aa2840ba9db786db392cbe53 P b93ab5bf233d4365a3e326eb2283e256 [LEADER]: Peer responded invalid term: Peer: permanent_uuid: "79b4cc9ce4724cee98623b771cf3b403" member_type: VOTER last_known_addr { host: "127.7.17.195" port: 39985 }, Status: INVALID_TERM, Last received: 0.0, Next index: 1, Last known committed idx: 0, Time since last communication: 0.001s
I20260709 13:00:26.186647  8598 raft_consensus.cc:3055] T e33d2492aa2840ba9db786db392cbe53 P b93ab5bf233d4365a3e326eb2283e256 [term 1 LEADER]: Stepping down as leader of term 1
I20260709 13:00:26.186952  8598 raft_consensus.cc:740] T e33d2492aa2840ba9db786db392cbe53 P b93ab5bf233d4365a3e326eb2283e256 [term 1 LEADER]: Becoming Follower/Learner. State: Replica: b93ab5bf233d4365a3e326eb2283e256, State: Running, Role: LEADER
I20260709 13:00:26.187727  8598 consensus_queue.cc:260] T e33d2492aa2840ba9db786db392cbe53 P b93ab5bf233d4365a3e326eb2283e256 [NON_LEADER]: Queue going to NON_LEADER mode. State: All replicated index: 0, Majority replicated index: 1, Committed index: 1, Last appended: 1.1, Last appended by leader: 1, Current term: 1, Majority size: -1, State: 0, Mode: NON_LEADER, active raft config: opid_index: -1 OBSOLETE_local: false peers { permanent_uuid: "54f9974e0f9a4f01b4933c186900e7a9" member_type: VOTER last_known_addr { host: "127.7.17.193" port: 42689 } } peers { permanent_uuid: "b93ab5bf233d4365a3e326eb2283e256" member_type: VOTER last_known_addr { host: "127.7.17.194" port: 46401 } } peers { permanent_uuid: "79b4cc9ce4724cee98623b771cf3b403" member_type: VOTER last_known_addr { host: "127.7.17.195" port: 39985 } }
I20260709 13:00:26.188810  8598 raft_consensus.cc:3060] T e33d2492aa2840ba9db786db392cbe53 P b93ab5bf233d4365a3e326eb2283e256 [term 1 FOLLOWER]: Advancing to term 2
I20260709 13:00:26.190964  8559 leader_election.cc:290] T e33d2492aa2840ba9db786db392cbe53 P 79b4cc9ce4724cee98623b771cf3b403 [CANDIDATE]: Term 2 election: Requested vote from peers 54f9974e0f9a4f01b4933c186900e7a9 (127.7.17.193:42689), b93ab5bf233d4365a3e326eb2283e256 (127.7.17.194:46401)
I20260709 13:00:26.193524  8340 tablet_service.cc:1917] Received RequestConsensusVote() RPC: tablet_id: "e33d2492aa2840ba9db786db392cbe53" candidate_uuid: "79b4cc9ce4724cee98623b771cf3b403" candidate_term: 2 candidate_status { last_received { term: 0 index: 0 } } ignore_live_leader: false dest_uuid: "54f9974e0f9a4f01b4933c186900e7a9"
I20260709 13:00:26.194152  8418 tablet_service.cc:1917] Received RequestConsensusVote() RPC: tablet_id: "e33d2492aa2840ba9db786db392cbe53" candidate_uuid: "79b4cc9ce4724cee98623b771cf3b403" candidate_term: 2 candidate_status { last_received { term: 0 index: 0 } } ignore_live_leader: false dest_uuid: "b93ab5bf233d4365a3e326eb2283e256"
I20260709 13:00:26.200332  8538 raft_consensus.cc:493] T 5fddb479b0da442f9d58f40d305c5c1d P 54f9974e0f9a4f01b4933c186900e7a9 [term 0 FOLLOWER]: Starting pre-election (no leader contacted us within the election timeout)
I20260709 13:00:26.200800  8538 raft_consensus.cc:515] T 5fddb479b0da442f9d58f40d305c5c1d P 54f9974e0f9a4f01b4933c186900e7a9 [term 0 FOLLOWER]: Starting pre-election with config: opid_index: -1 OBSOLETE_local: false peers { permanent_uuid: "54f9974e0f9a4f01b4933c186900e7a9" member_type: VOTER last_known_addr { host: "127.7.17.193" port: 42689 } } peers { permanent_uuid: "b93ab5bf233d4365a3e326eb2283e256" member_type: VOTER last_known_addr { host: "127.7.17.194" port: 46401 } } peers { permanent_uuid: "79b4cc9ce4724cee98623b771cf3b403" member_type: VOTER last_known_addr { host: "127.7.17.195" port: 39985 } }
I20260709 13:00:26.214699  8535 tablet_bootstrap.cc:492] T 26735ed3eece4629a802af51d4daeba4 P 79b4cc9ce4724cee98623b771cf3b403: No bootstrap required, opened a new log
I20260709 13:00:26.283226  8535 ts_tablet_manager.cc:1403] T 26735ed3eece4629a802af51d4daeba4 P 79b4cc9ce4724cee98623b771cf3b403: Time spent bootstrapping tablet: real 0.130s	user 0.003s	sys 0.008s
W20260709 13:00:26.284587  8524 outbound_call.cc:321] RPC callback for RPC call kudu.master.MasterService.IsCreateTableDone -> {remote=127.7.17.254:36887, user_credentials={real_user=slave}} blocked reactor thread for 60398.7us
I20260709 13:00:26.238134  8416 tablet_service.cc:1917] Received RequestConsensusVote() RPC: tablet_id: "5fddb479b0da442f9d58f40d305c5c1d" candidate_uuid: "54f9974e0f9a4f01b4933c186900e7a9" candidate_term: 1 candidate_status { last_received { term: 0 index: 0 } } ignore_live_leader: false dest_uuid: "b93ab5bf233d4365a3e326eb2283e256" is_pre_election: true
I20260709 13:00:26.287760  8416 raft_consensus.cc:2468] T 5fddb479b0da442f9d58f40d305c5c1d P b93ab5bf233d4365a3e326eb2283e256 [term 0 FOLLOWER]: Leader pre-election vote request: Granting yes vote for candidate 54f9974e0f9a4f01b4933c186900e7a9 in term 0.
I20260709 13:00:26.220296  8418 raft_consensus.cc:2410] T e33d2492aa2840ba9db786db392cbe53 P b93ab5bf233d4365a3e326eb2283e256 [term 2 FOLLOWER]: Leader election vote request: Denying vote to candidate 79b4cc9ce4724cee98623b771cf3b403 for term 2 because replica has last-logged OpId of term: 1 index: 1, which is greater than that of the candidate, which has last-logged OpId of term: 0 index: 0.
I20260709 13:00:26.286756  8533 tablet_bootstrap.cc:492] T 26735ed3eece4629a802af51d4daeba4 P 54f9974e0f9a4f01b4933c186900e7a9: No bootstrap required, opened a new log
I20260709 13:00:26.288810  8533 ts_tablet_manager.cc:1403] T 26735ed3eece4629a802af51d4daeba4 P 54f9974e0f9a4f01b4933c186900e7a9: Time spent bootstrapping tablet: real 0.201s	user 0.013s	sys 0.001s
I20260709 13:00:26.288513  8535 raft_consensus.cc:359] T 26735ed3eece4629a802af51d4daeba4 P 79b4cc9ce4724cee98623b771cf3b403 [term 0 FOLLOWER]: Replica starting. Triggering 0 pending ops. Active config: opid_index: -1 OBSOLETE_local: false peers { permanent_uuid: "54f9974e0f9a4f01b4933c186900e7a9" member_type: VOTER last_known_addr { host: "127.7.17.193" port: 42689 } } peers { permanent_uuid: "b93ab5bf233d4365a3e326eb2283e256" member_type: VOTER last_known_addr { host: "127.7.17.194" port: 46401 } } peers { permanent_uuid: "79b4cc9ce4724cee98623b771cf3b403" member_type: VOTER last_known_addr { host: "127.7.17.195" port: 39985 } }
I20260709 13:00:26.289187  8535 raft_consensus.cc:385] T 26735ed3eece4629a802af51d4daeba4 P 79b4cc9ce4724cee98623b771cf3b403 [term 0 FOLLOWER]: Consensus starting up: Expiring failure detector timer to make a prompt election more likely
I20260709 13:00:26.289453  8535 raft_consensus.cc:740] T 26735ed3eece4629a802af51d4daeba4 P 79b4cc9ce4724cee98623b771cf3b403 [term 0 FOLLOWER]: Becoming Follower/Learner. State: Replica: 79b4cc9ce4724cee98623b771cf3b403, State: Initialized, Role: FOLLOWER
I20260709 13:00:26.291461  8533 raft_consensus.cc:359] T 26735ed3eece4629a802af51d4daeba4 P 54f9974e0f9a4f01b4933c186900e7a9 [term 0 FOLLOWER]: Replica starting. Triggering 0 pending ops. Active config: opid_index: -1 OBSOLETE_local: false peers { permanent_uuid: "54f9974e0f9a4f01b4933c186900e7a9" member_type: VOTER last_known_addr { host: "127.7.17.193" port: 42689 } } peers { permanent_uuid: "b93ab5bf233d4365a3e326eb2283e256" member_type: VOTER last_known_addr { host: "127.7.17.194" port: 46401 } } peers { permanent_uuid: "79b4cc9ce4724cee98623b771cf3b403" member_type: VOTER last_known_addr { host: "127.7.17.195" port: 39985 } }
I20260709 13:00:26.292152  8533 raft_consensus.cc:385] T 26735ed3eece4629a802af51d4daeba4 P 54f9974e0f9a4f01b4933c186900e7a9 [term 0 FOLLOWER]: Consensus starting up: Expiring failure detector timer to make a prompt election more likely
I20260709 13:00:26.292018  8308 leader_election.cc:304] T 5fddb479b0da442f9d58f40d305c5c1d P 54f9974e0f9a4f01b4933c186900e7a9 [CANDIDATE]: Term 1 pre-election: Election decided. Result: candidate won. Election summary: received 2 responses out of 3 voters: 2 yes votes; 0 no votes. yes voters: 54f9974e0f9a4f01b4933c186900e7a9, b93ab5bf233d4365a3e326eb2283e256; no voters: 
I20260709 13:00:26.292445  8533 raft_consensus.cc:740] T 26735ed3eece4629a802af51d4daeba4 P 54f9974e0f9a4f01b4933c186900e7a9 [term 0 FOLLOWER]: Becoming Follower/Learner. State: Replica: 54f9974e0f9a4f01b4933c186900e7a9, State: Initialized, Role: FOLLOWER
I20260709 13:00:26.293123  8560 raft_consensus.cc:2804] T 5fddb479b0da442f9d58f40d305c5c1d P 54f9974e0f9a4f01b4933c186900e7a9 [term 0 FOLLOWER]: Leader pre-election won for term 1
I20260709 13:00:26.293463  8560 raft_consensus.cc:493] T 5fddb479b0da442f9d58f40d305c5c1d P 54f9974e0f9a4f01b4933c186900e7a9 [term 0 FOLLOWER]: Starting leader election (no leader contacted us within the election timeout)
I20260709 13:00:26.293773  8560 raft_consensus.cc:3060] T 5fddb479b0da442f9d58f40d305c5c1d P 54f9974e0f9a4f01b4933c186900e7a9 [term 0 FOLLOWER]: Advancing to term 1
I20260709 13:00:26.295835  8457 leader_election.cc:304] T e33d2492aa2840ba9db786db392cbe53 P 79b4cc9ce4724cee98623b771cf3b403 [CANDIDATE]: Term 2 election: Election decided. Result: candidate lost. Election summary: received 3 responses out of 3 voters: 1 yes votes; 2 no votes. yes voters: 79b4cc9ce4724cee98623b771cf3b403; no voters: 54f9974e0f9a4f01b4933c186900e7a9, b93ab5bf233d4365a3e326eb2283e256
I20260709 13:00:26.296916  8556 raft_consensus.cc:2749] T e33d2492aa2840ba9db786db392cbe53 P 79b4cc9ce4724cee98623b771cf3b403 [term 2 FOLLOWER]: Leader election lost for term 2. Reason: could not achieve majority
I20260709 13:00:26.214306  8538 leader_election.cc:290] T 5fddb479b0da442f9d58f40d305c5c1d P 54f9974e0f9a4f01b4933c186900e7a9 [CANDIDATE]: Term 1 pre-election: Requested pre-vote from peers b93ab5bf233d4365a3e326eb2283e256 (127.7.17.194:46401), 79b4cc9ce4724cee98623b771cf3b403 (127.7.17.195:39985)
I20260709 13:00:26.287163  8532 tablet_bootstrap.cc:492] T 26735ed3eece4629a802af51d4daeba4 P b93ab5bf233d4365a3e326eb2283e256: No bootstrap required, opened a new log
I20260709 13:00:26.297914  8532 ts_tablet_manager.cc:1403] T 26735ed3eece4629a802af51d4daeba4 P b93ab5bf233d4365a3e326eb2283e256: Time spent bootstrapping tablet: real 0.247s	user 0.012s	sys 0.022s
I20260709 13:00:26.293116  8533 consensus_queue.cc:260] T 26735ed3eece4629a802af51d4daeba4 P 54f9974e0f9a4f01b4933c186900e7a9 [NON_LEADER]: Queue going to NON_LEADER mode. State: All replicated index: 0, Majority replicated index: 0, Committed index: 0, Last appended: 0.0, Last appended by leader: 0, Current term: 0, Majority size: -1, State: 0, Mode: NON_LEADER, active raft config: opid_index: -1 OBSOLETE_local: false peers { permanent_uuid: "54f9974e0f9a4f01b4933c186900e7a9" member_type: VOTER last_known_addr { host: "127.7.17.193" port: 42689 } } peers { permanent_uuid: "b93ab5bf233d4365a3e326eb2283e256" member_type: VOTER last_known_addr { host: "127.7.17.194" port: 46401 } } peers { permanent_uuid: "79b4cc9ce4724cee98623b771cf3b403" member_type: VOTER last_known_addr { host: "127.7.17.195" port: 39985 } }
I20260709 13:00:26.300462  8532 raft_consensus.cc:359] T 26735ed3eece4629a802af51d4daeba4 P b93ab5bf233d4365a3e326eb2283e256 [term 0 FOLLOWER]: Replica starting. Triggering 0 pending ops. Active config: opid_index: -1 OBSOLETE_local: false peers { permanent_uuid: "54f9974e0f9a4f01b4933c186900e7a9" member_type: VOTER last_known_addr { host: "127.7.17.193" port: 42689 } } peers { permanent_uuid: "b93ab5bf233d4365a3e326eb2283e256" member_type: VOTER last_known_addr { host: "127.7.17.194" port: 46401 } } peers { permanent_uuid: "79b4cc9ce4724cee98623b771cf3b403" member_type: VOTER last_known_addr { host: "127.7.17.195" port: 39985 } }
I20260709 13:00:26.301077  8532 raft_consensus.cc:385] T 26735ed3eece4629a802af51d4daeba4 P b93ab5bf233d4365a3e326eb2283e256 [term 0 FOLLOWER]: Consensus starting up: Expiring failure detector timer to make a prompt election more likely
I20260709 13:00:26.301321  8532 raft_consensus.cc:740] T 26735ed3eece4629a802af51d4daeba4 P b93ab5bf233d4365a3e326eb2283e256 [term 0 FOLLOWER]: Becoming Follower/Learner. State: Replica: b93ab5bf233d4365a3e326eb2283e256, State: Initialized, Role: FOLLOWER
I20260709 13:00:26.301556  8560 raft_consensus.cc:515] T 5fddb479b0da442f9d58f40d305c5c1d P 54f9974e0f9a4f01b4933c186900e7a9 [term 1 FOLLOWER]: Starting leader election with config: opid_index: -1 OBSOLETE_local: false peers { permanent_uuid: "54f9974e0f9a4f01b4933c186900e7a9" member_type: VOTER last_known_addr { host: "127.7.17.193" port: 42689 } } peers { permanent_uuid: "b93ab5bf233d4365a3e326eb2283e256" member_type: VOTER last_known_addr { host: "127.7.17.194" port: 46401 } } peers { permanent_uuid: "79b4cc9ce4724cee98623b771cf3b403" member_type: VOTER last_known_addr { host: "127.7.17.195" port: 39985 } }
I20260709 13:00:26.302206  8532 consensus_queue.cc:260] T 26735ed3eece4629a802af51d4daeba4 P b93ab5bf233d4365a3e326eb2283e256 [NON_LEADER]: Queue going to NON_LEADER mode. State: All replicated index: 0, Majority replicated index: 0, Committed index: 0, Last appended: 0.0, Last appended by leader: 0, Current term: 0, Majority size: -1, State: 0, Mode: NON_LEADER, active raft config: opid_index: -1 OBSOLETE_local: false peers { permanent_uuid: "54f9974e0f9a4f01b4933c186900e7a9" member_type: VOTER last_known_addr { host: "127.7.17.193" port: 42689 } } peers { permanent_uuid: "b93ab5bf233d4365a3e326eb2283e256" member_type: VOTER last_known_addr { host: "127.7.17.194" port: 46401 } } peers { permanent_uuid: "79b4cc9ce4724cee98623b771cf3b403" member_type: VOTER last_known_addr { host: "127.7.17.195" port: 39985 } }
I20260709 13:00:26.303364  8535 consensus_queue.cc:260] T 26735ed3eece4629a802af51d4daeba4 P 79b4cc9ce4724cee98623b771cf3b403 [NON_LEADER]: Queue going to NON_LEADER mode. State: All replicated index: 0, Majority replicated index: 0, Committed index: 0, Last appended: 0.0, Last appended by leader: 0, Current term: 0, Majority size: -1, State: 0, Mode: NON_LEADER, active raft config: opid_index: -1 OBSOLETE_local: false peers { permanent_uuid: "54f9974e0f9a4f01b4933c186900e7a9" member_type: VOTER last_known_addr { host: "127.7.17.193" port: 42689 } } peers { permanent_uuid: "b93ab5bf233d4365a3e326eb2283e256" member_type: VOTER last_known_addr { host: "127.7.17.194" port: 46401 } } peers { permanent_uuid: "79b4cc9ce4724cee98623b771cf3b403" member_type: VOTER last_known_addr { host: "127.7.17.195" port: 39985 } }
I20260709 13:00:26.304136  8418 tablet_service.cc:1917] Received RequestConsensusVote() RPC: tablet_id: "5fddb479b0da442f9d58f40d305c5c1d" candidate_uuid: "54f9974e0f9a4f01b4933c186900e7a9" candidate_term: 1 candidate_status { last_received { term: 0 index: 0 } } ignore_live_leader: false dest_uuid: "b93ab5bf233d4365a3e326eb2283e256"
I20260709 13:00:26.304467  8533 ts_tablet_manager.cc:1434] T 26735ed3eece4629a802af51d4daeba4 P 54f9974e0f9a4f01b4933c186900e7a9: Time spent starting tablet: real 0.015s	user 0.006s	sys 0.000s
I20260709 13:00:26.304546  8532 ts_tablet_manager.cc:1434] T 26735ed3eece4629a802af51d4daeba4 P b93ab5bf233d4365a3e326eb2283e256: Time spent starting tablet: real 0.006s	user 0.006s	sys 0.000s
I20260709 13:00:26.304674  8418 raft_consensus.cc:3060] T 5fddb479b0da442f9d58f40d305c5c1d P b93ab5bf233d4365a3e326eb2283e256 [term 0 FOLLOWER]: Advancing to term 1
I20260709 13:00:26.305502  8535 ts_tablet_manager.cc:1434] T 26735ed3eece4629a802af51d4daeba4 P 79b4cc9ce4724cee98623b771cf3b403: Time spent starting tablet: real 0.022s	user 0.004s	sys 0.002s
I20260709 13:00:26.305621  8533 tablet_bootstrap.cc:492] T 2c22e2b2f45c4b7ba36b2d95fa61ed95 P 54f9974e0f9a4f01b4933c186900e7a9: Bootstrap starting.
I20260709 13:00:26.306584  8535 tablet_bootstrap.cc:492] T 06231e6bd7f54d18a64841fc36713108 P 79b4cc9ce4724cee98623b771cf3b403: Bootstrap starting.
I20260709 13:00:26.286154  8492 tablet_service.cc:1917] Received RequestConsensusVote() RPC: tablet_id: "5fddb479b0da442f9d58f40d305c5c1d" candidate_uuid: "54f9974e0f9a4f01b4933c186900e7a9" candidate_term: 1 candidate_status { last_received { term: 0 index: 0 } } ignore_live_leader: false dest_uuid: "79b4cc9ce4724cee98623b771cf3b403" is_pre_election: true
I20260709 13:00:26.309871  8492 raft_consensus.cc:2468] T 5fddb479b0da442f9d58f40d305c5c1d P 79b4cc9ce4724cee98623b771cf3b403 [term 0 FOLLOWER]: Leader pre-election vote request: Granting yes vote for candidate 54f9974e0f9a4f01b4933c186900e7a9 in term 0.
I20260709 13:00:26.311679  8535 tablet_bootstrap.cc:654] T 06231e6bd7f54d18a64841fc36713108 P 79b4cc9ce4724cee98623b771cf3b403: Neither blocks nor log segments found. Creating new log.
I20260709 13:00:26.311569  8418 raft_consensus.cc:2468] T 5fddb479b0da442f9d58f40d305c5c1d P b93ab5bf233d4365a3e326eb2283e256 [term 1 FOLLOWER]: Leader election vote request: Granting yes vote for candidate 54f9974e0f9a4f01b4933c186900e7a9 in term 1.
