I20260709 13:00:35.541843  8995 tablet_service.cc:1917] Received RequestConsensusVote() RPC: tablet_id: "c439dadac7454bf79e2b7dbe40b3fae2" candidate_uuid: "d9b85e0f81984fd79a531456a199345f" candidate_term: 2 candidate_status { last_received { term: 1 index: 1 } } ignore_live_leader: false dest_uuid: "22a582f16f524252a6d7b747ca996a7f" is_pre_election: true
I20260709 13:00:35.543257  9188 ts_tablet_manager.cc:1434] T 939640b36cf241b1941a489a395b2f54 P d9b85e0f81984fd79a531456a199345f: Time spent starting tablet: real 0.779s	user 0.044s	sys 0.090s
I20260709 13:00:35.535207  9139 tablet_service.cc:1917] Received RequestConsensusVote() RPC: tablet_id: "49c5128d0b8e4282b2b5e4050d76f8c3" candidate_uuid: "d9b85e0f81984fd79a531456a199345f" candidate_term: 2 candidate_status { last_received { term: 1 index: 1 } } ignore_live_leader: false dest_uuid: "1ec94ba5f07145c0a7fe88d3547109f5" is_pre_election: true
I20260709 13:00:35.543679  9036 leader_election.cc:304] T 17d6cf587ed84762a4411a1401d5b374 P d9b85e0f81984fd79a531456a199345f [CANDIDATE]: Term 2 pre-election: Election decided. Result: candidate lost. Election summary: received 3 responses out of 3 voters: 1 yes votes; 2 no votes. yes voters: d9b85e0f81984fd79a531456a199345f; no voters: 1ec94ba5f07145c0a7fe88d3547109f5, 22a582f16f524252a6d7b747ca996a7f
W20260709 13:00:35.543576  9188 ts_tablet_manager.cc:1467] T 939640b36cf241b1941a489a395b2f54 P d9b85e0f81984fd79a531456a199345f: Tablet startup took 779ms
W20260709 13:00:35.549258  9036 leader_election.cc:343] T 939640b36cf241b1941a489a395b2f54 P d9b85e0f81984fd79a531456a199345f [CANDIDATE]: Term 1 pre-election: Tablet error from VoteRequest() call to peer 22a582f16f524252a6d7b747ca996a7f (127.7.167.129:37707): Illegal state: must be running to vote when last-logged opid is not known
I20260709 13:00:35.557158  8995 tablet_service.cc:1917] Received RequestConsensusVote() RPC: tablet_id: "0ca3f526d12543679916584149881f70" candidate_uuid: "1ec94ba5f07145c0a7fe88d3547109f5" candidate_term: 1 candidate_status { last_received { term: 0 index: 0 } } ignore_live_leader: false dest_uuid: "22a582f16f524252a6d7b747ca996a7f" is_pre_election: true
I20260709 13:00:35.551157  9429 raft_consensus.cc:2749] T 17d6cf587ed84762a4411a1401d5b374 P d9b85e0f81984fd79a531456a199345f [term 1 FOLLOWER]: Leader pre-election lost for term 2. Reason: could not achieve majority
I20260709 13:00:35.545325  9467 consensus_queue.cc:1048] T 9d9f7a8c05f84354a2a9c28dcf7935b4 P d9b85e0f81984fd79a531456a199345f [LEADER]: Connected to new peer: Peer: permanent_uuid: "22a582f16f524252a6d7b747ca996a7f" member_type: VOTER last_known_addr { host: "127.7.167.129" port: 37707 }, Status: LMP_MISMATCH, Last received: 0.0, Next index: 1, Last known committed idx: 0, Time since last communication: 0.014s
W20260709 13:00:35.563730  9493 log.cc:927] Time spent T 4ef8f3cb394a4bc1898a65891d691e19 P 1ec94ba5f07145c0a7fe88d3547109f5: Append to log took a long time: real 0.110s	user 0.000s	sys 0.001s
I20260709 13:00:35.569027  9187 tablet_bootstrap.cc:654] T 40dc39c755284392bc3718dd78a0d28b P 1ec94ba5f07145c0a7fe88d3547109f5: Neither blocks nor log segments found. Creating new log.
I20260709 13:00:35.578229  8959 leader_election.cc:304] T fb8731c460b14bd397f230e9a0abe0dd P 22a582f16f524252a6d7b747ca996a7f [CANDIDATE]: Term 1 pre-election: Election decided. Result: candidate lost. Election summary: received 3 responses out of 3 voters: 1 yes votes; 2 no votes. yes voters: 22a582f16f524252a6d7b747ca996a7f; no voters: 1ec94ba5f07145c0a7fe88d3547109f5, d9b85e0f81984fd79a531456a199345f
W20260709 13:00:35.584844  9496 log.cc:927] Time spent T 9d9f7a8c05f84354a2a9c28dcf7935b4 P d9b85e0f81984fd79a531456a199345f: Append to log took a long time: real 0.158s	user 0.001s	sys 0.000s
I20260709 13:00:35.585049  9065 tablet_service.cc:1917] Received RequestConsensusVote() RPC: tablet_id: "3aeceda2fee44b828882f435e484dee8" candidate_uuid: "22a582f16f524252a6d7b747ca996a7f" candidate_term: 2 candidate_status { last_received { term: 1 index: 1 } } ignore_live_leader: false dest_uuid: "d9b85e0f81984fd79a531456a199345f" is_pre_election: true
W20260709 13:00:35.548405  9188 ts_tablet_manager.cc:1469] T 939640b36cf241b1941a489a395b2f54 P d9b85e0f81984fd79a531456a199345f: Trace:
0709 13:00:29.297880 (+     0us) service_pool.cc:167] Inserting onto call queue
0709 13:00:29.597069 (+299189us) service_pool.cc:224] Handling call
0709 13:00:29.660174 (+ 63105us) ts_tablet_manager.cc:669] Acquired tablet manager lock
0709 13:00:29.660276 (+   102us) ts_tablet_manager.cc:682] Creating new metadata...
0709 13:00:29.730961 (+ 70685us) tablet_metadata.cc:665] Metadata flushed
0709 13:00:29.768303 (+ 37342us) tablet_replica.cc:206] Creating consensus instance
0709 13:00:29.768693 (+   390us) inbound_call.cc:177] Queueing success response
0709 13:00:34.398244 (+4629551us) ts_tablet_manager.cc:1379] Bootstrapping tablet
0709 13:00:34.763817 (+365573us) ts_tablet_manager.cc:1435] Starting tablet replica
0709 13:00:35.342680 (+578863us) tablet_replica.cc:261] Starting instrumentation
0709 13:00:35.343195 (+   515us) tablet_replica.cc:280] Starting consensus
Metrics: {"mutex_wait_us":31792,"raft.queue_time_us":7571,"raft.run_cpu_time_us":113,"raft.run_wall_time_us":5005,"tablet-open.queue_time_us":4629573,"thread_start_us":139706,"threads_started":1}
I20260709 13:00:35.604799  9188 tablet_bootstrap.cc:492] T 40dc39c755284392bc3718dd78a0d28b P d9b85e0f81984fd79a531456a199345f: Bootstrap starting.
W20260709 13:00:35.619822  9108 outbound_call.cc:321] RPC callback for RPC call kudu.consensus.ConsensusService.UpdateConsensus -> {remote=127.7.167.130:35929, user_credentials={real_user=slave}} blocked reactor thread for 68631.2us
W20260709 13:00:35.623346  9108 leader_election.cc:343] T efbab03f44b54e9bb3646642de4d9d9e P 1ec94ba5f07145c0a7fe88d3547109f5 [CANDIDATE]: Term 1 pre-election: Tablet error from VoteRequest() call to peer d9b85e0f81984fd79a531456a199345f (127.7.167.130:35929): Illegal state: must be running to vote when last-logged opid is not known
I20260709 13:00:35.623885  9108 leader_election.cc:304] T efbab03f44b54e9bb3646642de4d9d9e P 1ec94ba5f07145c0a7fe88d3547109f5 [CANDIDATE]: Term 1 pre-election: Election decided. Result: candidate lost. Election summary: received 3 responses out of 3 voters: 1 yes votes; 2 no votes. yes voters: 1ec94ba5f07145c0a7fe88d3547109f5; no voters: 22a582f16f524252a6d7b747ca996a7f, d9b85e0f81984fd79a531456a199345f
I20260709 13:00:35.624857  9504 raft_consensus.cc:2749] T efbab03f44b54e9bb3646642de4d9d9e P 1ec94ba5f07145c0a7fe88d3547109f5 [term 0 FOLLOWER]: Leader pre-election lost for term 1. Reason: could not achieve majority
I20260709 13:00:35.631407  9035 leader_election.cc:304] T 49c5128d0b8e4282b2b5e4050d76f8c3 P d9b85e0f81984fd79a531456a199345f [CANDIDATE]: Term 2 pre-election: Election decided. Result: candidate lost. Election summary: received 3 responses out of 3 voters: 1 yes votes; 2 no votes. yes voters: d9b85e0f81984fd79a531456a199345f; no voters: 1ec94ba5f07145c0a7fe88d3547109f5, 22a582f16f524252a6d7b747ca996a7f
I20260709 13:00:35.635299  9432 leader_election.cc:290] T 3aeceda2fee44b828882f435e484dee8 P 22a582f16f524252a6d7b747ca996a7f [CANDIDATE]: Term 2 pre-election: Requested pre-vote from peers d9b85e0f81984fd79a531456a199345f (127.7.167.130:35929), 1ec94ba5f07145c0a7fe88d3547109f5 (127.7.167.131:33353)
I20260709 13:00:35.637938  9110 leader_election.cc:304] T 02bf96448a5b420fac1391f03084daa8 P 1ec94ba5f07145c0a7fe88d3547109f5 [CANDIDATE]: Term 1 pre-election: Election decided. Result: candidate lost. Election summary: received 3 responses out of 3 voters: 1 yes votes; 2 no votes. yes voters: 1ec94ba5f07145c0a7fe88d3547109f5; no voters: 22a582f16f524252a6d7b747ca996a7f, d9b85e0f81984fd79a531456a199345f
I20260709 13:00:35.626075  8959 leader_election.cc:304] T 9d9f7a8c05f84354a2a9c28dcf7935b4 P 22a582f16f524252a6d7b747ca996a7f [CANDIDATE]: Term 1 pre-election: Election decided. Result: candidate lost. Election summary: received 3 responses out of 3 voters: 1 yes votes; 2 no votes. yes voters: 22a582f16f524252a6d7b747ca996a7f; no voters: 1ec94ba5f07145c0a7fe88d3547109f5, d9b85e0f81984fd79a531456a199345f
I20260709 13:00:35.654717  9508 raft_consensus.cc:2749] T 02bf96448a5b420fac1391f03084daa8 P 1ec94ba5f07145c0a7fe88d3547109f5 [term 1 FOLLOWER]: Leader pre-election lost for term 1. Reason: could not achieve majority
I20260709 13:00:35.657413  9137 tablet_service.cc:1917] Received RequestConsensusVote() RPC: tablet_id: "c439dadac7454bf79e2b7dbe40b3fae2" candidate_uuid: "d9b85e0f81984fd79a531456a199345f" candidate_term: 2 candidate_status { last_received { term: 1 index: 1 } } ignore_live_leader: false dest_uuid: "1ec94ba5f07145c0a7fe88d3547109f5" is_pre_election: true
I20260709 13:00:35.646149  9350 raft_consensus.cc:493] T 83d71eb920564424b0d02212bf8c3af3 P d9b85e0f81984fd79a531456a199345f [term 1 FOLLOWER]: Starting pre-election (no leader contacted us within the election timeout)
I20260709 13:00:35.659684  9137 tablet_service.cc:1917] Received RequestConsensusVote() RPC: tablet_id: "3aeceda2fee44b828882f435e484dee8" candidate_uuid: "22a582f16f524252a6d7b747ca996a7f" candidate_term: 2 candidate_status { last_received { term: 1 index: 1 } } ignore_live_leader: false dest_uuid: "1ec94ba5f07145c0a7fe88d3547109f5" is_pre_election: true
I20260709 13:00:35.659868  9350 raft_consensus.cc:515] T 83d71eb920564424b0d02212bf8c3af3 P d9b85e0f81984fd79a531456a199345f [term 1 FOLLOWER]: Starting pre-election with config: opid_index: -1 OBSOLETE_local: false peers { permanent_uuid: "22a582f16f524252a6d7b747ca996a7f" member_type: VOTER last_known_addr { host: "127.7.167.129" port: 37707 } } peers { permanent_uuid: "d9b85e0f81984fd79a531456a199345f" member_type: VOTER last_known_addr { host: "127.7.167.130" port: 35929 } } peers { permanent_uuid: "1ec94ba5f07145c0a7fe88d3547109f5" member_type: VOTER last_known_addr { host: "127.7.167.131" port: 33353 } }
I20260709 13:00:35.661962  9350 leader_election.cc:290] T 83d71eb920564424b0d02212bf8c3af3 P d9b85e0f81984fd79a531456a199345f [CANDIDATE]: Term 2 pre-election: Requested pre-vote from peers 22a582f16f524252a6d7b747ca996a7f (127.7.167.129:37707), 1ec94ba5f07145c0a7fe88d3547109f5 (127.7.167.131:33353)
I20260709 13:00:35.639571  9429 raft_consensus.cc:2749] T 49c5128d0b8e4282b2b5e4050d76f8c3 P d9b85e0f81984fd79a531456a199345f [term 1 FOLLOWER]: Leader pre-election lost for term 2. Reason: could not achieve majority
I20260709 13:00:35.665228  9143 tablet_service.cc:1917] Received RequestConsensusVote() RPC: tablet_id: "83d71eb920564424b0d02212bf8c3af3" candidate_uuid: "d9b85e0f81984fd79a531456a199345f" candidate_term: 2 candidate_status { last_received { term: 0 index: 0 } } ignore_live_leader: false dest_uuid: "1ec94ba5f07145c0a7fe88d3547109f5" is_pre_election: true
I20260709 13:00:35.668553  9035 leader_election.cc:304] T c439dadac7454bf79e2b7dbe40b3fae2 P d9b85e0f81984fd79a531456a199345f [CANDIDATE]: Term 2 pre-election: Election decided. Result: candidate lost. Election summary: received 3 responses out of 3 voters: 1 yes votes; 2 no votes. yes voters: d9b85e0f81984fd79a531456a199345f; no voters: 1ec94ba5f07145c0a7fe88d3547109f5, 22a582f16f524252a6d7b747ca996a7f
I20260709 13:00:35.670781  9246 raft_consensus.cc:2749] T c439dadac7454bf79e2b7dbe40b3fae2 P d9b85e0f81984fd79a531456a199345f [term 1 FOLLOWER]: Leader pre-election lost for term 2. Reason: could not achieve majority
W20260709 13:00:35.677673  8959 outbound_call.cc:321] RPC callback for RPC call kudu.consensus.ConsensusService.RequestConsensusVote -> {remote=127.7.167.130:35929, user_credentials={real_user=slave}} blocked reactor thread for 60662.1us
I20260709 13:00:35.678498  8959 leader_election.cc:304] T 431b03a2972e4c07b9b77cceeb66eaf1 P 22a582f16f524252a6d7b747ca996a7f [CANDIDATE]: Term 2 pre-election: Election decided. Result: candidate lost. Election summary: received 3 responses out of 3 voters: 1 yes votes; 2 no votes. yes voters: 22a582f16f524252a6d7b747ca996a7f; no voters: 1ec94ba5f07145c0a7fe88d3547109f5, d9b85e0f81984fd79a531456a199345f
W20260709 13:00:35.679829  9510 log.cc:927] Time spent T 00000000000000000000000000000000 P 8617ab66bd194d1caaeab5a3ff9693ee: Append to log took a long time: real 0.073s	user 0.001s	sys 0.000s
I20260709 13:00:35.682010  9140 tablet_service.cc:1917] Received RequestConsensusVote() RPC: tablet_id: "939640b36cf241b1941a489a395b2f54" candidate_uuid: "d9b85e0f81984fd79a531456a199345f" candidate_term: 1 candidate_status { last_received { term: 0 index: 0 } } ignore_live_leader: false dest_uuid: "1ec94ba5f07145c0a7fe88d3547109f5" is_pre_election: true
I20260709 13:00:35.685068  9186 tablet_bootstrap.cc:654] T efbab03f44b54e9bb3646642de4d9d9e P 22a582f16f524252a6d7b747ca996a7f: Neither blocks nor log segments found. Creating new log.
I20260709 13:00:35.667536  9110 leader_election.cc:304] T 0ca3f526d12543679916584149881f70 P 1ec94ba5f07145c0a7fe88d3547109f5 [CANDIDATE]: Term 1 pre-election: Election decided. Result: candidate lost. Election summary: received 3 responses out of 3 voters: 1 yes votes; 2 no votes. yes voters: 1ec94ba5f07145c0a7fe88d3547109f5; no voters: 22a582f16f524252a6d7b747ca996a7f, d9b85e0f81984fd79a531456a199345f
I20260709 13:00:35.686894  9434 raft_consensus.cc:2749] T 431b03a2972e4c07b9b77cceeb66eaf1 P 22a582f16f524252a6d7b747ca996a7f [term 1 FOLLOWER]: Leader pre-election lost for term 2. Reason: could not achieve majority
I20260709 13:00:35.733048  9504 raft_consensus.cc:2749] T 0ca3f526d12543679916584149881f70 P 1ec94ba5f07145c0a7fe88d3547109f5 [term 1 FOLLOWER]: Leader pre-election lost for term 1. Reason: could not achieve majority
I20260709 13:00:35.704718  9494 consensus_queue.cc:1048] T 02bf96448a5b420fac1391f03084daa8 P 22a582f16f524252a6d7b747ca996a7f [LEADER]: Connected to new peer: Peer: permanent_uuid: "1ec94ba5f07145c0a7fe88d3547109f5" member_type: VOTER last_known_addr { host: "127.7.167.131" port: 33353 }, Status: LMP_MISMATCH, Last received: 0.0, Next index: 1, Last known committed idx: 0, Time since last communication: 0.033s
W20260709 13:00:35.735096  9110 outbound_call.cc:321] RPC callback for RPC call kudu.consensus.ConsensusService.RequestConsensusVote -> {remote=127.7.167.129:37707, user_credentials={real_user=slave}} blocked reactor thread for 78215.1us
I20260709 13:00:35.691967  9140 raft_consensus.cc:2468] T 939640b36cf241b1941a489a395b2f54 P 1ec94ba5f07145c0a7fe88d3547109f5 [term 0 FOLLOWER]: Leader pre-election vote request: Granting yes vote for candidate d9b85e0f81984fd79a531456a199345f in term 0.
I20260709 13:00:35.747735  9187 tablet_bootstrap.cc:492] T 40dc39c755284392bc3718dd78a0d28b P 1ec94ba5f07145c0a7fe88d3547109f5: No bootstrap required, opened a new log
I20260709 13:00:35.748191  9187 ts_tablet_manager.cc:1403] T 40dc39c755284392bc3718dd78a0d28b P 1ec94ba5f07145c0a7fe88d3547109f5: Time spent bootstrapping tablet: real 0.970s	user 0.070s	sys 0.066s
I20260709 13:00:35.750110  9035 leader_election.cc:304] T 939640b36cf241b1941a489a395b2f54 P d9b85e0f81984fd79a531456a199345f [CANDIDATE]: Term 1 pre-election: Election decided. Result: candidate won. Election summary: received 3 responses out of 3 voters: 2 yes votes; 1 no votes. yes voters: 1ec94ba5f07145c0a7fe88d3547109f5, d9b85e0f81984fd79a531456a199345f; no voters: 22a582f16f524252a6d7b747ca996a7f
I20260709 13:00:35.684165  9433 raft_consensus.cc:2749] T 9d9f7a8c05f84354a2a9c28dcf7935b4 P 22a582f16f524252a6d7b747ca996a7f [term 1 FOLLOWER]: Leader pre-election lost for term 1. Reason: could not achieve majority
W20260709 13:00:35.753247  8960 outbound_call.cc:321] RPC callback for RPC call kudu.consensus.ConsensusService.UpdateConsensus -> {remote=127.7.167.131:33353, user_credentials={real_user=slave}} blocked reactor thread for 60106.2us
I20260709 13:00:35.763188  8960 leader_election.cc:304] T 3aeceda2fee44b828882f435e484dee8 P 22a582f16f524252a6d7b747ca996a7f [CANDIDATE]: Term 2 pre-election: Election decided. Result: candidate lost. Election summary: received 3 responses out of 3 voters: 1 yes votes; 2 no votes. yes voters: 22a582f16f524252a6d7b747ca996a7f; no voters: 1ec94ba5f07145c0a7fe88d3547109f5, d9b85e0f81984fd79a531456a199345f
I20260709 13:00:35.770592  9498 raft_consensus.cc:2749] T 3aeceda2fee44b828882f435e484dee8 P 22a582f16f524252a6d7b747ca996a7f [term 1 FOLLOWER]: Leader pre-election lost for term 2. Reason: could not achieve majority
I20260709 13:00:35.775558  8995 tablet_service.cc:1917] Received RequestConsensusVote() RPC: tablet_id: "83d71eb920564424b0d02212bf8c3af3" candidate_uuid: "d9b85e0f81984fd79a531456a199345f" candidate_term: 2 candidate_status { last_received { term: 0 index: 0 } } ignore_live_leader: false dest_uuid: "22a582f16f524252a6d7b747ca996a7f" is_pre_election: true
I20260709 13:00:35.780725  9036 leader_election.cc:304] T 83d71eb920564424b0d02212bf8c3af3 P d9b85e0f81984fd79a531456a199345f [CANDIDATE]: Term 2 pre-election: Election decided. Result: candidate lost. Election summary: received 3 responses out of 3 voters: 1 yes votes; 2 no votes. yes voters: d9b85e0f81984fd79a531456a199345f; no voters: 1ec94ba5f07145c0a7fe88d3547109f5, 22a582f16f524252a6d7b747ca996a7f
I20260709 13:00:35.782073  9503 raft_consensus.cc:2749] T fb8731c460b14bd397f230e9a0abe0dd P 22a582f16f524252a6d7b747ca996a7f [term 1 FOLLOWER]: Leader pre-election lost for term 1. Reason: could not achieve majority
I20260709 13:00:35.775794  9458 raft_consensus.cc:2804] T 939640b36cf241b1941a489a395b2f54 P d9b85e0f81984fd79a531456a199345f [term 0 FOLLOWER]: Leader pre-election won for term 1
I20260709 13:00:35.790439  9489 raft_consensus.cc:493] T 7b1eb3bed4714e6f8f35657f65f2eb52 P 22a582f16f524252a6d7b747ca996a7f [term 0 FOLLOWER]: Starting pre-election (no leader contacted us within the election timeout)
I20260709 13:00:35.791045  9489 raft_consensus.cc:515] T 7b1eb3bed4714e6f8f35657f65f2eb52 P 22a582f16f524252a6d7b747ca996a7f [term 0 FOLLOWER]: Starting pre-election with config: opid_index: -1 OBSOLETE_local: false peers { permanent_uuid: "22a582f16f524252a6d7b747ca996a7f" member_type: VOTER last_known_addr { host: "127.7.167.129" port: 37707 } } peers { permanent_uuid: "d9b85e0f81984fd79a531456a199345f" member_type: VOTER last_known_addr { host: "127.7.167.130" port: 35929 } } peers { permanent_uuid: "1ec94ba5f07145c0a7fe88d3547109f5" member_type: VOTER last_known_addr { host: "127.7.167.131" port: 33353 } }
I20260709 13:00:35.788915  9458 raft_consensus.cc:493] T 939640b36cf241b1941a489a395b2f54 P d9b85e0f81984fd79a531456a199345f [term 0 FOLLOWER]: Starting leader election (no leader contacted us within the election timeout)
I20260709 13:00:35.795828  9187 raft_consensus.cc:359] T 40dc39c755284392bc3718dd78a0d28b P 1ec94ba5f07145c0a7fe88d3547109f5 [term 0 FOLLOWER]: Replica starting. Triggering 0 pending ops. Active config: opid_index: -1 OBSOLETE_local: false peers { permanent_uuid: "22a582f16f524252a6d7b747ca996a7f" member_type: VOTER last_known_addr { host: "127.7.167.129" port: 37707 } } peers { permanent_uuid: "d9b85e0f81984fd79a531456a199345f" member_type: VOTER last_known_addr { host: "127.7.167.130" port: 35929 } } peers { permanent_uuid: "1ec94ba5f07145c0a7fe88d3547109f5" member_type: VOTER last_known_addr { host: "127.7.167.131" port: 33353 } }
I20260709 13:00:35.798142  9187 raft_consensus.cc:385] T 40dc39c755284392bc3718dd78a0d28b P 1ec94ba5f07145c0a7fe88d3547109f5 [term 0 FOLLOWER]: Consensus starting up: Expiring failure detector timer to make a prompt election more likely
I20260709 13:00:35.798425  9187 raft_consensus.cc:740] T 40dc39c755284392bc3718dd78a0d28b P 1ec94ba5f07145c0a7fe88d3547109f5 [term 0 FOLLOWER]: Becoming Follower/Learner. State: Replica: 1ec94ba5f07145c0a7fe88d3547109f5, State: Initialized, Role: FOLLOWER
I20260709 13:00:35.799055  9187 consensus_queue.cc:260] T 40dc39c755284392bc3718dd78a0d28b P 1ec94ba5f07145c0a7fe88d3547109f5 [NON_LEADER]: Queue going to NON_LEADER mode. State: All replicated index: 0, Majority replicated index: 0, Committed index: 0, Last appended: 0.0, Last appended by leader: 0, Current term: 0, Majority size: -1, State: 0, Mode: NON_LEADER, active raft config: opid_index: -1 OBSOLETE_local: false peers { permanent_uuid: "22a582f16f524252a6d7b747ca996a7f" member_type: VOTER last_known_addr { host: "127.7.167.129" port: 37707 } } peers { permanent_uuid: "d9b85e0f81984fd79a531456a199345f" member_type: VOTER last_known_addr { host: "127.7.167.130" port: 35929 } } peers { permanent_uuid: "1ec94ba5f07145c0a7fe88d3547109f5" member_type: VOTER last_known_addr { host: "127.7.167.131" port: 33353 } }
I20260709 13:00:35.799438  9458 raft_consensus.cc:3060] T 939640b36cf241b1941a489a395b2f54 P d9b85e0f81984fd79a531456a199345f [term 0 FOLLOWER]: Advancing to term 1
I20260709 13:00:35.803005  9187 ts_tablet_manager.cc:1434] T 40dc39c755284392bc3718dd78a0d28b P 1ec94ba5f07145c0a7fe88d3547109f5: Time spent starting tablet: real 0.055s	user 0.009s	sys 0.000s
I20260709 13:00:35.803962  9187 tablet_bootstrap.cc:492] T 00919a00392b4dfb908faeaa48cb614c P 1ec94ba5f07145c0a7fe88d3547109f5: Bootstrap starting.
I20260709 13:00:35.804761  8991 rpcz_store.cc:275] Call kudu.consensus.ConsensusService.UpdateConsensus from 127.0.0.1:59042 (request call id 131) took 1032 ms. Trace:
I20260709 13:00:35.815775  9188 tablet_bootstrap.cc:654] T 40dc39c755284392bc3718dd78a0d28b P d9b85e0f81984fd79a531456a199345f: Neither blocks nor log segments found. Creating new log.
I20260709 13:00:35.805222  8991 rpcz_store.cc:276] 0709 13:00:34.772156 (+     0us) service_pool.cc:167] Inserting onto call queue
0709 13:00:34.772732 (+   576us) service_pool.cc:224] Handling call
0709 13:00:34.944906 (+172174us) spinlock_profiling.cc:243] Waited 3.35 ms on lock 0x7b5800002d98. stack: 00007fd63b3b1343 00007fd63b3b1240 00007fd63ad401d4 00007fd644a7e304 00007fd644a7e299 00007fd63b26bdb1 00007fd63b3abb71 00007fd63b3aba22 00007fd6442c4c09 00007fd64341eee0 00007fd6434e80ab 00007fd6434e8131 00007fd6434a9fc0 00007fd643494929 00007fd6434943d2 00007fd63ca0bbd4
0709 13:00:35.477444 (+532538us) spinlock_profiling.cc:243] Waited 11.2 ms on lock 0x7b5800002d98. stack: 00007fd63b3b1343 00007fd63b3b1240 00007fd63ad401d4 00007fd644a7e304 00007fd644a7e299 00007fd63b26bdb1 00007fd63b3abe9c 00007fd63b3aba5b 00007fd6442c4c09 00007fd64341eee0 00007fd6434e80ab 00007fd6434e8131 00007fd6434a9fc0 00007fd643494929 00007fd6434943d2 00007fd63ca0bbd4
0709 13:00:35.477606 (+   162us) raft_consensus.cc:1471] Updating replica for 1 ops
0709 13:00:35.599303 (+121697us) raft_consensus.cc:1534] Early marking committed up to index 0
0709 13:00:35.599349 (+    46us) raft_consensus.cc:1539] Triggering prepare for 1 ops
0709 13:00:35.618725 (+ 19376us) log.cc:844] Serialized 26 byte log entry
0709 13:00:35.677088 (+ 58363us) spinlock_profiling.cc:243] Waited 2.09 ms on lock 0x7b4400022b4c. stack: 00007fd63b3b1343 00007fd63b3b1240 00007fd63ad401d4 00007fd644a7e304 00007fd644a7e299 00007fd63b26bdb1 00007fd63b309c85 00007fd63b30a6a2 00007fd63e07c1db 00007fd63e077aaf 00007fd63b3c60ac 00007fd644220ab9 00007fd63b3e269b 00007fd63b3e093f 00007fd63b3e2c02 00007fd63e06a20b
0709 13:00:35.775331 (+ 98243us) raft_consensus.cc:1645] Marking committed up to 0
0709 13:00:35.777929 (+  2598us) raft_consensus.cc:1697] Filling consensus response to leader.
0709 13:00:35.780392 (+  2463us) raft_consensus.cc:1668] Waiting on the replicates to finish logging
0709 13:00:35.804572 (+ 24180us) raft_consensus.cc:1685] finished
0709 13:00:35.804595 (+    23us) raft_consensus.cc:1691] UpdateReplicas() finished
0709 13:00:35.804708 (+   113us) inbound_call.cc:177] Queueing success response
Metrics: {"raft.queue_time_us":826,"raft.run_cpu_time_us":72,"raft.run_wall_time_us":72,"spinlock_wait_cycles":38324224,"thread_start_us":103359,"threads_started":1,"wal-append.queue_time_us":146047}
I20260709 13:00:35.821159  9186 tablet_bootstrap.cc:492] T efbab03f44b54e9bb3646642de4d9d9e P 22a582f16f524252a6d7b747ca996a7f: No bootstrap required, opened a new log
I20260709 13:00:35.821794  9186 ts_tablet_manager.cc:1403] T efbab03f44b54e9bb3646642de4d9d9e P 22a582f16f524252a6d7b747ca996a7f: Time spent bootstrapping tablet: real 0.283s	user 0.024s	sys 0.024s
I20260709 13:00:35.833472  9186 raft_consensus.cc:359] T efbab03f44b54e9bb3646642de4d9d9e P 22a582f16f524252a6d7b747ca996a7f [term 0 FOLLOWER]: Replica starting. Triggering 0 pending ops. Active config: opid_index: -1 OBSOLETE_local: false peers { permanent_uuid: "22a582f16f524252a6d7b747ca996a7f" member_type: VOTER last_known_addr { host: "127.7.167.129" port: 37707 } } peers { permanent_uuid: "d9b85e0f81984fd79a531456a199345f" member_type: VOTER last_known_addr { host: "127.7.167.130" port: 35929 } } peers { permanent_uuid: "1ec94ba5f07145c0a7fe88d3547109f5" member_type: VOTER last_known_addr { host: "127.7.167.131" port: 33353 } }
I20260709 13:00:35.834170  9186 raft_consensus.cc:385] T efbab03f44b54e9bb3646642de4d9d9e P 22a582f16f524252a6d7b747ca996a7f [term 0 FOLLOWER]: Consensus starting up: Expiring failure detector timer to make a prompt election more likely
I20260709 13:00:35.834445  9186 raft_consensus.cc:740] T efbab03f44b54e9bb3646642de4d9d9e P 22a582f16f524252a6d7b747ca996a7f [term 0 FOLLOWER]: Becoming Follower/Learner. State: Replica: 22a582f16f524252a6d7b747ca996a7f, State: Initialized, Role: FOLLOWER
I20260709 13:00:35.835047  9186 consensus_queue.cc:260] T efbab03f44b54e9bb3646642de4d9d9e P 22a582f16f524252a6d7b747ca996a7f [NON_LEADER]: Queue going to NON_LEADER mode. State: All replicated index: 0, Majority replicated index: 0, Committed index: 0, Last appended: 0.0, Last appended by leader: 0, Current term: 0, Majority size: -1, State: 0, Mode: NON_LEADER, active raft config: opid_index: -1 OBSOLETE_local: false peers { permanent_uuid: "22a582f16f524252a6d7b747ca996a7f" member_type: VOTER last_known_addr { host: "127.7.167.129" port: 37707 } } peers { permanent_uuid: "d9b85e0f81984fd79a531456a199345f" member_type: VOTER last_known_addr { host: "127.7.167.130" port: 35929 } } peers { permanent_uuid: "1ec94ba5f07145c0a7fe88d3547109f5" member_type: VOTER last_known_addr { host: "127.7.167.131" port: 33353 } }
I20260709 13:00:35.837078  9186 ts_tablet_manager.cc:1434] T efbab03f44b54e9bb3646642de4d9d9e P 22a582f16f524252a6d7b747ca996a7f: Time spent starting tablet: real 0.015s	user 0.003s	sys 0.000s
I20260709 13:00:35.837327  9066 tablet_service.cc:1917] Received RequestConsensusVote() RPC: tablet_id: "7b1eb3bed4714e6f8f35657f65f2eb52" candidate_uuid: "22a582f16f524252a6d7b747ca996a7f" candidate_term: 1 candidate_status { last_received { term: 0 index: 0 } } ignore_live_leader: false dest_uuid: "d9b85e0f81984fd79a531456a199345f" is_pre_election: true
I20260709 13:00:35.837942  9186 tablet_bootstrap.cc:492] T 4ef8f3cb394a4bc1898a65891d691e19 P 22a582f16f524252a6d7b747ca996a7f: Bootstrap starting.
I20260709 13:00:35.838383  9066 raft_consensus.cc:2393] T 7b1eb3bed4714e6f8f35657f65f2eb52 P d9b85e0f81984fd79a531456a199345f [term 1 FOLLOWER]: Leader pre-election vote request: Denying vote to candidate 22a582f16f524252a6d7b747ca996a7f in current term 1: Already voted for candidate d9b85e0f81984fd79a531456a199345f in this term.
I20260709 13:00:35.855770  9489 leader_election.cc:290] T 7b1eb3bed4714e6f8f35657f65f2eb52 P 22a582f16f524252a6d7b747ca996a7f [CANDIDATE]: Term 1 pre-election: Requested pre-vote from peers d9b85e0f81984fd79a531456a199345f (127.7.167.130:35929), 1ec94ba5f07145c0a7fe88d3547109f5 (127.7.167.131:33353)
I20260709 13:00:35.857075  9140 tablet_service.cc:1917] Received RequestConsensusVote() RPC: tablet_id: "7b1eb3bed4714e6f8f35657f65f2eb52" candidate_uuid: "22a582f16f524252a6d7b747ca996a7f" candidate_term: 1 candidate_status { last_received { term: 0 index: 0 } } ignore_live_leader: false dest_uuid: "1ec94ba5f07145c0a7fe88d3547109f5" is_pre_election: true
I20260709 13:00:35.857910  9140 raft_consensus.cc:2393] T 7b1eb3bed4714e6f8f35657f65f2eb52 P 1ec94ba5f07145c0a7fe88d3547109f5 [term 1 FOLLOWER]: Leader pre-election vote request: Denying vote to candidate 22a582f16f524252a6d7b747ca996a7f in current term 1: Already voted for candidate 1ec94ba5f07145c0a7fe88d3547109f5 in this term.
I20260709 13:00:35.870819  9458 raft_consensus.cc:515] T 939640b36cf241b1941a489a395b2f54 P d9b85e0f81984fd79a531456a199345f [term 1 FOLLOWER]: Starting leader election with config: opid_index: -1 OBSOLETE_local: false peers { permanent_uuid: "22a582f16f524252a6d7b747ca996a7f" member_type: VOTER last_known_addr { host: "127.7.167.129" port: 37707 } } peers { permanent_uuid: "d9b85e0f81984fd79a531456a199345f" member_type: VOTER last_known_addr { host: "127.7.167.130" port: 35929 } } peers { permanent_uuid: "1ec94ba5f07145c0a7fe88d3547109f5" member_type: VOTER last_known_addr { host: "127.7.167.131" port: 33353 } }
I20260709 13:00:35.874296  8960 leader_election.cc:304] T 7b1eb3bed4714e6f8f35657f65f2eb52 P 22a582f16f524252a6d7b747ca996a7f [CANDIDATE]: Term 1 pre-election: Election decided. Result: candidate lost. Election summary: received 3 responses out of 3 voters: 1 yes votes; 2 no votes. yes voters: 22a582f16f524252a6d7b747ca996a7f; no voters: 1ec94ba5f07145c0a7fe88d3547109f5, d9b85e0f81984fd79a531456a199345f
I20260709 13:00:35.877058  9246 raft_consensus.cc:2749] T 83d71eb920564424b0d02212bf8c3af3 P d9b85e0f81984fd79a531456a199345f [term 1 FOLLOWER]: Leader pre-election lost for term 2. Reason: could not achieve majority
I20260709 13:00:35.879094  8992 tablet_service.cc:1917] Received RequestConsensusVote() RPC: tablet_id: "939640b36cf241b1941a489a395b2f54" candidate_uuid: "d9b85e0f81984fd79a531456a199345f" candidate_term: 1 candidate_status { last_received { term: 0 index: 0 } } ignore_live_leader: false dest_uuid: "22a582f16f524252a6d7b747ca996a7f"
I20260709 13:00:35.903205  9187 tablet_bootstrap.cc:654] T 00919a00392b4dfb908faeaa48cb614c P 1ec94ba5f07145c0a7fe88d3547109f5: Neither blocks nor log segments found. Creating new log.
W20260709 13:00:35.907223  9036 leader_election.cc:343] T 939640b36cf241b1941a489a395b2f54 P d9b85e0f81984fd79a531456a199345f [CANDIDATE]: Term 1 election: Tablet error from VoteRequest() call to peer 22a582f16f524252a6d7b747ca996a7f (127.7.167.129:37707): Illegal state: must be running to vote when last-logged opid is not known
I20260709 13:00:35.917465  9186 tablet_bootstrap.cc:654] T 4ef8f3cb394a4bc1898a65891d691e19 P 22a582f16f524252a6d7b747ca996a7f: Neither blocks nor log segments found. Creating new log.
I20260709 13:00:35.880035  9520 raft_consensus.cc:3060] T 7b1eb3bed4714e6f8f35657f65f2eb52 P 22a582f16f524252a6d7b747ca996a7f [term 0 FOLLOWER]: Advancing to term 1
I20260709 13:00:35.930896  9140 tablet_service.cc:1917] Received RequestConsensusVote() RPC: tablet_id: "939640b36cf241b1941a489a395b2f54" candidate_uuid: "d9b85e0f81984fd79a531456a199345f" candidate_term: 1 candidate_status { last_received { term: 0 index: 0 } } ignore_live_leader: false dest_uuid: "1ec94ba5f07145c0a7fe88d3547109f5"
I20260709 13:00:35.931540  9140 raft_consensus.cc:3060] T 939640b36cf241b1941a489a395b2f54 P 1ec94ba5f07145c0a7fe88d3547109f5 [term 0 FOLLOWER]: Advancing to term 1
I20260709 13:00:35.923081  9458 leader_election.cc:290] T 939640b36cf241b1941a489a395b2f54 P d9b85e0f81984fd79a531456a199345f [CANDIDATE]: Term 1 election: Requested vote from peers 22a582f16f524252a6d7b747ca996a7f (127.7.167.129:37707), 1ec94ba5f07145c0a7fe88d3547109f5 (127.7.167.131:33353)
I20260709 13:00:35.951332  9140 raft_consensus.cc:2468] T 939640b36cf241b1941a489a395b2f54 P 1ec94ba5f07145c0a7fe88d3547109f5 [term 1 FOLLOWER]: Leader election vote request: Granting yes vote for candidate d9b85e0f81984fd79a531456a199345f in term 1.
I20260709 13:00:35.954349  9035 leader_election.cc:304] T 939640b36cf241b1941a489a395b2f54 P d9b85e0f81984fd79a531456a199345f [CANDIDATE]: Term 1 election: Election decided. Result: candidate won. Election summary: received 3 responses out of 3 voters: 2 yes votes; 1 no votes. yes voters: 1ec94ba5f07145c0a7fe88d3547109f5, d9b85e0f81984fd79a531456a199345f; no voters: 22a582f16f524252a6d7b747ca996a7f
I20260709 13:00:35.957399  9520 raft_consensus.cc:2749] T 7b1eb3bed4714e6f8f35657f65f2eb52 P 22a582f16f524252a6d7b747ca996a7f [term 1 FOLLOWER]: Leader pre-election lost for term 1. Reason: could not achieve majority
I20260709 13:00:35.956430  9246 raft_consensus.cc:2804] T 939640b36cf241b1941a489a395b2f54 P d9b85e0f81984fd79a531456a199345f [term 1 FOLLOWER]: Leader election won for term 1
I20260709 13:00:35.958464  9246 raft_consensus.cc:697] T 939640b36cf241b1941a489a395b2f54 P d9b85e0f81984fd79a531456a199345f [term 1 LEADER]: Becoming Leader. State: Replica: d9b85e0f81984fd79a531456a199345f, State: Running, Role: LEADER
I20260709 13:00:35.959276  9246 consensus_queue.cc:237] T 939640b36cf241b1941a489a395b2f54 P d9b85e0f81984fd79a531456a199345f [LEADER]: Queue going to LEADER mode. State: All replicated index: 0, Majority replicated index: 0, Committed index: 0, Last appended: 0.0, Last appended by leader: 0, Current term: 1, Majority size: 2, State: 0, Mode: LEADER, active raft config: opid_index: -1 OBSOLETE_local: false peers { permanent_uuid: "22a582f16f524252a6d7b747ca996a7f" member_type: VOTER last_known_addr { host: "127.7.167.129" port: 37707 } } peers { permanent_uuid: "d9b85e0f81984fd79a531456a199345f" member_type: VOTER last_known_addr { host: "127.7.167.130" port: 35929 } } peers { permanent_uuid: "1ec94ba5f07145c0a7fe88d3547109f5" member_type: VOTER last_known_addr { host: "127.7.167.131" port: 33353 } }
I20260709 13:00:35.962247  9494 raft_consensus.cc:493] T 40dc39c755284392bc3718dd78a0d28b P 22a582f16f524252a6d7b747ca996a7f [term 0 FOLLOWER]: Starting pre-election (no leader contacted us within the election timeout)
I20260709 13:00:35.965538  9494 raft_consensus.cc:515] T 40dc39c755284392bc3718dd78a0d28b P 22a582f16f524252a6d7b747ca996a7f [term 0 FOLLOWER]: Starting pre-election with config: opid_index: -1 OBSOLETE_local: false peers { permanent_uuid: "22a582f16f524252a6d7b747ca996a7f" member_type: VOTER last_known_addr { host: "127.7.167.129" port: 37707 } } peers { permanent_uuid: "d9b85e0f81984fd79a531456a199345f" member_type: VOTER last_known_addr { host: "127.7.167.130" port: 35929 } } peers { permanent_uuid: "1ec94ba5f07145c0a7fe88d3547109f5" member_type: VOTER last_known_addr { host: "127.7.167.131" port: 33353 } }
I20260709 13:00:35.968585  9065 tablet_service.cc:1917] Received RequestConsensusVote() RPC: tablet_id: "40dc39c755284392bc3718dd78a0d28b" candidate_uuid: "22a582f16f524252a6d7b747ca996a7f" candidate_term: 1 candidate_status { last_received { term: 0 index: 0 } } ignore_live_leader: false dest_uuid: "d9b85e0f81984fd79a531456a199345f" is_pre_election: true
W20260709 13:00:35.970098  8959 leader_election.cc:343] T 40dc39c755284392bc3718dd78a0d28b P 22a582f16f524252a6d7b747ca996a7f [CANDIDATE]: Term 1 pre-election: Tablet error from VoteRequest() call to peer d9b85e0f81984fd79a531456a199345f (127.7.167.130:35929): Illegal state: must be running to vote when last-logged opid is not known
I20260709 13:00:35.971069  9494 leader_election.cc:290] T 40dc39c755284392bc3718dd78a0d28b P 22a582f16f524252a6d7b747ca996a7f [CANDIDATE]: Term 1 pre-election: Requested pre-vote from peers d9b85e0f81984fd79a531456a199345f (127.7.167.130:35929), 1ec94ba5f07145c0a7fe88d3547109f5 (127.7.167.131:33353)
I20260709 13:00:35.974427  9138 tablet_service.cc:1917] Received RequestConsensusVote() RPC: tablet_id: "40dc39c755284392bc3718dd78a0d28b" candidate_uuid: "22a582f16f524252a6d7b747ca996a7f" candidate_term: 1 candidate_status { last_received { term: 0 index: 0 } } ignore_live_leader: false dest_uuid: "1ec94ba5f07145c0a7fe88d3547109f5" is_pre_election: true
I20260709 13:00:35.976153  9188 tablet_bootstrap.cc:492] T 40dc39c755284392bc3718dd78a0d28b P d9b85e0f81984fd79a531456a199345f: No bootstrap required, opened a new log
I20260709 13:00:35.976806  9188 ts_tablet_manager.cc:1403] T 40dc39c755284392bc3718dd78a0d28b P d9b85e0f81984fd79a531456a199345f: Time spent bootstrapping tablet: real 0.372s	user 0.021s	sys 0.018s
I20260709 13:00:35.975497  9138 raft_consensus.cc:2468] T 40dc39c755284392bc3718dd78a0d28b P 1ec94ba5f07145c0a7fe88d3547109f5 [term 0 FOLLOWER]: Leader pre-election vote request: Granting yes vote for candidate 22a582f16f524252a6d7b747ca996a7f in term 0.
I20260709 13:00:35.978924  8960 leader_election.cc:304] T 40dc39c755284392bc3718dd78a0d28b P 22a582f16f524252a6d7b747ca996a7f [CANDIDATE]: Term 1 pre-election: Election decided. Result: candidate won. Election summary: received 3 responses out of 3 voters: 2 yes votes; 1 no votes. yes voters: 1ec94ba5f07145c0a7fe88d3547109f5, 22a582f16f524252a6d7b747ca996a7f; no voters: d9b85e0f81984fd79a531456a199345f
I20260709 13:00:35.980449  9494 raft_consensus.cc:2804] T 40dc39c755284392bc3718dd78a0d28b P 22a582f16f524252a6d7b747ca996a7f [term 0 FOLLOWER]: Leader pre-election won for term 1
I20260709 13:00:35.980782  9494 raft_consensus.cc:493] T 40dc39c755284392bc3718dd78a0d28b P 22a582f16f524252a6d7b747ca996a7f [term 0 FOLLOWER]: Starting leader election (no leader contacted us within the election timeout)
I20260709 13:00:35.981115  9494 raft_consensus.cc:3060] T 40dc39c755284392bc3718dd78a0d28b P 22a582f16f524252a6d7b747ca996a7f [term 0 FOLLOWER]: Advancing to term 1
I20260709 13:00:35.982493  9187 tablet_bootstrap.cc:492] T 00919a00392b4dfb908faeaa48cb614c P 1ec94ba5f07145c0a7fe88d3547109f5: No bootstrap required, opened a new log
I20260709 13:00:35.982939  9187 ts_tablet_manager.cc:1403] T 00919a00392b4dfb908faeaa48cb614c P 1ec94ba5f07145c0a7fe88d3547109f5: Time spent bootstrapping tablet: real 0.179s	user 0.015s	sys 0.021s
I20260709 13:00:35.985899  9187 raft_consensus.cc:359] T 00919a00392b4dfb908faeaa48cb614c P 1ec94ba5f07145c0a7fe88d3547109f5 [term 0 FOLLOWER]: Replica starting. Triggering 0 pending ops. Active config: opid_index: -1 OBSOLETE_local: false peers { permanent_uuid: "22a582f16f524252a6d7b747ca996a7f" member_type: VOTER last_known_addr { host: "127.7.167.129" port: 37707 } } peers { permanent_uuid: "d9b85e0f81984fd79a531456a199345f" member_type: VOTER last_known_addr { host: "127.7.167.130" port: 35929 } } peers { permanent_uuid: "1ec94ba5f07145c0a7fe88d3547109f5" member_type: VOTER last_known_addr { host: "127.7.167.131" port: 33353 } }
I20260709 13:00:35.986559  9187 raft_consensus.cc:385] T 00919a00392b4dfb908faeaa48cb614c P 1ec94ba5f07145c0a7fe88d3547109f5 [term 0 FOLLOWER]: Consensus starting up: Expiring failure detector timer to make a prompt election more likely
I20260709 13:00:35.986829  9187 raft_consensus.cc:740] T 00919a00392b4dfb908faeaa48cb614c P 1ec94ba5f07145c0a7fe88d3547109f5 [term 0 FOLLOWER]: Becoming Follower/Learner. State: Replica: 1ec94ba5f07145c0a7fe88d3547109f5, State: Initialized, Role: FOLLOWER
I20260709 13:00:35.989861  9187 consensus_queue.cc:260] T 00919a00392b4dfb908faeaa48cb614c P 1ec94ba5f07145c0a7fe88d3547109f5 [NON_LEADER]: Queue going to NON_LEADER mode. State: All replicated index: 0, Majority replicated index: 0, Committed index: 0, Last appended: 0.0, Last appended by leader: 0, Current term: 0, Majority size: -1, State: 0, Mode: NON_LEADER, active raft config: opid_index: -1 OBSOLETE_local: false peers { permanent_uuid: "22a582f16f524252a6d7b747ca996a7f" member_type: VOTER last_known_addr { host: "127.7.167.129" port: 37707 } } peers { permanent_uuid: "d9b85e0f81984fd79a531456a199345f" member_type: VOTER last_known_addr { host: "127.7.167.130" port: 35929 } } peers { permanent_uuid: "1ec94ba5f07145c0a7fe88d3547109f5" member_type: VOTER last_known_addr { host: "127.7.167.131" port: 33353 } }
I20260709 13:00:35.991890  9187 ts_tablet_manager.cc:1434] T 00919a00392b4dfb908faeaa48cb614c P 1ec94ba5f07145c0a7fe88d3547109f5: Time spent starting tablet: real 0.009s	user 0.006s	sys 0.000s
I20260709 13:00:35.992715  9187 tablet_bootstrap.cc:492] T 152cbd8a43374a9a9e07d2005a41c36a P 1ec94ba5f07145c0a7fe88d3547109f5: Bootstrap starting.
I20260709 13:00:36.001258  8893 rpcz_store.cc:275] Call kudu.master.MasterService.TSHeartbeat from 127.0.0.1:38546 (request call id 63) took 1442 ms. Trace:
I20260709 13:00:36.001825  8892 rpcz_store.cc:275] Call kudu.master.MasterService.TSHeartbeat from 127.0.0.1:38566 (request call id 71) took 1637 ms. Trace:
I20260709 13:00:36.002115  8892 rpcz_store.cc:276] 0709 13:00:34.355916 (+     0us) service_pool.cc:167] Inserting onto call queue
0709 13:00:34.356076 (+   160us) service_pool.cc:224] Handling call
0709 13:00:35.993096 (+1637020us) inbound_call.cc:177] Queueing success response
Metrics: {"reported_tablets":4}
I20260709 13:00:36.013669  9188 raft_consensus.cc:359] T 40dc39c755284392bc3718dd78a0d28b P d9b85e0f81984fd79a531456a199345f [term 0 FOLLOWER]: Replica starting. Triggering 0 pending ops. Active config: opid_index: -1 OBSOLETE_local: false peers { permanent_uuid: "22a582f16f524252a6d7b747ca996a7f" member_type: VOTER last_known_addr { host: "127.7.167.129" port: 37707 } } peers { permanent_uuid: "d9b85e0f81984fd79a531456a199345f" member_type: VOTER last_known_addr { host: "127.7.167.130" port: 35929 } } peers { permanent_uuid: "1ec94ba5f07145c0a7fe88d3547109f5" member_type: VOTER last_known_addr { host: "127.7.167.131" port: 33353 } }
I20260709 13:00:36.014820  9188 raft_consensus.cc:385] T 40dc39c755284392bc3718dd78a0d28b P d9b85e0f81984fd79a531456a199345f [term 0 FOLLOWER]: Consensus starting up: Expiring failure detector timer to make a prompt election more likely
I20260709 13:00:36.015093  9188 raft_consensus.cc:740] T 40dc39c755284392bc3718dd78a0d28b P d9b85e0f81984fd79a531456a199345f [term 0 FOLLOWER]: Becoming Follower/Learner. State: Replica: d9b85e0f81984fd79a531456a199345f, State: Initialized, Role: FOLLOWER
I20260709 13:00:36.015671  9188 consensus_queue.cc:260] T 40dc39c755284392bc3718dd78a0d28b P d9b85e0f81984fd79a531456a199345f [NON_LEADER]: Queue going to NON_LEADER mode. State: All replicated index: 0, Majority replicated index: 0, Committed index: 0, Last appended: 0.0, Last appended by leader: 0, Current term: 0, Majority size: -1, State: 0, Mode: NON_LEADER, active raft config: opid_index: -1 OBSOLETE_local: false peers { permanent_uuid: "22a582f16f524252a6d7b747ca996a7f" member_type: VOTER last_known_addr { host: "127.7.167.129" port: 37707 } } peers { permanent_uuid: "d9b85e0f81984fd79a531456a199345f" member_type: VOTER last_known_addr { host: "127.7.167.130" port: 35929 } } peers { permanent_uuid: "1ec94ba5f07145c0a7fe88d3547109f5" member_type: VOTER last_known_addr { host: "127.7.167.131" port: 33353 } }
I20260709 13:00:36.017701  9188 ts_tablet_manager.cc:1434] T 40dc39c755284392bc3718dd78a0d28b P d9b85e0f81984fd79a531456a199345f: Time spent starting tablet: real 0.041s	user 0.005s	sys 0.000s
I20260709 13:00:36.018268  9494 raft_consensus.cc:515] T 40dc39c755284392bc3718dd78a0d28b P 22a582f16f524252a6d7b747ca996a7f [term 1 FOLLOWER]: Starting leader election with config: opid_index: -1 OBSOLETE_local: false peers { permanent_uuid: "22a582f16f524252a6d7b747ca996a7f" member_type: VOTER last_known_addr { host: "127.7.167.129" port: 37707 } } peers { permanent_uuid: "d9b85e0f81984fd79a531456a199345f" member_type: VOTER last_known_addr { host: "127.7.167.130" port: 35929 } } peers { permanent_uuid: "1ec94ba5f07145c0a7fe88d3547109f5" member_type: VOTER last_known_addr { host: "127.7.167.131" port: 33353 } }
I20260709 13:00:36.020309  9494 leader_election.cc:290] T 40dc39c755284392bc3718dd78a0d28b P 22a582f16f524252a6d7b747ca996a7f [CANDIDATE]: Term 1 election: Requested vote from peers d9b85e0f81984fd79a531456a199345f (127.7.167.130:35929), 1ec94ba5f07145c0a7fe88d3547109f5 (127.7.167.131:33353)
I20260709 13:00:36.021696  9140 tablet_service.cc:1917] Received RequestConsensusVote() RPC: tablet_id: "40dc39c755284392bc3718dd78a0d28b" candidate_uuid: "22a582f16f524252a6d7b747ca996a7f" candidate_term: 1 candidate_status { last_received { term: 0 index: 0 } } ignore_live_leader: false dest_uuid: "1ec94ba5f07145c0a7fe88d3547109f5"
I20260709 13:00:36.022274  9140 raft_consensus.cc:3060] T 40dc39c755284392bc3718dd78a0d28b P 1ec94ba5f07145c0a7fe88d3547109f5 [term 0 FOLLOWER]: Advancing to term 1
I20260709 13:00:36.022372  9065 tablet_service.cc:1917] Received RequestConsensusVote() RPC: tablet_id: "40dc39c755284392bc3718dd78a0d28b" candidate_uuid: "22a582f16f524252a6d7b747ca996a7f" candidate_term: 1 candidate_status { last_received { term: 0 index: 0 } } ignore_live_leader: false dest_uuid: "d9b85e0f81984fd79a531456a199345f"
I20260709 13:00:36.023149  9065 raft_consensus.cc:3060] T 40dc39c755284392bc3718dd78a0d28b P d9b85e0f81984fd79a531456a199345f [term 0 FOLLOWER]: Advancing to term 1
I20260709 13:00:36.001636  8893 rpcz_store.cc:276] 0709 13:00:34.569909 (+     0us) service_pool.cc:167] Inserting onto call queue
0709 13:00:34.577712 (+  7803us) service_pool.cc:224] Handling call
0709 13:00:35.996441 (+1418729us) inbound_call.cc:177] Queueing success response
Related trace 'op':
0709 13:00:35.410138 (+     0us) write_op.cc:183] PREPARE: starting on tablet 00000000000000000000000000000000
0709 13:00:35.492532 (+ 82394us) write_op.cc:432] Acquiring schema lock in shared mode
0709 13:00:35.493364 (+   832us) write_op.cc:435] Acquired schema lock
0709 13:00:35.493380 (+    16us) tablet.cc:662] Decoding operations
0709 13:00:35.537737 (+ 44357us) write_op.cc:620] Acquiring the partition lock for write op
0709 13:00:35.539659 (+  1922us) write_op.cc:641] Partition lock acquired for write op
0709 13:00:35.541637 (+  1978us) tablet.cc:685] Acquiring locks for 1 operations
0709 13:00:35.549573 (+  7936us) tablet.cc:701] Row locks acquired
0709 13:00:35.549591 (+    18us) write_op.cc:260] PREPARE: finished
0709 13:00:35.549718 (+   127us) write_op.cc:270] Start()
0709 13:00:35.549823 (+   105us) write_op.cc:276] Timestamp: P: 1783602035549680 usec, L: 0
0709 13:00:35.549839 (+    16us) op_driver.cc:348] REPLICATION: starting
0709 13:00:35.550522 (+   683us) log.cc:844] Serialized 540 byte log entry
0709 13:00:35.840163 (+289641us) op_driver.cc:464] REPLICATION: finished
0709 13:00:35.939825 (+ 99662us) write_op.cc:301] APPLY: starting
0709 13:00:35.940954 (+  1129us) tablet.cc:1367] starting BulkCheckPresence
0709 13:00:35.951003 (+ 10049us) tablet.cc:1370] finished BulkCheckPresence
0709 13:00:35.973199 (+ 22196us) tablet.cc:1372] starting ApplyRowOperation cycle
0709 13:00:35.974410 (+  1211us) tablet.cc:1383] finished ApplyRowOperation cycle
0709 13:00:35.974553 (+   143us) tablet_metrics.cc:581] ProbeStats: bloom_lookups=0,key_file_lookups=0,delta_file_lookups=0,mrs_lookups=1
0709 13:00:35.974594 (+    41us) write_op.cc:312] APPLY: finished
0709 13:00:35.979390 (+  4796us) log.cc:844] Serialized 22 byte log entry
0709 13:00:35.979573 (+   183us) write_op.cc:489] Releasing partition, row and schema locks
0709 13:00:35.979647 (+    74us) write_op.cc:454] Released schema lock
0709 13:00:35.979680 (+    33us) write_op.cc:341] FINISH: Updating metrics
0709 13:00:35.980006 (+   326us) write_op.cc:489] Releasing partition, row and schema locks
0709 13:00:35.980034 (+    28us) write_op.cc:454] Released schema lock
Metrics: {"reported_tablets":5,"child_traces":[["op",{"apply.queue_time_us":87590,"apply.run_cpu_time_us":2190,"apply.run_wall_time_us":51970,"num_ops":1,"prepare.queue_time_us":573429,"prepare.run_cpu_time_us":11146,"prepare.run_wall_time_us":190400,"raft.queue_time_us":115685,"raft.run_cpu_time_us":9032,"raft.run_wall_time_us":80334,"replication_time_us":259427,"thread_start_us":245368,"threads_started":4,"wal-append.queue_time_us":42063}]]}
I20260709 13:00:36.036099  9186 tablet_bootstrap.cc:492] T 4ef8f3cb394a4bc1898a65891d691e19 P 22a582f16f524252a6d7b747ca996a7f: No bootstrap required, opened a new log
I20260709 13:00:36.039034  9186 ts_tablet_manager.cc:1403] T 4ef8f3cb394a4bc1898a65891d691e19 P 22a582f16f524252a6d7b747ca996a7f: Time spent bootstrapping tablet: real 0.201s	user 0.018s	sys 0.013s
I20260709 13:00:36.042703  9186 raft_consensus.cc:359] T 4ef8f3cb394a4bc1898a65891d691e19 P 22a582f16f524252a6d7b747ca996a7f [term 0 FOLLOWER]: Replica starting. Triggering 0 pending ops. Active config: opid_index: -1 OBSOLETE_local: false peers { permanent_uuid: "22a582f16f524252a6d7b747ca996a7f" member_type: VOTER last_known_addr { host: "127.7.167.129" port: 37707 } } peers { permanent_uuid: "d9b85e0f81984fd79a531456a199345f" member_type: VOTER last_known_addr { host: "127.7.167.130" port: 35929 } } peers { permanent_uuid: "1ec94ba5f07145c0a7fe88d3547109f5" member_type: VOTER last_known_addr { host: "127.7.167.131" port: 33353 } }
I20260709 13:00:36.043359  9186 raft_consensus.cc:385] T 4ef8f3cb394a4bc1898a65891d691e19 P 22a582f16f524252a6d7b747ca996a7f [term 0 FOLLOWER]: Consensus starting up: Expiring failure detector timer to make a prompt election more likely
I20260709 13:00:36.043627  9186 raft_consensus.cc:740] T 4ef8f3cb394a4bc1898a65891d691e19 P 22a582f16f524252a6d7b747ca996a7f [term 0 FOLLOWER]: Becoming Follower/Learner. State: Replica: 22a582f16f524252a6d7b747ca996a7f, State: Initialized, Role: FOLLOWER
I20260709 13:00:36.044211  9186 consensus_queue.cc:260] T 4ef8f3cb394a4bc1898a65891d691e19 P 22a582f16f524252a6d7b747ca996a7f [NON_LEADER]: Queue going to NON_LEADER mode. State: All replicated index: 0, Majority replicated index: 0, Committed index: 0, Last appended: 0.0, Last appended by leader: 0, Current term: 0, Majority size: -1, State: 0, Mode: NON_LEADER, active raft config: opid_index: -1 OBSOLETE_local: false peers { permanent_uuid: "22a582f16f524252a6d7b747ca996a7f" member_type: VOTER last_known_addr { host: "127.7.167.129" port: 37707 } } peers { permanent_uuid: "d9b85e0f81984fd79a531456a199345f" member_type: VOTER last_known_addr { host: "127.7.167.130" port: 35929 } } peers { permanent_uuid: "1ec94ba5f07145c0a7fe88d3547109f5" member_type: VOTER last_known_addr { host: "127.7.167.131" port: 33353 } }
