I20260709 13:00:01.193400  8167 ts_tablet_manager.cc:1434] T 65dbdebc40334e709bc82c8ee6079f81 P e68b36fc702b450aaab4f7e709f01162: Time spent starting tablet: real 0.015s	user 0.009s	sys 0.000s
I20260709 13:00:01.195286  8167 tablet_bootstrap.cc:492] T 4c18dcb19dcf4250acbc3d180c8fceb8 P e68b36fc702b450aaab4f7e709f01162: Bootstrap starting.
I20260709 13:00:01.195484  8165 consensus_queue.cc:260] T a62e663aca754e02b9a13c13bed8e48a P 724cc53cf3604e3697a52068b7e86804 [NON_LEADER]: Queue going to NON_LEADER mode. State: All replicated index: 0, Majority replicated index: 0, Committed index: 0, Last appended: 0.0, Last appended by leader: 0, Current term: 0, Majority size: -1, State: 0, Mode: NON_LEADER, active raft config: opid_index: -1 OBSOLETE_local: false peers { permanent_uuid: "e68b36fc702b450aaab4f7e709f01162" member_type: VOTER last_known_addr { host: "127.7.167.129" port: 35549 } } peers { permanent_uuid: "724cc53cf3604e3697a52068b7e86804" member_type: VOTER last_known_addr { host: "127.7.167.130" port: 38943 } } peers { permanent_uuid: "20e753d0f4984e87917e870e9d9881e7" member_type: VOTER last_known_addr { host: "127.7.167.131" port: 33333 } }
I20260709 13:00:01.198989  8073 heartbeater.cc:499] Master 127.7.167.190:40203 was elected leader, sending a full tablet report...
I20260709 13:00:01.200032  8165 ts_tablet_manager.cc:1434] T a62e663aca754e02b9a13c13bed8e48a P 724cc53cf3604e3697a52068b7e86804: Time spent starting tablet: real 0.011s	user 0.007s	sys 0.001s
I20260709 13:00:01.200920  8165 tablet_bootstrap.cc:492] T a8f023b1525c495888f47a6aa69f8a1f P 724cc53cf3604e3697a52068b7e86804: Bootstrap starting.
I20260709 13:00:01.204270  8167 tablet_bootstrap.cc:654] T 4c18dcb19dcf4250acbc3d180c8fceb8 P e68b36fc702b450aaab4f7e709f01162: Neither blocks nor log segments found. Creating new log.
I20260709 13:00:01.202518  8171 raft_consensus.cc:493] T ba92e2982e584d1ebbb44240ccf1f412 P 20e753d0f4984e87917e870e9d9881e7 [term 0 FOLLOWER]: Starting pre-election (no leader contacted us within the election timeout)
I20260709 13:00:01.202700  8147 heartbeater.cc:499] Master 127.7.167.190:40203 was elected leader, sending a full tablet report...
I20260709 13:00:01.203260  8166 ts_tablet_manager.cc:1434] T ba92e2982e584d1ebbb44240ccf1f412 P 20e753d0f4984e87917e870e9d9881e7: Time spent starting tablet: real 0.035s	user 0.019s	sys 0.008s
I20260709 13:00:01.210181  8166 tablet_bootstrap.cc:492] T 4d0d58c3b5a64f109dfa631cfe8067e3 P 20e753d0f4984e87917e870e9d9881e7: Bootstrap starting.
I20260709 13:00:01.211373  8171 raft_consensus.cc:515] T ba92e2982e584d1ebbb44240ccf1f412 P 20e753d0f4984e87917e870e9d9881e7 [term 0 FOLLOWER]: Starting pre-election with config: opid_index: -1 OBSOLETE_local: false peers { permanent_uuid: "e68b36fc702b450aaab4f7e709f01162" member_type: VOTER last_known_addr { host: "127.7.167.129" port: 35549 } } peers { permanent_uuid: "724cc53cf3604e3697a52068b7e86804" member_type: VOTER last_known_addr { host: "127.7.167.130" port: 38943 } } peers { permanent_uuid: "20e753d0f4984e87917e870e9d9881e7" member_type: VOTER last_known_addr { host: "127.7.167.131" port: 33333 } }
I20260709 13:00:01.216439  8165 tablet_bootstrap.cc:654] T a8f023b1525c495888f47a6aa69f8a1f P 724cc53cf3604e3697a52068b7e86804: Neither blocks nor log segments found. Creating new log.
I20260709 13:00:01.217429  8166 tablet_bootstrap.cc:654] T 4d0d58c3b5a64f109dfa631cfe8067e3 P 20e753d0f4984e87917e870e9d9881e7: Neither blocks nor log segments found. Creating new log.
I20260709 13:00:01.229207  8171 leader_election.cc:290] T ba92e2982e584d1ebbb44240ccf1f412 P 20e753d0f4984e87917e870e9d9881e7 [CANDIDATE]: Term 1 pre-election: Requested pre-vote from peers e68b36fc702b450aaab4f7e709f01162 (127.7.167.129:35549), 724cc53cf3604e3697a52068b7e86804 (127.7.167.130:38943)
I20260709 13:00:01.233204  8166 tablet_bootstrap.cc:492] T 4d0d58c3b5a64f109dfa631cfe8067e3 P 20e753d0f4984e87917e870e9d9881e7: No bootstrap required, opened a new log
I20260709 13:00:01.233793  8166 ts_tablet_manager.cc:1403] T 4d0d58c3b5a64f109dfa631cfe8067e3 P 20e753d0f4984e87917e870e9d9881e7: Time spent bootstrapping tablet: real 0.024s	user 0.006s	sys 0.007s
I20260709 13:00:01.236860  8166 raft_consensus.cc:359] T 4d0d58c3b5a64f109dfa631cfe8067e3 P 20e753d0f4984e87917e870e9d9881e7 [term 0 FOLLOWER]: Replica starting. Triggering 0 pending ops. Active config: opid_index: -1 OBSOLETE_local: false peers { permanent_uuid: "e68b36fc702b450aaab4f7e709f01162" member_type: VOTER last_known_addr { host: "127.7.167.129" port: 35549 } } peers { permanent_uuid: "724cc53cf3604e3697a52068b7e86804" member_type: VOTER last_known_addr { host: "127.7.167.130" port: 38943 } } peers { permanent_uuid: "20e753d0f4984e87917e870e9d9881e7" member_type: VOTER last_known_addr { host: "127.7.167.131" port: 33333 } }
I20260709 13:00:01.237658  8166 raft_consensus.cc:385] T 4d0d58c3b5a64f109dfa631cfe8067e3 P 20e753d0f4984e87917e870e9d9881e7 [term 0 FOLLOWER]: Consensus starting up: Expiring failure detector timer to make a prompt election more likely
I20260709 13:00:01.238025  8166 raft_consensus.cc:740] T 4d0d58c3b5a64f109dfa631cfe8067e3 P 20e753d0f4984e87917e870e9d9881e7 [term 0 FOLLOWER]: Becoming Follower/Learner. State: Replica: 20e753d0f4984e87917e870e9d9881e7, State: Initialized, Role: FOLLOWER
I20260709 13:00:01.239343  8166 consensus_queue.cc:260] T 4d0d58c3b5a64f109dfa631cfe8067e3 P 20e753d0f4984e87917e870e9d9881e7 [NON_LEADER]: Queue going to NON_LEADER mode. State: All replicated index: 0, Majority replicated index: 0, Committed index: 0, Last appended: 0.0, Last appended by leader: 0, Current term: 0, Majority size: -1, State: 0, Mode: NON_LEADER, active raft config: opid_index: -1 OBSOLETE_local: false peers { permanent_uuid: "e68b36fc702b450aaab4f7e709f01162" member_type: VOTER last_known_addr { host: "127.7.167.129" port: 35549 } } peers { permanent_uuid: "724cc53cf3604e3697a52068b7e86804" member_type: VOTER last_known_addr { host: "127.7.167.130" port: 38943 } } peers { permanent_uuid: "20e753d0f4984e87917e870e9d9881e7" member_type: VOTER last_known_addr { host: "127.7.167.131" port: 33333 } }
I20260709 13:00:01.241644  8166 ts_tablet_manager.cc:1434] T 4d0d58c3b5a64f109dfa631cfe8067e3 P 20e753d0f4984e87917e870e9d9881e7: Time spent starting tablet: real 0.007s	user 0.001s	sys 0.006s
I20260709 13:00:01.242794  8166 tablet_bootstrap.cc:492] T c78697e0de4b4e04aeaf986707cf14d1 P 20e753d0f4984e87917e870e9d9881e7: Bootstrap starting.
I20260709 13:00:01.247145  8165 tablet_bootstrap.cc:492] T a8f023b1525c495888f47a6aa69f8a1f P 724cc53cf3604e3697a52068b7e86804: No bootstrap required, opened a new log
I20260709 13:00:01.244006  8167 tablet_bootstrap.cc:492] T 4c18dcb19dcf4250acbc3d180c8fceb8 P e68b36fc702b450aaab4f7e709f01162: No bootstrap required, opened a new log
I20260709 13:00:01.247622  8165 ts_tablet_manager.cc:1403] T a8f023b1525c495888f47a6aa69f8a1f P 724cc53cf3604e3697a52068b7e86804: Time spent bootstrapping tablet: real 0.047s	user 0.012s	sys 0.000s
I20260709 13:00:01.247692  8167 ts_tablet_manager.cc:1403] T 4c18dcb19dcf4250acbc3d180c8fceb8 P e68b36fc702b450aaab4f7e709f01162: Time spent bootstrapping tablet: real 0.053s	user 0.015s	sys 0.018s
I20260709 13:00:01.250785  8167 raft_consensus.cc:359] T 4c18dcb19dcf4250acbc3d180c8fceb8 P e68b36fc702b450aaab4f7e709f01162 [term 0 FOLLOWER]: Replica starting. Triggering 0 pending ops. Active config: opid_index: -1 OBSOLETE_local: false peers { permanent_uuid: "20e753d0f4984e87917e870e9d9881e7" member_type: VOTER last_known_addr { host: "127.7.167.131" port: 33333 } } peers { permanent_uuid: "724cc53cf3604e3697a52068b7e86804" member_type: VOTER last_known_addr { host: "127.7.167.130" port: 38943 } } peers { permanent_uuid: "e68b36fc702b450aaab4f7e709f01162" member_type: VOTER last_known_addr { host: "127.7.167.129" port: 35549 } }
I20260709 13:00:01.252013  8167 raft_consensus.cc:385] T 4c18dcb19dcf4250acbc3d180c8fceb8 P e68b36fc702b450aaab4f7e709f01162 [term 0 FOLLOWER]: Consensus starting up: Expiring failure detector timer to make a prompt election more likely
I20260709 13:00:01.252381  8167 raft_consensus.cc:740] T 4c18dcb19dcf4250acbc3d180c8fceb8 P e68b36fc702b450aaab4f7e709f01162 [term 0 FOLLOWER]: Becoming Follower/Learner. State: Replica: e68b36fc702b450aaab4f7e709f01162, State: Initialized, Role: FOLLOWER
I20260709 13:00:01.250933  8165 raft_consensus.cc:359] T a8f023b1525c495888f47a6aa69f8a1f P 724cc53cf3604e3697a52068b7e86804 [term 0 FOLLOWER]: Replica starting. Triggering 0 pending ops. Active config: opid_index: -1 OBSOLETE_local: false peers { permanent_uuid: "e68b36fc702b450aaab4f7e709f01162" member_type: VOTER last_known_addr { host: "127.7.167.129" port: 35549 } } peers { permanent_uuid: "724cc53cf3604e3697a52068b7e86804" member_type: VOTER last_known_addr { host: "127.7.167.130" port: 38943 } } peers { permanent_uuid: "20e753d0f4984e87917e870e9d9881e7" member_type: VOTER last_known_addr { host: "127.7.167.131" port: 33333 } }
I20260709 13:00:01.253436  8165 raft_consensus.cc:385] T a8f023b1525c495888f47a6aa69f8a1f P 724cc53cf3604e3697a52068b7e86804 [term 0 FOLLOWER]: Consensus starting up: Expiring failure detector timer to make a prompt election more likely
I20260709 13:00:01.253806  8165 raft_consensus.cc:740] T a8f023b1525c495888f47a6aa69f8a1f P 724cc53cf3604e3697a52068b7e86804 [term 0 FOLLOWER]: Becoming Follower/Learner. State: Replica: 724cc53cf3604e3697a52068b7e86804, State: Initialized, Role: FOLLOWER
I20260709 13:00:01.253381  8167 consensus_queue.cc:260] T 4c18dcb19dcf4250acbc3d180c8fceb8 P e68b36fc702b450aaab4f7e709f01162 [NON_LEADER]: Queue going to NON_LEADER mode. State: All replicated index: 0, Majority replicated index: 0, Committed index: 0, Last appended: 0.0, Last appended by leader: 0, Current term: 0, Majority size: -1, State: 0, Mode: NON_LEADER, active raft config: opid_index: -1 OBSOLETE_local: false peers { permanent_uuid: "20e753d0f4984e87917e870e9d9881e7" member_type: VOTER last_known_addr { host: "127.7.167.131" port: 33333 } } peers { permanent_uuid: "724cc53cf3604e3697a52068b7e86804" member_type: VOTER last_known_addr { host: "127.7.167.130" port: 38943 } } peers { permanent_uuid: "e68b36fc702b450aaab4f7e709f01162" member_type: VOTER last_known_addr { host: "127.7.167.129" port: 35549 } }
I20260709 13:00:01.258507  8167 ts_tablet_manager.cc:1434] T 4c18dcb19dcf4250acbc3d180c8fceb8 P e68b36fc702b450aaab4f7e709f01162: Time spent starting tablet: real 0.010s	user 0.005s	sys 0.000s
I20260709 13:00:01.259500  8167 tablet_bootstrap.cc:492] T ba92e2982e584d1ebbb44240ccf1f412 P e68b36fc702b450aaab4f7e709f01162: Bootstrap starting.
I20260709 13:00:01.259181  8165 consensus_queue.cc:260] T a8f023b1525c495888f47a6aa69f8a1f P 724cc53cf3604e3697a52068b7e86804 [NON_LEADER]: Queue going to NON_LEADER mode. State: All replicated index: 0, Majority replicated index: 0, Committed index: 0, Last appended: 0.0, Last appended by leader: 0, Current term: 0, Majority size: -1, State: 0, Mode: NON_LEADER, active raft config: opid_index: -1 OBSOLETE_local: false peers { permanent_uuid: "e68b36fc702b450aaab4f7e709f01162" member_type: VOTER last_known_addr { host: "127.7.167.129" port: 35549 } } peers { permanent_uuid: "724cc53cf3604e3697a52068b7e86804" member_type: VOTER last_known_addr { host: "127.7.167.130" port: 38943 } } peers { permanent_uuid: "20e753d0f4984e87917e870e9d9881e7" member_type: VOTER last_known_addr { host: "127.7.167.131" port: 33333 } }
I20260709 13:00:01.261498  8166 tablet_bootstrap.cc:654] T c78697e0de4b4e04aeaf986707cf14d1 P 20e753d0f4984e87917e870e9d9881e7: Neither blocks nor log segments found. Creating new log.
I20260709 13:00:01.270347  8165 ts_tablet_manager.cc:1434] T a8f023b1525c495888f47a6aa69f8a1f P 724cc53cf3604e3697a52068b7e86804: Time spent starting tablet: real 0.022s	user 0.005s	sys 0.003s
I20260709 13:00:01.272151  8165 tablet_bootstrap.cc:492] T 4c18dcb19dcf4250acbc3d180c8fceb8 P 724cc53cf3604e3697a52068b7e86804: Bootstrap starting.
I20260709 13:00:01.272611  7973 tablet_service.cc:1917] Received RequestConsensusVote() RPC: tablet_id: "ba92e2982e584d1ebbb44240ccf1f412" candidate_uuid: "20e753d0f4984e87917e870e9d9881e7" candidate_term: 1 candidate_status { last_received { term: 0 index: 0 } } ignore_live_leader: false dest_uuid: "e68b36fc702b450aaab4f7e709f01162" is_pre_election: true
W20260709 13:00:01.278118  8087 leader_election.cc:343] T ba92e2982e584d1ebbb44240ccf1f412 P 20e753d0f4984e87917e870e9d9881e7 [CANDIDATE]: Term 1 pre-election: Tablet error from VoteRequest() call to peer e68b36fc702b450aaab4f7e709f01162 (127.7.167.129:35549): Illegal state: must be running to vote when last-logged opid is not known
I20260709 13:00:01.279587  8048 tablet_service.cc:1917] Received RequestConsensusVote() RPC: tablet_id: "ba92e2982e584d1ebbb44240ccf1f412" candidate_uuid: "20e753d0f4984e87917e870e9d9881e7" candidate_term: 1 candidate_status { last_received { term: 0 index: 0 } } ignore_live_leader: false dest_uuid: "724cc53cf3604e3697a52068b7e86804" is_pre_election: true
I20260709 13:00:01.275610  8167 tablet_bootstrap.cc:654] T ba92e2982e584d1ebbb44240ccf1f412 P e68b36fc702b450aaab4f7e709f01162: Neither blocks nor log segments found. Creating new log.
W20260709 13:00:01.281061  8087 leader_election.cc:343] T ba92e2982e584d1ebbb44240ccf1f412 P 20e753d0f4984e87917e870e9d9881e7 [CANDIDATE]: Term 1 pre-election: Tablet error from VoteRequest() call to peer 724cc53cf3604e3697a52068b7e86804 (127.7.167.130:38943): Illegal state: must be running to vote when last-logged opid is not known
I20260709 13:00:01.281430  8165 tablet_bootstrap.cc:654] T 4c18dcb19dcf4250acbc3d180c8fceb8 P 724cc53cf3604e3697a52068b7e86804: Neither blocks nor log segments found. Creating new log.
I20260709 13:00:01.281512  8087 leader_election.cc:304] T ba92e2982e584d1ebbb44240ccf1f412 P 20e753d0f4984e87917e870e9d9881e7 [CANDIDATE]: Term 1 pre-election: Election decided. Result: candidate lost. Election summary: received 3 responses out of 3 voters: 1 yes votes; 2 no votes. yes voters: 20e753d0f4984e87917e870e9d9881e7; no voters: 724cc53cf3604e3697a52068b7e86804, e68b36fc702b450aaab4f7e709f01162
I20260709 13:00:01.282538  8171 raft_consensus.cc:2749] T ba92e2982e584d1ebbb44240ccf1f412 P 20e753d0f4984e87917e870e9d9881e7 [term 0 FOLLOWER]: Leader pre-election lost for term 1. Reason: could not achieve majority
I20260709 13:00:01.286216  8166 tablet_bootstrap.cc:492] T c78697e0de4b4e04aeaf986707cf14d1 P 20e753d0f4984e87917e870e9d9881e7: No bootstrap required, opened a new log
I20260709 13:00:01.286924  8166 ts_tablet_manager.cc:1403] T c78697e0de4b4e04aeaf986707cf14d1 P 20e753d0f4984e87917e870e9d9881e7: Time spent bootstrapping tablet: real 0.044s	user 0.011s	sys 0.002s
I20260709 13:00:01.294767  8166 raft_consensus.cc:359] T c78697e0de4b4e04aeaf986707cf14d1 P 20e753d0f4984e87917e870e9d9881e7 [term 0 FOLLOWER]: Replica starting. Triggering 0 pending ops. Active config: opid_index: -1 OBSOLETE_local: false peers { permanent_uuid: "e68b36fc702b450aaab4f7e709f01162" member_type: VOTER last_known_addr { host: "127.7.167.129" port: 35549 } } peers { permanent_uuid: "724cc53cf3604e3697a52068b7e86804" member_type: VOTER last_known_addr { host: "127.7.167.130" port: 38943 } } peers { permanent_uuid: "20e753d0f4984e87917e870e9d9881e7" member_type: VOTER last_known_addr { host: "127.7.167.131" port: 33333 } }
I20260709 13:00:01.295897  8166 raft_consensus.cc:385] T c78697e0de4b4e04aeaf986707cf14d1 P 20e753d0f4984e87917e870e9d9881e7 [term 0 FOLLOWER]: Consensus starting up: Expiring failure detector timer to make a prompt election more likely
I20260709 13:00:01.296383  8166 raft_consensus.cc:740] T c78697e0de4b4e04aeaf986707cf14d1 P 20e753d0f4984e87917e870e9d9881e7 [term 0 FOLLOWER]: Becoming Follower/Learner. State: Replica: 20e753d0f4984e87917e870e9d9881e7, State: Initialized, Role: FOLLOWER
I20260709 13:00:01.297474  8166 consensus_queue.cc:260] T c78697e0de4b4e04aeaf986707cf14d1 P 20e753d0f4984e87917e870e9d9881e7 [NON_LEADER]: Queue going to NON_LEADER mode. State: All replicated index: 0, Majority replicated index: 0, Committed index: 0, Last appended: 0.0, Last appended by leader: 0, Current term: 0, Majority size: -1, State: 0, Mode: NON_LEADER, active raft config: opid_index: -1 OBSOLETE_local: false peers { permanent_uuid: "e68b36fc702b450aaab4f7e709f01162" member_type: VOTER last_known_addr { host: "127.7.167.129" port: 35549 } } peers { permanent_uuid: "724cc53cf3604e3697a52068b7e86804" member_type: VOTER last_known_addr { host: "127.7.167.130" port: 38943 } } peers { permanent_uuid: "20e753d0f4984e87917e870e9d9881e7" member_type: VOTER last_known_addr { host: "127.7.167.131" port: 33333 } }
I20260709 13:00:01.301739  8165 tablet_bootstrap.cc:492] T 4c18dcb19dcf4250acbc3d180c8fceb8 P 724cc53cf3604e3697a52068b7e86804: No bootstrap required, opened a new log
I20260709 13:00:01.302238  8165 ts_tablet_manager.cc:1403] T 4c18dcb19dcf4250acbc3d180c8fceb8 P 724cc53cf3604e3697a52068b7e86804: Time spent bootstrapping tablet: real 0.030s	user 0.008s	sys 0.016s
I20260709 13:00:01.302405  8166 ts_tablet_manager.cc:1434] T c78697e0de4b4e04aeaf986707cf14d1 P 20e753d0f4984e87917e870e9d9881e7: Time spent starting tablet: real 0.015s	user 0.007s	sys 0.001s
W20260709 13:00:01.304774  8148 tablet.cc:2406] T 4d0d58c3b5a64f109dfa631cfe8067e3 P 20e753d0f4984e87917e870e9d9881e7: Can't schedule compaction. Clean time has not been advanced past its initial value.
I20260709 13:00:01.305166  8165 raft_consensus.cc:359] T 4c18dcb19dcf4250acbc3d180c8fceb8 P 724cc53cf3604e3697a52068b7e86804 [term 0 FOLLOWER]: Replica starting. Triggering 0 pending ops. Active config: opid_index: -1 OBSOLETE_local: false peers { permanent_uuid: "20e753d0f4984e87917e870e9d9881e7" member_type: VOTER last_known_addr { host: "127.7.167.131" port: 33333 } } peers { permanent_uuid: "724cc53cf3604e3697a52068b7e86804" member_type: VOTER last_known_addr { host: "127.7.167.130" port: 38943 } } peers { permanent_uuid: "e68b36fc702b450aaab4f7e709f01162" member_type: VOTER last_known_addr { host: "127.7.167.129" port: 35549 } }
I20260709 13:00:01.305899  8165 raft_consensus.cc:385] T 4c18dcb19dcf4250acbc3d180c8fceb8 P 724cc53cf3604e3697a52068b7e86804 [term 0 FOLLOWER]: Consensus starting up: Expiring failure detector timer to make a prompt election more likely
I20260709 13:00:01.306185  8165 raft_consensus.cc:740] T 4c18dcb19dcf4250acbc3d180c8fceb8 P 724cc53cf3604e3697a52068b7e86804 [term 0 FOLLOWER]: Becoming Follower/Learner. State: Replica: 724cc53cf3604e3697a52068b7e86804, State: Initialized, Role: FOLLOWER
I20260709 13:00:01.303467  8166 tablet_bootstrap.cc:492] T a8f023b1525c495888f47a6aa69f8a1f P 20e753d0f4984e87917e870e9d9881e7: Bootstrap starting.
I20260709 13:00:01.306867  8165 consensus_queue.cc:260] T 4c18dcb19dcf4250acbc3d180c8fceb8 P 724cc53cf3604e3697a52068b7e86804 [NON_LEADER]: Queue going to NON_LEADER mode. State: All replicated index: 0, Majority replicated index: 0, Committed index: 0, Last appended: 0.0, Last appended by leader: 0, Current term: 0, Majority size: -1, State: 0, Mode: NON_LEADER, active raft config: opid_index: -1 OBSOLETE_local: false peers { permanent_uuid: "20e753d0f4984e87917e870e9d9881e7" member_type: VOTER last_known_addr { host: "127.7.167.131" port: 33333 } } peers { permanent_uuid: "724cc53cf3604e3697a52068b7e86804" member_type: VOTER last_known_addr { host: "127.7.167.130" port: 38943 } } peers { permanent_uuid: "e68b36fc702b450aaab4f7e709f01162" member_type: VOTER last_known_addr { host: "127.7.167.129" port: 35549 } }
I20260709 13:00:01.310210  8167 tablet_bootstrap.cc:492] T ba92e2982e584d1ebbb44240ccf1f412 P e68b36fc702b450aaab4f7e709f01162: No bootstrap required, opened a new log
I20260709 13:00:01.310694  8167 ts_tablet_manager.cc:1403] T ba92e2982e584d1ebbb44240ccf1f412 P e68b36fc702b450aaab4f7e709f01162: Time spent bootstrapping tablet: real 0.051s	user 0.018s	sys 0.008s
I20260709 13:00:01.313583  8167 raft_consensus.cc:359] T ba92e2982e584d1ebbb44240ccf1f412 P e68b36fc702b450aaab4f7e709f01162 [term 0 FOLLOWER]: Replica starting. Triggering 0 pending ops. Active config: opid_index: -1 OBSOLETE_local: false peers { permanent_uuid: "e68b36fc702b450aaab4f7e709f01162" member_type: VOTER last_known_addr { host: "127.7.167.129" port: 35549 } } peers { permanent_uuid: "724cc53cf3604e3697a52068b7e86804" member_type: VOTER last_known_addr { host: "127.7.167.130" port: 38943 } } peers { permanent_uuid: "20e753d0f4984e87917e870e9d9881e7" member_type: VOTER last_known_addr { host: "127.7.167.131" port: 33333 } }
I20260709 13:00:01.314311  8167 raft_consensus.cc:385] T ba92e2982e584d1ebbb44240ccf1f412 P e68b36fc702b450aaab4f7e709f01162 [term 0 FOLLOWER]: Consensus starting up: Expiring failure detector timer to make a prompt election more likely
I20260709 13:00:01.315212  8167 raft_consensus.cc:740] T ba92e2982e584d1ebbb44240ccf1f412 P e68b36fc702b450aaab4f7e709f01162 [term 0 FOLLOWER]: Becoming Follower/Learner. State: Replica: e68b36fc702b450aaab4f7e709f01162, State: Initialized, Role: FOLLOWER
I20260709 13:00:01.315937  8167 consensus_queue.cc:260] T ba92e2982e584d1ebbb44240ccf1f412 P e68b36fc702b450aaab4f7e709f01162 [NON_LEADER]: Queue going to NON_LEADER mode. State: All replicated index: 0, Majority replicated index: 0, Committed index: 0, Last appended: 0.0, Last appended by leader: 0, Current term: 0, Majority size: -1, State: 0, Mode: NON_LEADER, active raft config: opid_index: -1 OBSOLETE_local: false peers { permanent_uuid: "e68b36fc702b450aaab4f7e709f01162" member_type: VOTER last_known_addr { host: "127.7.167.129" port: 35549 } } peers { permanent_uuid: "724cc53cf3604e3697a52068b7e86804" member_type: VOTER last_known_addr { host: "127.7.167.130" port: 38943 } } peers { permanent_uuid: "20e753d0f4984e87917e870e9d9881e7" member_type: VOTER last_known_addr { host: "127.7.167.131" port: 33333 } }
I20260709 13:00:01.316421  8166 tablet_bootstrap.cc:654] T a8f023b1525c495888f47a6aa69f8a1f P 20e753d0f4984e87917e870e9d9881e7: Neither blocks nor log segments found. Creating new log.
I20260709 13:00:01.316870  8165 ts_tablet_manager.cc:1434] T 4c18dcb19dcf4250acbc3d180c8fceb8 P 724cc53cf3604e3697a52068b7e86804: Time spent starting tablet: real 0.014s	user 0.006s	sys 0.001s
I20260709 13:00:01.324752  8167 ts_tablet_manager.cc:1434] T ba92e2982e584d1ebbb44240ccf1f412 P e68b36fc702b450aaab4f7e709f01162: Time spent starting tablet: real 0.014s	user 0.003s	sys 0.004s
I20260709 13:00:01.325522  8165 tablet_bootstrap.cc:492] T c78697e0de4b4e04aeaf986707cf14d1 P 724cc53cf3604e3697a52068b7e86804: Bootstrap starting.
I20260709 13:00:01.328214  8167 tablet_bootstrap.cc:492] T 2703981a303541208d8c5c613b8b6e02 P e68b36fc702b450aaab4f7e709f01162: Bootstrap starting.
I20260709 13:00:01.331950  8166 tablet_bootstrap.cc:492] T a8f023b1525c495888f47a6aa69f8a1f P 20e753d0f4984e87917e870e9d9881e7: No bootstrap required, opened a new log
I20260709 13:00:01.332509  8166 ts_tablet_manager.cc:1403] T a8f023b1525c495888f47a6aa69f8a1f P 20e753d0f4984e87917e870e9d9881e7: Time spent bootstrapping tablet: real 0.029s	user 0.000s	sys 0.022s
I20260709 13:00:01.335140  8167 tablet_bootstrap.cc:654] T 2703981a303541208d8c5c613b8b6e02 P e68b36fc702b450aaab4f7e709f01162: Neither blocks nor log segments found. Creating new log.
I20260709 13:00:01.336149  8166 raft_consensus.cc:359] T a8f023b1525c495888f47a6aa69f8a1f P 20e753d0f4984e87917e870e9d9881e7 [term 0 FOLLOWER]: Replica starting. Triggering 0 pending ops. Active config: opid_index: -1 OBSOLETE_local: false peers { permanent_uuid: "e68b36fc702b450aaab4f7e709f01162" member_type: VOTER last_known_addr { host: "127.7.167.129" port: 35549 } } peers { permanent_uuid: "724cc53cf3604e3697a52068b7e86804" member_type: VOTER last_known_addr { host: "127.7.167.130" port: 38943 } } peers { permanent_uuid: "20e753d0f4984e87917e870e9d9881e7" member_type: VOTER last_known_addr { host: "127.7.167.131" port: 33333 } }
I20260709 13:00:01.337001  8166 raft_consensus.cc:385] T a8f023b1525c495888f47a6aa69f8a1f P 20e753d0f4984e87917e870e9d9881e7 [term 0 FOLLOWER]: Consensus starting up: Expiring failure detector timer to make a prompt election more likely
I20260709 13:00:01.337371  8166 raft_consensus.cc:740] T a8f023b1525c495888f47a6aa69f8a1f P 20e753d0f4984e87917e870e9d9881e7 [term 0 FOLLOWER]: Becoming Follower/Learner. State: Replica: 20e753d0f4984e87917e870e9d9881e7, State: Initialized, Role: FOLLOWER
I20260709 13:00:01.338526  8165 tablet_bootstrap.cc:654] T c78697e0de4b4e04aeaf986707cf14d1 P 724cc53cf3604e3697a52068b7e86804: Neither blocks nor log segments found. Creating new log.
I20260709 13:00:01.338201  8166 consensus_queue.cc:260] T a8f023b1525c495888f47a6aa69f8a1f P 20e753d0f4984e87917e870e9d9881e7 [NON_LEADER]: Queue going to NON_LEADER mode. State: All replicated index: 0, Majority replicated index: 0, Committed index: 0, Last appended: 0.0, Last appended by leader: 0, Current term: 0, Majority size: -1, State: 0, Mode: NON_LEADER, active raft config: opid_index: -1 OBSOLETE_local: false peers { permanent_uuid: "e68b36fc702b450aaab4f7e709f01162" member_type: VOTER last_known_addr { host: "127.7.167.129" port: 35549 } } peers { permanent_uuid: "724cc53cf3604e3697a52068b7e86804" member_type: VOTER last_known_addr { host: "127.7.167.130" port: 38943 } } peers { permanent_uuid: "20e753d0f4984e87917e870e9d9881e7" member_type: VOTER last_known_addr { host: "127.7.167.131" port: 33333 } }
I20260709 13:00:01.340850  8166 ts_tablet_manager.cc:1434] T a8f023b1525c495888f47a6aa69f8a1f P 20e753d0f4984e87917e870e9d9881e7: Time spent starting tablet: real 0.008s	user 0.006s	sys 0.000s
I20260709 13:00:01.342008  8166 tablet_bootstrap.cc:492] T a62e663aca754e02b9a13c13bed8e48a P 20e753d0f4984e87917e870e9d9881e7: Bootstrap starting.
I20260709 13:00:01.345016  8174 raft_consensus.cc:493] T a62e663aca754e02b9a13c13bed8e48a P 724cc53cf3604e3697a52068b7e86804 [term 0 FOLLOWER]: Starting pre-election (no leader contacted us within the election timeout)
I20260709 13:00:01.345589  8174 raft_consensus.cc:515] T a62e663aca754e02b9a13c13bed8e48a P 724cc53cf3604e3697a52068b7e86804 [term 0 FOLLOWER]: Starting pre-election with config: opid_index: -1 OBSOLETE_local: false peers { permanent_uuid: "e68b36fc702b450aaab4f7e709f01162" member_type: VOTER last_known_addr { host: "127.7.167.129" port: 35549 } } peers { permanent_uuid: "724cc53cf3604e3697a52068b7e86804" member_type: VOTER last_known_addr { host: "127.7.167.130" port: 38943 } } peers { permanent_uuid: "20e753d0f4984e87917e870e9d9881e7" member_type: VOTER last_known_addr { host: "127.7.167.131" port: 33333 } }
I20260709 13:00:01.348495  8174 leader_election.cc:290] T a62e663aca754e02b9a13c13bed8e48a P 724cc53cf3604e3697a52068b7e86804 [CANDIDATE]: Term 1 pre-election: Requested pre-vote from peers e68b36fc702b450aaab4f7e709f01162 (127.7.167.129:35549), 20e753d0f4984e87917e870e9d9881e7 (127.7.167.131:33333)
I20260709 13:00:01.349378  8166 tablet_bootstrap.cc:654] T a62e663aca754e02b9a13c13bed8e48a P 20e753d0f4984e87917e870e9d9881e7: Neither blocks nor log segments found. Creating new log.
I20260709 13:00:01.361349  8167 tablet_bootstrap.cc:492] T 2703981a303541208d8c5c613b8b6e02 P e68b36fc702b450aaab4f7e709f01162: No bootstrap required, opened a new log
I20260709 13:00:01.362102  8167 ts_tablet_manager.cc:1403] T 2703981a303541208d8c5c613b8b6e02 P e68b36fc702b450aaab4f7e709f01162: Time spent bootstrapping tablet: real 0.034s	user 0.011s	sys 0.003s
I20260709 13:00:01.366575  8165 tablet_bootstrap.cc:492] T c78697e0de4b4e04aeaf986707cf14d1 P 724cc53cf3604e3697a52068b7e86804: No bootstrap required, opened a new log
I20260709 13:00:01.367051  8165 ts_tablet_manager.cc:1403] T c78697e0de4b4e04aeaf986707cf14d1 P 724cc53cf3604e3697a52068b7e86804: Time spent bootstrapping tablet: real 0.042s	user 0.020s	sys 0.008s
I20260709 13:00:01.368032  8167 raft_consensus.cc:359] T 2703981a303541208d8c5c613b8b6e02 P e68b36fc702b450aaab4f7e709f01162 [term 0 FOLLOWER]: Replica starting. Triggering 0 pending ops. Active config: opid_index: -1 OBSOLETE_local: false peers { permanent_uuid: "e68b36fc702b450aaab4f7e709f01162" member_type: VOTER last_known_addr { host: "127.7.167.129" port: 35549 } } peers { permanent_uuid: "724cc53cf3604e3697a52068b7e86804" member_type: VOTER last_known_addr { host: "127.7.167.130" port: 38943 } } peers { permanent_uuid: "20e753d0f4984e87917e870e9d9881e7" member_type: VOTER last_known_addr { host: "127.7.167.131" port: 33333 } }
I20260709 13:00:01.368830  8167 raft_consensus.cc:385] T 2703981a303541208d8c5c613b8b6e02 P e68b36fc702b450aaab4f7e709f01162 [term 0 FOLLOWER]: Consensus starting up: Expiring failure detector timer to make a prompt election more likely
I20260709 13:00:01.369349  8167 raft_consensus.cc:740] T 2703981a303541208d8c5c613b8b6e02 P e68b36fc702b450aaab4f7e709f01162 [term 0 FOLLOWER]: Becoming Follower/Learner. State: Replica: e68b36fc702b450aaab4f7e709f01162, State: Initialized, Role: FOLLOWER
I20260709 13:00:01.370165  8165 raft_consensus.cc:359] T c78697e0de4b4e04aeaf986707cf14d1 P 724cc53cf3604e3697a52068b7e86804 [term 0 FOLLOWER]: Replica starting. Triggering 0 pending ops. Active config: opid_index: -1 OBSOLETE_local: false peers { permanent_uuid: "e68b36fc702b450aaab4f7e709f01162" member_type: VOTER last_known_addr { host: "127.7.167.129" port: 35549 } } peers { permanent_uuid: "724cc53cf3604e3697a52068b7e86804" member_type: VOTER last_known_addr { host: "127.7.167.130" port: 38943 } } peers { permanent_uuid: "20e753d0f4984e87917e870e9d9881e7" member_type: VOTER last_known_addr { host: "127.7.167.131" port: 33333 } }
I20260709 13:00:01.370235  8167 consensus_queue.cc:260] T 2703981a303541208d8c5c613b8b6e02 P e68b36fc702b450aaab4f7e709f01162 [NON_LEADER]: Queue going to NON_LEADER mode. State: All replicated index: 0, Majority replicated index: 0, Committed index: 0, Last appended: 0.0, Last appended by leader: 0, Current term: 0, Majority size: -1, State: 0, Mode: NON_LEADER, active raft config: opid_index: -1 OBSOLETE_local: false peers { permanent_uuid: "e68b36fc702b450aaab4f7e709f01162" member_type: VOTER last_known_addr { host: "127.7.167.129" port: 35549 } } peers { permanent_uuid: "724cc53cf3604e3697a52068b7e86804" member_type: VOTER last_known_addr { host: "127.7.167.130" port: 38943 } } peers { permanent_uuid: "20e753d0f4984e87917e870e9d9881e7" member_type: VOTER last_known_addr { host: "127.7.167.131" port: 33333 } }
I20260709 13:00:01.371156  8165 raft_consensus.cc:385] T c78697e0de4b4e04aeaf986707cf14d1 P 724cc53cf3604e3697a52068b7e86804 [term 0 FOLLOWER]: Consensus starting up: Expiring failure detector timer to make a prompt election more likely
I20260709 13:00:01.372726  8166 tablet_bootstrap.cc:492] T a62e663aca754e02b9a13c13bed8e48a P 20e753d0f4984e87917e870e9d9881e7: No bootstrap required, opened a new log
I20260709 13:00:01.372951  8167 ts_tablet_manager.cc:1434] T 2703981a303541208d8c5c613b8b6e02 P e68b36fc702b450aaab4f7e709f01162: Time spent starting tablet: real 0.008s	user 0.002s	sys 0.005s
I20260709 13:00:01.373301  8166 ts_tablet_manager.cc:1403] T a62e663aca754e02b9a13c13bed8e48a P 20e753d0f4984e87917e870e9d9881e7: Time spent bootstrapping tablet: real 0.032s	user 0.004s	sys 0.011s
I20260709 13:00:01.374137  8167 tablet_bootstrap.cc:492] T a62e663aca754e02b9a13c13bed8e48a P e68b36fc702b450aaab4f7e709f01162: Bootstrap starting.
I20260709 13:00:01.371476  8165 raft_consensus.cc:740] T c78697e0de4b4e04aeaf986707cf14d1 P 724cc53cf3604e3697a52068b7e86804 [term 0 FOLLOWER]: Becoming Follower/Learner. State: Replica: 724cc53cf3604e3697a52068b7e86804, State: Initialized, Role: FOLLOWER
I20260709 13:00:01.375108  8165 consensus_queue.cc:260] T c78697e0de4b4e04aeaf986707cf14d1 P 724cc53cf3604e3697a52068b7e86804 [NON_LEADER]: Queue going to NON_LEADER mode. State: All replicated index: 0, Majority replicated index: 0, Committed index: 0, Last appended: 0.0, Last appended by leader: 0, Current term: 0, Majority size: -1, State: 0, Mode: NON_LEADER, active raft config: opid_index: -1 OBSOLETE_local: false peers { permanent_uuid: "e68b36fc702b450aaab4f7e709f01162" member_type: VOTER last_known_addr { host: "127.7.167.129" port: 35549 } } peers { permanent_uuid: "724cc53cf3604e3697a52068b7e86804" member_type: VOTER last_known_addr { host: "127.7.167.130" port: 38943 } } peers { permanent_uuid: "20e753d0f4984e87917e870e9d9881e7" member_type: VOTER last_known_addr { host: "127.7.167.131" port: 33333 } }
I20260709 13:00:01.376268  8166 raft_consensus.cc:359] T a62e663aca754e02b9a13c13bed8e48a P 20e753d0f4984e87917e870e9d9881e7 [term 0 FOLLOWER]: Replica starting. Triggering 0 pending ops. Active config: opid_index: -1 OBSOLETE_local: false peers { permanent_uuid: "e68b36fc702b450aaab4f7e709f01162" member_type: VOTER last_known_addr { host: "127.7.167.129" port: 35549 } } peers { permanent_uuid: "724cc53cf3604e3697a52068b7e86804" member_type: VOTER last_known_addr { host: "127.7.167.130" port: 38943 } } peers { permanent_uuid: "20e753d0f4984e87917e870e9d9881e7" member_type: VOTER last_known_addr { host: "127.7.167.131" port: 33333 } }
W20260709 13:00:01.379148  7994 debug-util.cc:398] Leaking SignalData structure 0x7b08000e7060 after lost signal to thread 7841
I20260709 13:00:01.379429  8165 ts_tablet_manager.cc:1434] T c78697e0de4b4e04aeaf986707cf14d1 P 724cc53cf3604e3697a52068b7e86804: Time spent starting tablet: real 0.012s	user 0.008s	sys 0.000s
I20260709 13:00:01.380350  8165 tablet_bootstrap.cc:492] T ba92e2982e584d1ebbb44240ccf1f412 P 724cc53cf3604e3697a52068b7e86804: Bootstrap starting.
I20260709 13:00:01.387058  8165 tablet_bootstrap.cc:654] T ba92e2982e584d1ebbb44240ccf1f412 P 724cc53cf3604e3697a52068b7e86804: Neither blocks nor log segments found. Creating new log.
I20260709 13:00:01.377022  8166 raft_consensus.cc:385] T a62e663aca754e02b9a13c13bed8e48a P 20e753d0f4984e87917e870e9d9881e7 [term 0 FOLLOWER]: Consensus starting up: Expiring failure detector timer to make a prompt election more likely
I20260709 13:00:01.389459  8166 raft_consensus.cc:740] T a62e663aca754e02b9a13c13bed8e48a P 20e753d0f4984e87917e870e9d9881e7 [term 0 FOLLOWER]: Becoming Follower/Learner. State: Replica: 20e753d0f4984e87917e870e9d9881e7, State: Initialized, Role: FOLLOWER
I20260709 13:00:01.390348  8166 consensus_queue.cc:260] T a62e663aca754e02b9a13c13bed8e48a P 20e753d0f4984e87917e870e9d9881e7 [NON_LEADER]: Queue going to NON_LEADER mode. State: All replicated index: 0, Majority replicated index: 0, Committed index: 0, Last appended: 0.0, Last appended by leader: 0, Current term: 0, Majority size: -1, State: 0, Mode: NON_LEADER, active raft config: opid_index: -1 OBSOLETE_local: false peers { permanent_uuid: "e68b36fc702b450aaab4f7e709f01162" member_type: VOTER last_known_addr { host: "127.7.167.129" port: 35549 } } peers { permanent_uuid: "724cc53cf3604e3697a52068b7e86804" member_type: VOTER last_known_addr { host: "127.7.167.130" port: 38943 } } peers { permanent_uuid: "20e753d0f4984e87917e870e9d9881e7" member_type: VOTER last_known_addr { host: "127.7.167.131" port: 33333 } }
I20260709 13:00:01.392619  8166 ts_tablet_manager.cc:1434] T a62e663aca754e02b9a13c13bed8e48a P 20e753d0f4984e87917e870e9d9881e7: Time spent starting tablet: real 0.019s	user 0.004s	sys 0.000s
I20260709 13:00:01.393600  8166 tablet_bootstrap.cc:492] T 2703981a303541208d8c5c613b8b6e02 P 20e753d0f4984e87917e870e9d9881e7: Bootstrap starting.
I20260709 13:00:01.395649  8167 tablet_bootstrap.cc:654] T a62e663aca754e02b9a13c13bed8e48a P e68b36fc702b450aaab4f7e709f01162: Neither blocks nor log segments found. Creating new log.
I20260709 13:00:01.397274  8173 raft_consensus.cc:493] T 2703981a303541208d8c5c613b8b6e02 P e68b36fc702b450aaab4f7e709f01162 [term 0 FOLLOWER]: Starting pre-election (no leader contacted us within the election timeout)
I20260709 13:00:01.405512  8173 raft_consensus.cc:515] T 2703981a303541208d8c5c613b8b6e02 P e68b36fc702b450aaab4f7e709f01162 [term 0 FOLLOWER]: Starting pre-election with config: opid_index: -1 OBSOLETE_local: false peers { permanent_uuid: "e68b36fc702b450aaab4f7e709f01162" member_type: VOTER last_known_addr { host: "127.7.167.129" port: 35549 } } peers { permanent_uuid: "724cc53cf3604e3697a52068b7e86804" member_type: VOTER last_known_addr { host: "127.7.167.130" port: 38943 } } peers { permanent_uuid: "20e753d0f4984e87917e870e9d9881e7" member_type: VOTER last_known_addr { host: "127.7.167.131" port: 33333 } }
I20260709 13:00:01.409441  8173 leader_election.cc:290] T 2703981a303541208d8c5c613b8b6e02 P e68b36fc702b450aaab4f7e709f01162 [CANDIDATE]: Term 1 pre-election: Requested pre-vote from peers 724cc53cf3604e3697a52068b7e86804 (127.7.167.130:38943), 20e753d0f4984e87917e870e9d9881e7 (127.7.167.131:33333)
I20260709 13:00:01.400399  8166 tablet_bootstrap.cc:654] T 2703981a303541208d8c5c613b8b6e02 P 20e753d0f4984e87917e870e9d9881e7: Neither blocks nor log segments found. Creating new log.
I20260709 13:00:01.421053  8165 tablet_bootstrap.cc:492] T ba92e2982e584d1ebbb44240ccf1f412 P 724cc53cf3604e3697a52068b7e86804: No bootstrap required, opened a new log
I20260709 13:00:01.421736  8165 ts_tablet_manager.cc:1403] T ba92e2982e584d1ebbb44240ccf1f412 P 724cc53cf3604e3697a52068b7e86804: Time spent bootstrapping tablet: real 0.042s	user 0.010s	sys 0.024s
I20260709 13:00:01.425765  8165 raft_consensus.cc:359] T ba92e2982e584d1ebbb44240ccf1f412 P 724cc53cf3604e3697a52068b7e86804 [term 0 FOLLOWER]: Replica starting. Triggering 0 pending ops. Active config: opid_index: -1 OBSOLETE_local: false peers { permanent_uuid: "e68b36fc702b450aaab4f7e709f01162" member_type: VOTER last_known_addr { host: "127.7.167.129" port: 35549 } } peers { permanent_uuid: "724cc53cf3604e3697a52068b7e86804" member_type: VOTER last_known_addr { host: "127.7.167.130" port: 38943 } } peers { permanent_uuid: "20e753d0f4984e87917e870e9d9881e7" member_type: VOTER last_known_addr { host: "127.7.167.131" port: 33333 } }
I20260709 13:00:01.426756  8165 raft_consensus.cc:385] T ba92e2982e584d1ebbb44240ccf1f412 P 724cc53cf3604e3697a52068b7e86804 [term 0 FOLLOWER]: Consensus starting up: Expiring failure detector timer to make a prompt election more likely
I20260709 13:00:01.427134  8165 raft_consensus.cc:740] T ba92e2982e584d1ebbb44240ccf1f412 P 724cc53cf3604e3697a52068b7e86804 [term 0 FOLLOWER]: Becoming Follower/Learner. State: Replica: 724cc53cf3604e3697a52068b7e86804, State: Initialized, Role: FOLLOWER
I20260709 13:00:01.428115  8165 consensus_queue.cc:260] T ba92e2982e584d1ebbb44240ccf1f412 P 724cc53cf3604e3697a52068b7e86804 [NON_LEADER]: Queue going to NON_LEADER mode. State: All replicated index: 0, Majority replicated index: 0, Committed index: 0, Last appended: 0.0, Last appended by leader: 0, Current term: 0, Majority size: -1, State: 0, Mode: NON_LEADER, active raft config: opid_index: -1 OBSOLETE_local: false peers { permanent_uuid: "e68b36fc702b450aaab4f7e709f01162" member_type: VOTER last_known_addr { host: "127.7.167.129" port: 35549 } } peers { permanent_uuid: "724cc53cf3604e3697a52068b7e86804" member_type: VOTER last_known_addr { host: "127.7.167.130" port: 38943 } } peers { permanent_uuid: "20e753d0f4984e87917e870e9d9881e7" member_type: VOTER last_known_addr { host: "127.7.167.131" port: 33333 } }
I20260709 13:00:01.444736  8165 ts_tablet_manager.cc:1434] T ba92e2982e584d1ebbb44240ccf1f412 P 724cc53cf3604e3697a52068b7e86804: Time spent starting tablet: real 0.023s	user 0.008s	sys 0.000s
I20260709 13:00:01.446141  8165 tablet_bootstrap.cc:492] T 2703981a303541208d8c5c613b8b6e02 P 724cc53cf3604e3697a52068b7e86804: Bootstrap starting.
I20260709 13:00:01.468145  8167 tablet_bootstrap.cc:492] T a62e663aca754e02b9a13c13bed8e48a P e68b36fc702b450aaab4f7e709f01162: No bootstrap required, opened a new log
I20260709 13:00:01.468686  8167 ts_tablet_manager.cc:1403] T a62e663aca754e02b9a13c13bed8e48a P e68b36fc702b450aaab4f7e709f01162: Time spent bootstrapping tablet: real 0.095s	user 0.010s	sys 0.014s
I20260709 13:00:01.471522  8165 tablet_bootstrap.cc:654] T 2703981a303541208d8c5c613b8b6e02 P 724cc53cf3604e3697a52068b7e86804: Neither blocks nor log segments found. Creating new log.
I20260709 13:00:01.472527  8167 raft_consensus.cc:359] T a62e663aca754e02b9a13c13bed8e48a P e68b36fc702b450aaab4f7e709f01162 [term 0 FOLLOWER]: Replica starting. Triggering 0 pending ops. Active config: opid_index: -1 OBSOLETE_local: false peers { permanent_uuid: "e68b36fc702b450aaab4f7e709f01162" member_type: VOTER last_known_addr { host: "127.7.167.129" port: 35549 } } peers { permanent_uuid: "724cc53cf3604e3697a52068b7e86804" member_type: VOTER last_known_addr { host: "127.7.167.130" port: 38943 } } peers { permanent_uuid: "20e753d0f4984e87917e870e9d9881e7" member_type: VOTER last_known_addr { host: "127.7.167.131" port: 33333 } }
I20260709 13:00:01.473390  8167 raft_consensus.cc:385] T a62e663aca754e02b9a13c13bed8e48a P e68b36fc702b450aaab4f7e709f01162 [term 0 FOLLOWER]: Consensus starting up: Expiring failure detector timer to make a prompt election more likely
I20260709 13:00:01.473670  8167 raft_consensus.cc:740] T a62e663aca754e02b9a13c13bed8e48a P e68b36fc702b450aaab4f7e709f01162 [term 0 FOLLOWER]: Becoming Follower/Learner. State: Replica: e68b36fc702b450aaab4f7e709f01162, State: Initialized, Role: FOLLOWER
I20260709 13:00:01.474367  8167 consensus_queue.cc:260] T a62e663aca754e02b9a13c13bed8e48a P e68b36fc702b450aaab4f7e709f01162 [NON_LEADER]: Queue going to NON_LEADER mode. State: All replicated index: 0, Majority replicated index: 0, Committed index: 0, Last appended: 0.0, Last appended by leader: 0, Current term: 0, Majority size: -1, State: 0, Mode: NON_LEADER, active raft config: opid_index: -1 OBSOLETE_local: false peers { permanent_uuid: "e68b36fc702b450aaab4f7e709f01162" member_type: VOTER last_known_addr { host: "127.7.167.129" port: 35549 } } peers { permanent_uuid: "724cc53cf3604e3697a52068b7e86804" member_type: VOTER last_known_addr { host: "127.7.167.130" port: 38943 } } peers { permanent_uuid: "20e753d0f4984e87917e870e9d9881e7" member_type: VOTER last_known_addr { host: "127.7.167.131" port: 33333 } }
I20260709 13:00:01.489238  8165 tablet_bootstrap.cc:492] T 2703981a303541208d8c5c613b8b6e02 P 724cc53cf3604e3697a52068b7e86804: No bootstrap required, opened a new log
I20260709 13:00:01.489916  8165 ts_tablet_manager.cc:1403] T 2703981a303541208d8c5c613b8b6e02 P 724cc53cf3604e3697a52068b7e86804: Time spent bootstrapping tablet: real 0.044s	user 0.013s	sys 0.004s
I20260709 13:00:01.496434  7973 tablet_service.cc:1917] Received RequestConsensusVote() RPC: tablet_id: "a62e663aca754e02b9a13c13bed8e48a" candidate_uuid: "724cc53cf3604e3697a52068b7e86804" candidate_term: 1 candidate_status { last_received { term: 0 index: 0 } } ignore_live_leader: false dest_uuid: "e68b36fc702b450aaab4f7e709f01162" is_pre_election: true
I20260709 13:00:01.498157  7973 raft_consensus.cc:2468] T a62e663aca754e02b9a13c13bed8e48a P e68b36fc702b450aaab4f7e709f01162 [term 0 FOLLOWER]: Leader pre-election vote request: Granting yes vote for candidate 724cc53cf3604e3697a52068b7e86804 in term 0.
I20260709 13:00:01.497985  8165 raft_consensus.cc:359] T 2703981a303541208d8c5c613b8b6e02 P 724cc53cf3604e3697a52068b7e86804 [term 0 FOLLOWER]: Replica starting. Triggering 0 pending ops. Active config: opid_index: -1 OBSOLETE_local: false peers { permanent_uuid: "e68b36fc702b450aaab4f7e709f01162" member_type: VOTER last_known_addr { host: "127.7.167.129" port: 35549 } } peers { permanent_uuid: "724cc53cf3604e3697a52068b7e86804" member_type: VOTER last_known_addr { host: "127.7.167.130" port: 38943 } } peers { permanent_uuid: "20e753d0f4984e87917e870e9d9881e7" member_type: VOTER last_known_addr { host: "127.7.167.131" port: 33333 } }
I20260709 13:00:01.499714  8165 raft_consensus.cc:385] T 2703981a303541208d8c5c613b8b6e02 P 724cc53cf3604e3697a52068b7e86804 [term 0 FOLLOWER]: Consensus starting up: Expiring failure detector timer to make a prompt election more likely
I20260709 13:00:01.500655  8165 raft_consensus.cc:740] T 2703981a303541208d8c5c613b8b6e02 P 724cc53cf3604e3697a52068b7e86804 [term 0 FOLLOWER]: Becoming Follower/Learner. State: Replica: 724cc53cf3604e3697a52068b7e86804, State: Initialized, Role: FOLLOWER
I20260709 13:00:01.501672  8166 tablet_bootstrap.cc:492] T 2703981a303541208d8c5c613b8b6e02 P 20e753d0f4984e87917e870e9d9881e7: No bootstrap required, opened a new log
I20260709 13:00:01.501914  8013 leader_election.cc:304] T a62e663aca754e02b9a13c13bed8e48a P 724cc53cf3604e3697a52068b7e86804 [CANDIDATE]: Term 1 pre-election: Election decided. Result: candidate won. Election summary: received 2 responses out of 3 voters: 2 yes votes; 0 no votes. yes voters: 724cc53cf3604e3697a52068b7e86804, e68b36fc702b450aaab4f7e709f01162; no voters: 
I20260709 13:00:01.502924  8174 raft_consensus.cc:2804] T a62e663aca754e02b9a13c13bed8e48a P 724cc53cf3604e3697a52068b7e86804 [term 0 FOLLOWER]: Leader pre-election won for term 1
I20260709 13:00:01.503139  8167 ts_tablet_manager.cc:1434] T a62e663aca754e02b9a13c13bed8e48a P e68b36fc702b450aaab4f7e709f01162: Time spent starting tablet: real 0.034s	user 0.007s	sys 0.003s
I20260709 13:00:01.502840  8165 consensus_queue.cc:260] T 2703981a303541208d8c5c613b8b6e02 P 724cc53cf3604e3697a52068b7e86804 [NON_LEADER]: Queue going to NON_LEADER mode. State: All replicated index: 0, Majority replicated index: 0, Committed index: 0, Last appended: 0.0, Last appended by leader: 0, Current term: 0, Majority size: -1, State: 0, Mode: NON_LEADER, active raft config: opid_index: -1 OBSOLETE_local: false peers { permanent_uuid: "e68b36fc702b450aaab4f7e709f01162" member_type: VOTER last_known_addr { host: "127.7.167.129" port: 35549 } } peers { permanent_uuid: "724cc53cf3604e3697a52068b7e86804" member_type: VOTER last_known_addr { host: "127.7.167.130" port: 38943 } } peers { permanent_uuid: "20e753d0f4984e87917e870e9d9881e7" member_type: VOTER last_known_addr { host: "127.7.167.131" port: 33333 } }
I20260709 13:00:01.503376  8174 raft_consensus.cc:493] T a62e663aca754e02b9a13c13bed8e48a P 724cc53cf3604e3697a52068b7e86804 [term 0 FOLLOWER]: Starting leader election (no leader contacted us within the election timeout)
I20260709 13:00:01.502249  8166 ts_tablet_manager.cc:1403] T 2703981a303541208d8c5c613b8b6e02 P 20e753d0f4984e87917e870e9d9881e7: Time spent bootstrapping tablet: real 0.109s	user 0.023s	sys 0.064s
I20260709 13:00:01.503783  8174 raft_consensus.cc:3060] T a62e663aca754e02b9a13c13bed8e48a P 724cc53cf3604e3697a52068b7e86804 [term 0 FOLLOWER]: Advancing to term 1
I20260709 13:00:01.507560  8167 tablet_bootstrap.cc:492] T c78697e0de4b4e04aeaf986707cf14d1 P e68b36fc702b450aaab4f7e709f01162: Bootstrap starting.
I20260709 13:00:01.513096  8171 raft_consensus.cc:493] T a8f023b1525c495888f47a6aa69f8a1f P 20e753d0f4984e87917e870e9d9881e7 [term 0 FOLLOWER]: Starting pre-election (no leader contacted us within the election timeout)
I20260709 13:00:01.513624  8171 raft_consensus.cc:515] T a8f023b1525c495888f47a6aa69f8a1f P 20e753d0f4984e87917e870e9d9881e7 [term 0 FOLLOWER]: Starting pre-election with config: opid_index: -1 OBSOLETE_local: false peers { permanent_uuid: "e68b36fc702b450aaab4f7e709f01162" member_type: VOTER last_known_addr { host: "127.7.167.129" port: 35549 } } peers { permanent_uuid: "724cc53cf3604e3697a52068b7e86804" member_type: VOTER last_known_addr { host: "127.7.167.130" port: 38943 } } peers { permanent_uuid: "20e753d0f4984e87917e870e9d9881e7" member_type: VOTER last_known_addr { host: "127.7.167.131" port: 33333 } }
I20260709 13:00:01.516949  8171 leader_election.cc:290] T a8f023b1525c495888f47a6aa69f8a1f P 20e753d0f4984e87917e870e9d9881e7 [CANDIDATE]: Term 1 pre-election: Requested pre-vote from peers e68b36fc702b450aaab4f7e709f01162 (127.7.167.129:35549), 724cc53cf3604e3697a52068b7e86804 (127.7.167.130:38943)
I20260709 13:00:01.520331  8048 tablet_service.cc:1917] Received RequestConsensusVote() RPC: tablet_id: "a8f023b1525c495888f47a6aa69f8a1f" candidate_uuid: "20e753d0f4984e87917e870e9d9881e7" candidate_term: 1 candidate_status { last_received { term: 0 index: 0 } } ignore_live_leader: false dest_uuid: "724cc53cf3604e3697a52068b7e86804" is_pre_election: true
I20260709 13:00:01.521068  8048 raft_consensus.cc:2468] T a8f023b1525c495888f47a6aa69f8a1f P 724cc53cf3604e3697a52068b7e86804 [term 0 FOLLOWER]: Leader pre-election vote request: Granting yes vote for candidate 20e753d0f4984e87917e870e9d9881e7 in term 0.
I20260709 13:00:01.520764  8174 raft_consensus.cc:515] T a62e663aca754e02b9a13c13bed8e48a P 724cc53cf3604e3697a52068b7e86804 [term 1 FOLLOWER]: Starting leader election with config: opid_index: -1 OBSOLETE_local: false peers { permanent_uuid: "e68b36fc702b450aaab4f7e709f01162" member_type: VOTER last_known_addr { host: "127.7.167.129" port: 35549 } } peers { permanent_uuid: "724cc53cf3604e3697a52068b7e86804" member_type: VOTER last_known_addr { host: "127.7.167.130" port: 38943 } } peers { permanent_uuid: "20e753d0f4984e87917e870e9d9881e7" member_type: VOTER last_known_addr { host: "127.7.167.131" port: 33333 } }
I20260709 13:00:01.522759  7973 tablet_service.cc:1917] Received RequestConsensusVote() RPC: tablet_id: "a8f023b1525c495888f47a6aa69f8a1f" candidate_uuid: "20e753d0f4984e87917e870e9d9881e7" candidate_term: 1 candidate_status { last_received { term: 0 index: 0 } } ignore_live_leader: false dest_uuid: "e68b36fc702b450aaab4f7e709f01162" is_pre_election: true
I20260709 13:00:01.524995  8087 leader_election.cc:304] T a8f023b1525c495888f47a6aa69f8a1f P 20e753d0f4984e87917e870e9d9881e7 [CANDIDATE]: Term 1 pre-election: Election decided. Result: candidate won. Election summary: received 2 responses out of 3 voters: 2 yes votes; 0 no votes. yes voters: 20e753d0f4984e87917e870e9d9881e7, 724cc53cf3604e3697a52068b7e86804; no voters: 
