I20260709 13:00:16.465256  8293 consensus_queue.cc:260] T d22d6b3eb28548bc8d8951a542c93442 P 75c5771379514e51b78771869c4cdf32 [NON_LEADER]: Queue going to NON_LEADER mode. State: All replicated index: 0, Majority replicated index: 2, Committed index: 2, Last appended: 2.2, Last appended by leader: 2, Current term: 2, Majority size: -1, State: 0, Mode: NON_LEADER, active raft config: opid_index: -1 OBSOLETE_local: false peers { permanent_uuid: "6958f96505c04b55833e0b79d733d523" member_type: VOTER last_known_addr { host: "127.7.87.193" port: 45079 } } peers { permanent_uuid: "38be2d18622746b4bc5d2da0a0f521ed" member_type: VOTER last_known_addr { host: "127.7.87.194" port: 44655 } } peers { permanent_uuid: "75c5771379514e51b78771869c4cdf32" member_type: VOTER last_known_addr { host: "127.7.87.195" port: 39891 } }
I20260709 13:00:16.466032  8293 raft_consensus.cc:3060] T d22d6b3eb28548bc8d8951a542c93442 P 75c5771379514e51b78771869c4cdf32 [term 2 FOLLOWER]: Advancing to term 3
I20260709 13:00:16.468129  8221 raft_consensus.cc:2468] T d22d6b3eb28548bc8d8951a542c93442 P 38be2d18622746b4bc5d2da0a0f521ed [term 3 FOLLOWER]: Leader election vote request: Granting yes vote for candidate 6958f96505c04b55833e0b79d733d523 in term 3.
I20260709 13:00:16.468990  8110 leader_election.cc:304] T d22d6b3eb28548bc8d8951a542c93442 P 6958f96505c04b55833e0b79d733d523 [CANDIDATE]: Term 3 election: Election decided. Result: candidate won. Election summary: received 2 responses out of 3 voters: 2 yes votes; 0 no votes. yes voters: 38be2d18622746b4bc5d2da0a0f521ed, 6958f96505c04b55833e0b79d733d523; no voters: 
I20260709 13:00:16.469630  8430 raft_consensus.cc:2804] T d22d6b3eb28548bc8d8951a542c93442 P 6958f96505c04b55833e0b79d733d523 [term 3 FOLLOWER]: Leader election won for term 3
I20260709 13:00:16.470033  8430 raft_consensus.cc:697] T d22d6b3eb28548bc8d8951a542c93442 P 6958f96505c04b55833e0b79d733d523 [term 3 LEADER]: Becoming Leader. State: Replica: 6958f96505c04b55833e0b79d733d523, State: Running, Role: LEADER
I20260709 13:00:16.470098  8293 raft_consensus.cc:2468] T d22d6b3eb28548bc8d8951a542c93442 P 75c5771379514e51b78771869c4cdf32 [term 3 FOLLOWER]: Leader election vote request: Granting yes vote for candidate 6958f96505c04b55833e0b79d733d523 in term 3.
I20260709 13:00:16.470793  8430 consensus_queue.cc:237] T d22d6b3eb28548bc8d8951a542c93442 P 6958f96505c04b55833e0b79d733d523 [LEADER]: Queue going to LEADER mode. State: All replicated index: 0, Majority replicated index: 2, Committed index: 2, Last appended: 2.2, Last appended by leader: 2, Current term: 3, Majority size: 2, State: 0, Mode: LEADER, active raft config: opid_index: -1 OBSOLETE_local: false peers { permanent_uuid: "6958f96505c04b55833e0b79d733d523" member_type: VOTER last_known_addr { host: "127.7.87.193" port: 45079 } } peers { permanent_uuid: "38be2d18622746b4bc5d2da0a0f521ed" member_type: VOTER last_known_addr { host: "127.7.87.194" port: 44655 } } peers { permanent_uuid: "75c5771379514e51b78771869c4cdf32" member_type: VOTER last_known_addr { host: "127.7.87.195" port: 39891 } }
I20260709 13:00:16.476805  8041 catalog_manager.cc:5697] T d22d6b3eb28548bc8d8951a542c93442 P 6958f96505c04b55833e0b79d733d523 reported cstate change: term changed from 2 to 3, leader changed from 75c5771379514e51b78771869c4cdf32 (127.7.87.195) to 6958f96505c04b55833e0b79d733d523 (127.7.87.193). New cstate: current_term: 3 leader_uuid: "6958f96505c04b55833e0b79d733d523" committed_config { opid_index: -1 OBSOLETE_local: false peers { permanent_uuid: "6958f96505c04b55833e0b79d733d523" member_type: VOTER last_known_addr { host: "127.7.87.193" port: 45079 } health_report { overall_health: HEALTHY } } peers { permanent_uuid: "38be2d18622746b4bc5d2da0a0f521ed" member_type: VOTER last_known_addr { host: "127.7.87.194" port: 44655 } health_report { overall_health: UNKNOWN } } peers { permanent_uuid: "75c5771379514e51b78771869c4cdf32" member_type: VOTER last_known_addr { host: "127.7.87.195" port: 39891 } health_report { overall_health: UNKNOWN } } }
I20260709 13:00:16.767823  8446 raft_consensus.cc:993] T 4de0fa405dc445aea63ca6e862743ba5 P 38be2d18622746b4bc5d2da0a0f521ed: : Instructing follower 6958f96505c04b55833e0b79d733d523 to start an election
I20260709 13:00:16.768208  8424 raft_consensus.cc:1081] T 4de0fa405dc445aea63ca6e862743ba5 P 38be2d18622746b4bc5d2da0a0f521ed [term 2 LEADER]: Signalling peer 6958f96505c04b55833e0b79d733d523 to start an election
I20260709 13:00:16.769554  8145 tablet_service.cc:2044] Received Run Leader Election RPC: tablet_id: "4de0fa405dc445aea63ca6e862743ba5"
dest_uuid: "6958f96505c04b55833e0b79d733d523"
 from {username='slave'} at 127.0.0.1:59030
I20260709 13:00:16.769948  8145 raft_consensus.cc:493] T 4de0fa405dc445aea63ca6e862743ba5 P 6958f96505c04b55833e0b79d733d523 [term 2 FOLLOWER]: Starting forced leader election (received explicit request)
I20260709 13:00:16.770180  8145 raft_consensus.cc:3060] T 4de0fa405dc445aea63ca6e862743ba5 P 6958f96505c04b55833e0b79d733d523 [term 2 FOLLOWER]: Advancing to term 3
I20260709 13:00:16.774681  8145 raft_consensus.cc:515] T 4de0fa405dc445aea63ca6e862743ba5 P 6958f96505c04b55833e0b79d733d523 [term 3 FOLLOWER]: Starting forced leader election with config: opid_index: -1 OBSOLETE_local: false peers { permanent_uuid: "6958f96505c04b55833e0b79d733d523" member_type: VOTER last_known_addr { host: "127.7.87.193" port: 45079 } } peers { permanent_uuid: "38be2d18622746b4bc5d2da0a0f521ed" member_type: VOTER last_known_addr { host: "127.7.87.194" port: 44655 } } peers { permanent_uuid: "75c5771379514e51b78771869c4cdf32" member_type: VOTER last_known_addr { host: "127.7.87.195" port: 39891 } }
I20260709 13:00:16.776170  8145 leader_election.cc:290] T 4de0fa405dc445aea63ca6e862743ba5 P 6958f96505c04b55833e0b79d733d523 [CANDIDATE]: Term 3 election: Requested vote from peers 38be2d18622746b4bc5d2da0a0f521ed (127.7.87.194:44655), 75c5771379514e51b78771869c4cdf32 (127.7.87.195:39891)
I20260709 13:00:16.776898  8221 tablet_service.cc:1917] Received RequestConsensusVote() RPC: tablet_id: "4de0fa405dc445aea63ca6e862743ba5" candidate_uuid: "6958f96505c04b55833e0b79d733d523" candidate_term: 3 candidate_status { last_received { term: 2 index: 2 } } ignore_live_leader: true dest_uuid: "38be2d18622746b4bc5d2da0a0f521ed"
I20260709 13:00:16.777055  8293 tablet_service.cc:1917] Received RequestConsensusVote() RPC: tablet_id: "4de0fa405dc445aea63ca6e862743ba5" candidate_uuid: "6958f96505c04b55833e0b79d733d523" candidate_term: 3 candidate_status { last_received { term: 2 index: 2 } } ignore_live_leader: true dest_uuid: "75c5771379514e51b78771869c4cdf32"
I20260709 13:00:16.777390  8221 raft_consensus.cc:3055] T 4de0fa405dc445aea63ca6e862743ba5 P 38be2d18622746b4bc5d2da0a0f521ed [term 2 LEADER]: Stepping down as leader of term 2
I20260709 13:00:16.777570  8293 raft_consensus.cc:3060] T 4de0fa405dc445aea63ca6e862743ba5 P 75c5771379514e51b78771869c4cdf32 [term 2 FOLLOWER]: Advancing to term 3
I20260709 13:00:16.777706  8221 raft_consensus.cc:740] T 4de0fa405dc445aea63ca6e862743ba5 P 38be2d18622746b4bc5d2da0a0f521ed [term 2 LEADER]: Becoming Follower/Learner. State: Replica: 38be2d18622746b4bc5d2da0a0f521ed, State: Running, Role: LEADER
I20260709 13:00:16.778424  8221 consensus_queue.cc:260] T 4de0fa405dc445aea63ca6e862743ba5 P 38be2d18622746b4bc5d2da0a0f521ed [NON_LEADER]: Queue going to NON_LEADER mode. State: All replicated index: 0, Majority replicated index: 2, Committed index: 2, Last appended: 2.2, Last appended by leader: 2, Current term: 2, Majority size: -1, State: 0, Mode: NON_LEADER, active raft config: opid_index: -1 OBSOLETE_local: false peers { permanent_uuid: "6958f96505c04b55833e0b79d733d523" member_type: VOTER last_known_addr { host: "127.7.87.193" port: 45079 } } peers { permanent_uuid: "38be2d18622746b4bc5d2da0a0f521ed" member_type: VOTER last_known_addr { host: "127.7.87.194" port: 44655 } } peers { permanent_uuid: "75c5771379514e51b78771869c4cdf32" member_type: VOTER last_known_addr { host: "127.7.87.195" port: 39891 } }
I20260709 13:00:16.779263  8221 raft_consensus.cc:3060] T 4de0fa405dc445aea63ca6e862743ba5 P 38be2d18622746b4bc5d2da0a0f521ed [term 2 FOLLOWER]: Advancing to term 3
I20260709 13:00:16.781939  8293 raft_consensus.cc:2468] T 4de0fa405dc445aea63ca6e862743ba5 P 75c5771379514e51b78771869c4cdf32 [term 3 FOLLOWER]: Leader election vote request: Granting yes vote for candidate 6958f96505c04b55833e0b79d733d523 in term 3.
I20260709 13:00:16.782801  8110 leader_election.cc:304] T 4de0fa405dc445aea63ca6e862743ba5 P 6958f96505c04b55833e0b79d733d523 [CANDIDATE]: Term 3 election: Election decided. Result: candidate won. Election summary: received 2 responses out of 3 voters: 2 yes votes; 0 no votes. yes voters: 6958f96505c04b55833e0b79d733d523, 75c5771379514e51b78771869c4cdf32; no voters: 
I20260709 13:00:16.783063  8221 raft_consensus.cc:2468] T 4de0fa405dc445aea63ca6e862743ba5 P 38be2d18622746b4bc5d2da0a0f521ed [term 3 FOLLOWER]: Leader election vote request: Granting yes vote for candidate 6958f96505c04b55833e0b79d733d523 in term 3.
I20260709 13:00:16.783567  8430 raft_consensus.cc:2804] T 4de0fa405dc445aea63ca6e862743ba5 P 6958f96505c04b55833e0b79d733d523 [term 3 FOLLOWER]: Leader election won for term 3
I20260709 13:00:16.783993  8430 raft_consensus.cc:697] T 4de0fa405dc445aea63ca6e862743ba5 P 6958f96505c04b55833e0b79d733d523 [term 3 LEADER]: Becoming Leader. State: Replica: 6958f96505c04b55833e0b79d733d523, State: Running, Role: LEADER
I20260709 13:00:16.784663  8430 consensus_queue.cc:237] T 4de0fa405dc445aea63ca6e862743ba5 P 6958f96505c04b55833e0b79d733d523 [LEADER]: Queue going to LEADER mode. State: All replicated index: 0, Majority replicated index: 2, Committed index: 2, Last appended: 2.2, Last appended by leader: 2, Current term: 3, Majority size: 2, State: 0, Mode: LEADER, active raft config: opid_index: -1 OBSOLETE_local: false peers { permanent_uuid: "6958f96505c04b55833e0b79d733d523" member_type: VOTER last_known_addr { host: "127.7.87.193" port: 45079 } } peers { permanent_uuid: "38be2d18622746b4bc5d2da0a0f521ed" member_type: VOTER last_known_addr { host: "127.7.87.194" port: 44655 } } peers { permanent_uuid: "75c5771379514e51b78771869c4cdf32" member_type: VOTER last_known_addr { host: "127.7.87.195" port: 39891 } }
I20260709 13:00:16.790769  8041 catalog_manager.cc:5697] T 4de0fa405dc445aea63ca6e862743ba5 P 6958f96505c04b55833e0b79d733d523 reported cstate change: term changed from 2 to 3, leader changed from 38be2d18622746b4bc5d2da0a0f521ed (127.7.87.194) to 6958f96505c04b55833e0b79d733d523 (127.7.87.193). New cstate: current_term: 3 leader_uuid: "6958f96505c04b55833e0b79d733d523" committed_config { opid_index: -1 OBSOLETE_local: false peers { permanent_uuid: "6958f96505c04b55833e0b79d733d523" member_type: VOTER last_known_addr { host: "127.7.87.193" port: 45079 } health_report { overall_health: HEALTHY } } peers { permanent_uuid: "38be2d18622746b4bc5d2da0a0f521ed" member_type: VOTER last_known_addr { host: "127.7.87.194" port: 44655 } health_report { overall_health: UNKNOWN } } peers { permanent_uuid: "75c5771379514e51b78771869c4cdf32" member_type: VOTER last_known_addr { host: "127.7.87.195" port: 39891 } health_report { overall_health: UNKNOWN } } }
I20260709 13:00:16.811326  8446 raft_consensus.cc:993] T 6106e910a89442f48d58ad61d2b176f3 P 38be2d18622746b4bc5d2da0a0f521ed: : Instructing follower 6958f96505c04b55833e0b79d733d523 to start an election
I20260709 13:00:16.811712  8424 raft_consensus.cc:1081] T 6106e910a89442f48d58ad61d2b176f3 P 38be2d18622746b4bc5d2da0a0f521ed [term 2 LEADER]: Signalling peer 6958f96505c04b55833e0b79d733d523 to start an election
I20260709 13:00:16.812904  8145 tablet_service.cc:2044] Received Run Leader Election RPC: tablet_id: "6106e910a89442f48d58ad61d2b176f3"
dest_uuid: "6958f96505c04b55833e0b79d733d523"
 from {username='slave'} at 127.0.0.1:59030
I20260709 13:00:16.813382  8145 raft_consensus.cc:493] T 6106e910a89442f48d58ad61d2b176f3 P 6958f96505c04b55833e0b79d733d523 [term 2 FOLLOWER]: Starting forced leader election (received explicit request)
I20260709 13:00:16.813619  8145 raft_consensus.cc:3060] T 6106e910a89442f48d58ad61d2b176f3 P 6958f96505c04b55833e0b79d733d523 [term 2 FOLLOWER]: Advancing to term 3
I20260709 13:00:16.817870  8145 raft_consensus.cc:515] T 6106e910a89442f48d58ad61d2b176f3 P 6958f96505c04b55833e0b79d733d523 [term 3 FOLLOWER]: Starting forced leader election with config: opid_index: -1 OBSOLETE_local: false peers { permanent_uuid: "6958f96505c04b55833e0b79d733d523" member_type: VOTER last_known_addr { host: "127.7.87.193" port: 45079 } } peers { permanent_uuid: "38be2d18622746b4bc5d2da0a0f521ed" member_type: VOTER last_known_addr { host: "127.7.87.194" port: 44655 } } peers { permanent_uuid: "75c5771379514e51b78771869c4cdf32" member_type: VOTER last_known_addr { host: "127.7.87.195" port: 39891 } }
I20260709 13:00:16.819474  8145 leader_election.cc:290] T 6106e910a89442f48d58ad61d2b176f3 P 6958f96505c04b55833e0b79d733d523 [CANDIDATE]: Term 3 election: Requested vote from peers 38be2d18622746b4bc5d2da0a0f521ed (127.7.87.194:44655), 75c5771379514e51b78771869c4cdf32 (127.7.87.195:39891)
I20260709 13:00:16.819944  8221 tablet_service.cc:1917] Received RequestConsensusVote() RPC: tablet_id: "6106e910a89442f48d58ad61d2b176f3" candidate_uuid: "6958f96505c04b55833e0b79d733d523" candidate_term: 3 candidate_status { last_received { term: 2 index: 2 } } ignore_live_leader: true dest_uuid: "38be2d18622746b4bc5d2da0a0f521ed"
I20260709 13:00:16.820325  8293 tablet_service.cc:1917] Received RequestConsensusVote() RPC: tablet_id: "6106e910a89442f48d58ad61d2b176f3" candidate_uuid: "6958f96505c04b55833e0b79d733d523" candidate_term: 3 candidate_status { last_received { term: 2 index: 2 } } ignore_live_leader: true dest_uuid: "75c5771379514e51b78771869c4cdf32"
I20260709 13:00:16.820470  8221 raft_consensus.cc:3055] T 6106e910a89442f48d58ad61d2b176f3 P 38be2d18622746b4bc5d2da0a0f521ed [term 2 LEADER]: Stepping down as leader of term 2
I20260709 13:00:16.820755  8221 raft_consensus.cc:740] T 6106e910a89442f48d58ad61d2b176f3 P 38be2d18622746b4bc5d2da0a0f521ed [term 2 LEADER]: Becoming Follower/Learner. State: Replica: 38be2d18622746b4bc5d2da0a0f521ed, State: Running, Role: LEADER
I20260709 13:00:16.820781  8293 raft_consensus.cc:3060] T 6106e910a89442f48d58ad61d2b176f3 P 75c5771379514e51b78771869c4cdf32 [term 2 FOLLOWER]: Advancing to term 3
I20260709 13:00:16.821455  8221 consensus_queue.cc:260] T 6106e910a89442f48d58ad61d2b176f3 P 38be2d18622746b4bc5d2da0a0f521ed [NON_LEADER]: Queue going to NON_LEADER mode. State: All replicated index: 0, Majority replicated index: 2, Committed index: 2, Last appended: 2.2, Last appended by leader: 2, Current term: 2, Majority size: -1, State: 0, Mode: NON_LEADER, active raft config: opid_index: -1 OBSOLETE_local: false peers { permanent_uuid: "6958f96505c04b55833e0b79d733d523" member_type: VOTER last_known_addr { host: "127.7.87.193" port: 45079 } } peers { permanent_uuid: "38be2d18622746b4bc5d2da0a0f521ed" member_type: VOTER last_known_addr { host: "127.7.87.194" port: 44655 } } peers { permanent_uuid: "75c5771379514e51b78771869c4cdf32" member_type: VOTER last_known_addr { host: "127.7.87.195" port: 39891 } }
I20260709 13:00:16.822211  8221 raft_consensus.cc:3060] T 6106e910a89442f48d58ad61d2b176f3 P 38be2d18622746b4bc5d2da0a0f521ed [term 2 FOLLOWER]: Advancing to term 3
I20260709 13:00:16.824838  8293 raft_consensus.cc:2468] T 6106e910a89442f48d58ad61d2b176f3 P 75c5771379514e51b78771869c4cdf32 [term 3 FOLLOWER]: Leader election vote request: Granting yes vote for candidate 6958f96505c04b55833e0b79d733d523 in term 3.
I20260709 13:00:16.825901  8110 leader_election.cc:304] T 6106e910a89442f48d58ad61d2b176f3 P 6958f96505c04b55833e0b79d733d523 [CANDIDATE]: Term 3 election: Election decided. Result: candidate won. Election summary: received 2 responses out of 3 voters: 2 yes votes; 0 no votes. yes voters: 6958f96505c04b55833e0b79d733d523, 75c5771379514e51b78771869c4cdf32; no voters: 
I20260709 13:00:16.826671  8430 raft_consensus.cc:2804] T 6106e910a89442f48d58ad61d2b176f3 P 6958f96505c04b55833e0b79d733d523 [term 3 FOLLOWER]: Leader election won for term 3
I20260709 13:00:16.827066  8430 raft_consensus.cc:697] T 6106e910a89442f48d58ad61d2b176f3 P 6958f96505c04b55833e0b79d733d523 [term 3 LEADER]: Becoming Leader. State: Replica: 6958f96505c04b55833e0b79d733d523, State: Running, Role: LEADER
I20260709 13:00:16.827291  8221 raft_consensus.cc:2468] T 6106e910a89442f48d58ad61d2b176f3 P 38be2d18622746b4bc5d2da0a0f521ed [term 3 FOLLOWER]: Leader election vote request: Granting yes vote for candidate 6958f96505c04b55833e0b79d733d523 in term 3.
I20260709 13:00:16.827759  8430 consensus_queue.cc:237] T 6106e910a89442f48d58ad61d2b176f3 P 6958f96505c04b55833e0b79d733d523 [LEADER]: Queue going to LEADER mode. State: All replicated index: 0, Majority replicated index: 2, Committed index: 2, Last appended: 2.2, Last appended by leader: 2, Current term: 3, Majority size: 2, State: 0, Mode: LEADER, active raft config: opid_index: -1 OBSOLETE_local: false peers { permanent_uuid: "6958f96505c04b55833e0b79d733d523" member_type: VOTER last_known_addr { host: "127.7.87.193" port: 45079 } } peers { permanent_uuid: "38be2d18622746b4bc5d2da0a0f521ed" member_type: VOTER last_known_addr { host: "127.7.87.194" port: 44655 } } peers { permanent_uuid: "75c5771379514e51b78771869c4cdf32" member_type: VOTER last_known_addr { host: "127.7.87.195" port: 39891 } }
I20260709 13:00:16.833343  8041 catalog_manager.cc:5697] T 6106e910a89442f48d58ad61d2b176f3 P 6958f96505c04b55833e0b79d733d523 reported cstate change: term changed from 2 to 3, leader changed from 38be2d18622746b4bc5d2da0a0f521ed (127.7.87.194) to 6958f96505c04b55833e0b79d733d523 (127.7.87.193). New cstate: current_term: 3 leader_uuid: "6958f96505c04b55833e0b79d733d523" committed_config { opid_index: -1 OBSOLETE_local: false peers { permanent_uuid: "6958f96505c04b55833e0b79d733d523" member_type: VOTER last_known_addr { host: "127.7.87.193" port: 45079 } health_report { overall_health: HEALTHY } } peers { permanent_uuid: "38be2d18622746b4bc5d2da0a0f521ed" member_type: VOTER last_known_addr { host: "127.7.87.194" port: 44655 } health_report { overall_health: UNKNOWN } } peers { permanent_uuid: "75c5771379514e51b78771869c4cdf32" member_type: VOTER last_known_addr { host: "127.7.87.195" port: 39891 } health_report { overall_health: UNKNOWN } } }
I20260709 13:00:16.880330  8293 raft_consensus.cc:1275] T d22d6b3eb28548bc8d8951a542c93442 P 75c5771379514e51b78771869c4cdf32 [term 3 FOLLOWER]: Refusing update from remote peer 6958f96505c04b55833e0b79d733d523: Log matching property violated. Preceding OpId in replica: term: 2 index: 2. Preceding OpId from leader: term: 3 index: 3. (index mismatch)
I20260709 13:00:16.881313  8430 consensus_queue.cc:1048] T d22d6b3eb28548bc8d8951a542c93442 P 6958f96505c04b55833e0b79d733d523 [LEADER]: Connected to new peer: Peer: permanent_uuid: "75c5771379514e51b78771869c4cdf32" member_type: VOTER last_known_addr { host: "127.7.87.195" port: 39891 }, Status: LMP_MISMATCH, Last received: 0.0, Next index: 3, Last known committed idx: 2, Time since last communication: 0.000s
I20260709 13:00:16.888375  8221 raft_consensus.cc:1275] T d22d6b3eb28548bc8d8951a542c93442 P 38be2d18622746b4bc5d2da0a0f521ed [term 3 FOLLOWER]: Refusing update from remote peer 6958f96505c04b55833e0b79d733d523: Log matching property violated. Preceding OpId in replica: term: 2 index: 2. Preceding OpId from leader: term: 3 index: 3. (index mismatch)
I20260709 13:00:16.889786  8430 consensus_queue.cc:1048] T d22d6b3eb28548bc8d8951a542c93442 P 6958f96505c04b55833e0b79d733d523 [LEADER]: Connected to new peer: Peer: permanent_uuid: "38be2d18622746b4bc5d2da0a0f521ed" member_type: VOTER last_known_addr { host: "127.7.87.194" port: 44655 }, Status: LMP_MISMATCH, Last received: 0.0, Next index: 3, Last known committed idx: 2, Time since last communication: 0.000s
I20260709 13:00:16.900393  8293 raft_consensus.cc:1275] T ed1c818b3eb6438eac811893bb5ac08b P 75c5771379514e51b78771869c4cdf32 [term 3 FOLLOWER]: Refusing update from remote peer 6958f96505c04b55833e0b79d733d523: Log matching property violated. Preceding OpId in replica: term: 2 index: 2. Preceding OpId from leader: term: 3 index: 3. (index mismatch)
I20260709 13:00:16.901430  8430 consensus_queue.cc:1048] T ed1c818b3eb6438eac811893bb5ac08b P 6958f96505c04b55833e0b79d733d523 [LEADER]: Connected to new peer: Peer: permanent_uuid: "75c5771379514e51b78771869c4cdf32" member_type: VOTER last_known_addr { host: "127.7.87.195" port: 39891 }, Status: LMP_MISMATCH, Last received: 0.0, Next index: 3, Last known committed idx: 2, Time since last communication: 0.000s
I20260709 13:00:16.909821  8221 raft_consensus.cc:1275] T ed1c818b3eb6438eac811893bb5ac08b P 38be2d18622746b4bc5d2da0a0f521ed [term 3 FOLLOWER]: Refusing update from remote peer 6958f96505c04b55833e0b79d733d523: Log matching property violated. Preceding OpId in replica: term: 2 index: 2. Preceding OpId from leader: term: 3 index: 3. (index mismatch)
I20260709 13:00:16.911607  8429 consensus_queue.cc:1048] T ed1c818b3eb6438eac811893bb5ac08b P 6958f96505c04b55833e0b79d733d523 [LEADER]: Connected to new peer: Peer: permanent_uuid: "38be2d18622746b4bc5d2da0a0f521ed" member_type: VOTER last_known_addr { host: "127.7.87.194" port: 44655 }, Status: LMP_MISMATCH, Last received: 0.0, Next index: 3, Last known committed idx: 2, Time since last communication: 0.000s
I20260709 13:00:16.974617  8293 raft_consensus.cc:1275] T aaca1625893b4de89cabeff4732304a6 P 75c5771379514e51b78771869c4cdf32 [term 4 FOLLOWER]: Refusing update from remote peer 6958f96505c04b55833e0b79d733d523: Log matching property violated. Preceding OpId in replica: term: 3 index: 3. Preceding OpId from leader: term: 4 index: 4. (index mismatch)
I20260709 13:00:16.975674  8447 consensus_queue.cc:1048] T aaca1625893b4de89cabeff4732304a6 P 6958f96505c04b55833e0b79d733d523 [LEADER]: Connected to new peer: Peer: permanent_uuid: "75c5771379514e51b78771869c4cdf32" member_type: VOTER last_known_addr { host: "127.7.87.195" port: 39891 }, Status: LMP_MISMATCH, Last received: 0.0, Next index: 4, Last known committed idx: 3, Time since last communication: 0.000s
I20260709 13:00:16.984019  8221 raft_consensus.cc:1275] T aaca1625893b4de89cabeff4732304a6 P 38be2d18622746b4bc5d2da0a0f521ed [term 4 FOLLOWER]: Refusing update from remote peer 6958f96505c04b55833e0b79d733d523: Log matching property violated. Preceding OpId in replica: term: 3 index: 3. Preceding OpId from leader: term: 4 index: 4. (index mismatch)
I20260709 13:00:16.985381  8447 consensus_queue.cc:1048] T aaca1625893b4de89cabeff4732304a6 P 6958f96505c04b55833e0b79d733d523 [LEADER]: Connected to new peer: Peer: permanent_uuid: "38be2d18622746b4bc5d2da0a0f521ed" member_type: VOTER last_known_addr { host: "127.7.87.194" port: 44655 }, Status: LMP_MISMATCH, Last received: 0.0, Next index: 4, Last known committed idx: 3, Time since last communication: 0.000s
I20260709 13:00:17.216315  8294 raft_consensus.cc:1275] T 4de0fa405dc445aea63ca6e862743ba5 P 75c5771379514e51b78771869c4cdf32 [term 3 FOLLOWER]: Refusing update from remote peer 6958f96505c04b55833e0b79d733d523: Log matching property violated. Preceding OpId in replica: term: 2 index: 2. Preceding OpId from leader: term: 3 index: 3. (index mismatch)
I20260709 13:00:17.217263  8430 consensus_queue.cc:1048] T 4de0fa405dc445aea63ca6e862743ba5 P 6958f96505c04b55833e0b79d733d523 [LEADER]: Connected to new peer: Peer: permanent_uuid: "75c5771379514e51b78771869c4cdf32" member_type: VOTER last_known_addr { host: "127.7.87.195" port: 39891 }, Status: LMP_MISMATCH, Last received: 0.0, Next index: 3, Last known committed idx: 2, Time since last communication: 0.000s
I20260709 13:00:17.224647  8221 raft_consensus.cc:1275] T 4de0fa405dc445aea63ca6e862743ba5 P 38be2d18622746b4bc5d2da0a0f521ed [term 3 FOLLOWER]: Refusing update from remote peer 6958f96505c04b55833e0b79d733d523: Log matching property violated. Preceding OpId in replica: term: 2 index: 2. Preceding OpId from leader: term: 3 index: 3. (index mismatch)
I20260709 13:00:17.226125  8447 consensus_queue.cc:1048] T 4de0fa405dc445aea63ca6e862743ba5 P 6958f96505c04b55833e0b79d733d523 [LEADER]: Connected to new peer: Peer: permanent_uuid: "38be2d18622746b4bc5d2da0a0f521ed" member_type: VOTER last_known_addr { host: "127.7.87.194" port: 44655 }, Status: LMP_MISMATCH, Last received: 0.0, Next index: 3, Last known committed idx: 2, Time since last communication: 0.000s
I20260709 13:00:17.352572  8221 raft_consensus.cc:1275] T 6106e910a89442f48d58ad61d2b176f3 P 38be2d18622746b4bc5d2da0a0f521ed [term 3 FOLLOWER]: Refusing update from remote peer 6958f96505c04b55833e0b79d733d523: Log matching property violated. Preceding OpId in replica: term: 2 index: 2. Preceding OpId from leader: term: 3 index: 3. (index mismatch)
I20260709 13:00:17.353441  8430 consensus_queue.cc:1048] T 6106e910a89442f48d58ad61d2b176f3 P 6958f96505c04b55833e0b79d733d523 [LEADER]: Connected to new peer: Peer: permanent_uuid: "38be2d18622746b4bc5d2da0a0f521ed" member_type: VOTER last_known_addr { host: "127.7.87.194" port: 44655 }, Status: LMP_MISMATCH, Last received: 0.0, Next index: 3, Last known committed idx: 2, Time since last communication: 0.000s
I20260709 13:00:17.362651  8294 raft_consensus.cc:1275] T 6106e910a89442f48d58ad61d2b176f3 P 75c5771379514e51b78771869c4cdf32 [term 3 FOLLOWER]: Refusing update from remote peer 6958f96505c04b55833e0b79d733d523: Log matching property violated. Preceding OpId in replica: term: 2 index: 2. Preceding OpId from leader: term: 3 index: 3. (index mismatch)
I20260709 13:00:17.364432  8447 consensus_queue.cc:1048] T 6106e910a89442f48d58ad61d2b176f3 P 6958f96505c04b55833e0b79d733d523 [LEADER]: Connected to new peer: Peer: permanent_uuid: "75c5771379514e51b78771869c4cdf32" member_type: VOTER last_known_addr { host: "127.7.87.195" port: 39891 }, Status: LMP_MISMATCH, Last received: 0.0, Next index: 3, Last known committed idx: 2, Time since last communication: 0.000s
I20260709 13:00:19.328588  7519 auto_leader_rebalancer.cc:141] leader rebalance for table test-workload
I20260709 13:00:19.335840  8145 tablet_service.cc:2072] Received LeaderStepDown RPC: tablet_id: "4de0fa405dc445aea63ca6e862743ba5"
dest_uuid: "6958f96505c04b55833e0b79d733d523"
mode: GRACEFUL
new_leader_uuid: "38be2d18622746b4bc5d2da0a0f521ed"
 from {username='slave'} at 127.0.0.1:59040
I20260709 13:00:19.336514  8145 raft_consensus.cc:606] T 4de0fa405dc445aea63ca6e862743ba5 P 6958f96505c04b55833e0b79d733d523 [term 3 LEADER]: Received request to transfer leadership to TS 38be2d18622746b4bc5d2da0a0f521ed
I20260709 13:00:19.338939  8145 tablet_service.cc:2072] Received LeaderStepDown RPC: tablet_id: "598588f61cfc407f8affbaa43daeaf14"
dest_uuid: "6958f96505c04b55833e0b79d733d523"
mode: GRACEFUL
new_leader_uuid: "75c5771379514e51b78771869c4cdf32"
 from {username='slave'} at 127.0.0.1:59040
I20260709 13:00:19.339385  8145 raft_consensus.cc:606] T 598588f61cfc407f8affbaa43daeaf14 P 6958f96505c04b55833e0b79d733d523 [term 1 LEADER]: Received request to transfer leadership to TS 75c5771379514e51b78771869c4cdf32
I20260709 13:00:19.341176  8145 tablet_service.cc:2072] Received LeaderStepDown RPC: tablet_id: "6106e910a89442f48d58ad61d2b176f3"
dest_uuid: "6958f96505c04b55833e0b79d733d523"
mode: GRACEFUL
new_leader_uuid: "75c5771379514e51b78771869c4cdf32"
 from {username='slave'} at 127.0.0.1:59040
I20260709 13:00:19.341598  8145 raft_consensus.cc:606] T 6106e910a89442f48d58ad61d2b176f3 P 6958f96505c04b55833e0b79d733d523 [term 3 LEADER]: Received request to transfer leadership to TS 75c5771379514e51b78771869c4cdf32
I20260709 13:00:19.343457  8145 tablet_service.cc:2072] Received LeaderStepDown RPC: tablet_id: "d22d6b3eb28548bc8d8951a542c93442"
dest_uuid: "6958f96505c04b55833e0b79d733d523"
mode: GRACEFUL
new_leader_uuid: "38be2d18622746b4bc5d2da0a0f521ed"
 from {username='slave'} at 127.0.0.1:59040
I20260709 13:00:19.343899  8145 raft_consensus.cc:606] T d22d6b3eb28548bc8d8951a542c93442 P 6958f96505c04b55833e0b79d733d523 [term 3 LEADER]: Received request to transfer leadership to TS 38be2d18622746b4bc5d2da0a0f521ed
I20260709 13:00:19.344786  7519 auto_leader_rebalancer.cc:452] table: test-workload, leader rebalance finish, leader transfer count: 4
I20260709 13:00:19.345204  7519 auto_leader_rebalancer.cc:527] All tables' leader rebalancing finished this round
I20260709 13:00:19.417685  8466 raft_consensus.cc:993] T 4de0fa405dc445aea63ca6e862743ba5 P 6958f96505c04b55833e0b79d733d523: : Instructing follower 38be2d18622746b4bc5d2da0a0f521ed to start an election
I20260709 13:00:19.418231  8429 raft_consensus.cc:1081] T 4de0fa405dc445aea63ca6e862743ba5 P 6958f96505c04b55833e0b79d733d523 [term 3 LEADER]: Signalling peer 38be2d18622746b4bc5d2da0a0f521ed to start an election
I20260709 13:00:19.419723  8217 tablet_service.cc:2044] Received Run Leader Election RPC: tablet_id: "4de0fa405dc445aea63ca6e862743ba5"
dest_uuid: "38be2d18622746b4bc5d2da0a0f521ed"
 from {username='slave'} at 127.0.0.1:60992
I20260709 13:00:19.420197  8217 raft_consensus.cc:493] T 4de0fa405dc445aea63ca6e862743ba5 P 38be2d18622746b4bc5d2da0a0f521ed [term 3 FOLLOWER]: Starting forced leader election (received explicit request)
I20260709 13:00:19.420542  8217 raft_consensus.cc:3060] T 4de0fa405dc445aea63ca6e862743ba5 P 38be2d18622746b4bc5d2da0a0f521ed [term 3 FOLLOWER]: Advancing to term 4
I20260709 13:00:19.426193  8217 raft_consensus.cc:515] T 4de0fa405dc445aea63ca6e862743ba5 P 38be2d18622746b4bc5d2da0a0f521ed [term 4 FOLLOWER]: Starting forced leader election with config: opid_index: -1 OBSOLETE_local: false peers { permanent_uuid: "6958f96505c04b55833e0b79d733d523" member_type: VOTER last_known_addr { host: "127.7.87.193" port: 45079 } } peers { permanent_uuid: "38be2d18622746b4bc5d2da0a0f521ed" member_type: VOTER last_known_addr { host: "127.7.87.194" port: 44655 } } peers { permanent_uuid: "75c5771379514e51b78771869c4cdf32" member_type: VOTER last_known_addr { host: "127.7.87.195" port: 39891 } }
I20260709 13:00:19.427922  8217 leader_election.cc:290] T 4de0fa405dc445aea63ca6e862743ba5 P 38be2d18622746b4bc5d2da0a0f521ed [CANDIDATE]: Term 4 election: Requested vote from peers 6958f96505c04b55833e0b79d733d523 (127.7.87.193:45079), 75c5771379514e51b78771869c4cdf32 (127.7.87.195:39891)
I20260709 13:00:19.428810  8145 tablet_service.cc:1917] Received RequestConsensusVote() RPC: tablet_id: "4de0fa405dc445aea63ca6e862743ba5" candidate_uuid: "38be2d18622746b4bc5d2da0a0f521ed" candidate_term: 4 candidate_status { last_received { term: 3 index: 3 } } ignore_live_leader: true dest_uuid: "6958f96505c04b55833e0b79d733d523"
I20260709 13:00:19.429170  8293 tablet_service.cc:1917] Received RequestConsensusVote() RPC: tablet_id: "4de0fa405dc445aea63ca6e862743ba5" candidate_uuid: "38be2d18622746b4bc5d2da0a0f521ed" candidate_term: 4 candidate_status { last_received { term: 3 index: 3 } } ignore_live_leader: true dest_uuid: "75c5771379514e51b78771869c4cdf32"
I20260709 13:00:19.429462  8145 raft_consensus.cc:3055] T 4de0fa405dc445aea63ca6e862743ba5 P 6958f96505c04b55833e0b79d733d523 [term 3 LEADER]: Stepping down as leader of term 3
I20260709 13:00:19.429644  8293 raft_consensus.cc:3060] T 4de0fa405dc445aea63ca6e862743ba5 P 75c5771379514e51b78771869c4cdf32 [term 3 FOLLOWER]: Advancing to term 4
I20260709 13:00:19.429807  8145 raft_consensus.cc:740] T 4de0fa405dc445aea63ca6e862743ba5 P 6958f96505c04b55833e0b79d733d523 [term 3 LEADER]: Becoming Follower/Learner. State: Replica: 6958f96505c04b55833e0b79d733d523, State: Running, Role: LEADER
I20260709 13:00:19.430655  8145 consensus_queue.cc:260] T 4de0fa405dc445aea63ca6e862743ba5 P 6958f96505c04b55833e0b79d733d523 [NON_LEADER]: Queue going to NON_LEADER mode. State: All replicated index: 0, Majority replicated index: 3, Committed index: 3, Last appended: 3.3, Last appended by leader: 3, Current term: 3, Majority size: -1, State: 0, Mode: NON_LEADER, active raft config: opid_index: -1 OBSOLETE_local: false peers { permanent_uuid: "6958f96505c04b55833e0b79d733d523" member_type: VOTER last_known_addr { host: "127.7.87.193" port: 45079 } } peers { permanent_uuid: "38be2d18622746b4bc5d2da0a0f521ed" member_type: VOTER last_known_addr { host: "127.7.87.194" port: 44655 } } peers { permanent_uuid: "75c5771379514e51b78771869c4cdf32" member_type: VOTER last_known_addr { host: "127.7.87.195" port: 39891 } }
I20260709 13:00:19.431703  8145 raft_consensus.cc:3060] T 4de0fa405dc445aea63ca6e862743ba5 P 6958f96505c04b55833e0b79d733d523 [term 3 FOLLOWER]: Advancing to term 4
I20260709 13:00:19.434178  8293 raft_consensus.cc:2468] T 4de0fa405dc445aea63ca6e862743ba5 P 75c5771379514e51b78771869c4cdf32 [term 4 FOLLOWER]: Leader election vote request: Granting yes vote for candidate 38be2d18622746b4bc5d2da0a0f521ed in term 4.
I20260709 13:00:19.435434  8185 leader_election.cc:304] T 4de0fa405dc445aea63ca6e862743ba5 P 38be2d18622746b4bc5d2da0a0f521ed [CANDIDATE]: Term 4 election: Election decided. Result: candidate won. Election summary: received 2 responses out of 3 voters: 2 yes votes; 0 no votes. yes voters: 38be2d18622746b4bc5d2da0a0f521ed, 75c5771379514e51b78771869c4cdf32; no voters: 
I20260709 13:00:19.436336  8424 raft_consensus.cc:2804] T 4de0fa405dc445aea63ca6e862743ba5 P 38be2d18622746b4bc5d2da0a0f521ed [term 4 FOLLOWER]: Leader election won for term 4
I20260709 13:00:19.436793  8145 raft_consensus.cc:2468] T 4de0fa405dc445aea63ca6e862743ba5 P 6958f96505c04b55833e0b79d733d523 [term 4 FOLLOWER]: Leader election vote request: Granting yes vote for candidate 38be2d18622746b4bc5d2da0a0f521ed in term 4.
I20260709 13:00:19.437422  8424 raft_consensus.cc:697] T 4de0fa405dc445aea63ca6e862743ba5 P 38be2d18622746b4bc5d2da0a0f521ed [term 4 LEADER]: Becoming Leader. State: Replica: 38be2d18622746b4bc5d2da0a0f521ed, State: Running, Role: LEADER
I20260709 13:00:19.438323  8424 consensus_queue.cc:237] T 4de0fa405dc445aea63ca6e862743ba5 P 38be2d18622746b4bc5d2da0a0f521ed [LEADER]: Queue going to LEADER mode. State: All replicated index: 0, Majority replicated index: 3, Committed index: 3, Last appended: 3.3, Last appended by leader: 3, Current term: 4, Majority size: 2, State: 0, Mode: LEADER, active raft config: opid_index: -1 OBSOLETE_local: false peers { permanent_uuid: "6958f96505c04b55833e0b79d733d523" member_type: VOTER last_known_addr { host: "127.7.87.193" port: 45079 } } peers { permanent_uuid: "38be2d18622746b4bc5d2da0a0f521ed" member_type: VOTER last_known_addr { host: "127.7.87.194" port: 44655 } } peers { permanent_uuid: "75c5771379514e51b78771869c4cdf32" member_type: VOTER last_known_addr { host: "127.7.87.195" port: 39891 } }
I20260709 13:00:19.444921  8041 catalog_manager.cc:5697] T 4de0fa405dc445aea63ca6e862743ba5 P 38be2d18622746b4bc5d2da0a0f521ed reported cstate change: term changed from 3 to 4, leader changed from 6958f96505c04b55833e0b79d733d523 (127.7.87.193) to 38be2d18622746b4bc5d2da0a0f521ed (127.7.87.194). New cstate: current_term: 4 leader_uuid: "38be2d18622746b4bc5d2da0a0f521ed" committed_config { opid_index: -1 OBSOLETE_local: false peers { permanent_uuid: "6958f96505c04b55833e0b79d733d523" member_type: VOTER last_known_addr { host: "127.7.87.193" port: 45079 } health_report { overall_health: UNKNOWN } } peers { permanent_uuid: "38be2d18622746b4bc5d2da0a0f521ed" member_type: VOTER last_known_addr { host: "127.7.87.194" port: 44655 } health_report { overall_health: HEALTHY } } peers { permanent_uuid: "75c5771379514e51b78771869c4cdf32" member_type: VOTER last_known_addr { host: "127.7.87.195" port: 39891 } health_report { overall_health: UNKNOWN } } }
I20260709 13:00:19.729853  8466 raft_consensus.cc:993] T d22d6b3eb28548bc8d8951a542c93442 P 6958f96505c04b55833e0b79d733d523: : Instructing follower 38be2d18622746b4bc5d2da0a0f521ed to start an election
I20260709 13:00:19.730242  8429 raft_consensus.cc:1081] T d22d6b3eb28548bc8d8951a542c93442 P 6958f96505c04b55833e0b79d733d523 [term 3 LEADER]: Signalling peer 38be2d18622746b4bc5d2da0a0f521ed to start an election
I20260709 13:00:19.731560  8217 tablet_service.cc:2044] Received Run Leader Election RPC: tablet_id: "d22d6b3eb28548bc8d8951a542c93442"
dest_uuid: "38be2d18622746b4bc5d2da0a0f521ed"
 from {username='slave'} at 127.0.0.1:60992
I20260709 13:00:19.732007  8217 raft_consensus.cc:493] T d22d6b3eb28548bc8d8951a542c93442 P 38be2d18622746b4bc5d2da0a0f521ed [term 3 FOLLOWER]: Starting forced leader election (received explicit request)
I20260709 13:00:19.732302  8217 raft_consensus.cc:3060] T d22d6b3eb28548bc8d8951a542c93442 P 38be2d18622746b4bc5d2da0a0f521ed [term 3 FOLLOWER]: Advancing to term 4
I20260709 13:00:19.736768  8217 raft_consensus.cc:515] T d22d6b3eb28548bc8d8951a542c93442 P 38be2d18622746b4bc5d2da0a0f521ed [term 4 FOLLOWER]: Starting forced leader election with config: opid_index: -1 OBSOLETE_local: false peers { permanent_uuid: "6958f96505c04b55833e0b79d733d523" member_type: VOTER last_known_addr { host: "127.7.87.193" port: 45079 } } peers { permanent_uuid: "38be2d18622746b4bc5d2da0a0f521ed" member_type: VOTER last_known_addr { host: "127.7.87.194" port: 44655 } } peers { permanent_uuid: "75c5771379514e51b78771869c4cdf32" member_type: VOTER last_known_addr { host: "127.7.87.195" port: 39891 } }
I20260709 13:00:19.738281  8217 leader_election.cc:290] T d22d6b3eb28548bc8d8951a542c93442 P 38be2d18622746b4bc5d2da0a0f521ed [CANDIDATE]: Term 4 election: Requested vote from peers 6958f96505c04b55833e0b79d733d523 (127.7.87.193:45079), 75c5771379514e51b78771869c4cdf32 (127.7.87.195:39891)
I20260709 13:00:19.739289  8146 tablet_service.cc:1917] Received RequestConsensusVote() RPC: tablet_id: "d22d6b3eb28548bc8d8951a542c93442" candidate_uuid: "38be2d18622746b4bc5d2da0a0f521ed" candidate_term: 4 candidate_status { last_received { term: 3 index: 3 } } ignore_live_leader: true dest_uuid: "6958f96505c04b55833e0b79d733d523"
I20260709 13:00:19.739488  8293 tablet_service.cc:1917] Received RequestConsensusVote() RPC: tablet_id: "d22d6b3eb28548bc8d8951a542c93442" candidate_uuid: "38be2d18622746b4bc5d2da0a0f521ed" candidate_term: 4 candidate_status { last_received { term: 3 index: 3 } } ignore_live_leader: true dest_uuid: "75c5771379514e51b78771869c4cdf32"
I20260709 13:00:19.740032  8146 raft_consensus.cc:3055] T d22d6b3eb28548bc8d8951a542c93442 P 6958f96505c04b55833e0b79d733d523 [term 3 LEADER]: Stepping down as leader of term 3
I20260709 13:00:19.740032  8293 raft_consensus.cc:3060] T d22d6b3eb28548bc8d8951a542c93442 P 75c5771379514e51b78771869c4cdf32 [term 3 FOLLOWER]: Advancing to term 4
I20260709 13:00:19.740547  8146 raft_consensus.cc:740] T d22d6b3eb28548bc8d8951a542c93442 P 6958f96505c04b55833e0b79d733d523 [term 3 LEADER]: Becoming Follower/Learner. State: Replica: 6958f96505c04b55833e0b79d733d523, State: Running, Role: LEADER
I20260709 13:00:19.741462  8146 consensus_queue.cc:260] T d22d6b3eb28548bc8d8951a542c93442 P 6958f96505c04b55833e0b79d733d523 [NON_LEADER]: Queue going to NON_LEADER mode. State: All replicated index: 0, Majority replicated index: 3, Committed index: 3, Last appended: 3.3, Last appended by leader: 3, Current term: 3, Majority size: -1, State: 0, Mode: NON_LEADER, active raft config: opid_index: -1 OBSOLETE_local: false peers { permanent_uuid: "6958f96505c04b55833e0b79d733d523" member_type: VOTER last_known_addr { host: "127.7.87.193" port: 45079 } } peers { permanent_uuid: "38be2d18622746b4bc5d2da0a0f521ed" member_type: VOTER last_known_addr { host: "127.7.87.194" port: 44655 } } peers { permanent_uuid: "75c5771379514e51b78771869c4cdf32" member_type: VOTER last_known_addr { host: "127.7.87.195" port: 39891 } }
I20260709 13:00:19.742647  8146 raft_consensus.cc:3060] T d22d6b3eb28548bc8d8951a542c93442 P 6958f96505c04b55833e0b79d733d523 [term 3 FOLLOWER]: Advancing to term 4
I20260709 13:00:19.746477  8293 raft_consensus.cc:2468] T d22d6b3eb28548bc8d8951a542c93442 P 75c5771379514e51b78771869c4cdf32 [term 4 FOLLOWER]: Leader election vote request: Granting yes vote for candidate 38be2d18622746b4bc5d2da0a0f521ed in term 4.
I20260709 13:00:19.747538  8185 leader_election.cc:304] T d22d6b3eb28548bc8d8951a542c93442 P 38be2d18622746b4bc5d2da0a0f521ed [CANDIDATE]: Term 4 election: Election decided. Result: candidate won. Election summary: received 2 responses out of 3 voters: 2 yes votes; 0 no votes. yes voters: 38be2d18622746b4bc5d2da0a0f521ed, 75c5771379514e51b78771869c4cdf32; no voters: 
I20260709 13:00:19.748246  8424 raft_consensus.cc:2804] T d22d6b3eb28548bc8d8951a542c93442 P 38be2d18622746b4bc5d2da0a0f521ed [term 4 FOLLOWER]: Leader election won for term 4
I20260709 13:00:19.748740  8146 raft_consensus.cc:2468] T d22d6b3eb28548bc8d8951a542c93442 P 6958f96505c04b55833e0b79d733d523 [term 4 FOLLOWER]: Leader election vote request: Granting yes vote for candidate 38be2d18622746b4bc5d2da0a0f521ed in term 4.
I20260709 13:00:19.748740  8424 raft_consensus.cc:697] T d22d6b3eb28548bc8d8951a542c93442 P 38be2d18622746b4bc5d2da0a0f521ed [term 4 LEADER]: Becoming Leader. State: Replica: 38be2d18622746b4bc5d2da0a0f521ed, State: Running, Role: LEADER
I20260709 13:00:19.749831  8424 consensus_queue.cc:237] T d22d6b3eb28548bc8d8951a542c93442 P 38be2d18622746b4bc5d2da0a0f521ed [LEADER]: Queue going to LEADER mode. State: All replicated index: 0, Majority replicated index: 3, Committed index: 3, Last appended: 3.3, Last appended by leader: 3, Current term: 4, Majority size: 2, State: 0, Mode: LEADER, active raft config: opid_index: -1 OBSOLETE_local: false peers { permanent_uuid: "6958f96505c04b55833e0b79d733d523" member_type: VOTER last_known_addr { host: "127.7.87.193" port: 45079 } } peers { permanent_uuid: "38be2d18622746b4bc5d2da0a0f521ed" member_type: VOTER last_known_addr { host: "127.7.87.194" port: 44655 } } peers { permanent_uuid: "75c5771379514e51b78771869c4cdf32" member_type: VOTER last_known_addr { host: "127.7.87.195" port: 39891 } }
I20260709 13:00:19.756359  8041 catalog_manager.cc:5697] T d22d6b3eb28548bc8d8951a542c93442 P 38be2d18622746b4bc5d2da0a0f521ed reported cstate change: term changed from 3 to 4, leader changed from 6958f96505c04b55833e0b79d733d523 (127.7.87.193) to 38be2d18622746b4bc5d2da0a0f521ed (127.7.87.194). New cstate: current_term: 4 leader_uuid: "38be2d18622746b4bc5d2da0a0f521ed" committed_config { opid_index: -1 OBSOLETE_local: false peers { permanent_uuid: "6958f96505c04b55833e0b79d733d523" member_type: VOTER last_known_addr { host: "127.7.87.193" port: 45079 } health_report { overall_health: UNKNOWN } } peers { permanent_uuid: "38be2d18622746b4bc5d2da0a0f521ed" member_type: VOTER last_known_addr { host: "127.7.87.194" port: 44655 } health_report { overall_health: HEALTHY } } peers { permanent_uuid: "75c5771379514e51b78771869c4cdf32" member_type: VOTER last_known_addr { host: "127.7.87.195" port: 39891 } health_report { overall_health: UNKNOWN } } }
I20260709 13:00:19.783582  8466 raft_consensus.cc:993] T 6106e910a89442f48d58ad61d2b176f3 P 6958f96505c04b55833e0b79d733d523: : Instructing follower 75c5771379514e51b78771869c4cdf32 to start an election
I20260709 13:00:19.784019  8429 raft_consensus.cc:1081] T 6106e910a89442f48d58ad61d2b176f3 P 6958f96505c04b55833e0b79d733d523 [term 3 LEADER]: Signalling peer 75c5771379514e51b78771869c4cdf32 to start an election
I20260709 13:00:19.785358  8293 tablet_service.cc:2044] Received Run Leader Election RPC: tablet_id: "6106e910a89442f48d58ad61d2b176f3"
dest_uuid: "75c5771379514e51b78771869c4cdf32"
 from {username='slave'} at 127.0.0.1:34066
I20260709 13:00:19.785766  8293 raft_consensus.cc:493] T 6106e910a89442f48d58ad61d2b176f3 P 75c5771379514e51b78771869c4cdf32 [term 3 FOLLOWER]: Starting forced leader election (received explicit request)
I20260709 13:00:19.786038  8293 raft_consensus.cc:3060] T 6106e910a89442f48d58ad61d2b176f3 P 75c5771379514e51b78771869c4cdf32 [term 3 FOLLOWER]: Advancing to term 4
I20260709 13:00:19.790285  8293 raft_consensus.cc:515] T 6106e910a89442f48d58ad61d2b176f3 P 75c5771379514e51b78771869c4cdf32 [term 4 FOLLOWER]: Starting forced leader election with config: opid_index: -1 OBSOLETE_local: false peers { permanent_uuid: "6958f96505c04b55833e0b79d733d523" member_type: VOTER last_known_addr { host: "127.7.87.193" port: 45079 } } peers { permanent_uuid: "38be2d18622746b4bc5d2da0a0f521ed" member_type: VOTER last_known_addr { host: "127.7.87.194" port: 44655 } } peers { permanent_uuid: "75c5771379514e51b78771869c4cdf32" member_type: VOTER last_known_addr { host: "127.7.87.195" port: 39891 } }
I20260709 13:00:19.791803  8293 leader_election.cc:290] T 6106e910a89442f48d58ad61d2b176f3 P 75c5771379514e51b78771869c4cdf32 [CANDIDATE]: Term 4 election: Requested vote from peers 6958f96505c04b55833e0b79d733d523 (127.7.87.193:45079), 38be2d18622746b4bc5d2da0a0f521ed (127.7.87.194:44655)
I20260709 13:00:19.792428  8146 tablet_service.cc:1917] Received RequestConsensusVote() RPC: tablet_id: "6106e910a89442f48d58ad61d2b176f3" candidate_uuid: "75c5771379514e51b78771869c4cdf32" candidate_term: 4 candidate_status { last_received { term: 3 index: 3 } } ignore_live_leader: true dest_uuid: "6958f96505c04b55833e0b79d733d523"
I20260709 13:00:19.792865  8217 tablet_service.cc:1917] Received RequestConsensusVote() RPC: tablet_id: "6106e910a89442f48d58ad61d2b176f3" candidate_uuid: "75c5771379514e51b78771869c4cdf32" candidate_term: 4 candidate_status { last_received { term: 3 index: 3 } } ignore_live_leader: true dest_uuid: "38be2d18622746b4bc5d2da0a0f521ed"
I20260709 13:00:19.792932  8146 raft_consensus.cc:3055] T 6106e910a89442f48d58ad61d2b176f3 P 6958f96505c04b55833e0b79d733d523 [term 3 LEADER]: Stepping down as leader of term 3
I20260709 13:00:19.793529  8217 raft_consensus.cc:3060] T 6106e910a89442f48d58ad61d2b176f3 P 38be2d18622746b4bc5d2da0a0f521ed [term 3 FOLLOWER]: Advancing to term 4
I20260709 13:00:19.793605  8146 raft_consensus.cc:740] T 6106e910a89442f48d58ad61d2b176f3 P 6958f96505c04b55833e0b79d733d523 [term 3 LEADER]: Becoming Follower/Learner. State: Replica: 6958f96505c04b55833e0b79d733d523, State: Running, Role: LEADER
I20260709 13:00:19.794505  8146 consensus_queue.cc:260] T 6106e910a89442f48d58ad61d2b176f3 P 6958f96505c04b55833e0b79d733d523 [NON_LEADER]: Queue going to NON_LEADER mode. State: All replicated index: 0, Majority replicated index: 3, Committed index: 3, Last appended: 3.3, Last appended by leader: 3, Current term: 3, Majority size: -1, State: 0, Mode: NON_LEADER, active raft config: opid_index: -1 OBSOLETE_local: false peers { permanent_uuid: "6958f96505c04b55833e0b79d733d523" member_type: VOTER last_known_addr { host: "127.7.87.193" port: 45079 } } peers { permanent_uuid: "38be2d18622746b4bc5d2da0a0f521ed" member_type: VOTER last_known_addr { host: "127.7.87.194" port: 44655 } } peers { permanent_uuid: "75c5771379514e51b78771869c4cdf32" member_type: VOTER last_known_addr { host: "127.7.87.195" port: 39891 } }
I20260709 13:00:19.795637  8146 raft_consensus.cc:3060] T 6106e910a89442f48d58ad61d2b176f3 P 6958f96505c04b55833e0b79d733d523 [term 3 FOLLOWER]: Advancing to term 4
I20260709 13:00:19.799960  8217 raft_consensus.cc:2468] T 6106e910a89442f48d58ad61d2b176f3 P 38be2d18622746b4bc5d2da0a0f521ed [term 4 FOLLOWER]: Leader election vote request: Granting yes vote for candidate 75c5771379514e51b78771869c4cdf32 in term 4.
I20260709 13:00:19.801215  8259 leader_election.cc:304] T 6106e910a89442f48d58ad61d2b176f3 P 75c5771379514e51b78771869c4cdf32 [CANDIDATE]: Term 4 election: Election decided. Result: candidate won. Election summary: received 2 responses out of 3 voters: 2 yes votes; 0 no votes. yes voters: 38be2d18622746b4bc5d2da0a0f521ed, 75c5771379514e51b78771869c4cdf32; no voters: 
I20260709 13:00:19.801393  8146 raft_consensus.cc:2468] T 6106e910a89442f48d58ad61d2b176f3 P 6958f96505c04b55833e0b79d733d523 [term 4 FOLLOWER]: Leader election vote request: Granting yes vote for candidate 75c5771379514e51b78771869c4cdf32 in term 4.
I20260709 13:00:19.802066  8443 raft_consensus.cc:2804] T 6106e910a89442f48d58ad61d2b176f3 P 75c5771379514e51b78771869c4cdf32 [term 4 FOLLOWER]: Leader election won for term 4
I20260709 13:00:19.803113  8443 raft_consensus.cc:697] T 6106e910a89442f48d58ad61d2b176f3 P 75c5771379514e51b78771869c4cdf32 [term 4 LEADER]: Becoming Leader. State: Replica: 75c5771379514e51b78771869c4cdf32, State: Running, Role: LEADER
I20260709 13:00:19.803898  8443 consensus_queue.cc:237] T 6106e910a89442f48d58ad61d2b176f3 P 75c5771379514e51b78771869c4cdf32 [LEADER]: Queue going to LEADER mode. State: All replicated index: 0, Majority replicated index: 3, Committed index: 3, Last appended: 3.3, Last appended by leader: 3, Current term: 4, Majority size: 2, State: 0, Mode: LEADER, active raft config: opid_index: -1 OBSOLETE_local: false peers { permanent_uuid: "6958f96505c04b55833e0b79d733d523" member_type: VOTER last_known_addr { host: "127.7.87.193" port: 45079 } } peers { permanent_uuid: "38be2d18622746b4bc5d2da0a0f521ed" member_type: VOTER last_known_addr { host: "127.7.87.194" port: 44655 } } peers { permanent_uuid: "75c5771379514e51b78771869c4cdf32" member_type: VOTER last_known_addr { host: "127.7.87.195" port: 39891 } }
