I20260709 13:00:11.384363  8272 leader_election.cc:290] T 00000000000000000000000000000000 P cfd1ebb37be243e1b8d42916dc7976b4 [CANDIDATE]: Term 1 election: Requested vote from peers 
I20260709 13:00:11.384904  8275 raft_consensus.cc:2804] T 00000000000000000000000000000000 P cfd1ebb37be243e1b8d42916dc7976b4 [term 1 FOLLOWER]: Leader election won for term 1
I20260709 13:00:11.386747  8275 raft_consensus.cc:697] T 00000000000000000000000000000000 P cfd1ebb37be243e1b8d42916dc7976b4 [term 1 LEADER]: Becoming Leader. State: Replica: cfd1ebb37be243e1b8d42916dc7976b4, State: Running, Role: LEADER
I20260709 13:00:11.387579  8272 sys_catalog.cc:565] T 00000000000000000000000000000000 P cfd1ebb37be243e1b8d42916dc7976b4 [sys.catalog]: configured and running, proceeding with master startup.
I20260709 13:00:11.387521  8275 consensus_queue.cc:237] T 00000000000000000000000000000000 P cfd1ebb37be243e1b8d42916dc7976b4 [LEADER]: Queue going to LEADER mode. State: All replicated index: 0, Majority replicated index: 0, Committed index: 0, Last appended: 0.0, Last appended by leader: 0, Current term: 1, Majority size: 1, State: 0, Mode: LEADER, active raft config: opid_index: -1 OBSOLETE_local: true peers { permanent_uuid: "cfd1ebb37be243e1b8d42916dc7976b4" member_type: VOTER }
I20260709 13:00:11.393249  8277 sys_catalog.cc:455] T 00000000000000000000000000000000 P cfd1ebb37be243e1b8d42916dc7976b4 [sys.catalog]: SysCatalogTable state changed. Reason: New leader cfd1ebb37be243e1b8d42916dc7976b4. Latest consensus state: current_term: 1 leader_uuid: "cfd1ebb37be243e1b8d42916dc7976b4" committed_config { opid_index: -1 OBSOLETE_local: true peers { permanent_uuid: "cfd1ebb37be243e1b8d42916dc7976b4" member_type: VOTER } }
I20260709 13:00:11.393560  8276 sys_catalog.cc:455] T 00000000000000000000000000000000 P cfd1ebb37be243e1b8d42916dc7976b4 [sys.catalog]: SysCatalogTable state changed. Reason: RaftConsensus started. Latest consensus state: current_term: 1 leader_uuid: "cfd1ebb37be243e1b8d42916dc7976b4" committed_config { opid_index: -1 OBSOLETE_local: true peers { permanent_uuid: "cfd1ebb37be243e1b8d42916dc7976b4" member_type: VOTER } }
I20260709 13:00:11.394151  8277 sys_catalog.cc:458] T 00000000000000000000000000000000 P cfd1ebb37be243e1b8d42916dc7976b4 [sys.catalog]: This master's current role is: LEADER
I20260709 13:00:11.394375  8276 sys_catalog.cc:458] T 00000000000000000000000000000000 P cfd1ebb37be243e1b8d42916dc7976b4 [sys.catalog]: This master's current role is: LEADER
I20260709 13:00:11.401878  8283 catalog_manager.cc:1511] Loading table and tablet metadata into memory...
I20260709 13:00:11.409718  8283 catalog_manager.cc:1520] Initializing Kudu cluster ID...
I20260709 13:00:11.410876  7677 internal_mini_cluster.cc:184] Waiting to initialize catalog manager on master 0
I20260709 13:00:11.418654  8283 catalog_manager.cc:1383] Generated new cluster ID: 9014197c79aa49dda6f234b9996e1da7
I20260709 13:00:11.418975  8283 catalog_manager.cc:1531] Initializing Kudu internal certificate authority...
I20260709 13:00:11.470785  8283 catalog_manager.cc:1406] Generated new certificate authority record
I20260709 13:00:11.472223  8283 catalog_manager.cc:1540] Loading token signing keys...
I20260709 13:00:11.485895  8283 catalog_manager.cc:6070] T 00000000000000000000000000000000 P cfd1ebb37be243e1b8d42916dc7976b4: Generated new TSK 0
I20260709 13:00:11.486665  8283 catalog_manager.cc:1550] Initializing in-progress tserver states...
I20260709 13:00:11.542514  7677 file_cache.cc:504] Constructed file cache file cache with capacity 419430
W20260709 13:00:11.549077  8293 instance_detector.cc:116] could not retrieve AWS instance metadata: Network error: curl error: HTTP response code said error: The requested URL returned error: 404
W20260709 13:00:11.549758  8294 instance_detector.cc:116] could not retrieve Azure instance metadata: Network error: curl error: HTTP response code said error: The requested URL returned error: 404
W20260709 13:00:11.551651  8296 instance_detector.cc:116] could not retrieve OpenStack instance metadata: Network error: curl error: HTTP response code said error: The requested URL returned error: 404
I20260709 13:00:11.558247  7677 server_base.cc:1061] running on GCE node
I20260709 13:00:11.559947  7677 hybrid_clock.cc:584] initializing the hybrid clock with 'system_unsync' time source
W20260709 13:00:11.560197  7677 system_unsync_time.cc:38] NTP support is disabled. Clock error bounds will not be accurate. This configuration is not suitable for distributed clusters.
I20260709 13:00:11.560348  7677 hybrid_clock.cc:648] HybridClock initialized: now 1783602011560335 us; error 0 us; skew 500 ppm
I20260709 13:00:11.560847  7677 server_base.cc:861] Flag tcmalloc_max_total_thread_cache_bytes is not working since tcmalloc is not enabled.
I20260709 13:00:11.563501  7677 webserver.cc:533] Webserver started at http://127.7.127.65:33663/ using document root <none> and password file <none>
I20260709 13:00:11.564007  7677 fs_manager.cc:362] Metadata directory not provided
I20260709 13:00:11.564244  7677 fs_manager.cc:368] Using write-ahead log directory (fs_wal_dir) as metadata directory
I20260709 13:00:11.564589  7677 server_base.cc:909] This appears to be a new deployment of Kudu; creating new FS layout
I20260709 13:00:11.565745  7677 fs_manager.cc:1068] Generated new instance metadata in path /tmp/dist-test-taskUR0hL7/test-tmp/auto_leader_rebalancer-test.0.LeaderRebalancerTest.FunctionalTestForNotDivided.1783601996329449-7677-0/minicluster-data/ts-0-root/instance:
uuid: "6908e61631bd415e9bfc77db518ef1de"
format_stamp: "Formatted at 2026-07-09 13:00:11 on dist-test-slave-v5z2"
I20260709 13:00:11.570920  7677 fs_manager.cc:696] Time spent creating directory manager: real 0.005s	user 0.007s	sys 0.000s
I20260709 13:00:11.574900  8301 log_block_manager.cc:4127] Time spent loading block containers with low live blocks: real 0.000s	user 0.000s	sys 0.000s
I20260709 13:00:11.575910  7677 fs_manager.cc:730] Time spent opening block manager: real 0.003s	user 0.003s	sys 0.000s
I20260709 13:00:11.576206  7677 fs_manager.cc:647] Opened local filesystem: /tmp/dist-test-taskUR0hL7/test-tmp/auto_leader_rebalancer-test.0.LeaderRebalancerTest.FunctionalTestForNotDivided.1783601996329449-7677-0/minicluster-data/ts-0-root
uuid: "6908e61631bd415e9bfc77db518ef1de"
format_stamp: "Formatted at 2026-07-09 13:00:11 on dist-test-slave-v5z2"
I20260709 13:00:11.576454  7677 fs_report.cc:389] FS layout report
--------------------
wal directory: /tmp/dist-test-taskUR0hL7/test-tmp/auto_leader_rebalancer-test.0.LeaderRebalancerTest.FunctionalTestForNotDivided.1783601996329449-7677-0/minicluster-data/ts-0-root
metadata directory: /tmp/dist-test-taskUR0hL7/test-tmp/auto_leader_rebalancer-test.0.LeaderRebalancerTest.FunctionalTestForNotDivided.1783601996329449-7677-0/minicluster-data/ts-0-root
1 data directories: /tmp/dist-test-taskUR0hL7/test-tmp/auto_leader_rebalancer-test.0.LeaderRebalancerTest.FunctionalTestForNotDivided.1783601996329449-7677-0/minicluster-data/ts-0-root/data
Total live blocks: 0
Total live bytes: 0
Total live bytes (after alignment): 0
Total number of LBM containers: 0 (0 full)
Did not check for missing blocks
Did not check for orphaned blocks
Total full LBM containers with extra space: 0 (0 repaired)
Total full LBM container extra space in bytes: 0 (0 repaired)
Total incomplete LBM containers: 0 (0 repaired)
Total LBM partial records: 0 (0 repaired)
Total corrupted LBM metadata records in RocksDB: 0 (0 repaired)
I20260709 13:00:11.594692  7677 rpc_server.cc:225] running with OpenSSL 1.1.1  11 Sep 2018
I20260709 13:00:11.596019  7677 kserver.cc:163] Server-wide thread pool size limit: 3276
I20260709 13:00:11.597532  7677 txn_system_client.cc:432] TxnSystemClient initialization is disabled...
I20260709 13:00:11.600275  7677 ts_tablet_manager.cc:585] Loaded tablet metadata (0 total tablets, 0 live tablets)
I20260709 13:00:11.600464  7677 ts_tablet_manager.cc:531] Time spent load tablet metadata: real 0.000s	user 0.000s	sys 0.000s
I20260709 13:00:11.600787  7677 ts_tablet_manager.cc:616] Registered 0 tablets
I20260709 13:00:11.600987  7677 ts_tablet_manager.cc:595] Time spent register tablets: real 0.000s	user 0.000s	sys 0.000s
I20260709 13:00:11.646854  7677 rpc_server.cc:307] RPC server started. Bound to: 127.7.127.65:33121
I20260709 13:00:11.646968  8363 acceptor_pool.cc:272] collecting diagnostics on the listening RPC socket 127.7.127.65:33121 every 8 connection(s)
I20260709 13:00:11.651875  7677 file_cache.cc:504] Constructed file cache file cache with capacity 419430
W20260709 13:00:11.658890  8368 instance_detector.cc:116] could not retrieve AWS instance metadata: Network error: curl error: HTTP response code said error: The requested URL returned error: 404
W20260709 13:00:11.660704  8369 instance_detector.cc:116] could not retrieve Azure instance metadata: Network error: curl error: HTTP response code said error: The requested URL returned error: 404
I20260709 13:00:11.664117  7677 server_base.cc:1061] running on GCE node
W20260709 13:00:11.664769  8371 instance_detector.cc:116] could not retrieve OpenStack instance metadata: Network error: curl error: HTTP response code said error: The requested URL returned error: 404
I20260709 13:00:11.665752  7677 hybrid_clock.cc:584] initializing the hybrid clock with 'system_unsync' time source
W20260709 13:00:11.666003  7677 system_unsync_time.cc:38] NTP support is disabled. Clock error bounds will not be accurate. This configuration is not suitable for distributed clusters.
I20260709 13:00:11.666208  7677 hybrid_clock.cc:648] HybridClock initialized: now 1783602011666183 us; error 0 us; skew 500 ppm
I20260709 13:00:11.666982  7677 server_base.cc:861] Flag tcmalloc_max_total_thread_cache_bytes is not working since tcmalloc is not enabled.
I20260709 13:00:11.670133  7677 webserver.cc:533] Webserver started at http://127.7.127.66:34303/ using document root <none> and password file <none>
I20260709 13:00:11.670392  8364 heartbeater.cc:344] Connected to a master server at 127.7.127.126:35913
I20260709 13:00:11.670639  7677 fs_manager.cc:362] Metadata directory not provided
I20260709 13:00:11.670837  8364 heartbeater.cc:461] Registering TS with master...
I20260709 13:00:11.670931  7677 fs_manager.cc:368] Using write-ahead log directory (fs_wal_dir) as metadata directory
I20260709 13:00:11.671372  7677 server_base.cc:909] This appears to be a new deployment of Kudu; creating new FS layout
I20260709 13:00:11.671834  8364 heartbeater.cc:507] Master 127.7.127.126:35913 requested a full tablet report, sending...
I20260709 13:00:11.672780  7677 fs_manager.cc:1068] Generated new instance metadata in path /tmp/dist-test-taskUR0hL7/test-tmp/auto_leader_rebalancer-test.0.LeaderRebalancerTest.FunctionalTestForNotDivided.1783601996329449-7677-0/minicluster-data/ts-1-root/instance:
uuid: "7f9ca06a588446b195789dff27e41f6f"
format_stamp: "Formatted at 2026-07-09 13:00:11 on dist-test-slave-v5z2"
I20260709 13:00:11.674378  8237 ts_manager.cc:194] Registered new tserver with Master: 6908e61631bd415e9bfc77db518ef1de (127.7.127.65:33121)
I20260709 13:00:11.676968  8237 master_service.cc:502] Signed X509 certificate for tserver {username='slave'} at 127.0.0.1:50170
I20260709 13:00:11.679107  7677 fs_manager.cc:696] Time spent creating directory manager: real 0.006s	user 0.003s	sys 0.004s
I20260709 13:00:11.683001  8376 log_block_manager.cc:4127] Time spent loading block containers with low live blocks: real 0.000s	user 0.000s	sys 0.000s
I20260709 13:00:11.684087  7677 fs_manager.cc:730] Time spent opening block manager: real 0.003s	user 0.003s	sys 0.000s
I20260709 13:00:11.684358  7677 fs_manager.cc:647] Opened local filesystem: /tmp/dist-test-taskUR0hL7/test-tmp/auto_leader_rebalancer-test.0.LeaderRebalancerTest.FunctionalTestForNotDivided.1783601996329449-7677-0/minicluster-data/ts-1-root
uuid: "7f9ca06a588446b195789dff27e41f6f"
format_stamp: "Formatted at 2026-07-09 13:00:11 on dist-test-slave-v5z2"
I20260709 13:00:11.684609  7677 fs_report.cc:389] FS layout report
--------------------
wal directory: /tmp/dist-test-taskUR0hL7/test-tmp/auto_leader_rebalancer-test.0.LeaderRebalancerTest.FunctionalTestForNotDivided.1783601996329449-7677-0/minicluster-data/ts-1-root
metadata directory: /tmp/dist-test-taskUR0hL7/test-tmp/auto_leader_rebalancer-test.0.LeaderRebalancerTest.FunctionalTestForNotDivided.1783601996329449-7677-0/minicluster-data/ts-1-root
1 data directories: /tmp/dist-test-taskUR0hL7/test-tmp/auto_leader_rebalancer-test.0.LeaderRebalancerTest.FunctionalTestForNotDivided.1783601996329449-7677-0/minicluster-data/ts-1-root/data
Total live blocks: 0
Total live bytes: 0
Total live bytes (after alignment): 0
Total number of LBM containers: 0 (0 full)
Did not check for missing blocks
Did not check for orphaned blocks
Total full LBM containers with extra space: 0 (0 repaired)
Total full LBM container extra space in bytes: 0 (0 repaired)
Total incomplete LBM containers: 0 (0 repaired)
Total LBM partial records: 0 (0 repaired)
Total corrupted LBM metadata records in RocksDB: 0 (0 repaired)
I20260709 13:00:11.709719  7677 rpc_server.cc:225] running with OpenSSL 1.1.1  11 Sep 2018
I20260709 13:00:11.710883  7677 kserver.cc:163] Server-wide thread pool size limit: 3276
I20260709 13:00:11.712476  7677 txn_system_client.cc:432] TxnSystemClient initialization is disabled...
I20260709 13:00:11.714871  7677 ts_tablet_manager.cc:585] Loaded tablet metadata (0 total tablets, 0 live tablets)
I20260709 13:00:11.715049  7677 ts_tablet_manager.cc:531] Time spent load tablet metadata: real 0.000s	user 0.000s	sys 0.000s
I20260709 13:00:11.715420  7677 ts_tablet_manager.cc:616] Registered 0 tablets
I20260709 13:00:11.715598  7677 ts_tablet_manager.cc:595] Time spent register tablets: real 0.000s	user 0.000s	sys 0.000s
I20260709 13:00:11.756426  7677 rpc_server.cc:307] RPC server started. Bound to: 127.7.127.66:42047
I20260709 13:00:11.756536  8438 acceptor_pool.cc:272] collecting diagnostics on the listening RPC socket 127.7.127.66:42047 every 8 connection(s)
I20260709 13:00:11.761097  7677 file_cache.cc:504] Constructed file cache file cache with capacity 419430
W20260709 13:00:11.768919  8442 instance_detector.cc:116] could not retrieve AWS instance metadata: Network error: curl error: HTTP response code said error: The requested URL returned error: 404
W20260709 13:00:11.770897  8443 instance_detector.cc:116] could not retrieve Azure instance metadata: Network error: curl error: HTTP response code said error: The requested URL returned error: 404
W20260709 13:00:11.774765  8445 instance_detector.cc:116] could not retrieve OpenStack instance metadata: Network error: curl error: HTTP response code said error: The requested URL returned error: 404
I20260709 13:00:11.775003  7677 server_base.cc:1061] running on GCE node
I20260709 13:00:11.775038  8439 heartbeater.cc:344] Connected to a master server at 127.7.127.126:35913
I20260709 13:00:11.775738  8439 heartbeater.cc:461] Registering TS with master...
I20260709 13:00:11.776242  7677 hybrid_clock.cc:584] initializing the hybrid clock with 'system_unsync' time source
W20260709 13:00:11.776497  7677 system_unsync_time.cc:38] NTP support is disabled. Clock error bounds will not be accurate. This configuration is not suitable for distributed clusters.
I20260709 13:00:11.776552  8439 heartbeater.cc:507] Master 127.7.127.126:35913 requested a full tablet report, sending...
I20260709 13:00:11.776779  7677 hybrid_clock.cc:648] HybridClock initialized: now 1783602011776760 us; error 0 us; skew 500 ppm
I20260709 13:00:11.777451  7677 server_base.cc:861] Flag tcmalloc_max_total_thread_cache_bytes is not working since tcmalloc is not enabled.
I20260709 13:00:11.779013  8237 ts_manager.cc:194] Registered new tserver with Master: 7f9ca06a588446b195789dff27e41f6f (127.7.127.66:42047)
I20260709 13:00:11.780516  7677 webserver.cc:533] Webserver started at http://127.7.127.67:45883/ using document root <none> and password file <none>
I20260709 13:00:11.780627  8237 master_service.cc:502] Signed X509 certificate for tserver {username='slave'} at 127.0.0.1:50184
I20260709 13:00:11.781121  7677 fs_manager.cc:362] Metadata directory not provided
I20260709 13:00:11.781353  7677 fs_manager.cc:368] Using write-ahead log directory (fs_wal_dir) as metadata directory
I20260709 13:00:11.781692  7677 server_base.cc:909] This appears to be a new deployment of Kudu; creating new FS layout
I20260709 13:00:11.782877  7677 fs_manager.cc:1068] Generated new instance metadata in path /tmp/dist-test-taskUR0hL7/test-tmp/auto_leader_rebalancer-test.0.LeaderRebalancerTest.FunctionalTestForNotDivided.1783601996329449-7677-0/minicluster-data/ts-2-root/instance:
uuid: "e1a0ad378c204cda86afa8ac8df73eb0"
format_stamp: "Formatted at 2026-07-09 13:00:11 on dist-test-slave-v5z2"
I20260709 13:00:11.787441  7677 fs_manager.cc:696] Time spent creating directory manager: real 0.004s	user 0.003s	sys 0.000s
I20260709 13:00:11.790872  8450 log_block_manager.cc:4127] Time spent loading block containers with low live blocks: real 0.000s	user 0.000s	sys 0.000s
I20260709 13:00:11.791832  7677 fs_manager.cc:730] Time spent opening block manager: real 0.002s	user 0.003s	sys 0.000s
I20260709 13:00:11.792198  7677 fs_manager.cc:647] Opened local filesystem: /tmp/dist-test-taskUR0hL7/test-tmp/auto_leader_rebalancer-test.0.LeaderRebalancerTest.FunctionalTestForNotDivided.1783601996329449-7677-0/minicluster-data/ts-2-root
uuid: "e1a0ad378c204cda86afa8ac8df73eb0"
format_stamp: "Formatted at 2026-07-09 13:00:11 on dist-test-slave-v5z2"
I20260709 13:00:11.792527  7677 fs_report.cc:389] FS layout report
--------------------
wal directory: /tmp/dist-test-taskUR0hL7/test-tmp/auto_leader_rebalancer-test.0.LeaderRebalancerTest.FunctionalTestForNotDivided.1783601996329449-7677-0/minicluster-data/ts-2-root
metadata directory: /tmp/dist-test-taskUR0hL7/test-tmp/auto_leader_rebalancer-test.0.LeaderRebalancerTest.FunctionalTestForNotDivided.1783601996329449-7677-0/minicluster-data/ts-2-root
1 data directories: /tmp/dist-test-taskUR0hL7/test-tmp/auto_leader_rebalancer-test.0.LeaderRebalancerTest.FunctionalTestForNotDivided.1783601996329449-7677-0/minicluster-data/ts-2-root/data
Total live blocks: 0
Total live bytes: 0
Total live bytes (after alignment): 0
Total number of LBM containers: 0 (0 full)
Did not check for missing blocks
Did not check for orphaned blocks
Total full LBM containers with extra space: 0 (0 repaired)
Total full LBM container extra space in bytes: 0 (0 repaired)
Total incomplete LBM containers: 0 (0 repaired)
Total LBM partial records: 0 (0 repaired)
Total corrupted LBM metadata records in RocksDB: 0 (0 repaired)
I20260709 13:00:11.812255  7677 rpc_server.cc:225] running with OpenSSL 1.1.1  11 Sep 2018
I20260709 13:00:11.813434  7677 kserver.cc:163] Server-wide thread pool size limit: 3276
I20260709 13:00:11.814831  7677 txn_system_client.cc:432] TxnSystemClient initialization is disabled...
I20260709 13:00:11.817363  7677 ts_tablet_manager.cc:585] Loaded tablet metadata (0 total tablets, 0 live tablets)
I20260709 13:00:11.817553  7677 ts_tablet_manager.cc:531] Time spent load tablet metadata: real 0.000s	user 0.000s	sys 0.000s
I20260709 13:00:11.817881  7677 ts_tablet_manager.cc:616] Registered 0 tablets
I20260709 13:00:11.818027  7677 ts_tablet_manager.cc:595] Time spent register tablets: real 0.000s	user 0.000s	sys 0.000s
I20260709 13:00:11.861340  7677 rpc_server.cc:307] RPC server started. Bound to: 127.7.127.67:40037
I20260709 13:00:11.861486  8512 acceptor_pool.cc:272] collecting diagnostics on the listening RPC socket 127.7.127.67:40037 every 8 connection(s)
I20260709 13:00:11.877521  8513 heartbeater.cc:344] Connected to a master server at 127.7.127.126:35913
I20260709 13:00:11.878014  8513 heartbeater.cc:461] Registering TS with master...
I20260709 13:00:11.878871  8513 heartbeater.cc:507] Master 127.7.127.126:35913 requested a full tablet report, sending...
I20260709 13:00:11.881220  8237 ts_manager.cc:194] Registered new tserver with Master: e1a0ad378c204cda86afa8ac8df73eb0 (127.7.127.67:40037)
I20260709 13:00:11.882223  7677 internal_mini_cluster.cc:371] 3 TS(s) registered with all masters after 0.017150059s
I20260709 13:00:11.883078  8237 master_service.cc:502] Signed X509 certificate for tserver {username='slave'} at 127.0.0.1:50190
I20260709 13:00:11.911798  8237 catalog_manager.cc:2283] Servicing CreateTable request from {username='slave'} at 127.0.0.1:50192:
name: "test-workload"
schema {
  columns {
    name: "key"
    type: INT32
    is_key: true
    is_nullable: false
    encoding: AUTO_ENCODING
    compression: DEFAULT_COMPRESSION
    cfile_block_size: 0
    immutable: false
  }
  columns {
    name: "int_val"
    type: INT32
    is_key: false
    is_nullable: false
    encoding: AUTO_ENCODING
    compression: DEFAULT_COMPRESSION
    cfile_block_size: 0
    immutable: false
  }
  columns {
    name: "string_val"
    type: STRING
    is_key: false
    is_nullable: true
    encoding: AUTO_ENCODING
    compression: DEFAULT_COMPRESSION
    cfile_block_size: 0
    immutable: false
  }
}
num_replicas: 3
split_rows_range_bounds {
  rows: "\004\001\000\314\314\314\014\004\001\000\230\231\231\031\004\001\000dff&\004\001\0000333\004\001\000\374\377\377?\004\001\000\310\314\314L\004\001\000\224\231\231Y\004\001\000`fff\004\001\000,33s""\004\001\000\314\314\314\014\004\001\000\230\231\231\031\004\001\000dff&\004\001\0000333\004\001\000\374\377\377?\004\001\000\310\314\314L\004\001\000\224\231\231Y\004\001\000`fff\004\001\000,33s"
  indirect_data: """"
}
partition_schema {
  range_schema {
    columns {
      name: "key"
    }
  }
}
W20260709 13:00:11.914702  8237 catalog_manager.cc:7077] The number of live tablet servers is not enough to re-replicate a tablet replica of the newly created table test-workload in case of a server failure: 4 tablet servers would be needed, 3 are available. Consider bringing up more tablet servers.
I20260709 13:00:11.992762  8478 tablet_service.cc:1511] Processing CreateTablet for tablet 66953140f00c48d18bfcf05977978d25 (DEFAULT_TABLE table=test-workload [id=9ba6d95f408449bd8f7a01b9cb4b9ec7]), partition=RANGE (key) PARTITION VALUES < 214748364
I20260709 13:00:11.994274  8478 data_dirs.cc:400] Could only allocate 1 dirs of requested 3 for tablet 66953140f00c48d18bfcf05977978d25. 1 dirs total, 0 dirs full, 0 dirs failed
I20260709 13:00:12.000504  8329 tablet_service.cc:1511] Processing CreateTablet for tablet 66953140f00c48d18bfcf05977978d25 (DEFAULT_TABLE table=test-workload [id=9ba6d95f408449bd8f7a01b9cb4b9ec7]), partition=RANGE (key) PARTITION VALUES < 214748364
I20260709 13:00:12.001910  8329 data_dirs.cc:400] Could only allocate 1 dirs of requested 3 for tablet 66953140f00c48d18bfcf05977978d25. 1 dirs total, 0 dirs full, 0 dirs failed
I20260709 13:00:12.004876  8477 tablet_service.cc:1511] Processing CreateTablet for tablet 70a352bf168843d79210de5e5a5ad7c0 (DEFAULT_TABLE table=test-workload [id=9ba6d95f408449bd8f7a01b9cb4b9ec7]), partition=RANGE (key) PARTITION 214748364 <= VALUES < 429496728
I20260709 13:00:12.006417  8477 data_dirs.cc:400] Could only allocate 1 dirs of requested 3 for tablet 70a352bf168843d79210de5e5a5ad7c0. 1 dirs total, 0 dirs full, 0 dirs failed
I20260709 13:00:12.008783  8328 tablet_service.cc:1511] Processing CreateTablet for tablet 70a352bf168843d79210de5e5a5ad7c0 (DEFAULT_TABLE table=test-workload [id=9ba6d95f408449bd8f7a01b9cb4b9ec7]), partition=RANGE (key) PARTITION 214748364 <= VALUES < 429496728
I20260709 13:00:12.010187  8328 data_dirs.cc:400] Could only allocate 1 dirs of requested 3 for tablet 70a352bf168843d79210de5e5a5ad7c0. 1 dirs total, 0 dirs full, 0 dirs failed
I20260709 13:00:12.016772  8327 tablet_service.cc:1511] Processing CreateTablet for tablet 4a63cd3a686a411d9e772f80af5889fc (DEFAULT_TABLE table=test-workload [id=9ba6d95f408449bd8f7a01b9cb4b9ec7]), partition=RANGE (key) PARTITION 429496728 <= VALUES < 644245092
I20260709 13:00:12.018316  8327 data_dirs.cc:400] Could only allocate 1 dirs of requested 3 for tablet 4a63cd3a686a411d9e772f80af5889fc. 1 dirs total, 0 dirs full, 0 dirs failed
I20260709 13:00:12.018859  8326 tablet_service.cc:1511] Processing CreateTablet for tablet 5d749a624a45405da96852f85c56df39 (DEFAULT_TABLE table=test-workload [id=9ba6d95f408449bd8f7a01b9cb4b9ec7]), partition=RANGE (key) PARTITION 644245092 <= VALUES < 858993456
I20260709 13:00:12.020285  8326 data_dirs.cc:400] Could only allocate 1 dirs of requested 3 for tablet 5d749a624a45405da96852f85c56df39. 1 dirs total, 0 dirs full, 0 dirs failed
I20260709 13:00:12.021013  8476 tablet_service.cc:1511] Processing CreateTablet for tablet 4a63cd3a686a411d9e772f80af5889fc (DEFAULT_TABLE table=test-workload [id=9ba6d95f408449bd8f7a01b9cb4b9ec7]), partition=RANGE (key) PARTITION 429496728 <= VALUES < 644245092
I20260709 13:00:12.022446  8476 data_dirs.cc:400] Could only allocate 1 dirs of requested 3 for tablet 4a63cd3a686a411d9e772f80af5889fc. 1 dirs total, 0 dirs full, 0 dirs failed
I20260709 13:00:12.028450  8325 tablet_service.cc:1511] Processing CreateTablet for tablet be0ddc6e6b554232921741da4f01654d (DEFAULT_TABLE table=test-workload [id=9ba6d95f408449bd8f7a01b9cb4b9ec7]), partition=RANGE (key) PARTITION 858993456 <= VALUES < 1073741820
I20260709 13:00:12.029924  8325 data_dirs.cc:400] Could only allocate 1 dirs of requested 3 for tablet be0ddc6e6b554232921741da4f01654d. 1 dirs total, 0 dirs full, 0 dirs failed
I20260709 13:00:12.037613  8475 tablet_service.cc:1511] Processing CreateTablet for tablet 5d749a624a45405da96852f85c56df39 (DEFAULT_TABLE table=test-workload [id=9ba6d95f408449bd8f7a01b9cb4b9ec7]), partition=RANGE (key) PARTITION 644245092 <= VALUES < 858993456
I20260709 13:00:12.039083  8475 data_dirs.cc:400] Could only allocate 1 dirs of requested 3 for tablet 5d749a624a45405da96852f85c56df39. 1 dirs total, 0 dirs full, 0 dirs failed
I20260709 13:00:12.041637  8324 tablet_service.cc:1511] Processing CreateTablet for tablet 8c5d8b62d3a14fbcbac085ecbc843c75 (DEFAULT_TABLE table=test-workload [id=9ba6d95f408449bd8f7a01b9cb4b9ec7]), partition=RANGE (key) PARTITION 1073741820 <= VALUES < 1288490184
I20260709 13:00:12.043072  8324 data_dirs.cc:400] Could only allocate 1 dirs of requested 3 for tablet 8c5d8b62d3a14fbcbac085ecbc843c75. 1 dirs total, 0 dirs full, 0 dirs failed
I20260709 13:00:12.045449  8323 tablet_service.cc:1511] Processing CreateTablet for tablet bccfa3676e144b109d31464c9e5f08ef (DEFAULT_TABLE table=test-workload [id=9ba6d95f408449bd8f7a01b9cb4b9ec7]), partition=RANGE (key) PARTITION 1288490184 <= VALUES < 1503238548
I20260709 13:00:12.045647  8320 tablet_service.cc:1511] Processing CreateTablet for tablet a52bd84c48914c0fba83e2ef1e89b93f (DEFAULT_TABLE table=test-workload [id=9ba6d95f408449bd8f7a01b9cb4b9ec7]), partition=RANGE (key) PARTITION 1932735276 <= VALUES
I20260709 13:00:12.046823  8323 data_dirs.cc:400] Could only allocate 1 dirs of requested 3 for tablet bccfa3676e144b109d31464c9e5f08ef. 1 dirs total, 0 dirs full, 0 dirs failed
I20260709 13:00:12.056839  8320 data_dirs.cc:400] Could only allocate 1 dirs of requested 3 for tablet a52bd84c48914c0fba83e2ef1e89b93f. 1 dirs total, 0 dirs full, 0 dirs failed
I20260709 13:00:12.058210  8473 tablet_service.cc:1511] Processing CreateTablet for tablet 8c5d8b62d3a14fbcbac085ecbc843c75 (DEFAULT_TABLE table=test-workload [id=9ba6d95f408449bd8f7a01b9cb4b9ec7]), partition=RANGE (key) PARTITION 1073741820 <= VALUES < 1288490184
I20260709 13:00:12.059643  8473 data_dirs.cc:400] Could only allocate 1 dirs of requested 3 for tablet 8c5d8b62d3a14fbcbac085ecbc843c75. 1 dirs total, 0 dirs full, 0 dirs failed
I20260709 13:00:12.062768  8472 tablet_service.cc:1511] Processing CreateTablet for tablet bccfa3676e144b109d31464c9e5f08ef (DEFAULT_TABLE table=test-workload [id=9ba6d95f408449bd8f7a01b9cb4b9ec7]), partition=RANGE (key) PARTITION 1288490184 <= VALUES < 1503238548
I20260709 13:00:12.064255  8472 data_dirs.cc:400] Could only allocate 1 dirs of requested 3 for tablet bccfa3676e144b109d31464c9e5f08ef. 1 dirs total, 0 dirs full, 0 dirs failed
I20260709 13:00:12.066342  8470 tablet_service.cc:1511] Processing CreateTablet for tablet cbc1ff1e6ff94bc4810d44b566530e88 (DEFAULT_TABLE table=test-workload [id=9ba6d95f408449bd8f7a01b9cb4b9ec7]), partition=RANGE (key) PARTITION 1717986912 <= VALUES < 1932735276
I20260709 13:00:12.068660  8471 tablet_service.cc:1511] Processing CreateTablet for tablet 0195d2eafc7d47fd829cb4af33ff2143 (DEFAULT_TABLE table=test-workload [id=9ba6d95f408449bd8f7a01b9cb4b9ec7]), partition=RANGE (key) PARTITION 1503238548 <= VALUES < 1717986912
I20260709 13:00:12.070931  8469 tablet_service.cc:1511] Processing CreateTablet for tablet a52bd84c48914c0fba83e2ef1e89b93f (DEFAULT_TABLE table=test-workload [id=9ba6d95f408449bd8f7a01b9cb4b9ec7]), partition=RANGE (key) PARTITION 1932735276 <= VALUES
I20260709 13:00:12.074290  8403 tablet_service.cc:1511] Processing CreateTablet for tablet 70a352bf168843d79210de5e5a5ad7c0 (DEFAULT_TABLE table=test-workload [id=9ba6d95f408449bd8f7a01b9cb4b9ec7]), partition=RANGE (key) PARTITION 214748364 <= VALUES < 429496728
I20260709 13:00:12.075651  8403 data_dirs.cc:400] Could only allocate 1 dirs of requested 3 for tablet 70a352bf168843d79210de5e5a5ad7c0. 1 dirs total, 0 dirs full, 0 dirs failed
I20260709 13:00:12.076509  8396 tablet_service.cc:1511] Processing CreateTablet for tablet cbc1ff1e6ff94bc4810d44b566530e88 (DEFAULT_TABLE table=test-workload [id=9ba6d95f408449bd8f7a01b9cb4b9ec7]), partition=RANGE (key) PARTITION 1717986912 <= VALUES < 1932735276
I20260709 13:00:12.077818  8396 data_dirs.cc:400] Could only allocate 1 dirs of requested 3 for tablet cbc1ff1e6ff94bc4810d44b566530e88. 1 dirs total, 0 dirs full, 0 dirs failed
I20260709 13:00:12.080400  8402 tablet_service.cc:1511] Processing CreateTablet for tablet 4a63cd3a686a411d9e772f80af5889fc (DEFAULT_TABLE table=test-workload [id=9ba6d95f408449bd8f7a01b9cb4b9ec7]), partition=RANGE (key) PARTITION 429496728 <= VALUES < 644245092
I20260709 13:00:12.081781  8402 data_dirs.cc:400] Could only allocate 1 dirs of requested 3 for tablet 4a63cd3a686a411d9e772f80af5889fc. 1 dirs total, 0 dirs full, 0 dirs failed
I20260709 13:00:12.084183  8395 tablet_service.cc:1511] Processing CreateTablet for tablet a52bd84c48914c0fba83e2ef1e89b93f (DEFAULT_TABLE table=test-workload [id=9ba6d95f408449bd8f7a01b9cb4b9ec7]), partition=RANGE (key) PARTITION 1932735276 <= VALUES
I20260709 13:00:12.085672  8395 data_dirs.cc:400] Could only allocate 1 dirs of requested 3 for tablet a52bd84c48914c0fba83e2ef1e89b93f. 1 dirs total, 0 dirs full, 0 dirs failed
I20260709 13:00:12.052999  8321 tablet_service.cc:1511] Processing CreateTablet for tablet cbc1ff1e6ff94bc4810d44b566530e88 (DEFAULT_TABLE table=test-workload [id=9ba6d95f408449bd8f7a01b9cb4b9ec7]), partition=RANGE (key) PARTITION 1717986912 <= VALUES < 1932735276
I20260709 13:00:12.086122  8400 tablet_service.cc:1511] Processing CreateTablet for tablet be0ddc6e6b554232921741da4f01654d (DEFAULT_TABLE table=test-workload [id=9ba6d95f408449bd8f7a01b9cb4b9ec7]), partition=RANGE (key) PARTITION 858993456 <= VALUES < 1073741820
I20260709 13:00:12.087433  8321 data_dirs.cc:400] Could only allocate 1 dirs of requested 3 for tablet cbc1ff1e6ff94bc4810d44b566530e88. 1 dirs total, 0 dirs full, 0 dirs failed
I20260709 13:00:12.088435  8399 tablet_service.cc:1511] Processing CreateTablet for tablet 8c5d8b62d3a14fbcbac085ecbc843c75 (DEFAULT_TABLE table=test-workload [id=9ba6d95f408449bd8f7a01b9cb4b9ec7]), partition=RANGE (key) PARTITION 1073741820 <= VALUES < 1288490184
I20260709 13:00:12.074199  8397 tablet_service.cc:1511] Processing CreateTablet for tablet 0195d2eafc7d47fd829cb4af33ff2143 (DEFAULT_TABLE table=test-workload [id=9ba6d95f408449bd8f7a01b9cb4b9ec7]), partition=RANGE (key) PARTITION 1503238548 <= VALUES < 1717986912
I20260709 13:00:12.084342  8401 tablet_service.cc:1511] Processing CreateTablet for tablet 5d749a624a45405da96852f85c56df39 (DEFAULT_TABLE table=test-workload [id=9ba6d95f408449bd8f7a01b9cb4b9ec7]), partition=RANGE (key) PARTITION 644245092 <= VALUES < 858993456
I20260709 13:00:12.089815  8399 data_dirs.cc:400] Could only allocate 1 dirs of requested 3 for tablet 8c5d8b62d3a14fbcbac085ecbc843c75. 1 dirs total, 0 dirs full, 0 dirs failed
I20260709 13:00:12.090409  8397 data_dirs.cc:400] Could only allocate 1 dirs of requested 3 for tablet 0195d2eafc7d47fd829cb4af33ff2143. 1 dirs total, 0 dirs full, 0 dirs failed
I20260709 13:00:12.049436  8474 tablet_service.cc:1511] Processing CreateTablet for tablet be0ddc6e6b554232921741da4f01654d (DEFAULT_TABLE table=test-workload [id=9ba6d95f408449bd8f7a01b9cb4b9ec7]), partition=RANGE (key) PARTITION 858993456 <= VALUES < 1073741820
I20260709 13:00:12.092140  8401 data_dirs.cc:400] Could only allocate 1 dirs of requested 3 for tablet 5d749a624a45405da96852f85c56df39. 1 dirs total, 0 dirs full, 0 dirs failed
I20260709 13:00:12.092492  8398 tablet_service.cc:1511] Processing CreateTablet for tablet bccfa3676e144b109d31464c9e5f08ef (DEFAULT_TABLE table=test-workload [id=9ba6d95f408449bd8f7a01b9cb4b9ec7]), partition=RANGE (key) PARTITION 1288490184 <= VALUES < 1503238548
I20260709 13:00:12.093981  8404 tablet_service.cc:1511] Processing CreateTablet for tablet 66953140f00c48d18bfcf05977978d25 (DEFAULT_TABLE table=test-workload [id=9ba6d95f408449bd8f7a01b9cb4b9ec7]), partition=RANGE (key) PARTITION VALUES < 214748364
I20260709 13:00:12.051220  8322 tablet_service.cc:1511] Processing CreateTablet for tablet 0195d2eafc7d47fd829cb4af33ff2143 (DEFAULT_TABLE table=test-workload [id=9ba6d95f408449bd8f7a01b9cb4b9ec7]), partition=RANGE (key) PARTITION 1503238548 <= VALUES < 1717986912
I20260709 13:00:12.096231  8322 data_dirs.cc:400] Could only allocate 1 dirs of requested 3 for tablet 0195d2eafc7d47fd829cb4af33ff2143. 1 dirs total, 0 dirs full, 0 dirs failed
I20260709 13:00:12.103679  8470 data_dirs.cc:400] Could only allocate 1 dirs of requested 3 for tablet cbc1ff1e6ff94bc4810d44b566530e88. 1 dirs total, 0 dirs full, 0 dirs failed
I20260709 13:00:12.107656  8474 data_dirs.cc:400] Could only allocate 1 dirs of requested 3 for tablet be0ddc6e6b554232921741da4f01654d. 1 dirs total, 0 dirs full, 0 dirs failed
I20260709 13:00:12.108423  8469 data_dirs.cc:400] Could only allocate 1 dirs of requested 3 for tablet a52bd84c48914c0fba83e2ef1e89b93f. 1 dirs total, 0 dirs full, 0 dirs failed
I20260709 13:00:12.111521  8471 data_dirs.cc:400] Could only allocate 1 dirs of requested 3 for tablet 0195d2eafc7d47fd829cb4af33ff2143. 1 dirs total, 0 dirs full, 0 dirs failed
I20260709 13:00:12.132655  8400 data_dirs.cc:400] Could only allocate 1 dirs of requested 3 for tablet be0ddc6e6b554232921741da4f01654d. 1 dirs total, 0 dirs full, 0 dirs failed
I20260709 13:00:12.134476  8398 data_dirs.cc:400] Could only allocate 1 dirs of requested 3 for tablet bccfa3676e144b109d31464c9e5f08ef. 1 dirs total, 0 dirs full, 0 dirs failed
I20260709 13:00:12.135504  8404 data_dirs.cc:400] Could only allocate 1 dirs of requested 3 for tablet 66953140f00c48d18bfcf05977978d25. 1 dirs total, 0 dirs full, 0 dirs failed
I20260709 13:00:12.208274  8528 tablet_bootstrap.cc:492] T 66953140f00c48d18bfcf05977978d25 P 6908e61631bd415e9bfc77db518ef1de: Bootstrap starting.
I20260709 13:00:12.214069  8530 tablet_bootstrap.cc:492] T bccfa3676e144b109d31464c9e5f08ef P 7f9ca06a588446b195789dff27e41f6f: Bootstrap starting.
I20260709 13:00:12.215458  8528 tablet_bootstrap.cc:654] T 66953140f00c48d18bfcf05977978d25 P 6908e61631bd415e9bfc77db518ef1de: Neither blocks nor log segments found. Creating new log.
I20260709 13:00:12.227977  8528 tablet_bootstrap.cc:492] T 66953140f00c48d18bfcf05977978d25 P 6908e61631bd415e9bfc77db518ef1de: No bootstrap required, opened a new log
I20260709 13:00:12.228482  8528 ts_tablet_manager.cc:1403] T 66953140f00c48d18bfcf05977978d25 P 6908e61631bd415e9bfc77db518ef1de: Time spent bootstrapping tablet: real 0.021s	user 0.010s	sys 0.007s
I20260709 13:00:12.232702  8528 raft_consensus.cc:359] T 66953140f00c48d18bfcf05977978d25 P 6908e61631bd415e9bfc77db518ef1de [term 0 FOLLOWER]: Replica starting. Triggering 0 pending ops. Active config: opid_index: -1 OBSOLETE_local: false peers { permanent_uuid: "e1a0ad378c204cda86afa8ac8df73eb0" member_type: VOTER last_known_addr { host: "127.7.127.67" port: 40037 } } peers { permanent_uuid: "6908e61631bd415e9bfc77db518ef1de" member_type: VOTER last_known_addr { host: "127.7.127.65" port: 33121 } } peers { permanent_uuid: "7f9ca06a588446b195789dff27e41f6f" member_type: VOTER last_known_addr { host: "127.7.127.66" port: 42047 } }
I20260709 13:00:12.233539  8528 raft_consensus.cc:385] T 66953140f00c48d18bfcf05977978d25 P 6908e61631bd415e9bfc77db518ef1de [term 0 FOLLOWER]: Consensus starting up: Expiring failure detector timer to make a prompt election more likely
I20260709 13:00:12.233853  8528 raft_consensus.cc:740] T 66953140f00c48d18bfcf05977978d25 P 6908e61631bd415e9bfc77db518ef1de [term 0 FOLLOWER]: Becoming Follower/Learner. State: Replica: 6908e61631bd415e9bfc77db518ef1de, State: Initialized, Role: FOLLOWER
I20260709 13:00:12.238917  8528 consensus_queue.cc:260] T 66953140f00c48d18bfcf05977978d25 P 6908e61631bd415e9bfc77db518ef1de [NON_LEADER]: Queue going to NON_LEADER mode. State: All replicated index: 0, Majority replicated index: 0, Committed index: 0, Last appended: 0.0, Last appended by leader: 0, Current term: 0, Majority size: -1, State: 0, Mode: NON_LEADER, active raft config: opid_index: -1 OBSOLETE_local: false peers { permanent_uuid: "e1a0ad378c204cda86afa8ac8df73eb0" member_type: VOTER last_known_addr { host: "127.7.127.67" port: 40037 } } peers { permanent_uuid: "6908e61631bd415e9bfc77db518ef1de" member_type: VOTER last_known_addr { host: "127.7.127.65" port: 33121 } } peers { permanent_uuid: "7f9ca06a588446b195789dff27e41f6f" member_type: VOTER last_known_addr { host: "127.7.127.66" port: 42047 } }
I20260709 13:00:12.239825  8532 raft_consensus.cc:493] T 66953140f00c48d18bfcf05977978d25 P 6908e61631bd415e9bfc77db518ef1de [term 0 FOLLOWER]: Starting pre-election (no leader contacted us within the election timeout)
I20260709 13:00:12.240350  8532 raft_consensus.cc:515] T 66953140f00c48d18bfcf05977978d25 P 6908e61631bd415e9bfc77db518ef1de [term 0 FOLLOWER]: Starting pre-election with config: opid_index: -1 OBSOLETE_local: false peers { permanent_uuid: "e1a0ad378c204cda86afa8ac8df73eb0" member_type: VOTER last_known_addr { host: "127.7.127.67" port: 40037 } } peers { permanent_uuid: "6908e61631bd415e9bfc77db518ef1de" member_type: VOTER last_known_addr { host: "127.7.127.65" port: 33121 } } peers { permanent_uuid: "7f9ca06a588446b195789dff27e41f6f" member_type: VOTER last_known_addr { host: "127.7.127.66" port: 42047 } }
I20260709 13:00:12.250866  8529 tablet_bootstrap.cc:492] T 5d749a624a45405da96852f85c56df39 P e1a0ad378c204cda86afa8ac8df73eb0: Bootstrap starting.
I20260709 13:00:12.251837  8530 tablet_bootstrap.cc:654] T bccfa3676e144b109d31464c9e5f08ef P 7f9ca06a588446b195789dff27e41f6f: Neither blocks nor log segments found. Creating new log.
I20260709 13:00:12.250718  8532 leader_election.cc:290] T 66953140f00c48d18bfcf05977978d25 P 6908e61631bd415e9bfc77db518ef1de [CANDIDATE]: Term 1 pre-election: Requested pre-vote from peers e1a0ad378c204cda86afa8ac8df73eb0 (127.7.127.67:40037), 7f9ca06a588446b195789dff27e41f6f (127.7.127.66:42047)
I20260709 13:00:12.253093  8364 heartbeater.cc:499] Master 127.7.127.126:35913 was elected leader, sending a full tablet report...
I20260709 13:00:12.254252  8528 ts_tablet_manager.cc:1434] T 66953140f00c48d18bfcf05977978d25 P 6908e61631bd415e9bfc77db518ef1de: Time spent starting tablet: real 0.025s	user 0.006s	sys 0.008s
I20260709 13:00:12.264454  8529 tablet_bootstrap.cc:654] T 5d749a624a45405da96852f85c56df39 P e1a0ad378c204cda86afa8ac8df73eb0: Neither blocks nor log segments found. Creating new log.
I20260709 13:00:12.269661  8528 tablet_bootstrap.cc:492] T 4a63cd3a686a411d9e772f80af5889fc P 6908e61631bd415e9bfc77db518ef1de: Bootstrap starting.
I20260709 13:00:12.277763  8528 tablet_bootstrap.cc:654] T 4a63cd3a686a411d9e772f80af5889fc P 6908e61631bd415e9bfc77db518ef1de: Neither blocks nor log segments found. Creating new log.
I20260709 13:00:12.294030  8488 tablet_service.cc:1917] Received RequestConsensusVote() RPC: tablet_id: "66953140f00c48d18bfcf05977978d25" candidate_uuid: "6908e61631bd415e9bfc77db518ef1de" candidate_term: 1 candidate_status { last_received { term: 0 index: 0 } } ignore_live_leader: false dest_uuid: "e1a0ad378c204cda86afa8ac8df73eb0" is_pre_election: true
I20260709 13:00:12.295935  8530 tablet_bootstrap.cc:492] T bccfa3676e144b109d31464c9e5f08ef P 7f9ca06a588446b195789dff27e41f6f: No bootstrap required, opened a new log
W20260709 13:00:12.296525  8304 leader_election.cc:343] T 66953140f00c48d18bfcf05977978d25 P 6908e61631bd415e9bfc77db518ef1de [CANDIDATE]: Term 1 pre-election: Tablet error from VoteRequest() call to peer e1a0ad378c204cda86afa8ac8df73eb0 (127.7.127.67:40037): Illegal state: must be running to vote when last-logged opid is not known
I20260709 13:00:12.296530  8530 ts_tablet_manager.cc:1403] T bccfa3676e144b109d31464c9e5f08ef P 7f9ca06a588446b195789dff27e41f6f: Time spent bootstrapping tablet: real 0.083s	user 0.009s	sys 0.028s
I20260709 13:00:12.299335  8529 tablet_bootstrap.cc:492] T 5d749a624a45405da96852f85c56df39 P e1a0ad378c204cda86afa8ac8df73eb0: No bootstrap required, opened a new log
I20260709 13:00:12.299854  8529 ts_tablet_manager.cc:1403] T 5d749a624a45405da96852f85c56df39 P e1a0ad378c204cda86afa8ac8df73eb0: Time spent bootstrapping tablet: real 0.049s	user 0.014s	sys 0.014s
I20260709 13:00:12.300228  8530 raft_consensus.cc:359] T bccfa3676e144b109d31464c9e5f08ef P 7f9ca06a588446b195789dff27e41f6f [term 0 FOLLOWER]: Replica starting. Triggering 0 pending ops. Active config: opid_index: -1 OBSOLETE_local: false peers { permanent_uuid: "6908e61631bd415e9bfc77db518ef1de" member_type: VOTER last_known_addr { host: "127.7.127.65" port: 33121 } } peers { permanent_uuid: "7f9ca06a588446b195789dff27e41f6f" member_type: VOTER last_known_addr { host: "127.7.127.66" port: 42047 } } peers { permanent_uuid: "e1a0ad378c204cda86afa8ac8df73eb0" member_type: VOTER last_known_addr { host: "127.7.127.67" port: 40037 } }
I20260709 13:00:12.300978  8530 raft_consensus.cc:385] T bccfa3676e144b109d31464c9e5f08ef P 7f9ca06a588446b195789dff27e41f6f [term 0 FOLLOWER]: Consensus starting up: Expiring failure detector timer to make a prompt election more likely
I20260709 13:00:12.301283  8530 raft_consensus.cc:740] T bccfa3676e144b109d31464c9e5f08ef P 7f9ca06a588446b195789dff27e41f6f [term 0 FOLLOWER]: Becoming Follower/Learner. State: Replica: 7f9ca06a588446b195789dff27e41f6f, State: Initialized, Role: FOLLOWER
I20260709 13:00:12.302021  8530 consensus_queue.cc:260] T bccfa3676e144b109d31464c9e5f08ef P 7f9ca06a588446b195789dff27e41f6f [NON_LEADER]: Queue going to NON_LEADER mode. State: All replicated index: 0, Majority replicated index: 0, Committed index: 0, Last appended: 0.0, Last appended by leader: 0, Current term: 0, Majority size: -1, State: 0, Mode: NON_LEADER, active raft config: opid_index: -1 OBSOLETE_local: false peers { permanent_uuid: "6908e61631bd415e9bfc77db518ef1de" member_type: VOTER last_known_addr { host: "127.7.127.65" port: 33121 } } peers { permanent_uuid: "7f9ca06a588446b195789dff27e41f6f" member_type: VOTER last_known_addr { host: "127.7.127.66" port: 42047 } } peers { permanent_uuid: "e1a0ad378c204cda86afa8ac8df73eb0" member_type: VOTER last_known_addr { host: "127.7.127.67" port: 40037 } }
I20260709 13:00:12.303211  8529 raft_consensus.cc:359] T 5d749a624a45405da96852f85c56df39 P e1a0ad378c204cda86afa8ac8df73eb0 [term 0 FOLLOWER]: Replica starting. Triggering 0 pending ops. Active config: opid_index: -1 OBSOLETE_local: false peers { permanent_uuid: "6908e61631bd415e9bfc77db518ef1de" member_type: VOTER last_known_addr { host: "127.7.127.65" port: 33121 } } peers { permanent_uuid: "7f9ca06a588446b195789dff27e41f6f" member_type: VOTER last_known_addr { host: "127.7.127.66" port: 42047 } } peers { permanent_uuid: "e1a0ad378c204cda86afa8ac8df73eb0" member_type: VOTER last_known_addr { host: "127.7.127.67" port: 40037 } }
I20260709 13:00:12.304018  8529 raft_consensus.cc:385] T 5d749a624a45405da96852f85c56df39 P e1a0ad378c204cda86afa8ac8df73eb0 [term 0 FOLLOWER]: Consensus starting up: Expiring failure detector timer to make a prompt election more likely
I20260709 13:00:12.304353  8529 raft_consensus.cc:740] T 5d749a624a45405da96852f85c56df39 P e1a0ad378c204cda86afa8ac8df73eb0 [term 0 FOLLOWER]: Becoming Follower/Learner. State: Replica: e1a0ad378c204cda86afa8ac8df73eb0, State: Initialized, Role: FOLLOWER
I20260709 13:00:12.305085  8528 tablet_bootstrap.cc:492] T 4a63cd3a686a411d9e772f80af5889fc P 6908e61631bd415e9bfc77db518ef1de: No bootstrap required, opened a new log
I20260709 13:00:12.305562  8528 ts_tablet_manager.cc:1403] T 4a63cd3a686a411d9e772f80af5889fc P 6908e61631bd415e9bfc77db518ef1de: Time spent bootstrapping tablet: real 0.036s	user 0.014s	sys 0.003s
I20260709 13:00:12.305337  8529 consensus_queue.cc:260] T 5d749a624a45405da96852f85c56df39 P e1a0ad378c204cda86afa8ac8df73eb0 [NON_LEADER]: Queue going to NON_LEADER mode. State: All replicated index: 0, Majority replicated index: 0, Committed index: 0, Last appended: 0.0, Last appended by leader: 0, Current term: 0, Majority size: -1, State: 0, Mode: NON_LEADER, active raft config: opid_index: -1 OBSOLETE_local: false peers { permanent_uuid: "6908e61631bd415e9bfc77db518ef1de" member_type: VOTER last_known_addr { host: "127.7.127.65" port: 33121 } } peers { permanent_uuid: "7f9ca06a588446b195789dff27e41f6f" member_type: VOTER last_known_addr { host: "127.7.127.66" port: 42047 } } peers { permanent_uuid: "e1a0ad378c204cda86afa8ac8df73eb0" member_type: VOTER last_known_addr { host: "127.7.127.67" port: 40037 } }
I20260709 13:00:12.316730  8513 heartbeater.cc:499] Master 127.7.127.126:35913 was elected leader, sending a full tablet report...
I20260709 13:00:12.318125  8439 heartbeater.cc:499] Master 127.7.127.126:35913 was elected leader, sending a full tablet report...
I20260709 13:00:12.318266  8530 ts_tablet_manager.cc:1434] T bccfa3676e144b109d31464c9e5f08ef P 7f9ca06a588446b195789dff27e41f6f: Time spent starting tablet: real 0.021s	user 0.011s	sys 0.003s
I20260709 13:00:12.319700  8529 ts_tablet_manager.cc:1434] T 5d749a624a45405da96852f85c56df39 P e1a0ad378c204cda86afa8ac8df73eb0: Time spent starting tablet: real 0.019s	user 0.007s	sys 0.000s
I20260709 13:00:12.320746  8529 tablet_bootstrap.cc:492] T a52bd84c48914c0fba83e2ef1e89b93f P e1a0ad378c204cda86afa8ac8df73eb0: Bootstrap starting.
I20260709 13:00:12.328188  8529 tablet_bootstrap.cc:654] T a52bd84c48914c0fba83e2ef1e89b93f P e1a0ad378c204cda86afa8ac8df73eb0: Neither blocks nor log segments found. Creating new log.
I20260709 13:00:12.327905  8414 tablet_service.cc:1917] Received RequestConsensusVote() RPC: tablet_id: "66953140f00c48d18bfcf05977978d25" candidate_uuid: "6908e61631bd415e9bfc77db518ef1de" candidate_term: 1 candidate_status { last_received { term: 0 index: 0 } } ignore_live_leader: false dest_uuid: "7f9ca06a588446b195789dff27e41f6f" is_pre_election: true
I20260709 13:00:12.329538  8530 tablet_bootstrap.cc:492] T 66953140f00c48d18bfcf05977978d25 P 7f9ca06a588446b195789dff27e41f6f: Bootstrap starting.
W20260709 13:00:12.329679  8304 leader_election.cc:343] T 66953140f00c48d18bfcf05977978d25 P 6908e61631bd415e9bfc77db518ef1de [CANDIDATE]: Term 1 pre-election: Tablet error from VoteRequest() call to peer 7f9ca06a588446b195789dff27e41f6f (127.7.127.66:42047): Illegal state: must be running to vote when last-logged opid is not known
I20260709 13:00:12.330192  8304 leader_election.cc:304] T 66953140f00c48d18bfcf05977978d25 P 6908e61631bd415e9bfc77db518ef1de [CANDIDATE]: Term 1 pre-election: Election decided. Result: candidate lost. Election summary: received 3 responses out of 3 voters: 1 yes votes; 2 no votes. yes voters: 6908e61631bd415e9bfc77db518ef1de; no voters: 7f9ca06a588446b195789dff27e41f6f, e1a0ad378c204cda86afa8ac8df73eb0
I20260709 13:00:12.331035  8532 raft_consensus.cc:2749] T 66953140f00c48d18bfcf05977978d25 P 6908e61631bd415e9bfc77db518ef1de [term 0 FOLLOWER]: Leader pre-election lost for term 1. Reason: could not achieve majority
I20260709 13:00:12.337090  8530 tablet_bootstrap.cc:654] T 66953140f00c48d18bfcf05977978d25 P 7f9ca06a588446b195789dff27e41f6f: Neither blocks nor log segments found. Creating new log.
I20260709 13:00:12.339956  8529 tablet_bootstrap.cc:492] T a52bd84c48914c0fba83e2ef1e89b93f P e1a0ad378c204cda86afa8ac8df73eb0: No bootstrap required, opened a new log
I20260709 13:00:12.340502  8529 ts_tablet_manager.cc:1403] T a52bd84c48914c0fba83e2ef1e89b93f P e1a0ad378c204cda86afa8ac8df73eb0: Time spent bootstrapping tablet: real 0.020s	user 0.011s	sys 0.008s
I20260709 13:00:12.341677  8528 raft_consensus.cc:359] T 4a63cd3a686a411d9e772f80af5889fc P 6908e61631bd415e9bfc77db518ef1de [term 0 FOLLOWER]: Replica starting. Triggering 0 pending ops. Active config: opid_index: -1 OBSOLETE_local: false peers { permanent_uuid: "6908e61631bd415e9bfc77db518ef1de" member_type: VOTER last_known_addr { host: "127.7.127.65" port: 33121 } } peers { permanent_uuid: "7f9ca06a588446b195789dff27e41f6f" member_type: VOTER last_known_addr { host: "127.7.127.66" port: 42047 } } peers { permanent_uuid: "e1a0ad378c204cda86afa8ac8df73eb0" member_type: VOTER last_known_addr { host: "127.7.127.67" port: 40037 } }
