I20260709 12:56:38.155180   914 consensus_queue.cc:237] T 00a47e2cb402475da1c99c70e5407ab1 P ce1070dca5c84ae792e7a0ab7f9373d1 [LEADER]: Queue going to LEADER mode. State: All replicated index: 0, Majority replicated index: 2, Committed index: 2, Last appended: 2.2, Last appended by leader: 2, Current term: 3, Majority size: 2, State: 0, Mode: LEADER, active raft config: opid_index: -1 OBSOLETE_local: false peers { permanent_uuid: "516a053594a045e685da878dd90913ed" member_type: VOTER last_known_addr { host: "127.0.107.193" port: 40989 } } peers { permanent_uuid: "ce1070dca5c84ae792e7a0ab7f9373d1" member_type: VOTER last_known_addr { host: "127.0.107.194" port: 39807 } } peers { permanent_uuid: "ee38d2b6ebdb4f64b4b5829e08b21364" member_type: VOTER last_known_addr { host: "127.0.107.195" port: 36161 } }
I20260709 12:56:38.157653   714 raft_consensus.cc:2468] T 00a47e2cb402475da1c99c70e5407ab1 P ee38d2b6ebdb4f64b4b5829e08b21364 [term 3 FOLLOWER]: Leader election vote request: Granting yes vote for candidate ce1070dca5c84ae792e7a0ab7f9373d1 in term 3.
I20260709 12:56:38.158612   462 catalog_manager.cc:5697] T 8535bd722103495ea02c7d421152807c P ce1070dca5c84ae792e7a0ab7f9373d1 reported cstate change: term changed from 1 to 2, leader changed from 516a053594a045e685da878dd90913ed (127.0.107.193) to ce1070dca5c84ae792e7a0ab7f9373d1 (127.0.107.194). New cstate: current_term: 2 leader_uuid: "ce1070dca5c84ae792e7a0ab7f9373d1" committed_config { opid_index: -1 OBSOLETE_local: false peers { permanent_uuid: "ce1070dca5c84ae792e7a0ab7f9373d1" member_type: VOTER last_known_addr { host: "127.0.107.194" port: 39807 } health_report { overall_health: HEALTHY } } peers { permanent_uuid: "ee38d2b6ebdb4f64b4b5829e08b21364" member_type: VOTER last_known_addr { host: "127.0.107.195" port: 36161 } health_report { overall_health: UNKNOWN } } peers { permanent_uuid: "516a053594a045e685da878dd90913ed" member_type: VOTER last_known_addr { host: "127.0.107.193" port: 40989 } health_report { overall_health: UNKNOWN } } }
I20260709 12:56:38.168936   462 catalog_manager.cc:5697] T 00a47e2cb402475da1c99c70e5407ab1 P ce1070dca5c84ae792e7a0ab7f9373d1 reported cstate change: term changed from 2 to 3, leader changed from ee38d2b6ebdb4f64b4b5829e08b21364 (127.0.107.195) to ce1070dca5c84ae792e7a0ab7f9373d1 (127.0.107.194). New cstate: current_term: 3 leader_uuid: "ce1070dca5c84ae792e7a0ab7f9373d1" committed_config { opid_index: -1 OBSOLETE_local: false peers { permanent_uuid: "516a053594a045e685da878dd90913ed" member_type: VOTER last_known_addr { host: "127.0.107.193" port: 40989 } health_report { overall_health: UNKNOWN } } peers { permanent_uuid: "ce1070dca5c84ae792e7a0ab7f9373d1" member_type: VOTER last_known_addr { host: "127.0.107.194" port: 39807 } health_report { overall_health: HEALTHY } } peers { permanent_uuid: "ee38d2b6ebdb4f64b4b5829e08b21364" member_type: VOTER last_known_addr { host: "127.0.107.195" port: 36161 } health_report { overall_health: UNKNOWN } } }
I20260709 12:56:38.425221   714 raft_consensus.cc:1275] T dddddb8d5cc44baeb7c9e30d076af35d P ee38d2b6ebdb4f64b4b5829e08b21364 [term 3 FOLLOWER]: Refusing update from remote peer ce1070dca5c84ae792e7a0ab7f9373d1: Log matching property violated. Preceding OpId in replica: term: 2 index: 2. Preceding OpId from leader: term: 3 index: 3. (index mismatch)
I20260709 12:56:38.426311   914 consensus_queue.cc:1048] T dddddb8d5cc44baeb7c9e30d076af35d P ce1070dca5c84ae792e7a0ab7f9373d1 [LEADER]: Connected to new peer: Peer: permanent_uuid: "ee38d2b6ebdb4f64b4b5829e08b21364" member_type: VOTER last_known_addr { host: "127.0.107.195" port: 36161 }, Status: LMP_MISMATCH, Last received: 0.0, Next index: 3, Last known committed idx: 2, Time since last communication: 0.000s
I20260709 12:56:38.436564   564 raft_consensus.cc:1275] T dddddb8d5cc44baeb7c9e30d076af35d P 516a053594a045e685da878dd90913ed [term 3 FOLLOWER]: Refusing update from remote peer ce1070dca5c84ae792e7a0ab7f9373d1: Log matching property violated. Preceding OpId in replica: term: 2 index: 2. Preceding OpId from leader: term: 3 index: 3. (index mismatch)
I20260709 12:56:38.438730   914 consensus_queue.cc:1048] T dddddb8d5cc44baeb7c9e30d076af35d P ce1070dca5c84ae792e7a0ab7f9373d1 [LEADER]: Connected to new peer: Peer: permanent_uuid: "516a053594a045e685da878dd90913ed" member_type: VOTER last_known_addr { host: "127.0.107.193" port: 40989 }, Status: LMP_MISMATCH, Last received: 0.0, Next index: 3, Last known committed idx: 2, Time since last communication: 0.000s
I20260709 12:56:38.487761   564 raft_consensus.cc:1275] T a3df06d1f8cd4a8cbf4678dc965a7254 P 516a053594a045e685da878dd90913ed [term 3 FOLLOWER]: Refusing update from remote peer ce1070dca5c84ae792e7a0ab7f9373d1: Log matching property violated. Preceding OpId in replica: term: 2 index: 2. Preceding OpId from leader: term: 3 index: 3. (index mismatch)
I20260709 12:56:38.488945   883 consensus_queue.cc:1048] T a3df06d1f8cd4a8cbf4678dc965a7254 P ce1070dca5c84ae792e7a0ab7f9373d1 [LEADER]: Connected to new peer: Peer: permanent_uuid: "516a053594a045e685da878dd90913ed" member_type: VOTER last_known_addr { host: "127.0.107.193" port: 40989 }, Status: LMP_MISMATCH, Last received: 0.0, Next index: 3, Last known committed idx: 2, Time since last communication: 0.000s
I20260709 12:56:38.497460   714 raft_consensus.cc:1275] T a3df06d1f8cd4a8cbf4678dc965a7254 P ee38d2b6ebdb4f64b4b5829e08b21364 [term 3 FOLLOWER]: Refusing update from remote peer ce1070dca5c84ae792e7a0ab7f9373d1: Log matching property violated. Preceding OpId in replica: term: 2 index: 2. Preceding OpId from leader: term: 3 index: 3. (index mismatch)
I20260709 12:56:38.499054   919 consensus_queue.cc:1048] T a3df06d1f8cd4a8cbf4678dc965a7254 P ce1070dca5c84ae792e7a0ab7f9373d1 [LEADER]: Connected to new peer: Peer: permanent_uuid: "ee38d2b6ebdb4f64b4b5829e08b21364" member_type: VOTER last_known_addr { host: "127.0.107.195" port: 36161 }, Status: LMP_MISMATCH, Last received: 0.0, Next index: 3, Last known committed idx: 2, Time since last communication: 0.001s
I20260709 12:56:38.541493   564 raft_consensus.cc:1275] T 8535bd722103495ea02c7d421152807c P 516a053594a045e685da878dd90913ed [term 2 FOLLOWER]: Refusing update from remote peer ce1070dca5c84ae792e7a0ab7f9373d1: Log matching property violated. Preceding OpId in replica: term: 1 index: 1. Preceding OpId from leader: term: 2 index: 2. (index mismatch)
I20260709 12:56:38.542608   919 consensus_queue.cc:1048] T 8535bd722103495ea02c7d421152807c P ce1070dca5c84ae792e7a0ab7f9373d1 [LEADER]: Connected to new peer: Peer: permanent_uuid: "516a053594a045e685da878dd90913ed" member_type: VOTER last_known_addr { host: "127.0.107.193" port: 40989 }, Status: LMP_MISMATCH, Last received: 0.0, Next index: 2, Last known committed idx: 1, Time since last communication: 0.000s
I20260709 12:56:38.553122   714 raft_consensus.cc:1275] T 8535bd722103495ea02c7d421152807c P ee38d2b6ebdb4f64b4b5829e08b21364 [term 2 FOLLOWER]: Refusing update from remote peer ce1070dca5c84ae792e7a0ab7f9373d1: Log matching property violated. Preceding OpId in replica: term: 1 index: 1. Preceding OpId from leader: term: 2 index: 2. (index mismatch)
I20260709 12:56:38.554404   883 consensus_queue.cc:1048] T 8535bd722103495ea02c7d421152807c P ce1070dca5c84ae792e7a0ab7f9373d1 [LEADER]: Connected to new peer: Peer: permanent_uuid: "ee38d2b6ebdb4f64b4b5829e08b21364" member_type: VOTER last_known_addr { host: "127.0.107.195" port: 36161 }, Status: LMP_MISMATCH, Last received: 0.0, Next index: 2, Last known committed idx: 1, Time since last communication: 0.000s
I20260709 12:56:38.559101   564 raft_consensus.cc:1275] T 00a47e2cb402475da1c99c70e5407ab1 P 516a053594a045e685da878dd90913ed [term 3 FOLLOWER]: Refusing update from remote peer ce1070dca5c84ae792e7a0ab7f9373d1: Log matching property violated. Preceding OpId in replica: term: 2 index: 2. Preceding OpId from leader: term: 3 index: 3. (index mismatch)
I20260709 12:56:38.560925   883 consensus_queue.cc:1048] T 00a47e2cb402475da1c99c70e5407ab1 P ce1070dca5c84ae792e7a0ab7f9373d1 [LEADER]: Connected to new peer: Peer: permanent_uuid: "516a053594a045e685da878dd90913ed" member_type: VOTER last_known_addr { host: "127.0.107.193" port: 40989 }, Status: LMP_MISMATCH, Last received: 0.0, Next index: 3, Last known committed idx: 2, Time since last communication: 0.000s
I20260709 12:56:38.570005   714 raft_consensus.cc:1275] T 00a47e2cb402475da1c99c70e5407ab1 P ee38d2b6ebdb4f64b4b5829e08b21364 [term 3 FOLLOWER]: Refusing update from remote peer ce1070dca5c84ae792e7a0ab7f9373d1: Log matching property violated. Preceding OpId in replica: term: 2 index: 2. Preceding OpId from leader: term: 3 index: 3. (index mismatch)
I20260709 12:56:38.571581   883 consensus_queue.cc:1048] T 00a47e2cb402475da1c99c70e5407ab1 P ce1070dca5c84ae792e7a0ab7f9373d1 [LEADER]: Connected to new peer: Peer: permanent_uuid: "ee38d2b6ebdb4f64b4b5829e08b21364" member_type: VOTER last_known_addr { host: "127.0.107.195" port: 36161 }, Status: LMP_MISMATCH, Last received: 0.0, Next index: 3, Last known committed idx: 2, Time since last communication: 0.000s
I20260709 12:56:38.587615   714 raft_consensus.cc:1275] T ab1a26a13a6c4618a31c85cd34edbf2f P ee38d2b6ebdb4f64b4b5829e08b21364 [term 5 FOLLOWER]: Refusing update from remote peer ce1070dca5c84ae792e7a0ab7f9373d1: Log matching property violated. Preceding OpId in replica: term: 4 index: 3. Preceding OpId from leader: term: 5 index: 4. (index mismatch)
I20260709 12:56:38.588660   883 consensus_queue.cc:1048] T ab1a26a13a6c4618a31c85cd34edbf2f P ce1070dca5c84ae792e7a0ab7f9373d1 [LEADER]: Connected to new peer: Peer: permanent_uuid: "ee38d2b6ebdb4f64b4b5829e08b21364" member_type: VOTER last_known_addr { host: "127.0.107.195" port: 36161 }, Status: LMP_MISMATCH, Last received: 0.0, Next index: 4, Last known committed idx: 3, Time since last communication: 0.000s
I20260709 12:56:38.596887   564 raft_consensus.cc:1275] T ab1a26a13a6c4618a31c85cd34edbf2f P 516a053594a045e685da878dd90913ed [term 5 FOLLOWER]: Refusing update from remote peer ce1070dca5c84ae792e7a0ab7f9373d1: Log matching property violated. Preceding OpId in replica: term: 4 index: 3. Preceding OpId from leader: term: 5 index: 4. (index mismatch)
I20260709 12:56:38.598119   914 consensus_queue.cc:1048] T ab1a26a13a6c4618a31c85cd34edbf2f P ce1070dca5c84ae792e7a0ab7f9373d1 [LEADER]: Connected to new peer: Peer: permanent_uuid: "516a053594a045e685da878dd90913ed" member_type: VOTER last_known_addr { host: "127.0.107.193" port: 40989 }, Status: LMP_MISMATCH, Last received: 0.0, Next index: 4, Last known committed idx: 3, Time since last communication: 0.000s
I20260709 12:56:40.712379   431 auto_leader_rebalancer.cc:141] leader rebalance for table test-workload
I20260709 12:56:40.720167   638 tablet_service.cc:2072] Received LeaderStepDown RPC: tablet_id: "00a47e2cb402475da1c99c70e5407ab1"
dest_uuid: "ce1070dca5c84ae792e7a0ab7f9373d1"
mode: GRACEFUL
new_leader_uuid: "516a053594a045e685da878dd90913ed"
 from {username='slave'} at 127.0.0.1:56870
I20260709 12:56:40.720633   638 raft_consensus.cc:606] T 00a47e2cb402475da1c99c70e5407ab1 P ce1070dca5c84ae792e7a0ab7f9373d1 [term 3 LEADER]: Received request to transfer leadership to TS 516a053594a045e685da878dd90913ed
I20260709 12:56:40.722784   638 tablet_service.cc:2072] Received LeaderStepDown RPC: tablet_id: "4dbaf189f5324634a51de73b83ef32a4"
dest_uuid: "ce1070dca5c84ae792e7a0ab7f9373d1"
mode: GRACEFUL
new_leader_uuid: "516a053594a045e685da878dd90913ed"
 from {username='slave'} at 127.0.0.1:56870
I20260709 12:56:40.723201   638 raft_consensus.cc:606] T 4dbaf189f5324634a51de73b83ef32a4 P ce1070dca5c84ae792e7a0ab7f9373d1 [term 2 LEADER]: Received request to transfer leadership to TS 516a053594a045e685da878dd90913ed
I20260709 12:56:40.725128   638 tablet_service.cc:2072] Received LeaderStepDown RPC: tablet_id: "6c25fc74202344dc9161863ea1c02b0a"
dest_uuid: "ce1070dca5c84ae792e7a0ab7f9373d1"
mode: GRACEFUL
new_leader_uuid: "ee38d2b6ebdb4f64b4b5829e08b21364"
 from {username='slave'} at 127.0.0.1:56870
I20260709 12:56:40.725467   638 raft_consensus.cc:606] T 6c25fc74202344dc9161863ea1c02b0a P ce1070dca5c84ae792e7a0ab7f9373d1 [term 2 LEADER]: Received request to transfer leadership to TS ee38d2b6ebdb4f64b4b5829e08b21364
I20260709 12:56:40.727558   638 tablet_service.cc:2072] Received LeaderStepDown RPC: tablet_id: "a3df06d1f8cd4a8cbf4678dc965a7254"
dest_uuid: "ce1070dca5c84ae792e7a0ab7f9373d1"
mode: GRACEFUL
new_leader_uuid: "516a053594a045e685da878dd90913ed"
 from {username='slave'} at 127.0.0.1:56870
I20260709 12:56:40.727909   638 raft_consensus.cc:606] T a3df06d1f8cd4a8cbf4678dc965a7254 P ce1070dca5c84ae792e7a0ab7f9373d1 [term 3 LEADER]: Received request to transfer leadership to TS 516a053594a045e685da878dd90913ed
I20260709 12:56:40.730000   638 tablet_service.cc:2072] Received LeaderStepDown RPC: tablet_id: "dddddb8d5cc44baeb7c9e30d076af35d"
dest_uuid: "ce1070dca5c84ae792e7a0ab7f9373d1"
mode: GRACEFUL
new_leader_uuid: "ee38d2b6ebdb4f64b4b5829e08b21364"
 from {username='slave'} at 127.0.0.1:56870
I20260709 12:56:40.730412   638 raft_consensus.cc:606] T dddddb8d5cc44baeb7c9e30d076af35d P ce1070dca5c84ae792e7a0ab7f9373d1 [term 3 LEADER]: Received request to transfer leadership to TS ee38d2b6ebdb4f64b4b5829e08b21364
I20260709 12:56:40.731381   431 auto_leader_rebalancer.cc:452] table: test-workload, leader rebalance finish, leader transfer count: 5
I20260709 12:56:40.731979   431 auto_leader_rebalancer.cc:527] All tables' leader rebalancing finished this round
I20260709 12:56:40.742950   919 raft_consensus.cc:993] T dddddb8d5cc44baeb7c9e30d076af35d P ce1070dca5c84ae792e7a0ab7f9373d1: : Instructing follower ee38d2b6ebdb4f64b4b5829e08b21364 to start an election
I20260709 12:56:40.743364   919 raft_consensus.cc:1081] T dddddb8d5cc44baeb7c9e30d076af35d P ce1070dca5c84ae792e7a0ab7f9373d1 [term 3 LEADER]: Signalling peer ee38d2b6ebdb4f64b4b5829e08b21364 to start an election
I20260709 12:56:40.744597   714 tablet_service.cc:2044] Received Run Leader Election RPC: tablet_id: "dddddb8d5cc44baeb7c9e30d076af35d"
dest_uuid: "ee38d2b6ebdb4f64b4b5829e08b21364"
 from {username='slave'} at 127.0.0.1:39976
I20260709 12:56:40.744976   714 raft_consensus.cc:493] T dddddb8d5cc44baeb7c9e30d076af35d P ee38d2b6ebdb4f64b4b5829e08b21364 [term 3 FOLLOWER]: Starting forced leader election (received explicit request)
I20260709 12:56:40.745244   714 raft_consensus.cc:3060] T dddddb8d5cc44baeb7c9e30d076af35d P ee38d2b6ebdb4f64b4b5829e08b21364 [term 3 FOLLOWER]: Advancing to term 4
I20260709 12:56:40.749243   714 raft_consensus.cc:515] T dddddb8d5cc44baeb7c9e30d076af35d P ee38d2b6ebdb4f64b4b5829e08b21364 [term 4 FOLLOWER]: Starting forced leader election with config: opid_index: -1 OBSOLETE_local: false peers { permanent_uuid: "516a053594a045e685da878dd90913ed" member_type: VOTER last_known_addr { host: "127.0.107.193" port: 40989 } } peers { permanent_uuid: "ce1070dca5c84ae792e7a0ab7f9373d1" member_type: VOTER last_known_addr { host: "127.0.107.194" port: 39807 } } peers { permanent_uuid: "ee38d2b6ebdb4f64b4b5829e08b21364" member_type: VOTER last_known_addr { host: "127.0.107.195" port: 36161 } }
I20260709 12:56:40.750473   714 leader_election.cc:290] T dddddb8d5cc44baeb7c9e30d076af35d P ee38d2b6ebdb4f64b4b5829e08b21364 [CANDIDATE]: Term 4 election: Requested vote from peers 516a053594a045e685da878dd90913ed (127.0.107.193:40989), ce1070dca5c84ae792e7a0ab7f9373d1 (127.0.107.194:39807)
I20260709 12:56:40.751354   566 tablet_service.cc:1917] Received RequestConsensusVote() RPC: tablet_id: "dddddb8d5cc44baeb7c9e30d076af35d" candidate_uuid: "ee38d2b6ebdb4f64b4b5829e08b21364" candidate_term: 4 candidate_status { last_received { term: 3 index: 3 } } ignore_live_leader: true dest_uuid: "516a053594a045e685da878dd90913ed"
I20260709 12:56:40.751688   638 tablet_service.cc:1917] Received RequestConsensusVote() RPC: tablet_id: "dddddb8d5cc44baeb7c9e30d076af35d" candidate_uuid: "ee38d2b6ebdb4f64b4b5829e08b21364" candidate_term: 4 candidate_status { last_received { term: 3 index: 3 } } ignore_live_leader: true dest_uuid: "ce1070dca5c84ae792e7a0ab7f9373d1"
I20260709 12:56:40.751884   566 raft_consensus.cc:3060] T dddddb8d5cc44baeb7c9e30d076af35d P 516a053594a045e685da878dd90913ed [term 3 FOLLOWER]: Advancing to term 4
I20260709 12:56:40.752154   638 raft_consensus.cc:3055] T dddddb8d5cc44baeb7c9e30d076af35d P ce1070dca5c84ae792e7a0ab7f9373d1 [term 3 LEADER]: Stepping down as leader of term 3
I20260709 12:56:40.752439   638 raft_consensus.cc:740] T dddddb8d5cc44baeb7c9e30d076af35d P ce1070dca5c84ae792e7a0ab7f9373d1 [term 3 LEADER]: Becoming Follower/Learner. State: Replica: ce1070dca5c84ae792e7a0ab7f9373d1, State: Running, Role: LEADER
I20260709 12:56:40.752951   638 consensus_queue.cc:260] T dddddb8d5cc44baeb7c9e30d076af35d P ce1070dca5c84ae792e7a0ab7f9373d1 [NON_LEADER]: Queue going to NON_LEADER mode. State: All replicated index: 0, Majority replicated index: 3, Committed index: 3, Last appended: 3.3, Last appended by leader: 3, Current term: 3, Majority size: -1, State: 0, Mode: NON_LEADER, active raft config: opid_index: -1 OBSOLETE_local: false peers { permanent_uuid: "516a053594a045e685da878dd90913ed" member_type: VOTER last_known_addr { host: "127.0.107.193" port: 40989 } } peers { permanent_uuid: "ce1070dca5c84ae792e7a0ab7f9373d1" member_type: VOTER last_known_addr { host: "127.0.107.194" port: 39807 } } peers { permanent_uuid: "ee38d2b6ebdb4f64b4b5829e08b21364" member_type: VOTER last_known_addr { host: "127.0.107.195" port: 36161 } }
I20260709 12:56:40.753690   638 raft_consensus.cc:3060] T dddddb8d5cc44baeb7c9e30d076af35d P ce1070dca5c84ae792e7a0ab7f9373d1 [term 3 FOLLOWER]: Advancing to term 4
I20260709 12:56:40.756628   566 raft_consensus.cc:2468] T dddddb8d5cc44baeb7c9e30d076af35d P 516a053594a045e685da878dd90913ed [term 4 FOLLOWER]: Leader election vote request: Granting yes vote for candidate ee38d2b6ebdb4f64b4b5829e08b21364 in term 4.
I20260709 12:56:40.757311   638 raft_consensus.cc:2468] T dddddb8d5cc44baeb7c9e30d076af35d P ce1070dca5c84ae792e7a0ab7f9373d1 [term 4 FOLLOWER]: Leader election vote request: Granting yes vote for candidate ee38d2b6ebdb4f64b4b5829e08b21364 in term 4.
I20260709 12:56:40.757742   680 leader_election.cc:304] T dddddb8d5cc44baeb7c9e30d076af35d P ee38d2b6ebdb4f64b4b5829e08b21364 [CANDIDATE]: Term 4 election: Election decided. Result: candidate won. Election summary: received 2 responses out of 3 voters: 2 yes votes; 0 no votes. yes voters: 516a053594a045e685da878dd90913ed, ee38d2b6ebdb4f64b4b5829e08b21364; no voters: 
I20260709 12:56:40.758564   912 raft_consensus.cc:2804] T dddddb8d5cc44baeb7c9e30d076af35d P ee38d2b6ebdb4f64b4b5829e08b21364 [term 4 FOLLOWER]: Leader election won for term 4
I20260709 12:56:40.759613   912 raft_consensus.cc:697] T dddddb8d5cc44baeb7c9e30d076af35d P ee38d2b6ebdb4f64b4b5829e08b21364 [term 4 LEADER]: Becoming Leader. State: Replica: ee38d2b6ebdb4f64b4b5829e08b21364, State: Running, Role: LEADER
I20260709 12:56:40.760694   912 consensus_queue.cc:237] T dddddb8d5cc44baeb7c9e30d076af35d P ee38d2b6ebdb4f64b4b5829e08b21364 [LEADER]: Queue going to LEADER mode. State: All replicated index: 0, Majority replicated index: 3, Committed index: 3, Last appended: 3.3, Last appended by leader: 3, Current term: 4, Majority size: 2, State: 0, Mode: LEADER, active raft config: opid_index: -1 OBSOLETE_local: false peers { permanent_uuid: "516a053594a045e685da878dd90913ed" member_type: VOTER last_known_addr { host: "127.0.107.193" port: 40989 } } peers { permanent_uuid: "ce1070dca5c84ae792e7a0ab7f9373d1" member_type: VOTER last_known_addr { host: "127.0.107.194" port: 39807 } } peers { permanent_uuid: "ee38d2b6ebdb4f64b4b5829e08b21364" member_type: VOTER last_known_addr { host: "127.0.107.195" port: 36161 } }
I20260709 12:56:40.767006   463 catalog_manager.cc:5697] T dddddb8d5cc44baeb7c9e30d076af35d P ee38d2b6ebdb4f64b4b5829e08b21364 reported cstate change: term changed from 3 to 4, leader changed from ce1070dca5c84ae792e7a0ab7f9373d1 (127.0.107.194) to ee38d2b6ebdb4f64b4b5829e08b21364 (127.0.107.195). New cstate: current_term: 4 leader_uuid: "ee38d2b6ebdb4f64b4b5829e08b21364" committed_config { opid_index: -1 OBSOLETE_local: false peers { permanent_uuid: "516a053594a045e685da878dd90913ed" member_type: VOTER last_known_addr { host: "127.0.107.193" port: 40989 } health_report { overall_health: UNKNOWN } } peers { permanent_uuid: "ce1070dca5c84ae792e7a0ab7f9373d1" member_type: VOTER last_known_addr { host: "127.0.107.194" port: 39807 } health_report { overall_health: UNKNOWN } } peers { permanent_uuid: "ee38d2b6ebdb4f64b4b5829e08b21364" member_type: VOTER last_known_addr { host: "127.0.107.195" port: 36161 } health_report { overall_health: HEALTHY } } }
I20260709 12:56:40.829267   932 raft_consensus.cc:993] T 00a47e2cb402475da1c99c70e5407ab1 P ce1070dca5c84ae792e7a0ab7f9373d1: : Instructing follower 516a053594a045e685da878dd90913ed to start an election
I20260709 12:56:40.829712   932 raft_consensus.cc:1081] T 00a47e2cb402475da1c99c70e5407ab1 P ce1070dca5c84ae792e7a0ab7f9373d1 [term 3 LEADER]: Signalling peer 516a053594a045e685da878dd90913ed to start an election
I20260709 12:56:40.831022   566 tablet_service.cc:2044] Received Run Leader Election RPC: tablet_id: "00a47e2cb402475da1c99c70e5407ab1"
dest_uuid: "516a053594a045e685da878dd90913ed"
 from {username='slave'} at 127.0.0.1:40628
I20260709 12:56:40.831451   566 raft_consensus.cc:493] T 00a47e2cb402475da1c99c70e5407ab1 P 516a053594a045e685da878dd90913ed [term 3 FOLLOWER]: Starting forced leader election (received explicit request)
I20260709 12:56:40.831765   566 raft_consensus.cc:3060] T 00a47e2cb402475da1c99c70e5407ab1 P 516a053594a045e685da878dd90913ed [term 3 FOLLOWER]: Advancing to term 4
I20260709 12:56:40.835536   566 raft_consensus.cc:515] T 00a47e2cb402475da1c99c70e5407ab1 P 516a053594a045e685da878dd90913ed [term 4 FOLLOWER]: Starting forced leader election with config: opid_index: -1 OBSOLETE_local: false peers { permanent_uuid: "516a053594a045e685da878dd90913ed" member_type: VOTER last_known_addr { host: "127.0.107.193" port: 40989 } } peers { permanent_uuid: "ce1070dca5c84ae792e7a0ab7f9373d1" member_type: VOTER last_known_addr { host: "127.0.107.194" port: 39807 } } peers { permanent_uuid: "ee38d2b6ebdb4f64b4b5829e08b21364" member_type: VOTER last_known_addr { host: "127.0.107.195" port: 36161 } }
I20260709 12:56:40.836918   566 leader_election.cc:290] T 00a47e2cb402475da1c99c70e5407ab1 P 516a053594a045e685da878dd90913ed [CANDIDATE]: Term 4 election: Requested vote from peers ce1070dca5c84ae792e7a0ab7f9373d1 (127.0.107.194:39807), ee38d2b6ebdb4f64b4b5829e08b21364 (127.0.107.195:36161)
I20260709 12:56:40.837806   638 tablet_service.cc:1917] Received RequestConsensusVote() RPC: tablet_id: "00a47e2cb402475da1c99c70e5407ab1" candidate_uuid: "516a053594a045e685da878dd90913ed" candidate_term: 4 candidate_status { last_received { term: 3 index: 3 } } ignore_live_leader: true dest_uuid: "ce1070dca5c84ae792e7a0ab7f9373d1"
I20260709 12:56:40.838043   714 tablet_service.cc:1917] Received RequestConsensusVote() RPC: tablet_id: "00a47e2cb402475da1c99c70e5407ab1" candidate_uuid: "516a053594a045e685da878dd90913ed" candidate_term: 4 candidate_status { last_received { term: 3 index: 3 } } ignore_live_leader: true dest_uuid: "ee38d2b6ebdb4f64b4b5829e08b21364"
I20260709 12:56:40.838303   638 raft_consensus.cc:3055] T 00a47e2cb402475da1c99c70e5407ab1 P ce1070dca5c84ae792e7a0ab7f9373d1 [term 3 LEADER]: Stepping down as leader of term 3
I20260709 12:56:40.838574   714 raft_consensus.cc:3060] T 00a47e2cb402475da1c99c70e5407ab1 P ee38d2b6ebdb4f64b4b5829e08b21364 [term 3 FOLLOWER]: Advancing to term 4
I20260709 12:56:40.838587   638 raft_consensus.cc:740] T 00a47e2cb402475da1c99c70e5407ab1 P ce1070dca5c84ae792e7a0ab7f9373d1 [term 3 LEADER]: Becoming Follower/Learner. State: Replica: ce1070dca5c84ae792e7a0ab7f9373d1, State: Running, Role: LEADER
I20260709 12:56:40.839413   638 consensus_queue.cc:260] T 00a47e2cb402475da1c99c70e5407ab1 P ce1070dca5c84ae792e7a0ab7f9373d1 [NON_LEADER]: Queue going to NON_LEADER mode. State: All replicated index: 0, Majority replicated index: 3, Committed index: 3, Last appended: 3.3, Last appended by leader: 3, Current term: 3, Majority size: -1, State: 0, Mode: NON_LEADER, active raft config: opid_index: -1 OBSOLETE_local: false peers { permanent_uuid: "516a053594a045e685da878dd90913ed" member_type: VOTER last_known_addr { host: "127.0.107.193" port: 40989 } } peers { permanent_uuid: "ce1070dca5c84ae792e7a0ab7f9373d1" member_type: VOTER last_known_addr { host: "127.0.107.194" port: 39807 } } peers { permanent_uuid: "ee38d2b6ebdb4f64b4b5829e08b21364" member_type: VOTER last_known_addr { host: "127.0.107.195" port: 36161 } }
I20260709 12:56:40.840194   638 raft_consensus.cc:3060] T 00a47e2cb402475da1c99c70e5407ab1 P ce1070dca5c84ae792e7a0ab7f9373d1 [term 3 FOLLOWER]: Advancing to term 4
I20260709 12:56:40.842530   714 raft_consensus.cc:2468] T 00a47e2cb402475da1c99c70e5407ab1 P ee38d2b6ebdb4f64b4b5829e08b21364 [term 4 FOLLOWER]: Leader election vote request: Granting yes vote for candidate 516a053594a045e685da878dd90913ed in term 4.
I20260709 12:56:40.843647   531 leader_election.cc:304] T 00a47e2cb402475da1c99c70e5407ab1 P 516a053594a045e685da878dd90913ed [CANDIDATE]: Term 4 election: Election decided. Result: candidate won. Election summary: received 2 responses out of 3 voters: 2 yes votes; 0 no votes. yes voters: 516a053594a045e685da878dd90913ed, ee38d2b6ebdb4f64b4b5829e08b21364; no voters: 
I20260709 12:56:40.844007   638 raft_consensus.cc:2468] T 00a47e2cb402475da1c99c70e5407ab1 P ce1070dca5c84ae792e7a0ab7f9373d1 [term 4 FOLLOWER]: Leader election vote request: Granting yes vote for candidate 516a053594a045e685da878dd90913ed in term 4.
I20260709 12:56:40.845501   939 raft_consensus.cc:2804] T 00a47e2cb402475da1c99c70e5407ab1 P 516a053594a045e685da878dd90913ed [term 4 FOLLOWER]: Leader election won for term 4
I20260709 12:56:40.846426   939 raft_consensus.cc:697] T 00a47e2cb402475da1c99c70e5407ab1 P 516a053594a045e685da878dd90913ed [term 4 LEADER]: Becoming Leader. State: Replica: 516a053594a045e685da878dd90913ed, State: Running, Role: LEADER
I20260709 12:56:40.847141   939 consensus_queue.cc:237] T 00a47e2cb402475da1c99c70e5407ab1 P 516a053594a045e685da878dd90913ed [LEADER]: Queue going to LEADER mode. State: All replicated index: 0, Majority replicated index: 3, Committed index: 3, Last appended: 3.3, Last appended by leader: 3, Current term: 4, Majority size: 2, State: 0, Mode: LEADER, active raft config: opid_index: -1 OBSOLETE_local: false peers { permanent_uuid: "516a053594a045e685da878dd90913ed" member_type: VOTER last_known_addr { host: "127.0.107.193" port: 40989 } } peers { permanent_uuid: "ce1070dca5c84ae792e7a0ab7f9373d1" member_type: VOTER last_known_addr { host: "127.0.107.194" port: 39807 } } peers { permanent_uuid: "ee38d2b6ebdb4f64b4b5829e08b21364" member_type: VOTER last_known_addr { host: "127.0.107.195" port: 36161 } }
I20260709 12:56:40.852998   463 catalog_manager.cc:5697] T 00a47e2cb402475da1c99c70e5407ab1 P 516a053594a045e685da878dd90913ed reported cstate change: term changed from 3 to 4, leader changed from ce1070dca5c84ae792e7a0ab7f9373d1 (127.0.107.194) to 516a053594a045e685da878dd90913ed (127.0.107.193). New cstate: current_term: 4 leader_uuid: "516a053594a045e685da878dd90913ed" committed_config { opid_index: -1 OBSOLETE_local: false peers { permanent_uuid: "516a053594a045e685da878dd90913ed" member_type: VOTER last_known_addr { host: "127.0.107.193" port: 40989 } health_report { overall_health: HEALTHY } } peers { permanent_uuid: "ce1070dca5c84ae792e7a0ab7f9373d1" member_type: VOTER last_known_addr { host: "127.0.107.194" port: 39807 } health_report { overall_health: UNKNOWN } } peers { permanent_uuid: "ee38d2b6ebdb4f64b4b5829e08b21364" member_type: VOTER last_known_addr { host: "127.0.107.195" port: 36161 } health_report { overall_health: UNKNOWN } } }
I20260709 12:56:40.879266   919 raft_consensus.cc:993] T 6c25fc74202344dc9161863ea1c02b0a P ce1070dca5c84ae792e7a0ab7f9373d1: : Instructing follower ee38d2b6ebdb4f64b4b5829e08b21364 to start an election
I20260709 12:56:40.879765   919 raft_consensus.cc:1081] T 6c25fc74202344dc9161863ea1c02b0a P ce1070dca5c84ae792e7a0ab7f9373d1 [term 2 LEADER]: Signalling peer ee38d2b6ebdb4f64b4b5829e08b21364 to start an election
I20260709 12:56:40.881145   714 tablet_service.cc:2044] Received Run Leader Election RPC: tablet_id: "6c25fc74202344dc9161863ea1c02b0a"
dest_uuid: "ee38d2b6ebdb4f64b4b5829e08b21364"
 from {username='slave'} at 127.0.0.1:39976
I20260709 12:56:40.881618   714 raft_consensus.cc:493] T 6c25fc74202344dc9161863ea1c02b0a P ee38d2b6ebdb4f64b4b5829e08b21364 [term 2 FOLLOWER]: Starting forced leader election (received explicit request)
I20260709 12:56:40.881955   714 raft_consensus.cc:3060] T 6c25fc74202344dc9161863ea1c02b0a P ee38d2b6ebdb4f64b4b5829e08b21364 [term 2 FOLLOWER]: Advancing to term 3
I20260709 12:56:40.886133   714 raft_consensus.cc:515] T 6c25fc74202344dc9161863ea1c02b0a P ee38d2b6ebdb4f64b4b5829e08b21364 [term 3 FOLLOWER]: Starting forced leader election with config: opid_index: -1 OBSOLETE_local: false peers { permanent_uuid: "516a053594a045e685da878dd90913ed" member_type: VOTER last_known_addr { host: "127.0.107.193" port: 40989 } } peers { permanent_uuid: "ce1070dca5c84ae792e7a0ab7f9373d1" member_type: VOTER last_known_addr { host: "127.0.107.194" port: 39807 } } peers { permanent_uuid: "ee38d2b6ebdb4f64b4b5829e08b21364" member_type: VOTER last_known_addr { host: "127.0.107.195" port: 36161 } }
I20260709 12:56:40.887450   714 leader_election.cc:290] T 6c25fc74202344dc9161863ea1c02b0a P ee38d2b6ebdb4f64b4b5829e08b21364 [CANDIDATE]: Term 3 election: Requested vote from peers 516a053594a045e685da878dd90913ed (127.0.107.193:40989), ce1070dca5c84ae792e7a0ab7f9373d1 (127.0.107.194:39807)
I20260709 12:56:40.888329   638 tablet_service.cc:1917] Received RequestConsensusVote() RPC: tablet_id: "6c25fc74202344dc9161863ea1c02b0a" candidate_uuid: "ee38d2b6ebdb4f64b4b5829e08b21364" candidate_term: 3 candidate_status { last_received { term: 2 index: 2 } } ignore_live_leader: true dest_uuid: "ce1070dca5c84ae792e7a0ab7f9373d1"
I20260709 12:56:40.888290   566 tablet_service.cc:1917] Received RequestConsensusVote() RPC: tablet_id: "6c25fc74202344dc9161863ea1c02b0a" candidate_uuid: "ee38d2b6ebdb4f64b4b5829e08b21364" candidate_term: 3 candidate_status { last_received { term: 2 index: 2 } } ignore_live_leader: true dest_uuid: "516a053594a045e685da878dd90913ed"
I20260709 12:56:40.889104   566 raft_consensus.cc:3060] T 6c25fc74202344dc9161863ea1c02b0a P 516a053594a045e685da878dd90913ed [term 2 FOLLOWER]: Advancing to term 3
I20260709 12:56:40.889035   638 raft_consensus.cc:3055] T 6c25fc74202344dc9161863ea1c02b0a P ce1070dca5c84ae792e7a0ab7f9373d1 [term 2 LEADER]: Stepping down as leader of term 2
I20260709 12:56:40.889614   638 raft_consensus.cc:740] T 6c25fc74202344dc9161863ea1c02b0a P ce1070dca5c84ae792e7a0ab7f9373d1 [term 2 LEADER]: Becoming Follower/Learner. State: Replica: ce1070dca5c84ae792e7a0ab7f9373d1, State: Running, Role: LEADER
I20260709 12:56:40.890363   638 consensus_queue.cc:260] T 6c25fc74202344dc9161863ea1c02b0a P ce1070dca5c84ae792e7a0ab7f9373d1 [NON_LEADER]: Queue going to NON_LEADER mode. State: All replicated index: 0, Majority replicated index: 2, Committed index: 2, Last appended: 2.2, Last appended by leader: 2, Current term: 2, Majority size: -1, State: 0, Mode: NON_LEADER, active raft config: opid_index: -1 OBSOLETE_local: false peers { permanent_uuid: "516a053594a045e685da878dd90913ed" member_type: VOTER last_known_addr { host: "127.0.107.193" port: 40989 } } peers { permanent_uuid: "ce1070dca5c84ae792e7a0ab7f9373d1" member_type: VOTER last_known_addr { host: "127.0.107.194" port: 39807 } } peers { permanent_uuid: "ee38d2b6ebdb4f64b4b5829e08b21364" member_type: VOTER last_known_addr { host: "127.0.107.195" port: 36161 } }
I20260709 12:56:40.891402   638 raft_consensus.cc:3060] T 6c25fc74202344dc9161863ea1c02b0a P ce1070dca5c84ae792e7a0ab7f9373d1 [term 2 FOLLOWER]: Advancing to term 3
I20260709 12:56:40.895450   566 raft_consensus.cc:2468] T 6c25fc74202344dc9161863ea1c02b0a P 516a053594a045e685da878dd90913ed [term 3 FOLLOWER]: Leader election vote request: Granting yes vote for candidate ee38d2b6ebdb4f64b4b5829e08b21364 in term 3.
I20260709 12:56:40.896123   564 raft_consensus.cc:1240] T 6c25fc74202344dc9161863ea1c02b0a P 516a053594a045e685da878dd90913ed [term 3 FOLLOWER]: Rejecting Update request from peer ce1070dca5c84ae792e7a0ab7f9373d1 for earlier term 2. Current term is 3. Ops: []
I20260709 12:56:40.897100   680 leader_election.cc:304] T 6c25fc74202344dc9161863ea1c02b0a P ee38d2b6ebdb4f64b4b5829e08b21364 [CANDIDATE]: Term 3 election: Election decided. Result: candidate won. Election summary: received 2 responses out of 3 voters: 2 yes votes; 0 no votes. yes voters: 516a053594a045e685da878dd90913ed, ee38d2b6ebdb4f64b4b5829e08b21364; no voters: 
I20260709 12:56:40.897538   638 raft_consensus.cc:2468] T 6c25fc74202344dc9161863ea1c02b0a P ce1070dca5c84ae792e7a0ab7f9373d1 [term 3 FOLLOWER]: Leader election vote request: Granting yes vote for candidate ee38d2b6ebdb4f64b4b5829e08b21364 in term 3.
I20260709 12:56:40.897878   912 raft_consensus.cc:2804] T 6c25fc74202344dc9161863ea1c02b0a P ee38d2b6ebdb4f64b4b5829e08b21364 [term 3 FOLLOWER]: Leader election won for term 3
I20260709 12:56:40.898357   912 raft_consensus.cc:697] T 6c25fc74202344dc9161863ea1c02b0a P ee38d2b6ebdb4f64b4b5829e08b21364 [term 3 LEADER]: Becoming Leader. State: Replica: ee38d2b6ebdb4f64b4b5829e08b21364, State: Running, Role: LEADER
I20260709 12:56:40.899147   912 consensus_queue.cc:237] T 6c25fc74202344dc9161863ea1c02b0a P ee38d2b6ebdb4f64b4b5829e08b21364 [LEADER]: Queue going to LEADER mode. State: All replicated index: 0, Majority replicated index: 2, Committed index: 2, Last appended: 2.2, Last appended by leader: 2, Current term: 3, Majority size: 2, State: 0, Mode: LEADER, active raft config: opid_index: -1 OBSOLETE_local: false peers { permanent_uuid: "516a053594a045e685da878dd90913ed" member_type: VOTER last_known_addr { host: "127.0.107.193" port: 40989 } } peers { permanent_uuid: "ce1070dca5c84ae792e7a0ab7f9373d1" member_type: VOTER last_known_addr { host: "127.0.107.194" port: 39807 } } peers { permanent_uuid: "ee38d2b6ebdb4f64b4b5829e08b21364" member_type: VOTER last_known_addr { host: "127.0.107.195" port: 36161 } }
I20260709 12:56:40.906383   463 catalog_manager.cc:5697] T 6c25fc74202344dc9161863ea1c02b0a P ee38d2b6ebdb4f64b4b5829e08b21364 reported cstate change: term changed from 2 to 3, leader changed from ce1070dca5c84ae792e7a0ab7f9373d1 (127.0.107.194) to ee38d2b6ebdb4f64b4b5829e08b21364 (127.0.107.195). New cstate: current_term: 3 leader_uuid: "ee38d2b6ebdb4f64b4b5829e08b21364" committed_config { opid_index: -1 OBSOLETE_local: false peers { permanent_uuid: "516a053594a045e685da878dd90913ed" member_type: VOTER last_known_addr { host: "127.0.107.193" port: 40989 } health_report { overall_health: UNKNOWN } } peers { permanent_uuid: "ce1070dca5c84ae792e7a0ab7f9373d1" member_type: VOTER last_known_addr { host: "127.0.107.194" port: 39807 } health_report { overall_health: UNKNOWN } } peers { permanent_uuid: "ee38d2b6ebdb4f64b4b5829e08b21364" member_type: VOTER last_known_addr { host: "127.0.107.195" port: 36161 } health_report { overall_health: HEALTHY } } }
I20260709 12:56:40.941293   932 raft_consensus.cc:993] T 4dbaf189f5324634a51de73b83ef32a4 P ce1070dca5c84ae792e7a0ab7f9373d1: : Instructing follower 516a053594a045e685da878dd90913ed to start an election
I20260709 12:56:40.941749   919 raft_consensus.cc:1081] T 4dbaf189f5324634a51de73b83ef32a4 P ce1070dca5c84ae792e7a0ab7f9373d1 [term 2 LEADER]: Signalling peer 516a053594a045e685da878dd90913ed to start an election
I20260709 12:56:40.943212   564 tablet_service.cc:2044] Received Run Leader Election RPC: tablet_id: "4dbaf189f5324634a51de73b83ef32a4"
dest_uuid: "516a053594a045e685da878dd90913ed"
 from {username='slave'} at 127.0.0.1:40628
I20260709 12:56:40.943678   564 raft_consensus.cc:493] T 4dbaf189f5324634a51de73b83ef32a4 P 516a053594a045e685da878dd90913ed [term 2 FOLLOWER]: Starting forced leader election (received explicit request)
I20260709 12:56:40.943977   564 raft_consensus.cc:3060] T 4dbaf189f5324634a51de73b83ef32a4 P 516a053594a045e685da878dd90913ed [term 2 FOLLOWER]: Advancing to term 3
I20260709 12:56:40.948558   564 raft_consensus.cc:515] T 4dbaf189f5324634a51de73b83ef32a4 P 516a053594a045e685da878dd90913ed [term 3 FOLLOWER]: Starting forced leader election with config: opid_index: -1 OBSOLETE_local: false peers { permanent_uuid: "516a053594a045e685da878dd90913ed" member_type: VOTER last_known_addr { host: "127.0.107.193" port: 40989 } } peers { permanent_uuid: "ce1070dca5c84ae792e7a0ab7f9373d1" member_type: VOTER last_known_addr { host: "127.0.107.194" port: 39807 } } peers { permanent_uuid: "ee38d2b6ebdb4f64b4b5829e08b21364" member_type: VOTER last_known_addr { host: "127.0.107.195" port: 36161 } }
I20260709 12:56:40.950153   564 leader_election.cc:290] T 4dbaf189f5324634a51de73b83ef32a4 P 516a053594a045e685da878dd90913ed [CANDIDATE]: Term 3 election: Requested vote from peers ce1070dca5c84ae792e7a0ab7f9373d1 (127.0.107.194:39807), ee38d2b6ebdb4f64b4b5829e08b21364 (127.0.107.195:36161)
I20260709 12:56:40.951128   638 tablet_service.cc:1917] Received RequestConsensusVote() RPC: tablet_id: "4dbaf189f5324634a51de73b83ef32a4" candidate_uuid: "516a053594a045e685da878dd90913ed" candidate_term: 3 candidate_status { last_received { term: 2 index: 2 } } ignore_live_leader: true dest_uuid: "ce1070dca5c84ae792e7a0ab7f9373d1"
I20260709 12:56:40.951313   714 tablet_service.cc:1917] Received RequestConsensusVote() RPC: tablet_id: "4dbaf189f5324634a51de73b83ef32a4" candidate_uuid: "516a053594a045e685da878dd90913ed" candidate_term: 3 candidate_status { last_received { term: 2 index: 2 } } ignore_live_leader: true dest_uuid: "ee38d2b6ebdb4f64b4b5829e08b21364"
I20260709 12:56:40.951653   638 raft_consensus.cc:3055] T 4dbaf189f5324634a51de73b83ef32a4 P ce1070dca5c84ae792e7a0ab7f9373d1 [term 2 LEADER]: Stepping down as leader of term 2
I20260709 12:56:40.951749   714 raft_consensus.cc:3060] T 4dbaf189f5324634a51de73b83ef32a4 P ee38d2b6ebdb4f64b4b5829e08b21364 [term 2 FOLLOWER]: Advancing to term 3
I20260709 12:56:40.952003   638 raft_consensus.cc:740] T 4dbaf189f5324634a51de73b83ef32a4 P ce1070dca5c84ae792e7a0ab7f9373d1 [term 2 LEADER]: Becoming Follower/Learner. State: Replica: ce1070dca5c84ae792e7a0ab7f9373d1, State: Running, Role: LEADER
I20260709 12:56:40.952724   638 consensus_queue.cc:260] T 4dbaf189f5324634a51de73b83ef32a4 P ce1070dca5c84ae792e7a0ab7f9373d1 [NON_LEADER]: Queue going to NON_LEADER mode. State: All replicated index: 0, Majority replicated index: 2, Committed index: 2, Last appended: 2.2, Last appended by leader: 2, Current term: 2, Majority size: -1, State: 0, Mode: NON_LEADER, active raft config: opid_index: -1 OBSOLETE_local: false peers { permanent_uuid: "516a053594a045e685da878dd90913ed" member_type: VOTER last_known_addr { host: "127.0.107.193" port: 40989 } } peers { permanent_uuid: "ce1070dca5c84ae792e7a0ab7f9373d1" member_type: VOTER last_known_addr { host: "127.0.107.194" port: 39807 } } peers { permanent_uuid: "ee38d2b6ebdb4f64b4b5829e08b21364" member_type: VOTER last_known_addr { host: "127.0.107.195" port: 36161 } }
I20260709 12:56:40.953774   638 raft_consensus.cc:3060] T 4dbaf189f5324634a51de73b83ef32a4 P ce1070dca5c84ae792e7a0ab7f9373d1 [term 2 FOLLOWER]: Advancing to term 3
I20260709 12:56:40.957440   714 raft_consensus.cc:2468] T 4dbaf189f5324634a51de73b83ef32a4 P ee38d2b6ebdb4f64b4b5829e08b21364 [term 3 FOLLOWER]: Leader election vote request: Granting yes vote for candidate 516a053594a045e685da878dd90913ed in term 3.
I20260709 12:56:40.958431   531 leader_election.cc:304] T 4dbaf189f5324634a51de73b83ef32a4 P 516a053594a045e685da878dd90913ed [CANDIDATE]: Term 3 election: Election decided. Result: candidate won. Election summary: received 2 responses out of 3 voters: 2 yes votes; 0 no votes. yes voters: 516a053594a045e685da878dd90913ed, ee38d2b6ebdb4f64b4b5829e08b21364; no voters: 
I20260709 12:56:40.959198   939 raft_consensus.cc:2804] T 4dbaf189f5324634a51de73b83ef32a4 P 516a053594a045e685da878dd90913ed [term 3 FOLLOWER]: Leader election won for term 3
I20260709 12:56:40.959393   638 raft_consensus.cc:2468] T 4dbaf189f5324634a51de73b83ef32a4 P ce1070dca5c84ae792e7a0ab7f9373d1 [term 3 FOLLOWER]: Leader election vote request: Granting yes vote for candidate 516a053594a045e685da878dd90913ed in term 3.
I20260709 12:56:40.959614   939 raft_consensus.cc:697] T 4dbaf189f5324634a51de73b83ef32a4 P 516a053594a045e685da878dd90913ed [term 3 LEADER]: Becoming Leader. State: Replica: 516a053594a045e685da878dd90913ed, State: Running, Role: LEADER
I20260709 12:56:40.960471   939 consensus_queue.cc:237] T 4dbaf189f5324634a51de73b83ef32a4 P 516a053594a045e685da878dd90913ed [LEADER]: Queue going to LEADER mode. State: All replicated index: 0, Majority replicated index: 2, Committed index: 2, Last appended: 2.2, Last appended by leader: 2, Current term: 3, Majority size: 2, State: 0, Mode: LEADER, active raft config: opid_index: -1 OBSOLETE_local: false peers { permanent_uuid: "516a053594a045e685da878dd90913ed" member_type: VOTER last_known_addr { host: "127.0.107.193" port: 40989 } } peers { permanent_uuid: "ce1070dca5c84ae792e7a0ab7f9373d1" member_type: VOTER last_known_addr { host: "127.0.107.194" port: 39807 } } peers { permanent_uuid: "ee38d2b6ebdb4f64b4b5829e08b21364" member_type: VOTER last_known_addr { host: "127.0.107.195" port: 36161 } }
I20260709 12:56:40.966562   463 catalog_manager.cc:5697] T 4dbaf189f5324634a51de73b83ef32a4 P 516a053594a045e685da878dd90913ed reported cstate change: term changed from 2 to 3, leader changed from ce1070dca5c84ae792e7a0ab7f9373d1 (127.0.107.194) to 516a053594a045e685da878dd90913ed (127.0.107.193). New cstate: current_term: 3 leader_uuid: "516a053594a045e685da878dd90913ed" committed_config { opid_index: -1 OBSOLETE_local: false peers { permanent_uuid: "516a053594a045e685da878dd90913ed" member_type: VOTER last_known_addr { host: "127.0.107.193" port: 40989 } health_report { overall_health: HEALTHY } } peers { permanent_uuid: "ce1070dca5c84ae792e7a0ab7f9373d1" member_type: VOTER last_known_addr { host: "127.0.107.194" port: 39807 } health_report { overall_health: UNKNOWN } } peers { permanent_uuid: "ee38d2b6ebdb4f64b4b5829e08b21364" member_type: VOTER last_known_addr { host: "127.0.107.195" port: 36161 } health_report { overall_health: UNKNOWN } } }
I20260709 12:56:41.001525   932 raft_consensus.cc:993] T a3df06d1f8cd4a8cbf4678dc965a7254 P ce1070dca5c84ae792e7a0ab7f9373d1: : Instructing follower 516a053594a045e685da878dd90913ed to start an election
I20260709 12:56:41.002030   919 raft_consensus.cc:1081] T a3df06d1f8cd4a8cbf4678dc965a7254 P ce1070dca5c84ae792e7a0ab7f9373d1 [term 3 LEADER]: Signalling peer 516a053594a045e685da878dd90913ed to start an election
I20260709 12:56:41.003448   564 tablet_service.cc:2044] Received Run Leader Election RPC: tablet_id: "a3df06d1f8cd4a8cbf4678dc965a7254"
dest_uuid: "516a053594a045e685da878dd90913ed"
 from {username='slave'} at 127.0.0.1:40628
I20260709 12:56:41.004014   564 raft_consensus.cc:493] T a3df06d1f8cd4a8cbf4678dc965a7254 P 516a053594a045e685da878dd90913ed [term 3 FOLLOWER]: Starting forced leader election (received explicit request)
I20260709 12:56:41.004374   564 raft_consensus.cc:3060] T a3df06d1f8cd4a8cbf4678dc965a7254 P 516a053594a045e685da878dd90913ed [term 3 FOLLOWER]: Advancing to term 4
I20260709 12:56:41.009040   564 raft_consensus.cc:515] T a3df06d1f8cd4a8cbf4678dc965a7254 P 516a053594a045e685da878dd90913ed [term 4 FOLLOWER]: Starting forced leader election with config: opid_index: -1 OBSOLETE_local: false peers { permanent_uuid: "516a053594a045e685da878dd90913ed" member_type: VOTER last_known_addr { host: "127.0.107.193" port: 40989 } } peers { permanent_uuid: "ce1070dca5c84ae792e7a0ab7f9373d1" member_type: VOTER last_known_addr { host: "127.0.107.194" port: 39807 } } peers { permanent_uuid: "ee38d2b6ebdb4f64b4b5829e08b21364" member_type: VOTER last_known_addr { host: "127.0.107.195" port: 36161 } }
I20260709 12:56:41.010848   564 leader_election.cc:290] T a3df06d1f8cd4a8cbf4678dc965a7254 P 516a053594a045e685da878dd90913ed [CANDIDATE]: Term 4 election: Requested vote from peers ce1070dca5c84ae792e7a0ab7f9373d1 (127.0.107.194:39807), ee38d2b6ebdb4f64b4b5829e08b21364 (127.0.107.195:36161)
I20260709 12:56:41.011826   638 tablet_service.cc:1917] Received RequestConsensusVote() RPC: tablet_id: "a3df06d1f8cd4a8cbf4678dc965a7254" candidate_uuid: "516a053594a045e685da878dd90913ed" candidate_term: 4 candidate_status { last_received { term: 3 index: 3 } } ignore_live_leader: true dest_uuid: "ce1070dca5c84ae792e7a0ab7f9373d1"
I20260709 12:56:41.012038   714 tablet_service.cc:1917] Received RequestConsensusVote() RPC: tablet_id: "a3df06d1f8cd4a8cbf4678dc965a7254" candidate_uuid: "516a053594a045e685da878dd90913ed" candidate_term: 4 candidate_status { last_received { term: 3 index: 3 } } ignore_live_leader: true dest_uuid: "ee38d2b6ebdb4f64b4b5829e08b21364"
I20260709 12:56:41.012440   638 raft_consensus.cc:3055] T a3df06d1f8cd4a8cbf4678dc965a7254 P ce1070dca5c84ae792e7a0ab7f9373d1 [term 3 LEADER]: Stepping down as leader of term 3
I20260709 12:56:41.012841   638 raft_consensus.cc:740] T a3df06d1f8cd4a8cbf4678dc965a7254 P ce1070dca5c84ae792e7a0ab7f9373d1 [term 3 LEADER]: Becoming Follower/Learner. State: Replica: ce1070dca5c84ae792e7a0ab7f9373d1, State: Running, Role: LEADER
I20260709 12:56:41.013937   638 consensus_queue.cc:260] T a3df06d1f8cd4a8cbf4678dc965a7254 P ce1070dca5c84ae792e7a0ab7f9373d1 [NON_LEADER]: Queue going to NON_LEADER mode. State: All replicated index: 0, Majority replicated index: 3, Committed index: 3, Last appended: 3.3, Last appended by leader: 3, Current term: 3, Majority size: -1, State: 0, Mode: NON_LEADER, active raft config: opid_index: -1 OBSOLETE_local: false peers { permanent_uuid: "516a053594a045e685da878dd90913ed" member_type: VOTER last_known_addr { host: "127.0.107.193" port: 40989 } } peers { permanent_uuid: "ce1070dca5c84ae792e7a0ab7f9373d1" member_type: VOTER last_known_addr { host: "127.0.107.194" port: 39807 } } peers { permanent_uuid: "ee38d2b6ebdb4f64b4b5829e08b21364" member_type: VOTER last_known_addr { host: "127.0.107.195" port: 36161 } }
I20260709 12:56:41.014947   638 raft_consensus.cc:3060] T a3df06d1f8cd4a8cbf4678dc965a7254 P ce1070dca5c84ae792e7a0ab7f9373d1 [term 3 FOLLOWER]: Advancing to term 4
I20260709 12:56:41.018838   638 raft_consensus.cc:2468] T a3df06d1f8cd4a8cbf4678dc965a7254 P ce1070dca5c84ae792e7a0ab7f9373d1 [term 4 FOLLOWER]: Leader election vote request: Granting yes vote for candidate 516a053594a045e685da878dd90913ed in term 4.
I20260709 12:56:41.019819   532 leader_election.cc:304] T a3df06d1f8cd4a8cbf4678dc965a7254 P 516a053594a045e685da878dd90913ed [CANDIDATE]: Term 4 election: Election decided. Result: candidate won. Election summary: received 3 responses out of 3 voters: 2 yes votes; 1 no votes. yes voters: 516a053594a045e685da878dd90913ed, ce1070dca5c84ae792e7a0ab7f9373d1; no voters: ee38d2b6ebdb4f64b4b5829e08b21364
I20260709 12:56:41.020581   939 raft_consensus.cc:2804] T a3df06d1f8cd4a8cbf4678dc965a7254 P 516a053594a045e685da878dd90913ed [term 4 FOLLOWER]: Leader election won for term 4
I20260709 12:56:41.021077   939 raft_consensus.cc:697] T a3df06d1f8cd4a8cbf4678dc965a7254 P 516a053594a045e685da878dd90913ed [term 4 LEADER]: Becoming Leader. State: Replica: 516a053594a045e685da878dd90913ed, State: Running, Role: LEADER
I20260709 12:56:41.021905   939 consensus_queue.cc:237] T a3df06d1f8cd4a8cbf4678dc965a7254 P 516a053594a045e685da878dd90913ed [LEADER]: Queue going to LEADER mode. State: All replicated index: 0, Majority replicated index: 3, Committed index: 3, Last appended: 3.3, Last appended by leader: 3, Current term: 4, Majority size: 2, State: 0, Mode: LEADER, active raft config: opid_index: -1 OBSOLETE_local: false peers { permanent_uuid: "516a053594a045e685da878dd90913ed" member_type: VOTER last_known_addr { host: "127.0.107.193" port: 40989 } } peers { permanent_uuid: "ce1070dca5c84ae792e7a0ab7f9373d1" member_type: VOTER last_known_addr { host: "127.0.107.194" port: 39807 } } peers { permanent_uuid: "ee38d2b6ebdb4f64b4b5829e08b21364" member_type: VOTER last_known_addr { host: "127.0.107.195" port: 36161 } }
I20260709 12:56:41.028228   463 catalog_manager.cc:5697] T a3df06d1f8cd4a8cbf4678dc965a7254 P 516a053594a045e685da878dd90913ed reported cstate change: term changed from 3 to 4, leader changed from ce1070dca5c84ae792e7a0ab7f9373d1 (127.0.107.194) to 516a053594a045e685da878dd90913ed (127.0.107.193). New cstate: current_term: 4 leader_uuid: "516a053594a045e685da878dd90913ed" committed_config { opid_index: -1 OBSOLETE_local: false peers { permanent_uuid: "516a053594a045e685da878dd90913ed" member_type: VOTER last_known_addr { host: "127.0.107.193" port: 40989 } health_report { overall_health: HEALTHY } } peers { permanent_uuid: "ce1070dca5c84ae792e7a0ab7f9373d1" member_type: VOTER last_known_addr { host: "127.0.107.194" port: 39807 } health_report { overall_health: UNKNOWN } } peers { permanent_uuid: "ee38d2b6ebdb4f64b4b5829e08b21364" member_type: VOTER last_known_addr { host: "127.0.107.195" port: 36161 } health_report { overall_health: UNKNOWN } } }
I20260709 12:56:41.213546   564 raft_consensus.cc:1275] T dddddb8d5cc44baeb7c9e30d076af35d P 516a053594a045e685da878dd90913ed [term 4 FOLLOWER]: Refusing update from remote peer ee38d2b6ebdb4f64b4b5829e08b21364: Log matching property violated. Preceding OpId in replica: term: 3 index: 3. Preceding OpId from leader: term: 4 index: 4. (index mismatch)
