I20260709 13:01:10.744251  1769 raft_consensus.cc:515] T 532c559048cc4785a9da4b7d8725f768 P 8c6031790cc44edfba5c3964e6f27c6e [term 1 FOLLOWER]: Starting leader election with config: opid_index: -1 OBSOLETE_local: false peers { permanent_uuid: "36f53e9bfce749bbba4a4b34829f563d" member_type: VOTER last_known_addr { host: "127.0.107.193" port: 34325 } } peers { permanent_uuid: "f9fb126997be4ec79f8f60fcd6764b00" member_type: VOTER last_known_addr { host: "127.0.107.194" port: 33801 } } peers { permanent_uuid: "8c6031790cc44edfba5c3964e6f27c6e" member_type: VOTER last_known_addr { host: "127.0.107.195" port: 43535 } }
I20260709 13:01:10.745057  1431 catalog_manager.cc:5697] T e14d61cd3a034962afeaefb62f6d9986 P 36f53e9bfce749bbba4a4b34829f563d reported cstate change: term changed from 0 to 1, leader changed from <none> to 36f53e9bfce749bbba4a4b34829f563d (127.0.107.193). New cstate: current_term: 1 leader_uuid: "36f53e9bfce749bbba4a4b34829f563d" committed_config { opid_index: -1 OBSOLETE_local: false peers { permanent_uuid: "36f53e9bfce749bbba4a4b34829f563d" member_type: VOTER last_known_addr { host: "127.0.107.193" port: 34325 } health_report { overall_health: HEALTHY } } peers { permanent_uuid: "f9fb126997be4ec79f8f60fcd6764b00" member_type: VOTER last_known_addr { host: "127.0.107.194" port: 33801 } health_report { overall_health: UNKNOWN } } peers { permanent_uuid: "8c6031790cc44edfba5c3964e6f27c6e" member_type: VOTER last_known_addr { host: "127.0.107.195" port: 43535 } health_report { overall_health: UNKNOWN } } }
I20260709 13:01:10.751029  1609 tablet_service.cc:1917] Received RequestConsensusVote() RPC: tablet_id: "69addfec4f4248bbabd86bd0f93ae32d" candidate_uuid: "36f53e9bfce749bbba4a4b34829f563d" candidate_term: 1 candidate_status { last_received { term: 0 index: 0 } } ignore_live_leader: false dest_uuid: "f9fb126997be4ec79f8f60fcd6764b00" is_pre_election: true
I20260709 13:01:10.752636  1724 tablet_bootstrap.cc:654] T 57c2065ad5cf4ab19e1aabd16c64fe95 P 36f53e9bfce749bbba4a4b34829f563d: Neither blocks nor log segments found. Creating new log.
I20260709 13:01:10.753090  1498 leader_election.cc:304] T 69addfec4f4248bbabd86bd0f93ae32d P 36f53e9bfce749bbba4a4b34829f563d [CANDIDATE]: Term 1 pre-election: Election decided. Result: candidate lost. Election summary: received 3 responses out of 3 voters: 1 yes votes; 2 no votes. yes voters: 36f53e9bfce749bbba4a4b34829f563d; no voters: 8c6031790cc44edfba5c3964e6f27c6e, f9fb126997be4ec79f8f60fcd6764b00
I20260709 13:01:10.753960  1790 raft_consensus.cc:2749] T 69addfec4f4248bbabd86bd0f93ae32d P 36f53e9bfce749bbba4a4b34829f563d [term 1 FOLLOWER]: Leader pre-election lost for term 1. Reason: could not achieve majority
I20260709 13:01:10.748438  1534 tablet_service.cc:1917] Received RequestConsensusVote() RPC: tablet_id: "532c559048cc4785a9da4b7d8725f768" candidate_uuid: "8c6031790cc44edfba5c3964e6f27c6e" candidate_term: 1 candidate_status { last_received { term: 0 index: 0 } } ignore_live_leader: false dest_uuid: "36f53e9bfce749bbba4a4b34829f563d"
I20260709 13:01:10.755803  1534 raft_consensus.cc:3060] T 532c559048cc4785a9da4b7d8725f768 P 36f53e9bfce749bbba4a4b34829f563d [term 0 FOLLOWER]: Advancing to term 1
I20260709 13:01:10.746407  1769 leader_election.cc:290] T 532c559048cc4785a9da4b7d8725f768 P 8c6031790cc44edfba5c3964e6f27c6e [CANDIDATE]: Term 1 election: Requested vote from peers 36f53e9bfce749bbba4a4b34829f563d (127.0.107.193:34325), f9fb126997be4ec79f8f60fcd6764b00 (127.0.107.194:33801)
I20260709 13:01:10.747354  1798 consensus_queue.cc:1048] T 69addfec4f4248bbabd86bd0f93ae32d P 8c6031790cc44edfba5c3964e6f27c6e [LEADER]: Connected to new peer: Peer: permanent_uuid: "36f53e9bfce749bbba4a4b34829f563d" member_type: VOTER last_known_addr { host: "127.0.107.193" port: 34325 }, Status: LMP_MISMATCH, Last received: 0.0, Next index: 1, Last known committed idx: 0, Time since last communication: 0.000s
I20260709 13:01:10.748247  1736 raft_consensus.cc:2804] T cbe9105bf6ce4e118b6b4a3135515534 P f9fb126997be4ec79f8f60fcd6764b00 [term 0 FOLLOWER]: Leader pre-election won for term 1
I20260709 13:01:10.756686  1725 raft_consensus.cc:359] T 0f31cf514617428594649c1ecf3b2547 P f9fb126997be4ec79f8f60fcd6764b00 [term 0 FOLLOWER]: Replica starting. Triggering 0 pending ops. Active config: opid_index: -1 OBSOLETE_local: false peers { permanent_uuid: "36f53e9bfce749bbba4a4b34829f563d" member_type: VOTER last_known_addr { host: "127.0.107.193" port: 34325 } } peers { permanent_uuid: "f9fb126997be4ec79f8f60fcd6764b00" member_type: VOTER last_known_addr { host: "127.0.107.194" port: 33801 } } peers { permanent_uuid: "8c6031790cc44edfba5c3964e6f27c6e" member_type: VOTER last_known_addr { host: "127.0.107.195" port: 43535 } }
I20260709 13:01:10.757227  1736 raft_consensus.cc:493] T cbe9105bf6ce4e118b6b4a3135515534 P f9fb126997be4ec79f8f60fcd6764b00 [term 0 FOLLOWER]: Starting leader election (no leader contacted us within the election timeout)
I20260709 13:01:10.757412  1725 raft_consensus.cc:385] T 0f31cf514617428594649c1ecf3b2547 P f9fb126997be4ec79f8f60fcd6764b00 [term 0 FOLLOWER]: Consensus starting up: Expiring failure detector timer to make a prompt election more likely
I20260709 13:01:10.757725  1736 raft_consensus.cc:3060] T cbe9105bf6ce4e118b6b4a3135515534 P f9fb126997be4ec79f8f60fcd6764b00 [term 0 FOLLOWER]: Advancing to term 1
I20260709 13:01:10.757730  1725 raft_consensus.cc:740] T 0f31cf514617428594649c1ecf3b2547 P f9fb126997be4ec79f8f60fcd6764b00 [term 0 FOLLOWER]: Becoming Follower/Learner. State: Replica: f9fb126997be4ec79f8f60fcd6764b00, State: Initialized, Role: FOLLOWER
I20260709 13:01:10.759197  1725 consensus_queue.cc:260] T 0f31cf514617428594649c1ecf3b2547 P f9fb126997be4ec79f8f60fcd6764b00 [NON_LEADER]: Queue going to NON_LEADER mode. State: All replicated index: 0, Majority replicated index: 0, Committed index: 0, Last appended: 0.0, Last appended by leader: 0, Current term: 0, Majority size: -1, State: 0, Mode: NON_LEADER, active raft config: opid_index: -1 OBSOLETE_local: false peers { permanent_uuid: "36f53e9bfce749bbba4a4b34829f563d" member_type: VOTER last_known_addr { host: "127.0.107.193" port: 34325 } } peers { permanent_uuid: "f9fb126997be4ec79f8f60fcd6764b00" member_type: VOTER last_known_addr { host: "127.0.107.194" port: 33801 } } peers { permanent_uuid: "8c6031790cc44edfba5c3964e6f27c6e" member_type: VOTER last_known_addr { host: "127.0.107.195" port: 43535 } }
I20260709 13:01:10.739771  1727 consensus_queue.cc:260] T 57c2065ad5cf4ab19e1aabd16c64fe95 P 8c6031790cc44edfba5c3964e6f27c6e [NON_LEADER]: Queue going to NON_LEADER mode. State: All replicated index: 0, Majority replicated index: 0, Committed index: 0, Last appended: 0.0, Last appended by leader: 0, Current term: 0, Majority size: -1, State: 0, Mode: NON_LEADER, active raft config: opid_index: -1 OBSOLETE_local: false peers { permanent_uuid: "36f53e9bfce749bbba4a4b34829f563d" member_type: VOTER last_known_addr { host: "127.0.107.193" port: 34325 } } peers { permanent_uuid: "f9fb126997be4ec79f8f60fcd6764b00" member_type: VOTER last_known_addr { host: "127.0.107.194" port: 33801 } } peers { permanent_uuid: "8c6031790cc44edfba5c3964e6f27c6e" member_type: VOTER last_known_addr { host: "127.0.107.195" port: 43535 } }
I20260709 13:01:10.761932  1607 tablet_service.cc:1917] Received RequestConsensusVote() RPC: tablet_id: "532c559048cc4785a9da4b7d8725f768" candidate_uuid: "8c6031790cc44edfba5c3964e6f27c6e" candidate_term: 1 candidate_status { last_received { term: 0 index: 0 } } ignore_live_leader: false dest_uuid: "f9fb126997be4ec79f8f60fcd6764b00"
I20260709 13:01:10.783881  1727 ts_tablet_manager.cc:1434] T 57c2065ad5cf4ab19e1aabd16c64fe95 P 8c6031790cc44edfba5c3964e6f27c6e: Time spent starting tablet: real 0.064s	user 0.011s	sys 0.000s
I20260709 13:01:10.785872  1727 tablet_bootstrap.cc:492] T fac0c25895864a4e8a2926c7c5198ee7 P 8c6031790cc44edfba5c3964e6f27c6e: Bootstrap starting.
I20260709 13:01:10.792104  1810 raft_consensus.cc:493] T 0f31cf514617428594649c1ecf3b2547 P f9fb126997be4ec79f8f60fcd6764b00 [term 0 FOLLOWER]: Starting pre-election (no leader contacted us within the election timeout)
I20260709 13:01:10.794598  1736 raft_consensus.cc:515] T cbe9105bf6ce4e118b6b4a3135515534 P f9fb126997be4ec79f8f60fcd6764b00 [term 1 FOLLOWER]: Starting leader election with config: opid_index: -1 OBSOLETE_local: false peers { permanent_uuid: "36f53e9bfce749bbba4a4b34829f563d" member_type: VOTER last_known_addr { host: "127.0.107.193" port: 34325 } } peers { permanent_uuid: "f9fb126997be4ec79f8f60fcd6764b00" member_type: VOTER last_known_addr { host: "127.0.107.194" port: 33801 } } peers { permanent_uuid: "8c6031790cc44edfba5c3964e6f27c6e" member_type: VOTER last_known_addr { host: "127.0.107.195" port: 43535 } }
W20260709 13:01:10.796977  1647 leader_election.cc:343] T 532c559048cc4785a9da4b7d8725f768 P 8c6031790cc44edfba5c3964e6f27c6e [CANDIDATE]: Term 1 election: Tablet error from VoteRequest() call to peer f9fb126997be4ec79f8f60fcd6764b00 (127.0.107.194:33801): Illegal state: must be running to vote when last-logged opid is not known
I20260709 13:01:10.800592  1810 raft_consensus.cc:515] T 0f31cf514617428594649c1ecf3b2547 P f9fb126997be4ec79f8f60fcd6764b00 [term 0 FOLLOWER]: Starting pre-election with config: opid_index: -1 OBSOLETE_local: false peers { permanent_uuid: "36f53e9bfce749bbba4a4b34829f563d" member_type: VOTER last_known_addr { host: "127.0.107.193" port: 34325 } } peers { permanent_uuid: "f9fb126997be4ec79f8f60fcd6764b00" member_type: VOTER last_known_addr { host: "127.0.107.194" port: 33801 } } peers { permanent_uuid: "8c6031790cc44edfba5c3964e6f27c6e" member_type: VOTER last_known_addr { host: "127.0.107.195" port: 43535 } }
I20260709 13:01:10.801728  1725 ts_tablet_manager.cc:1434] T 0f31cf514617428594649c1ecf3b2547 P f9fb126997be4ec79f8f60fcd6764b00: Time spent starting tablet: real 0.108s	user 0.007s	sys 0.000s
I20260709 13:01:10.810230  1736 leader_election.cc:290] T cbe9105bf6ce4e118b6b4a3135515534 P f9fb126997be4ec79f8f60fcd6764b00 [CANDIDATE]: Term 1 election: Requested vote from peers 36f53e9bfce749bbba4a4b34829f563d (127.0.107.193:34325), 8c6031790cc44edfba5c3964e6f27c6e (127.0.107.195:43535)
I20260709 13:01:10.811920  1810 leader_election.cc:290] T 0f31cf514617428594649c1ecf3b2547 P f9fb126997be4ec79f8f60fcd6764b00 [CANDIDATE]: Term 1 pre-election: Requested pre-vote from peers 36f53e9bfce749bbba4a4b34829f563d (127.0.107.193:34325), 8c6031790cc44edfba5c3964e6f27c6e (127.0.107.195:43535)
I20260709 13:01:10.815013  1725 tablet_bootstrap.cc:492] T 73161049b574469ea08e360e2def1aac P f9fb126997be4ec79f8f60fcd6764b00: Bootstrap starting.
I20260709 13:01:10.820988  1534 raft_consensus.cc:2468] T 532c559048cc4785a9da4b7d8725f768 P 36f53e9bfce749bbba4a4b34829f563d [term 1 FOLLOWER]: Leader election vote request: Granting yes vote for candidate 8c6031790cc44edfba5c3964e6f27c6e in term 1.
I20260709 13:01:10.820827  1682 tablet_service.cc:1917] Received RequestConsensusVote() RPC: tablet_id: "cbe9105bf6ce4e118b6b4a3135515534" candidate_uuid: "f9fb126997be4ec79f8f60fcd6764b00" candidate_term: 1 candidate_status { last_received { term: 0 index: 0 } } ignore_live_leader: false dest_uuid: "8c6031790cc44edfba5c3964e6f27c6e"
I20260709 13:01:10.825424  1648 leader_election.cc:304] T 532c559048cc4785a9da4b7d8725f768 P 8c6031790cc44edfba5c3964e6f27c6e [CANDIDATE]: Term 1 election: Election decided. Result: candidate won. Election summary: received 3 responses out of 3 voters: 2 yes votes; 1 no votes. yes voters: 36f53e9bfce749bbba4a4b34829f563d, 8c6031790cc44edfba5c3964e6f27c6e; no voters: f9fb126997be4ec79f8f60fcd6764b00
I20260709 13:01:10.815013  1533 tablet_service.cc:1917] Received RequestConsensusVote() RPC: tablet_id: "cbe9105bf6ce4e118b6b4a3135515534" candidate_uuid: "f9fb126997be4ec79f8f60fcd6764b00" candidate_term: 1 candidate_status { last_received { term: 0 index: 0 } } ignore_live_leader: false dest_uuid: "36f53e9bfce749bbba4a4b34829f563d"
I20260709 13:01:10.827036  1826 raft_consensus.cc:2804] T 532c559048cc4785a9da4b7d8725f768 P 8c6031790cc44edfba5c3964e6f27c6e [term 1 FOLLOWER]: Leader election won for term 1
I20260709 13:01:10.829178  1533 raft_consensus.cc:3060] T cbe9105bf6ce4e118b6b4a3135515534 P 36f53e9bfce749bbba4a4b34829f563d [term 0 FOLLOWER]: Advancing to term 1
I20260709 13:01:10.831853  1724 tablet_bootstrap.cc:492] T 57c2065ad5cf4ab19e1aabd16c64fe95 P 36f53e9bfce749bbba4a4b34829f563d: No bootstrap required, opened a new log
I20260709 13:01:10.832353  1724 ts_tablet_manager.cc:1403] T 57c2065ad5cf4ab19e1aabd16c64fe95 P 36f53e9bfce749bbba4a4b34829f563d: Time spent bootstrapping tablet: real 0.114s	user 0.020s	sys 0.046s
I20260709 13:01:10.829728  1682 tablet_service.cc:1917] Received RequestConsensusVote() RPC: tablet_id: "0f31cf514617428594649c1ecf3b2547" candidate_uuid: "f9fb126997be4ec79f8f60fcd6764b00" candidate_term: 1 candidate_status { last_received { term: 0 index: 0 } } ignore_live_leader: false dest_uuid: "8c6031790cc44edfba5c3964e6f27c6e" is_pre_election: true
W20260709 13:01:10.830091  1576 leader_election.cc:343] T cbe9105bf6ce4e118b6b4a3135515534 P f9fb126997be4ec79f8f60fcd6764b00 [CANDIDATE]: Term 1 election: Tablet error from VoteRequest() call to peer 8c6031790cc44edfba5c3964e6f27c6e (127.0.107.195:43535): Illegal state: must be running to vote when last-logged opid is not known
I20260709 13:01:10.815780  1532 tablet_service.cc:1917] Received RequestConsensusVote() RPC: tablet_id: "0f31cf514617428594649c1ecf3b2547" candidate_uuid: "f9fb126997be4ec79f8f60fcd6764b00" candidate_term: 1 candidate_status { last_received { term: 0 index: 0 } } ignore_live_leader: false dest_uuid: "36f53e9bfce749bbba4a4b34829f563d" is_pre_election: true
I20260709 13:01:10.839390  1682 raft_consensus.cc:2468] T 0f31cf514617428594649c1ecf3b2547 P 8c6031790cc44edfba5c3964e6f27c6e [term 0 FOLLOWER]: Leader pre-election vote request: Granting yes vote for candidate f9fb126997be4ec79f8f60fcd6764b00 in term 0.
I20260709 13:01:10.840301  1826 raft_consensus.cc:697] T 532c559048cc4785a9da4b7d8725f768 P 8c6031790cc44edfba5c3964e6f27c6e [term 1 LEADER]: Becoming Leader. State: Replica: 8c6031790cc44edfba5c3964e6f27c6e, State: Running, Role: LEADER
I20260709 13:01:10.840617  1576 leader_election.cc:304] T 0f31cf514617428594649c1ecf3b2547 P f9fb126997be4ec79f8f60fcd6764b00 [CANDIDATE]: Term 1 pre-election: Election decided. Result: candidate won. Election summary: received 2 responses out of 3 voters: 2 yes votes; 0 no votes. yes voters: 8c6031790cc44edfba5c3964e6f27c6e, f9fb126997be4ec79f8f60fcd6764b00; no voters: 
I20260709 13:01:10.841413  1810 raft_consensus.cc:2804] T 0f31cf514617428594649c1ecf3b2547 P f9fb126997be4ec79f8f60fcd6764b00 [term 0 FOLLOWER]: Leader pre-election won for term 1
I20260709 13:01:10.841092  1826 consensus_queue.cc:237] T 532c559048cc4785a9da4b7d8725f768 P 8c6031790cc44edfba5c3964e6f27c6e [LEADER]: Queue going to LEADER mode. State: All replicated index: 0, Majority replicated index: 0, Committed index: 0, Last appended: 0.0, Last appended by leader: 0, Current term: 1, Majority size: 2, State: 0, Mode: LEADER, active raft config: opid_index: -1 OBSOLETE_local: false peers { permanent_uuid: "36f53e9bfce749bbba4a4b34829f563d" member_type: VOTER last_known_addr { host: "127.0.107.193" port: 34325 } } peers { permanent_uuid: "f9fb126997be4ec79f8f60fcd6764b00" member_type: VOTER last_known_addr { host: "127.0.107.194" port: 33801 } } peers { permanent_uuid: "8c6031790cc44edfba5c3964e6f27c6e" member_type: VOTER last_known_addr { host: "127.0.107.195" port: 43535 } }
W20260709 13:01:10.842003  1574 leader_election.cc:343] T 0f31cf514617428594649c1ecf3b2547 P f9fb126997be4ec79f8f60fcd6764b00 [CANDIDATE]: Term 1 pre-election: Tablet error from VoteRequest() call to peer 36f53e9bfce749bbba4a4b34829f563d (127.0.107.193:34325): Illegal state: must be running to vote when last-logged opid is not known
I20260709 13:01:10.841782  1810 raft_consensus.cc:493] T 0f31cf514617428594649c1ecf3b2547 P f9fb126997be4ec79f8f60fcd6764b00 [term 0 FOLLOWER]: Starting leader election (no leader contacted us within the election timeout)
I20260709 13:01:10.842602  1810 raft_consensus.cc:3060] T 0f31cf514617428594649c1ecf3b2547 P f9fb126997be4ec79f8f60fcd6764b00 [term 0 FOLLOWER]: Advancing to term 1
I20260709 13:01:10.839965  1533 raft_consensus.cc:2468] T cbe9105bf6ce4e118b6b4a3135515534 P 36f53e9bfce749bbba4a4b34829f563d [term 1 FOLLOWER]: Leader election vote request: Granting yes vote for candidate f9fb126997be4ec79f8f60fcd6764b00 in term 1.
I20260709 13:01:10.844105  1574 leader_election.cc:304] T cbe9105bf6ce4e118b6b4a3135515534 P f9fb126997be4ec79f8f60fcd6764b00 [CANDIDATE]: Term 1 election: Election decided. Result: candidate won. Election summary: received 3 responses out of 3 voters: 2 yes votes; 1 no votes. yes voters: 36f53e9bfce749bbba4a4b34829f563d, f9fb126997be4ec79f8f60fcd6764b00; no voters: 8c6031790cc44edfba5c3964e6f27c6e
I20260709 13:01:10.845206  1736 raft_consensus.cc:2804] T cbe9105bf6ce4e118b6b4a3135515534 P f9fb126997be4ec79f8f60fcd6764b00 [term 1 FOLLOWER]: Leader election won for term 1
I20260709 13:01:10.846724  1736 raft_consensus.cc:697] T cbe9105bf6ce4e118b6b4a3135515534 P f9fb126997be4ec79f8f60fcd6764b00 [term 1 LEADER]: Becoming Leader. State: Replica: f9fb126997be4ec79f8f60fcd6764b00, State: Running, Role: LEADER
I20260709 13:01:10.847563  1736 consensus_queue.cc:237] T cbe9105bf6ce4e118b6b4a3135515534 P f9fb126997be4ec79f8f60fcd6764b00 [LEADER]: Queue going to LEADER mode. State: All replicated index: 0, Majority replicated index: 0, Committed index: 0, Last appended: 0.0, Last appended by leader: 0, Current term: 1, Majority size: 2, State: 0, Mode: LEADER, active raft config: opid_index: -1 OBSOLETE_local: false peers { permanent_uuid: "36f53e9bfce749bbba4a4b34829f563d" member_type: VOTER last_known_addr { host: "127.0.107.193" port: 34325 } } peers { permanent_uuid: "f9fb126997be4ec79f8f60fcd6764b00" member_type: VOTER last_known_addr { host: "127.0.107.194" port: 33801 } } peers { permanent_uuid: "8c6031790cc44edfba5c3964e6f27c6e" member_type: VOTER last_known_addr { host: "127.0.107.195" port: 43535 } }
I20260709 13:01:10.848944  1724 raft_consensus.cc:359] T 57c2065ad5cf4ab19e1aabd16c64fe95 P 36f53e9bfce749bbba4a4b34829f563d [term 0 FOLLOWER]: Replica starting. Triggering 0 pending ops. Active config: opid_index: -1 OBSOLETE_local: false peers { permanent_uuid: "36f53e9bfce749bbba4a4b34829f563d" member_type: VOTER last_known_addr { host: "127.0.107.193" port: 34325 } } peers { permanent_uuid: "f9fb126997be4ec79f8f60fcd6764b00" member_type: VOTER last_known_addr { host: "127.0.107.194" port: 33801 } } peers { permanent_uuid: "8c6031790cc44edfba5c3964e6f27c6e" member_type: VOTER last_known_addr { host: "127.0.107.195" port: 43535 } }
I20260709 13:01:10.849629  1724 raft_consensus.cc:385] T 57c2065ad5cf4ab19e1aabd16c64fe95 P 36f53e9bfce749bbba4a4b34829f563d [term 0 FOLLOWER]: Consensus starting up: Expiring failure detector timer to make a prompt election more likely
I20260709 13:01:10.849912  1724 raft_consensus.cc:740] T 57c2065ad5cf4ab19e1aabd16c64fe95 P 36f53e9bfce749bbba4a4b34829f563d [term 0 FOLLOWER]: Becoming Follower/Learner. State: Replica: 36f53e9bfce749bbba4a4b34829f563d, State: Initialized, Role: FOLLOWER
I20260709 13:01:10.850479  1810 raft_consensus.cc:515] T 0f31cf514617428594649c1ecf3b2547 P f9fb126997be4ec79f8f60fcd6764b00 [term 1 FOLLOWER]: Starting leader election with config: opid_index: -1 OBSOLETE_local: false peers { permanent_uuid: "36f53e9bfce749bbba4a4b34829f563d" member_type: VOTER last_known_addr { host: "127.0.107.193" port: 34325 } } peers { permanent_uuid: "f9fb126997be4ec79f8f60fcd6764b00" member_type: VOTER last_known_addr { host: "127.0.107.194" port: 33801 } } peers { permanent_uuid: "8c6031790cc44edfba5c3964e6f27c6e" member_type: VOTER last_known_addr { host: "127.0.107.195" port: 43535 } }
I20260709 13:01:10.850941  1724 consensus_queue.cc:260] T 57c2065ad5cf4ab19e1aabd16c64fe95 P 36f53e9bfce749bbba4a4b34829f563d [NON_LEADER]: Queue going to NON_LEADER mode. State: All replicated index: 0, Majority replicated index: 0, Committed index: 0, Last appended: 0.0, Last appended by leader: 0, Current term: 0, Majority size: -1, State: 0, Mode: NON_LEADER, active raft config: opid_index: -1 OBSOLETE_local: false peers { permanent_uuid: "36f53e9bfce749bbba4a4b34829f563d" member_type: VOTER last_known_addr { host: "127.0.107.193" port: 34325 } } peers { permanent_uuid: "f9fb126997be4ec79f8f60fcd6764b00" member_type: VOTER last_known_addr { host: "127.0.107.194" port: 33801 } } peers { permanent_uuid: "8c6031790cc44edfba5c3964e6f27c6e" member_type: VOTER last_known_addr { host: "127.0.107.195" port: 43535 } }
I20260709 13:01:10.853236  1724 ts_tablet_manager.cc:1434] T 57c2065ad5cf4ab19e1aabd16c64fe95 P 36f53e9bfce749bbba4a4b34829f563d: Time spent starting tablet: real 0.021s	user 0.006s	sys 0.000s
I20260709 13:01:10.853587  1534 tablet_service.cc:1917] Received RequestConsensusVote() RPC: tablet_id: "0f31cf514617428594649c1ecf3b2547" candidate_uuid: "f9fb126997be4ec79f8f60fcd6764b00" candidate_term: 1 candidate_status { last_received { term: 0 index: 0 } } ignore_live_leader: false dest_uuid: "36f53e9bfce749bbba4a4b34829f563d"
I20260709 13:01:10.854821  1724 tablet_bootstrap.cc:492] T 3db0d135af1343458208be9b79d66635 P 36f53e9bfce749bbba4a4b34829f563d: Bootstrap starting.
W20260709 13:01:10.854772  1574 leader_election.cc:343] T 0f31cf514617428594649c1ecf3b2547 P f9fb126997be4ec79f8f60fcd6764b00 [CANDIDATE]: Term 1 election: Tablet error from VoteRequest() call to peer 36f53e9bfce749bbba4a4b34829f563d (127.0.107.193:34325): Illegal state: must be running to vote when last-logged opid is not known
I20260709 13:01:10.860194  1727 tablet_bootstrap.cc:654] T fac0c25895864a4e8a2926c7c5198ee7 P 8c6031790cc44edfba5c3964e6f27c6e: Neither blocks nor log segments found. Creating new log.
I20260709 13:01:10.870132  1831 raft_consensus.cc:493] T 6d6c985edaa245138167af8ae5b22067 P 8c6031790cc44edfba5c3964e6f27c6e [term 0 FOLLOWER]: Starting pre-election (no leader contacted us within the election timeout)
I20260709 13:01:10.871496  1810 leader_election.cc:290] T 0f31cf514617428594649c1ecf3b2547 P f9fb126997be4ec79f8f60fcd6764b00 [CANDIDATE]: Term 1 election: Requested vote from peers 36f53e9bfce749bbba4a4b34829f563d (127.0.107.193:34325), 8c6031790cc44edfba5c3964e6f27c6e (127.0.107.195:43535)
I20260709 13:01:10.871083  1831 raft_consensus.cc:515] T 6d6c985edaa245138167af8ae5b22067 P 8c6031790cc44edfba5c3964e6f27c6e [term 0 FOLLOWER]: Starting pre-election with config: opid_index: -1 OBSOLETE_local: false peers { permanent_uuid: "36f53e9bfce749bbba4a4b34829f563d" member_type: VOTER last_known_addr { host: "127.0.107.193" port: 34325 } } peers { permanent_uuid: "f9fb126997be4ec79f8f60fcd6764b00" member_type: VOTER last_known_addr { host: "127.0.107.194" port: 33801 } } peers { permanent_uuid: "8c6031790cc44edfba5c3964e6f27c6e" member_type: VOTER last_known_addr { host: "127.0.107.195" port: 43535 } }
I20260709 13:01:10.872781  1682 tablet_service.cc:1917] Received RequestConsensusVote() RPC: tablet_id: "0f31cf514617428594649c1ecf3b2547" candidate_uuid: "f9fb126997be4ec79f8f60fcd6764b00" candidate_term: 1 candidate_status { last_received { term: 0 index: 0 } } ignore_live_leader: false dest_uuid: "8c6031790cc44edfba5c3964e6f27c6e"
I20260709 13:01:10.873399  1682 raft_consensus.cc:3060] T 0f31cf514617428594649c1ecf3b2547 P 8c6031790cc44edfba5c3964e6f27c6e [term 0 FOLLOWER]: Advancing to term 1
I20260709 13:01:10.871078  1790 raft_consensus.cc:493] T f2343c932afb4d9aaa361b1e57330e8e P 36f53e9bfce749bbba4a4b34829f563d [term 0 FOLLOWER]: Starting pre-election (no leader contacted us within the election timeout)
I20260709 13:01:10.874390  1725 tablet_bootstrap.cc:654] T 73161049b574469ea08e360e2def1aac P f9fb126997be4ec79f8f60fcd6764b00: Neither blocks nor log segments found. Creating new log.
I20260709 13:01:10.874416  1534 tablet_service.cc:1917] Received RequestConsensusVote() RPC: tablet_id: "6d6c985edaa245138167af8ae5b22067" candidate_uuid: "8c6031790cc44edfba5c3964e6f27c6e" candidate_term: 1 candidate_status { last_received { term: 0 index: 0 } } ignore_live_leader: false dest_uuid: "36f53e9bfce749bbba4a4b34829f563d" is_pre_election: true
I20260709 13:01:10.874715  1790 raft_consensus.cc:515] T f2343c932afb4d9aaa361b1e57330e8e P 36f53e9bfce749bbba4a4b34829f563d [term 0 FOLLOWER]: Starting pre-election with config: opid_index: -1 OBSOLETE_local: false peers { permanent_uuid: "36f53e9bfce749bbba4a4b34829f563d" member_type: VOTER last_known_addr { host: "127.0.107.193" port: 34325 } } peers { permanent_uuid: "f9fb126997be4ec79f8f60fcd6764b00" member_type: VOTER last_known_addr { host: "127.0.107.194" port: 33801 } } peers { permanent_uuid: "8c6031790cc44edfba5c3964e6f27c6e" member_type: VOTER last_known_addr { host: "127.0.107.195" port: 43535 } }
W20260709 13:01:10.877350  1648 leader_election.cc:343] T 6d6c985edaa245138167af8ae5b22067 P 8c6031790cc44edfba5c3964e6f27c6e [CANDIDATE]: Term 1 pre-election: Tablet error from VoteRequest() call to peer 36f53e9bfce749bbba4a4b34829f563d (127.0.107.193:34325): Illegal state: must be running to vote when last-logged opid is not known
I20260709 13:01:10.879875  1790 leader_election.cc:290] T f2343c932afb4d9aaa361b1e57330e8e P 36f53e9bfce749bbba4a4b34829f563d [CANDIDATE]: Term 1 pre-election: Requested pre-vote from peers f9fb126997be4ec79f8f60fcd6764b00 (127.0.107.194:33801), 8c6031790cc44edfba5c3964e6f27c6e (127.0.107.195:43535)
I20260709 13:01:10.881315  1683 tablet_service.cc:1917] Received RequestConsensusVote() RPC: tablet_id: "f2343c932afb4d9aaa361b1e57330e8e" candidate_uuid: "36f53e9bfce749bbba4a4b34829f563d" candidate_term: 1 candidate_status { last_received { term: 0 index: 0 } } ignore_live_leader: false dest_uuid: "8c6031790cc44edfba5c3964e6f27c6e" is_pre_election: true
I20260709 13:01:10.881611  1831 leader_election.cc:290] T 6d6c985edaa245138167af8ae5b22067 P 8c6031790cc44edfba5c3964e6f27c6e [CANDIDATE]: Term 1 pre-election: Requested pre-vote from peers 36f53e9bfce749bbba4a4b34829f563d (127.0.107.193:34325), f9fb126997be4ec79f8f60fcd6764b00 (127.0.107.194:33801)
I20260709 13:01:10.881949  1609 tablet_service.cc:1917] Received RequestConsensusVote() RPC: tablet_id: "f2343c932afb4d9aaa361b1e57330e8e" candidate_uuid: "36f53e9bfce749bbba4a4b34829f563d" candidate_term: 1 candidate_status { last_received { term: 0 index: 0 } } ignore_live_leader: false dest_uuid: "f9fb126997be4ec79f8f60fcd6764b00" is_pre_election: true
W20260709 13:01:10.883937  1498 leader_election.cc:343] T f2343c932afb4d9aaa361b1e57330e8e P 36f53e9bfce749bbba4a4b34829f563d [CANDIDATE]: Term 1 pre-election: Tablet error from VoteRequest() call to peer f9fb126997be4ec79f8f60fcd6764b00 (127.0.107.194:33801): Illegal state: must be running to vote when last-logged opid is not known
W20260709 13:01:10.884511  1501 leader_election.cc:343] T f2343c932afb4d9aaa361b1e57330e8e P 36f53e9bfce749bbba4a4b34829f563d [CANDIDATE]: Term 1 pre-election: Tablet error from VoteRequest() call to peer 8c6031790cc44edfba5c3964e6f27c6e (127.0.107.195:43535): Illegal state: must be running to vote when last-logged opid is not known
I20260709 13:01:10.884902  1724 tablet_bootstrap.cc:654] T 3db0d135af1343458208be9b79d66635 P 36f53e9bfce749bbba4a4b34829f563d: Neither blocks nor log segments found. Creating new log.
I20260709 13:01:10.884975  1501 leader_election.cc:304] T f2343c932afb4d9aaa361b1e57330e8e P 36f53e9bfce749bbba4a4b34829f563d [CANDIDATE]: Term 1 pre-election: Election decided. Result: candidate lost. Election summary: received 3 responses out of 3 voters: 1 yes votes; 2 no votes. yes voters: 36f53e9bfce749bbba4a4b34829f563d; no voters: 8c6031790cc44edfba5c3964e6f27c6e, f9fb126997be4ec79f8f60fcd6764b00
I20260709 13:01:10.899121  1790 raft_consensus.cc:2749] T f2343c932afb4d9aaa361b1e57330e8e P 36f53e9bfce749bbba4a4b34829f563d [term 0 FOLLOWER]: Leader pre-election lost for term 1. Reason: could not achieve majority
I20260709 13:01:10.892864  1682 raft_consensus.cc:2468] T 0f31cf514617428594649c1ecf3b2547 P 8c6031790cc44edfba5c3964e6f27c6e [term 1 FOLLOWER]: Leader election vote request: Granting yes vote for candidate f9fb126997be4ec79f8f60fcd6764b00 in term 1.
I20260709 13:01:10.894148  1832 consensus_queue.cc:1048] T 5ea2020c26814418b630a447fc961d07 P f9fb126997be4ec79f8f60fcd6764b00 [LEADER]: Connected to new peer: Peer: permanent_uuid: "8c6031790cc44edfba5c3964e6f27c6e" member_type: VOTER last_known_addr { host: "127.0.107.195" port: 43535 }, Status: LMP_MISMATCH, Last received: 0.0, Next index: 1, Last known committed idx: 0, Time since last communication: 0.001s
I20260709 13:01:10.897415  1609 tablet_service.cc:1917] Received RequestConsensusVote() RPC: tablet_id: "6d6c985edaa245138167af8ae5b22067" candidate_uuid: "8c6031790cc44edfba5c3964e6f27c6e" candidate_term: 1 candidate_status { last_received { term: 0 index: 0 } } ignore_live_leader: false dest_uuid: "f9fb126997be4ec79f8f60fcd6764b00" is_pre_election: true
W20260709 13:01:10.902719  1647 leader_election.cc:343] T 6d6c985edaa245138167af8ae5b22067 P 8c6031790cc44edfba5c3964e6f27c6e [CANDIDATE]: Term 1 pre-election: Tablet error from VoteRequest() call to peer f9fb126997be4ec79f8f60fcd6764b00 (127.0.107.194:33801): Illegal state: must be running to vote when last-logged opid is not known
I20260709 13:01:10.903331  1647 leader_election.cc:304] T 6d6c985edaa245138167af8ae5b22067 P 8c6031790cc44edfba5c3964e6f27c6e [CANDIDATE]: Term 1 pre-election: Election decided. Result: candidate lost. Election summary: received 3 responses out of 3 voters: 1 yes votes; 2 no votes. yes voters: 8c6031790cc44edfba5c3964e6f27c6e; no voters: 36f53e9bfce749bbba4a4b34829f563d, f9fb126997be4ec79f8f60fcd6764b00
I20260709 13:01:10.904294  1826 raft_consensus.cc:2749] T 6d6c985edaa245138167af8ae5b22067 P 8c6031790cc44edfba5c3964e6f27c6e [term 0 FOLLOWER]: Leader pre-election lost for term 1. Reason: could not achieve majority
I20260709 13:01:10.910004  1433 catalog_manager.cc:5697] T 532c559048cc4785a9da4b7d8725f768 P 8c6031790cc44edfba5c3964e6f27c6e reported cstate change: term changed from 0 to 1, leader changed from <none> to 8c6031790cc44edfba5c3964e6f27c6e (127.0.107.195). New cstate: current_term: 1 leader_uuid: "8c6031790cc44edfba5c3964e6f27c6e" committed_config { opid_index: -1 OBSOLETE_local: false peers { permanent_uuid: "36f53e9bfce749bbba4a4b34829f563d" member_type: VOTER last_known_addr { host: "127.0.107.193" port: 34325 } health_report { overall_health: UNKNOWN } } peers { permanent_uuid: "f9fb126997be4ec79f8f60fcd6764b00" member_type: VOTER last_known_addr { host: "127.0.107.194" port: 33801 } health_report { overall_health: UNKNOWN } } peers { permanent_uuid: "8c6031790cc44edfba5c3964e6f27c6e" member_type: VOTER last_known_addr { host: "127.0.107.195" port: 43535 } health_report { overall_health: HEALTHY } } }
I20260709 13:01:10.917853  1790 consensus_queue.cc:1048] T fbbc977cdccf4f338a0e97226117c985 P 36f53e9bfce749bbba4a4b34829f563d [LEADER]: Connected to new peer: Peer: permanent_uuid: "f9fb126997be4ec79f8f60fcd6764b00" member_type: VOTER last_known_addr { host: "127.0.107.194" port: 33801 }, Status: LMP_MISMATCH, Last received: 0.0, Next index: 1, Last known committed idx: 0, Time since last communication: 0.001s
I20260709 13:01:10.931999  1576 leader_election.cc:304] T 0f31cf514617428594649c1ecf3b2547 P f9fb126997be4ec79f8f60fcd6764b00 [CANDIDATE]: Term 1 election: Election decided. Result: candidate won. Election summary: received 3 responses out of 3 voters: 2 yes votes; 1 no votes. yes voters: 8c6031790cc44edfba5c3964e6f27c6e, f9fb126997be4ec79f8f60fcd6764b00; no voters: 36f53e9bfce749bbba4a4b34829f563d
I20260709 13:01:10.932943  1832 raft_consensus.cc:2804] T 0f31cf514617428594649c1ecf3b2547 P f9fb126997be4ec79f8f60fcd6764b00 [term 1 FOLLOWER]: Leader election won for term 1
I20260709 13:01:10.939922  1832 raft_consensus.cc:697] T 0f31cf514617428594649c1ecf3b2547 P f9fb126997be4ec79f8f60fcd6764b00 [term 1 LEADER]: Becoming Leader. State: Replica: f9fb126997be4ec79f8f60fcd6764b00, State: Running, Role: LEADER
I20260709 13:01:10.941727  1832 consensus_queue.cc:237] T 0f31cf514617428594649c1ecf3b2547 P f9fb126997be4ec79f8f60fcd6764b00 [LEADER]: Queue going to LEADER mode. State: All replicated index: 0, Majority replicated index: 0, Committed index: 0, Last appended: 0.0, Last appended by leader: 0, Current term: 1, Majority size: 2, State: 0, Mode: LEADER, active raft config: opid_index: -1 OBSOLETE_local: false peers { permanent_uuid: "36f53e9bfce749bbba4a4b34829f563d" member_type: VOTER last_known_addr { host: "127.0.107.193" port: 34325 } } peers { permanent_uuid: "f9fb126997be4ec79f8f60fcd6764b00" member_type: VOTER last_known_addr { host: "127.0.107.194" port: 33801 } } peers { permanent_uuid: "8c6031790cc44edfba5c3964e6f27c6e" member_type: VOTER last_known_addr { host: "127.0.107.195" port: 43535 } }
I20260709 13:01:10.951364  1725 tablet_bootstrap.cc:492] T 73161049b574469ea08e360e2def1aac P f9fb126997be4ec79f8f60fcd6764b00: No bootstrap required, opened a new log
I20260709 13:01:10.951879  1725 ts_tablet_manager.cc:1403] T 73161049b574469ea08e360e2def1aac P f9fb126997be4ec79f8f60fcd6764b00: Time spent bootstrapping tablet: real 0.137s	user 0.015s	sys 0.026s
I20260709 13:01:10.955130  1725 raft_consensus.cc:359] T 73161049b574469ea08e360e2def1aac P f9fb126997be4ec79f8f60fcd6764b00 [term 0 FOLLOWER]: Replica starting. Triggering 0 pending ops. Active config: opid_index: -1 OBSOLETE_local: false peers { permanent_uuid: "36f53e9bfce749bbba4a4b34829f563d" member_type: VOTER last_known_addr { host: "127.0.107.193" port: 34325 } } peers { permanent_uuid: "f9fb126997be4ec79f8f60fcd6764b00" member_type: VOTER last_known_addr { host: "127.0.107.194" port: 33801 } } peers { permanent_uuid: "8c6031790cc44edfba5c3964e6f27c6e" member_type: VOTER last_known_addr { host: "127.0.107.195" port: 43535 } }
I20260709 13:01:10.955919  1725 raft_consensus.cc:385] T 73161049b574469ea08e360e2def1aac P f9fb126997be4ec79f8f60fcd6764b00 [term 0 FOLLOWER]: Consensus starting up: Expiring failure detector timer to make a prompt election more likely
I20260709 13:01:10.956223  1725 raft_consensus.cc:740] T 73161049b574469ea08e360e2def1aac P f9fb126997be4ec79f8f60fcd6764b00 [term 0 FOLLOWER]: Becoming Follower/Learner. State: Replica: f9fb126997be4ec79f8f60fcd6764b00, State: Initialized, Role: FOLLOWER
I20260709 13:01:10.959144  1724 tablet_bootstrap.cc:492] T 3db0d135af1343458208be9b79d66635 P 36f53e9bfce749bbba4a4b34829f563d: No bootstrap required, opened a new log
I20260709 13:01:10.959669  1724 ts_tablet_manager.cc:1403] T 3db0d135af1343458208be9b79d66635 P 36f53e9bfce749bbba4a4b34829f563d: Time spent bootstrapping tablet: real 0.105s	user 0.023s	sys 0.011s
I20260709 13:01:10.963814  1724 raft_consensus.cc:359] T 3db0d135af1343458208be9b79d66635 P 36f53e9bfce749bbba4a4b34829f563d [term 0 FOLLOWER]: Replica starting. Triggering 0 pending ops. Active config: opid_index: -1 OBSOLETE_local: false peers { permanent_uuid: "36f53e9bfce749bbba4a4b34829f563d" member_type: VOTER last_known_addr { host: "127.0.107.193" port: 34325 } } peers { permanent_uuid: "f9fb126997be4ec79f8f60fcd6764b00" member_type: VOTER last_known_addr { host: "127.0.107.194" port: 33801 } } peers { permanent_uuid: "8c6031790cc44edfba5c3964e6f27c6e" member_type: VOTER last_known_addr { host: "127.0.107.195" port: 43535 } }
I20260709 13:01:10.964911  1724 raft_consensus.cc:385] T 3db0d135af1343458208be9b79d66635 P 36f53e9bfce749bbba4a4b34829f563d [term 0 FOLLOWER]: Consensus starting up: Expiring failure detector timer to make a prompt election more likely
I20260709 13:01:10.965288  1724 raft_consensus.cc:740] T 3db0d135af1343458208be9b79d66635 P 36f53e9bfce749bbba4a4b34829f563d [term 0 FOLLOWER]: Becoming Follower/Learner. State: Replica: 36f53e9bfce749bbba4a4b34829f563d, State: Initialized, Role: FOLLOWER
I20260709 13:01:10.965027  1736 consensus_queue.cc:1048] T 5ea2020c26814418b630a447fc961d07 P f9fb126997be4ec79f8f60fcd6764b00 [LEADER]: Connected to new peer: Peer: permanent_uuid: "36f53e9bfce749bbba4a4b34829f563d" member_type: VOTER last_known_addr { host: "127.0.107.193" port: 34325 }, Status: LMP_MISMATCH, Last received: 0.0, Next index: 1, Last known committed idx: 0, Time since last communication: 0.002s
I20260709 13:01:10.966298  1724 consensus_queue.cc:260] T 3db0d135af1343458208be9b79d66635 P 36f53e9bfce749bbba4a4b34829f563d [NON_LEADER]: Queue going to NON_LEADER mode. State: All replicated index: 0, Majority replicated index: 0, Committed index: 0, Last appended: 0.0, Last appended by leader: 0, Current term: 0, Majority size: -1, State: 0, Mode: NON_LEADER, active raft config: opid_index: -1 OBSOLETE_local: false peers { permanent_uuid: "36f53e9bfce749bbba4a4b34829f563d" member_type: VOTER last_known_addr { host: "127.0.107.193" port: 34325 } } peers { permanent_uuid: "f9fb126997be4ec79f8f60fcd6764b00" member_type: VOTER last_known_addr { host: "127.0.107.194" port: 33801 } } peers { permanent_uuid: "8c6031790cc44edfba5c3964e6f27c6e" member_type: VOTER last_known_addr { host: "127.0.107.195" port: 43535 } }
I20260709 13:01:10.976078  1724 ts_tablet_manager.cc:1434] T 3db0d135af1343458208be9b79d66635 P 36f53e9bfce749bbba4a4b34829f563d: Time spent starting tablet: real 0.016s	user 0.005s	sys 0.005s
I20260709 13:01:10.977136  1724 tablet_bootstrap.cc:492] T 0f31cf514617428594649c1ecf3b2547 P 36f53e9bfce749bbba4a4b34829f563d: Bootstrap starting.
I20260709 13:01:10.967470  1725 consensus_queue.cc:260] T 73161049b574469ea08e360e2def1aac P f9fb126997be4ec79f8f60fcd6764b00 [NON_LEADER]: Queue going to NON_LEADER mode. State: All replicated index: 0, Majority replicated index: 0, Committed index: 0, Last appended: 0.0, Last appended by leader: 0, Current term: 0, Majority size: -1, State: 0, Mode: NON_LEADER, active raft config: opid_index: -1 OBSOLETE_local: false peers { permanent_uuid: "36f53e9bfce749bbba4a4b34829f563d" member_type: VOTER last_known_addr { host: "127.0.107.193" port: 34325 } } peers { permanent_uuid: "f9fb126997be4ec79f8f60fcd6764b00" member_type: VOTER last_known_addr { host: "127.0.107.194" port: 33801 } } peers { permanent_uuid: "8c6031790cc44edfba5c3964e6f27c6e" member_type: VOTER last_known_addr { host: "127.0.107.195" port: 43535 } }
I20260709 13:01:10.980206  1432 catalog_manager.cc:5697] T cbe9105bf6ce4e118b6b4a3135515534 P f9fb126997be4ec79f8f60fcd6764b00 reported cstate change: term changed from 0 to 1, leader changed from <none> to f9fb126997be4ec79f8f60fcd6764b00 (127.0.107.194). New cstate: current_term: 1 leader_uuid: "f9fb126997be4ec79f8f60fcd6764b00" committed_config { opid_index: -1 OBSOLETE_local: false peers { permanent_uuid: "36f53e9bfce749bbba4a4b34829f563d" member_type: VOTER last_known_addr { host: "127.0.107.193" port: 34325 } health_report { overall_health: UNKNOWN } } peers { permanent_uuid: "f9fb126997be4ec79f8f60fcd6764b00" member_type: VOTER last_known_addr { host: "127.0.107.194" port: 33801 } health_report { overall_health: HEALTHY } } peers { permanent_uuid: "8c6031790cc44edfba5c3964e6f27c6e" member_type: VOTER last_known_addr { host: "127.0.107.195" port: 43535 } health_report { overall_health: UNKNOWN } } }
I20260709 13:01:10.979981  1810 raft_consensus.cc:493] T 73161049b574469ea08e360e2def1aac P f9fb126997be4ec79f8f60fcd6764b00 [term 0 FOLLOWER]: Starting pre-election (no leader contacted us within the election timeout)
I20260709 13:01:10.990675  1810 raft_consensus.cc:515] T 73161049b574469ea08e360e2def1aac P f9fb126997be4ec79f8f60fcd6764b00 [term 0 FOLLOWER]: Starting pre-election with config: opid_index: -1 OBSOLETE_local: false peers { permanent_uuid: "36f53e9bfce749bbba4a4b34829f563d" member_type: VOTER last_known_addr { host: "127.0.107.193" port: 34325 } } peers { permanent_uuid: "f9fb126997be4ec79f8f60fcd6764b00" member_type: VOTER last_known_addr { host: "127.0.107.194" port: 33801 } } peers { permanent_uuid: "8c6031790cc44edfba5c3964e6f27c6e" member_type: VOTER last_known_addr { host: "127.0.107.195" port: 43535 } }
I20260709 13:01:10.997285  1533 tablet_service.cc:1917] Received RequestConsensusVote() RPC: tablet_id: "73161049b574469ea08e360e2def1aac" candidate_uuid: "f9fb126997be4ec79f8f60fcd6764b00" candidate_term: 1 candidate_status { last_received { term: 0 index: 0 } } ignore_live_leader: false dest_uuid: "36f53e9bfce749bbba4a4b34829f563d" is_pre_election: true
W20260709 13:01:10.999073  1574 leader_election.cc:343] T 73161049b574469ea08e360e2def1aac P f9fb126997be4ec79f8f60fcd6764b00 [CANDIDATE]: Term 1 pre-election: Tablet error from VoteRequest() call to peer 36f53e9bfce749bbba4a4b34829f563d (127.0.107.193:34325): Illegal state: must be running to vote when last-logged opid is not known
I20260709 13:01:10.999814  1810 leader_election.cc:290] T 73161049b574469ea08e360e2def1aac P f9fb126997be4ec79f8f60fcd6764b00 [CANDIDATE]: Term 1 pre-election: Requested pre-vote from peers 36f53e9bfce749bbba4a4b34829f563d (127.0.107.193:34325), 8c6031790cc44edfba5c3964e6f27c6e (127.0.107.195:43535)
I20260709 13:01:11.000609  1683 tablet_service.cc:1917] Received RequestConsensusVote() RPC: tablet_id: "73161049b574469ea08e360e2def1aac" candidate_uuid: "f9fb126997be4ec79f8f60fcd6764b00" candidate_term: 1 candidate_status { last_received { term: 0 index: 0 } } ignore_live_leader: false dest_uuid: "8c6031790cc44edfba5c3964e6f27c6e" is_pre_election: true
I20260709 13:01:11.001257  1683 raft_consensus.cc:2468] T 73161049b574469ea08e360e2def1aac P 8c6031790cc44edfba5c3964e6f27c6e [term 0 FOLLOWER]: Leader pre-election vote request: Granting yes vote for candidate f9fb126997be4ec79f8f60fcd6764b00 in term 0.
I20260709 13:01:11.003463  1727 tablet_bootstrap.cc:492] T fac0c25895864a4e8a2926c7c5198ee7 P 8c6031790cc44edfba5c3964e6f27c6e: No bootstrap required, opened a new log
I20260709 13:01:11.004186  1831 raft_consensus.cc:493] T 57c2065ad5cf4ab19e1aabd16c64fe95 P 8c6031790cc44edfba5c3964e6f27c6e [term 0 FOLLOWER]: Starting pre-election (no leader contacted us within the election timeout)
I20260709 13:01:11.005261  1727 ts_tablet_manager.cc:1403] T fac0c25895864a4e8a2926c7c5198ee7 P 8c6031790cc44edfba5c3964e6f27c6e: Time spent bootstrapping tablet: real 0.220s	user 0.014s	sys 0.016s
I20260709 13:01:11.005487  1831 raft_consensus.cc:515] T 57c2065ad5cf4ab19e1aabd16c64fe95 P 8c6031790cc44edfba5c3964e6f27c6e [term 0 FOLLOWER]: Starting pre-election with config: opid_index: -1 OBSOLETE_local: false peers { permanent_uuid: "36f53e9bfce749bbba4a4b34829f563d" member_type: VOTER last_known_addr { host: "127.0.107.193" port: 34325 } } peers { permanent_uuid: "f9fb126997be4ec79f8f60fcd6764b00" member_type: VOTER last_known_addr { host: "127.0.107.194" port: 33801 } } peers { permanent_uuid: "8c6031790cc44edfba5c3964e6f27c6e" member_type: VOTER last_known_addr { host: "127.0.107.195" port: 43535 } }
I20260709 13:01:11.008878  1534 tablet_service.cc:1917] Received RequestConsensusVote() RPC: tablet_id: "57c2065ad5cf4ab19e1aabd16c64fe95" candidate_uuid: "8c6031790cc44edfba5c3964e6f27c6e" candidate_term: 1 candidate_status { last_received { term: 0 index: 0 } } ignore_live_leader: false dest_uuid: "36f53e9bfce749bbba4a4b34829f563d" is_pre_election: true
I20260709 13:01:11.009517  1576 leader_election.cc:304] T 73161049b574469ea08e360e2def1aac P f9fb126997be4ec79f8f60fcd6764b00 [CANDIDATE]: Term 1 pre-election: Election decided. Result: candidate won. Election summary: received 3 responses out of 3 voters: 2 yes votes; 1 no votes. yes voters: 8c6031790cc44edfba5c3964e6f27c6e, f9fb126997be4ec79f8f60fcd6764b00; no voters: 36f53e9bfce749bbba4a4b34829f563d
I20260709 13:01:11.009537  1534 raft_consensus.cc:2468] T 57c2065ad5cf4ab19e1aabd16c64fe95 P 36f53e9bfce749bbba4a4b34829f563d [term 0 FOLLOWER]: Leader pre-election vote request: Granting yes vote for candidate 8c6031790cc44edfba5c3964e6f27c6e in term 0.
I20260709 13:01:11.010892  1729 consensus_queue.cc:1048] T fbbc977cdccf4f338a0e97226117c985 P 36f53e9bfce749bbba4a4b34829f563d [LEADER]: Connected to new peer: Peer: permanent_uuid: "8c6031790cc44edfba5c3964e6f27c6e" member_type: VOTER last_known_addr { host: "127.0.107.195" port: 43535 }, Status: LMP_MISMATCH, Last received: 0.0, Next index: 1, Last known committed idx: 0, Time since last communication: 0.000s
I20260709 13:01:11.011780  1648 leader_election.cc:304] T 57c2065ad5cf4ab19e1aabd16c64fe95 P 8c6031790cc44edfba5c3964e6f27c6e [CANDIDATE]: Term 1 pre-election: Election decided. Result: candidate won. Election summary: received 2 responses out of 3 voters: 2 yes votes; 0 no votes. yes voters: 36f53e9bfce749bbba4a4b34829f563d, 8c6031790cc44edfba5c3964e6f27c6e; no voters: 
I20260709 13:01:11.012248  1831 leader_election.cc:290] T 57c2065ad5cf4ab19e1aabd16c64fe95 P 8c6031790cc44edfba5c3964e6f27c6e [CANDIDATE]: Term 1 pre-election: Requested pre-vote from peers 36f53e9bfce749bbba4a4b34829f563d (127.0.107.193:34325), f9fb126997be4ec79f8f60fcd6764b00 (127.0.107.194:33801)
I20260709 13:01:11.012784  1831 raft_consensus.cc:2804] T 57c2065ad5cf4ab19e1aabd16c64fe95 P 8c6031790cc44edfba5c3964e6f27c6e [term 0 FOLLOWER]: Leader pre-election won for term 1
I20260709 13:01:11.013058  1831 raft_consensus.cc:493] T 57c2065ad5cf4ab19e1aabd16c64fe95 P 8c6031790cc44edfba5c3964e6f27c6e [term 0 FOLLOWER]: Starting leader election (no leader contacted us within the election timeout)
I20260709 13:01:11.013607  1831 raft_consensus.cc:3060] T 57c2065ad5cf4ab19e1aabd16c64fe95 P 8c6031790cc44edfba5c3964e6f27c6e [term 0 FOLLOWER]: Advancing to term 1
I20260709 13:01:11.015803  1810 raft_consensus.cc:2804] T 73161049b574469ea08e360e2def1aac P f9fb126997be4ec79f8f60fcd6764b00 [term 0 FOLLOWER]: Leader pre-election won for term 1
I20260709 13:01:11.016345  1810 raft_consensus.cc:493] T 73161049b574469ea08e360e2def1aac P f9fb126997be4ec79f8f60fcd6764b00 [term 0 FOLLOWER]: Starting leader election (no leader contacted us within the election timeout)
I20260709 13:01:11.016800  1810 raft_consensus.cc:3060] T 73161049b574469ea08e360e2def1aac P f9fb126997be4ec79f8f60fcd6764b00 [term 0 FOLLOWER]: Advancing to term 1
I20260709 13:01:11.021052  1432 catalog_manager.cc:5697] T 0f31cf514617428594649c1ecf3b2547 P f9fb126997be4ec79f8f60fcd6764b00 reported cstate change: term changed from 0 to 1, leader changed from <none> to f9fb126997be4ec79f8f60fcd6764b00 (127.0.107.194). New cstate: current_term: 1 leader_uuid: "f9fb126997be4ec79f8f60fcd6764b00" committed_config { opid_index: -1 OBSOLETE_local: false peers { permanent_uuid: "36f53e9bfce749bbba4a4b34829f563d" member_type: VOTER last_known_addr { host: "127.0.107.193" port: 34325 } health_report { overall_health: UNKNOWN } } peers { permanent_uuid: "f9fb126997be4ec79f8f60fcd6764b00" member_type: VOTER last_known_addr { host: "127.0.107.194" port: 33801 } health_report { overall_health: HEALTHY } } peers { permanent_uuid: "8c6031790cc44edfba5c3964e6f27c6e" member_type: VOTER last_known_addr { host: "127.0.107.195" port: 43535 } health_report { overall_health: UNKNOWN } } }
I20260709 13:01:11.023877  1609 tablet_service.cc:1917] Received RequestConsensusVote() RPC: tablet_id: "57c2065ad5cf4ab19e1aabd16c64fe95" candidate_uuid: "8c6031790cc44edfba5c3964e6f27c6e" candidate_term: 1 candidate_status { last_received { term: 0 index: 0 } } ignore_live_leader: false dest_uuid: "f9fb126997be4ec79f8f60fcd6764b00" is_pre_election: true
W20260709 13:01:11.025662  1647 leader_election.cc:343] T 57c2065ad5cf4ab19e1aabd16c64fe95 P 8c6031790cc44edfba5c3964e6f27c6e [CANDIDATE]: Term 1 pre-election: Tablet error from VoteRequest() call to peer f9fb126997be4ec79f8f60fcd6764b00 (127.0.107.194:33801): Illegal state: must be running to vote when last-logged opid is not known
I20260709 13:01:11.028780  1724 tablet_bootstrap.cc:654] T 0f31cf514617428594649c1ecf3b2547 P 36f53e9bfce749bbba4a4b34829f563d: Neither blocks nor log segments found. Creating new log.
I20260709 13:01:11.004791  1725 ts_tablet_manager.cc:1434] T 73161049b574469ea08e360e2def1aac P f9fb126997be4ec79f8f60fcd6764b00: Time spent starting tablet: real 0.053s	user 0.009s	sys 0.000s
I20260709 13:01:11.030089  1725 tablet_bootstrap.cc:492] T 532c559048cc4785a9da4b7d8725f768 P f9fb126997be4ec79f8f60fcd6764b00: Bootstrap starting.
I20260709 13:01:11.024413  1831 raft_consensus.cc:515] T 57c2065ad5cf4ab19e1aabd16c64fe95 P 8c6031790cc44edfba5c3964e6f27c6e [term 1 FOLLOWER]: Starting leader election with config: opid_index: -1 OBSOLETE_local: false peers { permanent_uuid: "36f53e9bfce749bbba4a4b34829f563d" member_type: VOTER last_known_addr { host: "127.0.107.193" port: 34325 } } peers { permanent_uuid: "f9fb126997be4ec79f8f60fcd6764b00" member_type: VOTER last_known_addr { host: "127.0.107.194" port: 33801 } } peers { permanent_uuid: "8c6031790cc44edfba5c3964e6f27c6e" member_type: VOTER last_known_addr { host: "127.0.107.195" port: 43535 } }
I20260709 13:01:11.048981  1727 raft_consensus.cc:359] T fac0c25895864a4e8a2926c7c5198ee7 P 8c6031790cc44edfba5c3964e6f27c6e [term 0 FOLLOWER]: Replica starting. Triggering 0 pending ops. Active config: opid_index: -1 OBSOLETE_local: false peers { permanent_uuid: "36f53e9bfce749bbba4a4b34829f563d" member_type: VOTER last_known_addr { host: "127.0.107.193" port: 34325 } } peers { permanent_uuid: "f9fb126997be4ec79f8f60fcd6764b00" member_type: VOTER last_known_addr { host: "127.0.107.194" port: 33801 } } peers { permanent_uuid: "8c6031790cc44edfba5c3964e6f27c6e" member_type: VOTER last_known_addr { host: "127.0.107.195" port: 43535 } }
I20260709 13:01:11.049964  1727 raft_consensus.cc:385] T fac0c25895864a4e8a2926c7c5198ee7 P 8c6031790cc44edfba5c3964e6f27c6e [term 0 FOLLOWER]: Consensus starting up: Expiring failure detector timer to make a prompt election more likely
