I20260709 13:00:04.238025  8501 consensus_queue.cc:260] T 7846d7a6bc6c4997aaa93fc23b89103b P d3da144ba9de41aa9eaf8fb8804ab9b8 [NON_LEADER]: Queue going to NON_LEADER mode. State: All replicated index: 0, Majority replicated index: 0, Committed index: 0, Last appended: 0.0, Last appended by leader: 0, Current term: 0, Majority size: -1, State: 0, Mode: NON_LEADER, active raft config: opid_index: -1 OBSOLETE_local: false peers { permanent_uuid: "cdf95b02a4694f82b23841203d13101e" member_type: VOTER last_known_addr { host: "127.7.7.129" port: 33771 } } peers { permanent_uuid: "5adc8f2329c94c26ae303b43e5528e6e" member_type: VOTER last_known_addr { host: "127.7.7.130" port: 33583 } } peers { permanent_uuid: "d3da144ba9de41aa9eaf8fb8804ab9b8" member_type: VOTER last_known_addr { host: "127.7.7.131" port: 40999 } }
I20260709 13:00:04.238242  8205 catalog_manager.cc:5697] T 6cbf001207844c628ba2e3a7fe8ff620 P d3da144ba9de41aa9eaf8fb8804ab9b8 reported cstate change: term changed from 0 to 1, leader changed from <none> to d3da144ba9de41aa9eaf8fb8804ab9b8 (127.7.7.131). New cstate: current_term: 1 leader_uuid: "d3da144ba9de41aa9eaf8fb8804ab9b8" committed_config { opid_index: -1 OBSOLETE_local: false peers { permanent_uuid: "cdf95b02a4694f82b23841203d13101e" member_type: VOTER last_known_addr { host: "127.7.7.129" port: 33771 } health_report { overall_health: UNKNOWN } } peers { permanent_uuid: "5adc8f2329c94c26ae303b43e5528e6e" member_type: VOTER last_known_addr { host: "127.7.7.130" port: 33583 } health_report { overall_health: UNKNOWN } } peers { permanent_uuid: "d3da144ba9de41aa9eaf8fb8804ab9b8" member_type: VOTER last_known_addr { host: "127.7.7.131" port: 40999 } health_report { overall_health: HEALTHY } } }
I20260709 13:00:04.239988  8501 ts_tablet_manager.cc:1434] T 7846d7a6bc6c4997aaa93fc23b89103b P d3da144ba9de41aa9eaf8fb8804ab9b8: Time spent starting tablet: real 0.005s	user 0.002s	sys 0.002s
I20260709 13:00:04.240842  8501 tablet_bootstrap.cc:492] T 77192374ff274734bb8de2e28e6f5f3d P d3da144ba9de41aa9eaf8fb8804ab9b8: Bootstrap starting.
I20260709 13:00:04.241164  8499 tablet_bootstrap.cc:492] T 657c41eaa58b41f996b04c2069a533b4 P cdf95b02a4694f82b23841203d13101e: Bootstrap starting.
I20260709 13:00:04.246587  8501 tablet_bootstrap.cc:654] T 77192374ff274734bb8de2e28e6f5f3d P d3da144ba9de41aa9eaf8fb8804ab9b8: Neither blocks nor log segments found. Creating new log.
I20260709 13:00:04.247917  8499 tablet_bootstrap.cc:654] T 657c41eaa58b41f996b04c2069a533b4 P cdf95b02a4694f82b23841203d13101e: Neither blocks nor log segments found. Creating new log.
I20260709 13:00:04.247288  8205 catalog_manager.cc:5697] T 5a4415fda99f4689bf73a242eb03e9de P d3da144ba9de41aa9eaf8fb8804ab9b8 reported cstate change: term changed from 0 to 1, leader changed from <none> to d3da144ba9de41aa9eaf8fb8804ab9b8 (127.7.7.131). New cstate: current_term: 1 leader_uuid: "d3da144ba9de41aa9eaf8fb8804ab9b8" committed_config { opid_index: -1 OBSOLETE_local: false peers { permanent_uuid: "cdf95b02a4694f82b23841203d13101e" member_type: VOTER last_known_addr { host: "127.7.7.129" port: 33771 } health_report { overall_health: UNKNOWN } } peers { permanent_uuid: "5adc8f2329c94c26ae303b43e5528e6e" member_type: VOTER last_known_addr { host: "127.7.7.130" port: 33583 } health_report { overall_health: UNKNOWN } } peers { permanent_uuid: "d3da144ba9de41aa9eaf8fb8804ab9b8" member_type: VOTER last_known_addr { host: "127.7.7.131" port: 40999 } health_report { overall_health: HEALTHY } } }
I20260709 13:00:04.249112  8498 tablet_bootstrap.cc:492] T 26608fb3dc224bc7930fbd88ec7d3ede P 5adc8f2329c94c26ae303b43e5528e6e: No bootstrap required, opened a new log
I20260709 13:00:04.249584  8498 ts_tablet_manager.cc:1403] T 26608fb3dc224bc7930fbd88ec7d3ede P 5adc8f2329c94c26ae303b43e5528e6e: Time spent bootstrapping tablet: real 0.070s	user 0.029s	sys 0.000s
I20260709 13:00:04.252101  8498 raft_consensus.cc:359] T 26608fb3dc224bc7930fbd88ec7d3ede P 5adc8f2329c94c26ae303b43e5528e6e [term 0 FOLLOWER]: Replica starting. Triggering 0 pending ops. Active config: opid_index: -1 OBSOLETE_local: false peers { permanent_uuid: "cdf95b02a4694f82b23841203d13101e" member_type: VOTER last_known_addr { host: "127.7.7.129" port: 33771 } } peers { permanent_uuid: "5adc8f2329c94c26ae303b43e5528e6e" member_type: VOTER last_known_addr { host: "127.7.7.130" port: 33583 } } peers { permanent_uuid: "d3da144ba9de41aa9eaf8fb8804ab9b8" member_type: VOTER last_known_addr { host: "127.7.7.131" port: 40999 } }
I20260709 13:00:04.252741  8498 raft_consensus.cc:385] T 26608fb3dc224bc7930fbd88ec7d3ede P 5adc8f2329c94c26ae303b43e5528e6e [term 0 FOLLOWER]: Consensus starting up: Expiring failure detector timer to make a prompt election more likely
I20260709 13:00:04.253016  8498 raft_consensus.cc:740] T 26608fb3dc224bc7930fbd88ec7d3ede P 5adc8f2329c94c26ae303b43e5528e6e [term 0 FOLLOWER]: Becoming Follower/Learner. State: Replica: 5adc8f2329c94c26ae303b43e5528e6e, State: Initialized, Role: FOLLOWER
I20260709 13:00:04.253773  8498 consensus_queue.cc:260] T 26608fb3dc224bc7930fbd88ec7d3ede P 5adc8f2329c94c26ae303b43e5528e6e [NON_LEADER]: Queue going to NON_LEADER mode. State: All replicated index: 0, Majority replicated index: 0, Committed index: 0, Last appended: 0.0, Last appended by leader: 0, Current term: 0, Majority size: -1, State: 0, Mode: NON_LEADER, active raft config: opid_index: -1 OBSOLETE_local: false peers { permanent_uuid: "cdf95b02a4694f82b23841203d13101e" member_type: VOTER last_known_addr { host: "127.7.7.129" port: 33771 } } peers { permanent_uuid: "5adc8f2329c94c26ae303b43e5528e6e" member_type: VOTER last_known_addr { host: "127.7.7.130" port: 33583 } } peers { permanent_uuid: "d3da144ba9de41aa9eaf8fb8804ab9b8" member_type: VOTER last_known_addr { host: "127.7.7.131" port: 40999 } }
I20260709 13:00:04.255769  8498 ts_tablet_manager.cc:1434] T 26608fb3dc224bc7930fbd88ec7d3ede P 5adc8f2329c94c26ae303b43e5528e6e: Time spent starting tablet: real 0.006s	user 0.005s	sys 0.000s
I20260709 13:00:04.256606  8498 tablet_bootstrap.cc:492] T 6391071e77974d9996a1b3e433e42873 P 5adc8f2329c94c26ae303b43e5528e6e: Bootstrap starting.
I20260709 13:00:04.261948  8498 tablet_bootstrap.cc:654] T 6391071e77974d9996a1b3e433e42873 P 5adc8f2329c94c26ae303b43e5528e6e: Neither blocks nor log segments found. Creating new log.
I20260709 13:00:04.273236  8498 tablet_bootstrap.cc:492] T 6391071e77974d9996a1b3e433e42873 P 5adc8f2329c94c26ae303b43e5528e6e: No bootstrap required, opened a new log
I20260709 13:00:04.273727  8498 ts_tablet_manager.cc:1403] T 6391071e77974d9996a1b3e433e42873 P 5adc8f2329c94c26ae303b43e5528e6e: Time spent bootstrapping tablet: real 0.017s	user 0.013s	sys 0.003s
I20260709 13:00:04.276187  8498 raft_consensus.cc:359] T 6391071e77974d9996a1b3e433e42873 P 5adc8f2329c94c26ae303b43e5528e6e [term 0 FOLLOWER]: Replica starting. Triggering 0 pending ops. Active config: opid_index: -1 OBSOLETE_local: false peers { permanent_uuid: "cdf95b02a4694f82b23841203d13101e" member_type: VOTER last_known_addr { host: "127.7.7.129" port: 33771 } } peers { permanent_uuid: "5adc8f2329c94c26ae303b43e5528e6e" member_type: VOTER last_known_addr { host: "127.7.7.130" port: 33583 } } peers { permanent_uuid: "d3da144ba9de41aa9eaf8fb8804ab9b8" member_type: VOTER last_known_addr { host: "127.7.7.131" port: 40999 } }
I20260709 13:00:04.276836  8498 raft_consensus.cc:385] T 6391071e77974d9996a1b3e433e42873 P 5adc8f2329c94c26ae303b43e5528e6e [term 0 FOLLOWER]: Consensus starting up: Expiring failure detector timer to make a prompt election more likely
I20260709 13:00:04.277110  8498 raft_consensus.cc:740] T 6391071e77974d9996a1b3e433e42873 P 5adc8f2329c94c26ae303b43e5528e6e [term 0 FOLLOWER]: Becoming Follower/Learner. State: Replica: 5adc8f2329c94c26ae303b43e5528e6e, State: Initialized, Role: FOLLOWER
I20260709 13:00:04.277932  8498 consensus_queue.cc:260] T 6391071e77974d9996a1b3e433e42873 P 5adc8f2329c94c26ae303b43e5528e6e [NON_LEADER]: Queue going to NON_LEADER mode. State: All replicated index: 0, Majority replicated index: 0, Committed index: 0, Last appended: 0.0, Last appended by leader: 0, Current term: 0, Majority size: -1, State: 0, Mode: NON_LEADER, active raft config: opid_index: -1 OBSOLETE_local: false peers { permanent_uuid: "cdf95b02a4694f82b23841203d13101e" member_type: VOTER last_known_addr { host: "127.7.7.129" port: 33771 } } peers { permanent_uuid: "5adc8f2329c94c26ae303b43e5528e6e" member_type: VOTER last_known_addr { host: "127.7.7.130" port: 33583 } } peers { permanent_uuid: "d3da144ba9de41aa9eaf8fb8804ab9b8" member_type: VOTER last_known_addr { host: "127.7.7.131" port: 40999 } }
I20260709 13:00:04.279903  8207 catalog_manager.cc:5697] T 657c41eaa58b41f996b04c2069a533b4 P d3da144ba9de41aa9eaf8fb8804ab9b8 reported cstate change: term changed from 0 to 1, leader changed from <none> to d3da144ba9de41aa9eaf8fb8804ab9b8 (127.7.7.131). New cstate: current_term: 1 leader_uuid: "d3da144ba9de41aa9eaf8fb8804ab9b8" committed_config { opid_index: -1 OBSOLETE_local: false peers { permanent_uuid: "cdf95b02a4694f82b23841203d13101e" member_type: VOTER last_known_addr { host: "127.7.7.129" port: 33771 } health_report { overall_health: UNKNOWN } } peers { permanent_uuid: "5adc8f2329c94c26ae303b43e5528e6e" member_type: VOTER last_known_addr { host: "127.7.7.130" port: 33583 } health_report { overall_health: UNKNOWN } } peers { permanent_uuid: "d3da144ba9de41aa9eaf8fb8804ab9b8" member_type: VOTER last_known_addr { host: "127.7.7.131" port: 40999 } health_report { overall_health: HEALTHY } } }
I20260709 13:00:04.287211  8498 ts_tablet_manager.cc:1434] T 6391071e77974d9996a1b3e433e42873 P 5adc8f2329c94c26ae303b43e5528e6e: Time spent starting tablet: real 0.013s	user 0.003s	sys 0.002s
I20260709 13:00:04.295039  8501 tablet_bootstrap.cc:492] T 77192374ff274734bb8de2e28e6f5f3d P d3da144ba9de41aa9eaf8fb8804ab9b8: No bootstrap required, opened a new log
I20260709 13:00:04.295127  8498 tablet_bootstrap.cc:492] T 85fc4a688b8f441f85d567ddb998839c P 5adc8f2329c94c26ae303b43e5528e6e: Bootstrap starting.
I20260709 13:00:04.295564  8499 tablet_bootstrap.cc:492] T 657c41eaa58b41f996b04c2069a533b4 P cdf95b02a4694f82b23841203d13101e: No bootstrap required, opened a new log
I20260709 13:00:04.295629  8501 ts_tablet_manager.cc:1403] T 77192374ff274734bb8de2e28e6f5f3d P d3da144ba9de41aa9eaf8fb8804ab9b8: Time spent bootstrapping tablet: real 0.055s	user 0.028s	sys 0.024s
I20260709 13:00:04.296012  8499 ts_tablet_manager.cc:1403] T 657c41eaa58b41f996b04c2069a533b4 P cdf95b02a4694f82b23841203d13101e: Time spent bootstrapping tablet: real 0.055s	user 0.014s	sys 0.036s
I20260709 13:00:04.297945  8499 raft_consensus.cc:359] T 657c41eaa58b41f996b04c2069a533b4 P cdf95b02a4694f82b23841203d13101e [term 0 FOLLOWER]: Replica starting. Triggering 0 pending ops. Active config: opid_index: -1 OBSOLETE_local: false peers { permanent_uuid: "cdf95b02a4694f82b23841203d13101e" member_type: VOTER last_known_addr { host: "127.7.7.129" port: 33771 } } peers { permanent_uuid: "5adc8f2329c94c26ae303b43e5528e6e" member_type: VOTER last_known_addr { host: "127.7.7.130" port: 33583 } } peers { permanent_uuid: "d3da144ba9de41aa9eaf8fb8804ab9b8" member_type: VOTER last_known_addr { host: "127.7.7.131" port: 40999 } }
I20260709 13:00:04.298533  8499 raft_consensus.cc:385] T 657c41eaa58b41f996b04c2069a533b4 P cdf95b02a4694f82b23841203d13101e [term 0 FOLLOWER]: Consensus starting up: Expiring failure detector timer to make a prompt election more likely
I20260709 13:00:04.298878  8499 raft_consensus.cc:740] T 657c41eaa58b41f996b04c2069a533b4 P cdf95b02a4694f82b23841203d13101e [term 0 FOLLOWER]: Becoming Follower/Learner. State: Replica: cdf95b02a4694f82b23841203d13101e, State: Initialized, Role: FOLLOWER
I20260709 13:00:04.298424  8501 raft_consensus.cc:359] T 77192374ff274734bb8de2e28e6f5f3d P d3da144ba9de41aa9eaf8fb8804ab9b8 [term 0 FOLLOWER]: Replica starting. Triggering 0 pending ops. Active config: opid_index: -1 OBSOLETE_local: false peers { permanent_uuid: "cdf95b02a4694f82b23841203d13101e" member_type: VOTER last_known_addr { host: "127.7.7.129" port: 33771 } } peers { permanent_uuid: "5adc8f2329c94c26ae303b43e5528e6e" member_type: VOTER last_known_addr { host: "127.7.7.130" port: 33583 } } peers { permanent_uuid: "d3da144ba9de41aa9eaf8fb8804ab9b8" member_type: VOTER last_known_addr { host: "127.7.7.131" port: 40999 } }
I20260709 13:00:04.299263  8501 raft_consensus.cc:385] T 77192374ff274734bb8de2e28e6f5f3d P d3da144ba9de41aa9eaf8fb8804ab9b8 [term 0 FOLLOWER]: Consensus starting up: Expiring failure detector timer to make a prompt election more likely
I20260709 13:00:04.299578  8501 raft_consensus.cc:740] T 77192374ff274734bb8de2e28e6f5f3d P d3da144ba9de41aa9eaf8fb8804ab9b8 [term 0 FOLLOWER]: Becoming Follower/Learner. State: Replica: d3da144ba9de41aa9eaf8fb8804ab9b8, State: Initialized, Role: FOLLOWER
I20260709 13:00:04.299559  8499 consensus_queue.cc:260] T 657c41eaa58b41f996b04c2069a533b4 P cdf95b02a4694f82b23841203d13101e [NON_LEADER]: Queue going to NON_LEADER mode. State: All replicated index: 0, Majority replicated index: 0, Committed index: 0, Last appended: 0.0, Last appended by leader: 0, Current term: 0, Majority size: -1, State: 0, Mode: NON_LEADER, active raft config: opid_index: -1 OBSOLETE_local: false peers { permanent_uuid: "cdf95b02a4694f82b23841203d13101e" member_type: VOTER last_known_addr { host: "127.7.7.129" port: 33771 } } peers { permanent_uuid: "5adc8f2329c94c26ae303b43e5528e6e" member_type: VOTER last_known_addr { host: "127.7.7.130" port: 33583 } } peers { permanent_uuid: "d3da144ba9de41aa9eaf8fb8804ab9b8" member_type: VOTER last_known_addr { host: "127.7.7.131" port: 40999 } }
I20260709 13:00:04.300467  8501 consensus_queue.cc:260] T 77192374ff274734bb8de2e28e6f5f3d P d3da144ba9de41aa9eaf8fb8804ab9b8 [NON_LEADER]: Queue going to NON_LEADER mode. State: All replicated index: 0, Majority replicated index: 0, Committed index: 0, Last appended: 0.0, Last appended by leader: 0, Current term: 0, Majority size: -1, State: 0, Mode: NON_LEADER, active raft config: opid_index: -1 OBSOLETE_local: false peers { permanent_uuid: "cdf95b02a4694f82b23841203d13101e" member_type: VOTER last_known_addr { host: "127.7.7.129" port: 33771 } } peers { permanent_uuid: "5adc8f2329c94c26ae303b43e5528e6e" member_type: VOTER last_known_addr { host: "127.7.7.130" port: 33583 } } peers { permanent_uuid: "d3da144ba9de41aa9eaf8fb8804ab9b8" member_type: VOTER last_known_addr { host: "127.7.7.131" port: 40999 } }
I20260709 13:00:04.301141  8498 tablet_bootstrap.cc:654] T 85fc4a688b8f441f85d567ddb998839c P 5adc8f2329c94c26ae303b43e5528e6e: Neither blocks nor log segments found. Creating new log.
I20260709 13:00:04.301563  8499 ts_tablet_manager.cc:1434] T 657c41eaa58b41f996b04c2069a533b4 P cdf95b02a4694f82b23841203d13101e: Time spent starting tablet: real 0.005s	user 0.007s	sys 0.000s
I20260709 13:00:04.302631  8499 tablet_bootstrap.cc:492] T 5a4415fda99f4689bf73a242eb03e9de P cdf95b02a4694f82b23841203d13101e: Bootstrap starting.
I20260709 13:00:04.302742  8501 ts_tablet_manager.cc:1434] T 77192374ff274734bb8de2e28e6f5f3d P d3da144ba9de41aa9eaf8fb8804ab9b8: Time spent starting tablet: real 0.007s	user 0.004s	sys 0.004s
I20260709 13:00:04.303612  8501 tablet_bootstrap.cc:492] T f8d80bacec834ecd9c484e149df346a9 P d3da144ba9de41aa9eaf8fb8804ab9b8: Bootstrap starting.
I20260709 13:00:04.309062  8499 tablet_bootstrap.cc:654] T 5a4415fda99f4689bf73a242eb03e9de P cdf95b02a4694f82b23841203d13101e: Neither blocks nor log segments found. Creating new log.
I20260709 13:00:04.309976  8501 tablet_bootstrap.cc:654] T f8d80bacec834ecd9c484e149df346a9 P d3da144ba9de41aa9eaf8fb8804ab9b8: Neither blocks nor log segments found. Creating new log.
I20260709 13:00:04.316699  8498 tablet_bootstrap.cc:492] T 85fc4a688b8f441f85d567ddb998839c P 5adc8f2329c94c26ae303b43e5528e6e: No bootstrap required, opened a new log
I20260709 13:00:04.317337  8498 ts_tablet_manager.cc:1403] T 85fc4a688b8f441f85d567ddb998839c P 5adc8f2329c94c26ae303b43e5528e6e: Time spent bootstrapping tablet: real 0.022s	user 0.018s	sys 0.000s
I20260709 13:00:04.318158  8499 tablet_bootstrap.cc:492] T 5a4415fda99f4689bf73a242eb03e9de P cdf95b02a4694f82b23841203d13101e: No bootstrap required, opened a new log
I20260709 13:00:04.318591  8499 ts_tablet_manager.cc:1403] T 5a4415fda99f4689bf73a242eb03e9de P cdf95b02a4694f82b23841203d13101e: Time spent bootstrapping tablet: real 0.016s	user 0.009s	sys 0.004s
I20260709 13:00:04.320698  8498 raft_consensus.cc:359] T 85fc4a688b8f441f85d567ddb998839c P 5adc8f2329c94c26ae303b43e5528e6e [term 0 FOLLOWER]: Replica starting. Triggering 0 pending ops. Active config: opid_index: -1 OBSOLETE_local: false peers { permanent_uuid: "cdf95b02a4694f82b23841203d13101e" member_type: VOTER last_known_addr { host: "127.7.7.129" port: 33771 } } peers { permanent_uuid: "5adc8f2329c94c26ae303b43e5528e6e" member_type: VOTER last_known_addr { host: "127.7.7.130" port: 33583 } } peers { permanent_uuid: "d3da144ba9de41aa9eaf8fb8804ab9b8" member_type: VOTER last_known_addr { host: "127.7.7.131" port: 40999 } }
I20260709 13:00:04.320984  8499 raft_consensus.cc:359] T 5a4415fda99f4689bf73a242eb03e9de P cdf95b02a4694f82b23841203d13101e [term 0 FOLLOWER]: Replica starting. Triggering 0 pending ops. Active config: opid_index: -1 OBSOLETE_local: false peers { permanent_uuid: "cdf95b02a4694f82b23841203d13101e" member_type: VOTER last_known_addr { host: "127.7.7.129" port: 33771 } } peers { permanent_uuid: "5adc8f2329c94c26ae303b43e5528e6e" member_type: VOTER last_known_addr { host: "127.7.7.130" port: 33583 } } peers { permanent_uuid: "d3da144ba9de41aa9eaf8fb8804ab9b8" member_type: VOTER last_known_addr { host: "127.7.7.131" port: 40999 } }
I20260709 13:00:04.321682  8498 raft_consensus.cc:385] T 85fc4a688b8f441f85d567ddb998839c P 5adc8f2329c94c26ae303b43e5528e6e [term 0 FOLLOWER]: Consensus starting up: Expiring failure detector timer to make a prompt election more likely
I20260709 13:00:04.321761  8499 raft_consensus.cc:385] T 5a4415fda99f4689bf73a242eb03e9de P cdf95b02a4694f82b23841203d13101e [term 0 FOLLOWER]: Consensus starting up: Expiring failure detector timer to make a prompt election more likely
I20260709 13:00:04.322183  8498 raft_consensus.cc:740] T 85fc4a688b8f441f85d567ddb998839c P 5adc8f2329c94c26ae303b43e5528e6e [term 0 FOLLOWER]: Becoming Follower/Learner. State: Replica: 5adc8f2329c94c26ae303b43e5528e6e, State: Initialized, Role: FOLLOWER
I20260709 13:00:04.322276  8499 raft_consensus.cc:740] T 5a4415fda99f4689bf73a242eb03e9de P cdf95b02a4694f82b23841203d13101e [term 0 FOLLOWER]: Becoming Follower/Learner. State: Replica: cdf95b02a4694f82b23841203d13101e, State: Initialized, Role: FOLLOWER
I20260709 13:00:04.323197  8499 consensus_queue.cc:260] T 5a4415fda99f4689bf73a242eb03e9de P cdf95b02a4694f82b23841203d13101e [NON_LEADER]: Queue going to NON_LEADER mode. State: All replicated index: 0, Majority replicated index: 0, Committed index: 0, Last appended: 0.0, Last appended by leader: 0, Current term: 0, Majority size: -1, State: 0, Mode: NON_LEADER, active raft config: opid_index: -1 OBSOLETE_local: false peers { permanent_uuid: "cdf95b02a4694f82b23841203d13101e" member_type: VOTER last_known_addr { host: "127.7.7.129" port: 33771 } } peers { permanent_uuid: "5adc8f2329c94c26ae303b43e5528e6e" member_type: VOTER last_known_addr { host: "127.7.7.130" port: 33583 } } peers { permanent_uuid: "d3da144ba9de41aa9eaf8fb8804ab9b8" member_type: VOTER last_known_addr { host: "127.7.7.131" port: 40999 } }
I20260709 13:00:04.323313  8498 consensus_queue.cc:260] T 85fc4a688b8f441f85d567ddb998839c P 5adc8f2329c94c26ae303b43e5528e6e [NON_LEADER]: Queue going to NON_LEADER mode. State: All replicated index: 0, Majority replicated index: 0, Committed index: 0, Last appended: 0.0, Last appended by leader: 0, Current term: 0, Majority size: -1, State: 0, Mode: NON_LEADER, active raft config: opid_index: -1 OBSOLETE_local: false peers { permanent_uuid: "cdf95b02a4694f82b23841203d13101e" member_type: VOTER last_known_addr { host: "127.7.7.129" port: 33771 } } peers { permanent_uuid: "5adc8f2329c94c26ae303b43e5528e6e" member_type: VOTER last_known_addr { host: "127.7.7.130" port: 33583 } } peers { permanent_uuid: "d3da144ba9de41aa9eaf8fb8804ab9b8" member_type: VOTER last_known_addr { host: "127.7.7.131" port: 40999 } }
I20260709 13:00:04.326092  8498 ts_tablet_manager.cc:1434] T 85fc4a688b8f441f85d567ddb998839c P 5adc8f2329c94c26ae303b43e5528e6e: Time spent starting tablet: real 0.008s	user 0.008s	sys 0.000s
I20260709 13:00:04.327340  8498 tablet_bootstrap.cc:492] T 3ef3f6fadd854844a231f13654a8ddc6 P 5adc8f2329c94c26ae303b43e5528e6e: Bootstrap starting.
I20260709 13:00:04.330853  8499 ts_tablet_manager.cc:1434] T 5a4415fda99f4689bf73a242eb03e9de P cdf95b02a4694f82b23841203d13101e: Time spent starting tablet: real 0.012s	user 0.007s	sys 0.000s
I20260709 13:00:04.331840  8499 tablet_bootstrap.cc:492] T 3ef3f6fadd854844a231f13654a8ddc6 P cdf95b02a4694f82b23841203d13101e: Bootstrap starting.
I20260709 13:00:04.335276  8498 tablet_bootstrap.cc:654] T 3ef3f6fadd854844a231f13654a8ddc6 P 5adc8f2329c94c26ae303b43e5528e6e: Neither blocks nor log segments found. Creating new log.
I20260709 13:00:04.337603  8499 tablet_bootstrap.cc:654] T 3ef3f6fadd854844a231f13654a8ddc6 P cdf95b02a4694f82b23841203d13101e: Neither blocks nor log segments found. Creating new log.
I20260709 13:00:04.342442  8501 tablet_bootstrap.cc:492] T f8d80bacec834ecd9c484e149df346a9 P d3da144ba9de41aa9eaf8fb8804ab9b8: No bootstrap required, opened a new log
I20260709 13:00:04.342725  8498 tablet_bootstrap.cc:492] T 3ef3f6fadd854844a231f13654a8ddc6 P 5adc8f2329c94c26ae303b43e5528e6e: No bootstrap required, opened a new log
I20260709 13:00:04.342876  8501 ts_tablet_manager.cc:1403] T f8d80bacec834ecd9c484e149df346a9 P d3da144ba9de41aa9eaf8fb8804ab9b8: Time spent bootstrapping tablet: real 0.039s	user 0.025s	sys 0.012s
I20260709 13:00:04.343132  8498 ts_tablet_manager.cc:1403] T 3ef3f6fadd854844a231f13654a8ddc6 P 5adc8f2329c94c26ae303b43e5528e6e: Time spent bootstrapping tablet: real 0.016s	user 0.014s	sys 0.000s
I20260709 13:00:04.345500  8501 raft_consensus.cc:359] T f8d80bacec834ecd9c484e149df346a9 P d3da144ba9de41aa9eaf8fb8804ab9b8 [term 0 FOLLOWER]: Replica starting. Triggering 0 pending ops. Active config: opid_index: -1 OBSOLETE_local: false peers { permanent_uuid: "cdf95b02a4694f82b23841203d13101e" member_type: VOTER last_known_addr { host: "127.7.7.129" port: 33771 } } peers { permanent_uuid: "5adc8f2329c94c26ae303b43e5528e6e" member_type: VOTER last_known_addr { host: "127.7.7.130" port: 33583 } } peers { permanent_uuid: "d3da144ba9de41aa9eaf8fb8804ab9b8" member_type: VOTER last_known_addr { host: "127.7.7.131" port: 40999 } }
I20260709 13:00:04.345655  8498 raft_consensus.cc:359] T 3ef3f6fadd854844a231f13654a8ddc6 P 5adc8f2329c94c26ae303b43e5528e6e [term 0 FOLLOWER]: Replica starting. Triggering 0 pending ops. Active config: opid_index: -1 OBSOLETE_local: false peers { permanent_uuid: "cdf95b02a4694f82b23841203d13101e" member_type: VOTER last_known_addr { host: "127.7.7.129" port: 33771 } } peers { permanent_uuid: "5adc8f2329c94c26ae303b43e5528e6e" member_type: VOTER last_known_addr { host: "127.7.7.130" port: 33583 } } peers { permanent_uuid: "d3da144ba9de41aa9eaf8fb8804ab9b8" member_type: VOTER last_known_addr { host: "127.7.7.131" port: 40999 } }
I20260709 13:00:04.346196  8501 raft_consensus.cc:385] T f8d80bacec834ecd9c484e149df346a9 P d3da144ba9de41aa9eaf8fb8804ab9b8 [term 0 FOLLOWER]: Consensus starting up: Expiring failure detector timer to make a prompt election more likely
I20260709 13:00:04.346236  8498 raft_consensus.cc:385] T 3ef3f6fadd854844a231f13654a8ddc6 P 5adc8f2329c94c26ae303b43e5528e6e [term 0 FOLLOWER]: Consensus starting up: Expiring failure detector timer to make a prompt election more likely
I20260709 13:00:04.346588  8501 raft_consensus.cc:740] T f8d80bacec834ecd9c484e149df346a9 P d3da144ba9de41aa9eaf8fb8804ab9b8 [term 0 FOLLOWER]: Becoming Follower/Learner. State: Replica: d3da144ba9de41aa9eaf8fb8804ab9b8, State: Initialized, Role: FOLLOWER
I20260709 13:00:04.346676  8498 raft_consensus.cc:740] T 3ef3f6fadd854844a231f13654a8ddc6 P 5adc8f2329c94c26ae303b43e5528e6e [term 0 FOLLOWER]: Becoming Follower/Learner. State: Replica: 5adc8f2329c94c26ae303b43e5528e6e, State: Initialized, Role: FOLLOWER
I20260709 13:00:04.347525  8501 consensus_queue.cc:260] T f8d80bacec834ecd9c484e149df346a9 P d3da144ba9de41aa9eaf8fb8804ab9b8 [NON_LEADER]: Queue going to NON_LEADER mode. State: All replicated index: 0, Majority replicated index: 0, Committed index: 0, Last appended: 0.0, Last appended by leader: 0, Current term: 0, Majority size: -1, State: 0, Mode: NON_LEADER, active raft config: opid_index: -1 OBSOLETE_local: false peers { permanent_uuid: "cdf95b02a4694f82b23841203d13101e" member_type: VOTER last_known_addr { host: "127.7.7.129" port: 33771 } } peers { permanent_uuid: "5adc8f2329c94c26ae303b43e5528e6e" member_type: VOTER last_known_addr { host: "127.7.7.130" port: 33583 } } peers { permanent_uuid: "d3da144ba9de41aa9eaf8fb8804ab9b8" member_type: VOTER last_known_addr { host: "127.7.7.131" port: 40999 } }
I20260709 13:00:04.347525  8498 consensus_queue.cc:260] T 3ef3f6fadd854844a231f13654a8ddc6 P 5adc8f2329c94c26ae303b43e5528e6e [NON_LEADER]: Queue going to NON_LEADER mode. State: All replicated index: 0, Majority replicated index: 0, Committed index: 0, Last appended: 0.0, Last appended by leader: 0, Current term: 0, Majority size: -1, State: 0, Mode: NON_LEADER, active raft config: opid_index: -1 OBSOLETE_local: false peers { permanent_uuid: "cdf95b02a4694f82b23841203d13101e" member_type: VOTER last_known_addr { host: "127.7.7.129" port: 33771 } } peers { permanent_uuid: "5adc8f2329c94c26ae303b43e5528e6e" member_type: VOTER last_known_addr { host: "127.7.7.130" port: 33583 } } peers { permanent_uuid: "d3da144ba9de41aa9eaf8fb8804ab9b8" member_type: VOTER last_known_addr { host: "127.7.7.131" port: 40999 } }
I20260709 13:00:04.349684  8501 ts_tablet_manager.cc:1434] T f8d80bacec834ecd9c484e149df346a9 P d3da144ba9de41aa9eaf8fb8804ab9b8: Time spent starting tablet: real 0.007s	user 0.008s	sys 0.000s
I20260709 13:00:04.349888  8499 tablet_bootstrap.cc:492] T 3ef3f6fadd854844a231f13654a8ddc6 P cdf95b02a4694f82b23841203d13101e: No bootstrap required, opened a new log
I20260709 13:00:04.350332  8499 ts_tablet_manager.cc:1403] T 3ef3f6fadd854844a231f13654a8ddc6 P cdf95b02a4694f82b23841203d13101e: Time spent bootstrapping tablet: real 0.019s	user 0.008s	sys 0.007s
I20260709 13:00:04.350963  8501 tablet_bootstrap.cc:492] T b84680464db34126ad7ce8088f533b12 P d3da144ba9de41aa9eaf8fb8804ab9b8: Bootstrap starting.
I20260709 13:00:04.352837  8499 raft_consensus.cc:359] T 3ef3f6fadd854844a231f13654a8ddc6 P cdf95b02a4694f82b23841203d13101e [term 0 FOLLOWER]: Replica starting. Triggering 0 pending ops. Active config: opid_index: -1 OBSOLETE_local: false peers { permanent_uuid: "cdf95b02a4694f82b23841203d13101e" member_type: VOTER last_known_addr { host: "127.7.7.129" port: 33771 } } peers { permanent_uuid: "5adc8f2329c94c26ae303b43e5528e6e" member_type: VOTER last_known_addr { host: "127.7.7.130" port: 33583 } } peers { permanent_uuid: "d3da144ba9de41aa9eaf8fb8804ab9b8" member_type: VOTER last_known_addr { host: "127.7.7.131" port: 40999 } }
I20260709 13:00:04.353662  8499 raft_consensus.cc:385] T 3ef3f6fadd854844a231f13654a8ddc6 P cdf95b02a4694f82b23841203d13101e [term 0 FOLLOWER]: Consensus starting up: Expiring failure detector timer to make a prompt election more likely
I20260709 13:00:04.353961  8499 raft_consensus.cc:740] T 3ef3f6fadd854844a231f13654a8ddc6 P cdf95b02a4694f82b23841203d13101e [term 0 FOLLOWER]: Becoming Follower/Learner. State: Replica: cdf95b02a4694f82b23841203d13101e, State: Initialized, Role: FOLLOWER
I20260709 13:00:04.354617  8499 consensus_queue.cc:260] T 3ef3f6fadd854844a231f13654a8ddc6 P cdf95b02a4694f82b23841203d13101e [NON_LEADER]: Queue going to NON_LEADER mode. State: All replicated index: 0, Majority replicated index: 0, Committed index: 0, Last appended: 0.0, Last appended by leader: 0, Current term: 0, Majority size: -1, State: 0, Mode: NON_LEADER, active raft config: opid_index: -1 OBSOLETE_local: false peers { permanent_uuid: "cdf95b02a4694f82b23841203d13101e" member_type: VOTER last_known_addr { host: "127.7.7.129" port: 33771 } } peers { permanent_uuid: "5adc8f2329c94c26ae303b43e5528e6e" member_type: VOTER last_known_addr { host: "127.7.7.130" port: 33583 } } peers { permanent_uuid: "d3da144ba9de41aa9eaf8fb8804ab9b8" member_type: VOTER last_known_addr { host: "127.7.7.131" port: 40999 } }
I20260709 13:00:04.356020  8498 ts_tablet_manager.cc:1434] T 3ef3f6fadd854844a231f13654a8ddc6 P 5adc8f2329c94c26ae303b43e5528e6e: Time spent starting tablet: real 0.013s	user 0.006s	sys 0.000s
I20260709 13:00:04.356701  8501 tablet_bootstrap.cc:654] T b84680464db34126ad7ce8088f533b12 P d3da144ba9de41aa9eaf8fb8804ab9b8: Neither blocks nor log segments found. Creating new log.
I20260709 13:00:04.356956  8498 tablet_bootstrap.cc:492] T b84680464db34126ad7ce8088f533b12 P 5adc8f2329c94c26ae303b43e5528e6e: Bootstrap starting.
I20260709 13:00:04.356942  8499 ts_tablet_manager.cc:1434] T 3ef3f6fadd854844a231f13654a8ddc6 P cdf95b02a4694f82b23841203d13101e: Time spent starting tablet: real 0.006s	user 0.006s	sys 0.000s
I20260709 13:00:04.358139  8499 tablet_bootstrap.cc:492] T e2695fe148bd4b7e83ba5a9c577a9443 P cdf95b02a4694f82b23841203d13101e: Bootstrap starting.
I20260709 13:00:04.364135  8499 tablet_bootstrap.cc:654] T e2695fe148bd4b7e83ba5a9c577a9443 P cdf95b02a4694f82b23841203d13101e: Neither blocks nor log segments found. Creating new log.
I20260709 13:00:04.364931  8498 tablet_bootstrap.cc:654] T b84680464db34126ad7ce8088f533b12 P 5adc8f2329c94c26ae303b43e5528e6e: Neither blocks nor log segments found. Creating new log.
I20260709 13:00:04.371126  8506 raft_consensus.cc:493] T 3ef3f6fadd854844a231f13654a8ddc6 P cdf95b02a4694f82b23841203d13101e [term 0 FOLLOWER]: Starting pre-election (no leader contacted us within the election timeout)
I20260709 13:00:04.371814  8506 raft_consensus.cc:515] T 3ef3f6fadd854844a231f13654a8ddc6 P cdf95b02a4694f82b23841203d13101e [term 0 FOLLOWER]: Starting pre-election with config: opid_index: -1 OBSOLETE_local: false peers { permanent_uuid: "cdf95b02a4694f82b23841203d13101e" member_type: VOTER last_known_addr { host: "127.7.7.129" port: 33771 } } peers { permanent_uuid: "5adc8f2329c94c26ae303b43e5528e6e" member_type: VOTER last_known_addr { host: "127.7.7.130" port: 33583 } } peers { permanent_uuid: "d3da144ba9de41aa9eaf8fb8804ab9b8" member_type: VOTER last_known_addr { host: "127.7.7.131" port: 40999 } }
I20260709 13:00:04.375255  8499 tablet_bootstrap.cc:492] T e2695fe148bd4b7e83ba5a9c577a9443 P cdf95b02a4694f82b23841203d13101e: No bootstrap required, opened a new log
I20260709 13:00:04.375828  8499 ts_tablet_manager.cc:1403] T e2695fe148bd4b7e83ba5a9c577a9443 P cdf95b02a4694f82b23841203d13101e: Time spent bootstrapping tablet: real 0.018s	user 0.003s	sys 0.012s
I20260709 13:00:04.375687  8384 tablet_service.cc:1917] Received RequestConsensusVote() RPC: tablet_id: "3ef3f6fadd854844a231f13654a8ddc6" candidate_uuid: "cdf95b02a4694f82b23841203d13101e" candidate_term: 1 candidate_status { last_received { term: 0 index: 0 } } ignore_live_leader: false dest_uuid: "5adc8f2329c94c26ae303b43e5528e6e" is_pre_election: true
I20260709 13:00:04.376621  8384 raft_consensus.cc:2468] T 3ef3f6fadd854844a231f13654a8ddc6 P 5adc8f2329c94c26ae303b43e5528e6e [term 0 FOLLOWER]: Leader pre-election vote request: Granting yes vote for candidate cdf95b02a4694f82b23841203d13101e in term 0.
I20260709 13:00:04.378324  8275 leader_election.cc:304] T 3ef3f6fadd854844a231f13654a8ddc6 P cdf95b02a4694f82b23841203d13101e [CANDIDATE]: Term 1 pre-election: Election decided. Result: candidate won. Election summary: received 2 responses out of 3 voters: 2 yes votes; 0 no votes. yes voters: 5adc8f2329c94c26ae303b43e5528e6e, cdf95b02a4694f82b23841203d13101e; no voters: 
I20260709 13:00:04.378692  8499 raft_consensus.cc:359] T e2695fe148bd4b7e83ba5a9c577a9443 P cdf95b02a4694f82b23841203d13101e [term 0 FOLLOWER]: Replica starting. Triggering 0 pending ops. Active config: opid_index: -1 OBSOLETE_local: false peers { permanent_uuid: "cdf95b02a4694f82b23841203d13101e" member_type: VOTER last_known_addr { host: "127.7.7.129" port: 33771 } } peers { permanent_uuid: "5adc8f2329c94c26ae303b43e5528e6e" member_type: VOTER last_known_addr { host: "127.7.7.130" port: 33583 } } peers { permanent_uuid: "d3da144ba9de41aa9eaf8fb8804ab9b8" member_type: VOTER last_known_addr { host: "127.7.7.131" port: 40999 } }
I20260709 13:00:04.379369  8499 raft_consensus.cc:385] T e2695fe148bd4b7e83ba5a9c577a9443 P cdf95b02a4694f82b23841203d13101e [term 0 FOLLOWER]: Consensus starting up: Expiring failure detector timer to make a prompt election more likely
I20260709 13:00:04.379622  8499 raft_consensus.cc:740] T e2695fe148bd4b7e83ba5a9c577a9443 P cdf95b02a4694f82b23841203d13101e [term 0 FOLLOWER]: Becoming Follower/Learner. State: Replica: cdf95b02a4694f82b23841203d13101e, State: Initialized, Role: FOLLOWER
I20260709 13:00:04.380434  8506 leader_election.cc:290] T 3ef3f6fadd854844a231f13654a8ddc6 P cdf95b02a4694f82b23841203d13101e [CANDIDATE]: Term 1 pre-election: Requested pre-vote from peers 5adc8f2329c94c26ae303b43e5528e6e (127.7.7.130:33583), d3da144ba9de41aa9eaf8fb8804ab9b8 (127.7.7.131:40999)
I20260709 13:00:04.380441  8499 consensus_queue.cc:260] T e2695fe148bd4b7e83ba5a9c577a9443 P cdf95b02a4694f82b23841203d13101e [NON_LEADER]: Queue going to NON_LEADER mode. State: All replicated index: 0, Majority replicated index: 0, Committed index: 0, Last appended: 0.0, Last appended by leader: 0, Current term: 0, Majority size: -1, State: 0, Mode: NON_LEADER, active raft config: opid_index: -1 OBSOLETE_local: false peers { permanent_uuid: "cdf95b02a4694f82b23841203d13101e" member_type: VOTER last_known_addr { host: "127.7.7.129" port: 33771 } } peers { permanent_uuid: "5adc8f2329c94c26ae303b43e5528e6e" member_type: VOTER last_known_addr { host: "127.7.7.130" port: 33583 } } peers { permanent_uuid: "d3da144ba9de41aa9eaf8fb8804ab9b8" member_type: VOTER last_known_addr { host: "127.7.7.131" port: 40999 } }
I20260709 13:00:04.381346  8506 raft_consensus.cc:2804] T 3ef3f6fadd854844a231f13654a8ddc6 P cdf95b02a4694f82b23841203d13101e [term 0 FOLLOWER]: Leader pre-election won for term 1
I20260709 13:00:04.381831  8506 raft_consensus.cc:493] T 3ef3f6fadd854844a231f13654a8ddc6 P cdf95b02a4694f82b23841203d13101e [term 0 FOLLOWER]: Starting leader election (no leader contacted us within the election timeout)
I20260709 13:00:04.382267  8506 raft_consensus.cc:3060] T 3ef3f6fadd854844a231f13654a8ddc6 P cdf95b02a4694f82b23841203d13101e [term 0 FOLLOWER]: Advancing to term 1
I20260709 13:00:04.382795  8499 ts_tablet_manager.cc:1434] T e2695fe148bd4b7e83ba5a9c577a9443 P cdf95b02a4694f82b23841203d13101e: Time spent starting tablet: real 0.007s	user 0.004s	sys 0.004s
I20260709 13:00:04.387470  8499 tablet_bootstrap.cc:492] T b84680464db34126ad7ce8088f533b12 P cdf95b02a4694f82b23841203d13101e: Bootstrap starting.
I20260709 13:00:04.393000  8501 tablet_bootstrap.cc:492] T b84680464db34126ad7ce8088f533b12 P d3da144ba9de41aa9eaf8fb8804ab9b8: No bootstrap required, opened a new log
I20260709 13:00:04.393108  8499 tablet_bootstrap.cc:654] T b84680464db34126ad7ce8088f533b12 P cdf95b02a4694f82b23841203d13101e: Neither blocks nor log segments found. Creating new log.
I20260709 13:00:04.393741  8501 ts_tablet_manager.cc:1403] T b84680464db34126ad7ce8088f533b12 P d3da144ba9de41aa9eaf8fb8804ab9b8: Time spent bootstrapping tablet: real 0.043s	user 0.027s	sys 0.015s
I20260709 13:00:04.396976  8459 tablet_service.cc:1917] Received RequestConsensusVote() RPC: tablet_id: "3ef3f6fadd854844a231f13654a8ddc6" candidate_uuid: "cdf95b02a4694f82b23841203d13101e" candidate_term: 1 candidate_status { last_received { term: 0 index: 0 } } ignore_live_leader: false dest_uuid: "d3da144ba9de41aa9eaf8fb8804ab9b8" is_pre_election: true
I20260709 13:00:04.397328  8501 raft_consensus.cc:359] T b84680464db34126ad7ce8088f533b12 P d3da144ba9de41aa9eaf8fb8804ab9b8 [term 0 FOLLOWER]: Replica starting. Triggering 0 pending ops. Active config: opid_index: -1 OBSOLETE_local: false peers { permanent_uuid: "cdf95b02a4694f82b23841203d13101e" member_type: VOTER last_known_addr { host: "127.7.7.129" port: 33771 } } peers { permanent_uuid: "5adc8f2329c94c26ae303b43e5528e6e" member_type: VOTER last_known_addr { host: "127.7.7.130" port: 33583 } } peers { permanent_uuid: "d3da144ba9de41aa9eaf8fb8804ab9b8" member_type: VOTER last_known_addr { host: "127.7.7.131" port: 40999 } }
I20260709 13:00:04.398032  8501 raft_consensus.cc:385] T b84680464db34126ad7ce8088f533b12 P d3da144ba9de41aa9eaf8fb8804ab9b8 [term 0 FOLLOWER]: Consensus starting up: Expiring failure detector timer to make a prompt election more likely
I20260709 13:00:04.398341  8501 raft_consensus.cc:740] T b84680464db34126ad7ce8088f533b12 P d3da144ba9de41aa9eaf8fb8804ab9b8 [term 0 FOLLOWER]: Becoming Follower/Learner. State: Replica: d3da144ba9de41aa9eaf8fb8804ab9b8, State: Initialized, Role: FOLLOWER
I20260709 13:00:04.399012  8501 consensus_queue.cc:260] T b84680464db34126ad7ce8088f533b12 P d3da144ba9de41aa9eaf8fb8804ab9b8 [NON_LEADER]: Queue going to NON_LEADER mode. State: All replicated index: 0, Majority replicated index: 0, Committed index: 0, Last appended: 0.0, Last appended by leader: 0, Current term: 0, Majority size: -1, State: 0, Mode: NON_LEADER, active raft config: opid_index: -1 OBSOLETE_local: false peers { permanent_uuid: "cdf95b02a4694f82b23841203d13101e" member_type: VOTER last_known_addr { host: "127.7.7.129" port: 33771 } } peers { permanent_uuid: "5adc8f2329c94c26ae303b43e5528e6e" member_type: VOTER last_known_addr { host: "127.7.7.130" port: 33583 } } peers { permanent_uuid: "d3da144ba9de41aa9eaf8fb8804ab9b8" member_type: VOTER last_known_addr { host: "127.7.7.131" port: 40999 } }
I20260709 13:00:04.402745  8568 raft_consensus.cc:493] T 5a4415fda99f4689bf73a242eb03e9de P cdf95b02a4694f82b23841203d13101e [term 0 FOLLOWER]: Starting pre-election (no leader contacted us within the election timeout)
I20260709 13:00:04.403347  8501 ts_tablet_manager.cc:1434] T b84680464db34126ad7ce8088f533b12 P d3da144ba9de41aa9eaf8fb8804ab9b8: Time spent starting tablet: real 0.009s	user 0.006s	sys 0.000s
I20260709 13:00:04.395752  8506 raft_consensus.cc:515] T 3ef3f6fadd854844a231f13654a8ddc6 P cdf95b02a4694f82b23841203d13101e [term 1 FOLLOWER]: Starting leader election with config: opid_index: -1 OBSOLETE_local: false peers { permanent_uuid: "cdf95b02a4694f82b23841203d13101e" member_type: VOTER last_known_addr { host: "127.7.7.129" port: 33771 } } peers { permanent_uuid: "5adc8f2329c94c26ae303b43e5528e6e" member_type: VOTER last_known_addr { host: "127.7.7.130" port: 33583 } } peers { permanent_uuid: "d3da144ba9de41aa9eaf8fb8804ab9b8" member_type: VOTER last_known_addr { host: "127.7.7.131" port: 40999 } }
I20260709 13:00:04.404373  8501 tablet_bootstrap.cc:492] T e2695fe148bd4b7e83ba5a9c577a9443 P d3da144ba9de41aa9eaf8fb8804ab9b8: Bootstrap starting.
I20260709 13:00:04.405186  8506 leader_election.cc:290] T 3ef3f6fadd854844a231f13654a8ddc6 P cdf95b02a4694f82b23841203d13101e [CANDIDATE]: Term 1 election: Requested vote from peers 5adc8f2329c94c26ae303b43e5528e6e (127.7.7.130:33583), d3da144ba9de41aa9eaf8fb8804ab9b8 (127.7.7.131:40999)
I20260709 13:00:04.407325  8384 tablet_service.cc:1917] Received RequestConsensusVote() RPC: tablet_id: "3ef3f6fadd854844a231f13654a8ddc6" candidate_uuid: "cdf95b02a4694f82b23841203d13101e" candidate_term: 1 candidate_status { last_received { term: 0 index: 0 } } ignore_live_leader: false dest_uuid: "5adc8f2329c94c26ae303b43e5528e6e"
I20260709 13:00:04.407898  8384 raft_consensus.cc:3060] T 3ef3f6fadd854844a231f13654a8ddc6 P 5adc8f2329c94c26ae303b43e5528e6e [term 0 FOLLOWER]: Advancing to term 1
I20260709 13:00:04.403404  8568 raft_consensus.cc:515] T 5a4415fda99f4689bf73a242eb03e9de P cdf95b02a4694f82b23841203d13101e [term 0 FOLLOWER]: Starting pre-election with config: opid_index: -1 OBSOLETE_local: false peers { permanent_uuid: "cdf95b02a4694f82b23841203d13101e" member_type: VOTER last_known_addr { host: "127.7.7.129" port: 33771 } } peers { permanent_uuid: "5adc8f2329c94c26ae303b43e5528e6e" member_type: VOTER last_known_addr { host: "127.7.7.130" port: 33583 } } peers { permanent_uuid: "d3da144ba9de41aa9eaf8fb8804ab9b8" member_type: VOTER last_known_addr { host: "127.7.7.131" port: 40999 } }
I20260709 13:00:04.410620  8568 leader_election.cc:290] T 5a4415fda99f4689bf73a242eb03e9de P cdf95b02a4694f82b23841203d13101e [CANDIDATE]: Term 1 pre-election: Requested pre-vote from peers 5adc8f2329c94c26ae303b43e5528e6e (127.7.7.130:33583), d3da144ba9de41aa9eaf8fb8804ab9b8 (127.7.7.131:40999)
W20260709 13:00:04.414597  8275 leader_election.cc:343] T 3ef3f6fadd854844a231f13654a8ddc6 P cdf95b02a4694f82b23841203d13101e [CANDIDATE]: Term 1 pre-election: Tablet error from VoteRequest() call to peer d3da144ba9de41aa9eaf8fb8804ab9b8 (127.7.7.131:40999): Illegal state: must be running to vote when last-logged opid is not known
I20260709 13:00:04.414855  8459 tablet_service.cc:1917] Received RequestConsensusVote() RPC: tablet_id: "3ef3f6fadd854844a231f13654a8ddc6" candidate_uuid: "cdf95b02a4694f82b23841203d13101e" candidate_term: 1 candidate_status { last_received { term: 0 index: 0 } } ignore_live_leader: false dest_uuid: "d3da144ba9de41aa9eaf8fb8804ab9b8"
W20260709 13:00:04.416910  8275 leader_election.cc:343] T 3ef3f6fadd854844a231f13654a8ddc6 P cdf95b02a4694f82b23841203d13101e [CANDIDATE]: Term 1 election: Tablet error from VoteRequest() call to peer d3da144ba9de41aa9eaf8fb8804ab9b8 (127.7.7.131:40999): Illegal state: must be running to vote when last-logged opid is not known
I20260709 13:00:04.417130  8385 tablet_service.cc:1917] Received RequestConsensusVote() RPC: tablet_id: "5a4415fda99f4689bf73a242eb03e9de" candidate_uuid: "cdf95b02a4694f82b23841203d13101e" candidate_term: 1 candidate_status { last_received { term: 0 index: 0 } } ignore_live_leader: false dest_uuid: "5adc8f2329c94c26ae303b43e5528e6e" is_pre_election: true
I20260709 13:00:04.419075  8385 raft_consensus.cc:2393] T 5a4415fda99f4689bf73a242eb03e9de P 5adc8f2329c94c26ae303b43e5528e6e [term 1 FOLLOWER]: Leader pre-election vote request: Denying vote to candidate cdf95b02a4694f82b23841203d13101e in current term 1: Already voted for candidate d3da144ba9de41aa9eaf8fb8804ab9b8 in this term.
I20260709 13:00:04.420013  8459 tablet_service.cc:1917] Received RequestConsensusVote() RPC: tablet_id: "5a4415fda99f4689bf73a242eb03e9de" candidate_uuid: "cdf95b02a4694f82b23841203d13101e" candidate_term: 1 candidate_status { last_received { term: 0 index: 0 } } ignore_live_leader: false dest_uuid: "d3da144ba9de41aa9eaf8fb8804ab9b8" is_pre_election: true
I20260709 13:00:04.424857  8501 tablet_bootstrap.cc:654] T e2695fe148bd4b7e83ba5a9c577a9443 P d3da144ba9de41aa9eaf8fb8804ab9b8: Neither blocks nor log segments found. Creating new log.
I20260709 13:00:04.416910  8384 raft_consensus.cc:2468] T 3ef3f6fadd854844a231f13654a8ddc6 P 5adc8f2329c94c26ae303b43e5528e6e [term 1 FOLLOWER]: Leader election vote request: Granting yes vote for candidate cdf95b02a4694f82b23841203d13101e in term 1.
I20260709 13:00:04.425647  8275 leader_election.cc:304] T 5a4415fda99f4689bf73a242eb03e9de P cdf95b02a4694f82b23841203d13101e [CANDIDATE]: Term 1 pre-election: Election decided. Result: candidate lost. Election summary: received 3 responses out of 3 voters: 1 yes votes; 2 no votes. yes voters: cdf95b02a4694f82b23841203d13101e; no voters: 5adc8f2329c94c26ae303b43e5528e6e, d3da144ba9de41aa9eaf8fb8804ab9b8
I20260709 13:00:04.427975  8275 leader_election.cc:304] T 3ef3f6fadd854844a231f13654a8ddc6 P cdf95b02a4694f82b23841203d13101e [CANDIDATE]: Term 1 election: Election decided. Result: candidate won. Election summary: received 3 responses out of 3 voters: 2 yes votes; 1 no votes. yes voters: 5adc8f2329c94c26ae303b43e5528e6e, cdf95b02a4694f82b23841203d13101e; no voters: d3da144ba9de41aa9eaf8fb8804ab9b8
I20260709 13:00:04.428728  8506 raft_consensus.cc:3060] T 5a4415fda99f4689bf73a242eb03e9de P cdf95b02a4694f82b23841203d13101e [term 0 FOLLOWER]: Advancing to term 1
I20260709 13:00:04.429322  8498 tablet_bootstrap.cc:492] T b84680464db34126ad7ce8088f533b12 P 5adc8f2329c94c26ae303b43e5528e6e: No bootstrap required, opened a new log
I20260709 13:00:04.429734  8498 ts_tablet_manager.cc:1403] T b84680464db34126ad7ce8088f533b12 P 5adc8f2329c94c26ae303b43e5528e6e: Time spent bootstrapping tablet: real 0.073s	user 0.016s	sys 0.019s
I20260709 13:00:04.429780  8499 tablet_bootstrap.cc:492] T b84680464db34126ad7ce8088f533b12 P cdf95b02a4694f82b23841203d13101e: No bootstrap required, opened a new log
I20260709 13:00:04.430274  8499 ts_tablet_manager.cc:1403] T b84680464db34126ad7ce8088f533b12 P cdf95b02a4694f82b23841203d13101e: Time spent bootstrapping tablet: real 0.043s	user 0.017s	sys 0.002s
I20260709 13:00:04.432943  8534 raft_consensus.cc:493] T b84680464db34126ad7ce8088f533b12 P d3da144ba9de41aa9eaf8fb8804ab9b8 [term 0 FOLLOWER]: Starting pre-election (no leader contacted us within the election timeout)
I20260709 13:00:04.432782  8498 raft_consensus.cc:359] T b84680464db34126ad7ce8088f533b12 P 5adc8f2329c94c26ae303b43e5528e6e [term 0 FOLLOWER]: Replica starting. Triggering 0 pending ops. Active config: opid_index: -1 OBSOLETE_local: false peers { permanent_uuid: "cdf95b02a4694f82b23841203d13101e" member_type: VOTER last_known_addr { host: "127.7.7.129" port: 33771 } } peers { permanent_uuid: "5adc8f2329c94c26ae303b43e5528e6e" member_type: VOTER last_known_addr { host: "127.7.7.130" port: 33583 } } peers { permanent_uuid: "d3da144ba9de41aa9eaf8fb8804ab9b8" member_type: VOTER last_known_addr { host: "127.7.7.131" port: 40999 } }
I20260709 13:00:04.433586  8498 raft_consensus.cc:385] T b84680464db34126ad7ce8088f533b12 P 5adc8f2329c94c26ae303b43e5528e6e [term 0 FOLLOWER]: Consensus starting up: Expiring failure detector timer to make a prompt election more likely
I20260709 13:00:04.433463  8534 raft_consensus.cc:515] T b84680464db34126ad7ce8088f533b12 P d3da144ba9de41aa9eaf8fb8804ab9b8 [term 0 FOLLOWER]: Starting pre-election with config: opid_index: -1 OBSOLETE_local: false peers { permanent_uuid: "cdf95b02a4694f82b23841203d13101e" member_type: VOTER last_known_addr { host: "127.7.7.129" port: 33771 } } peers { permanent_uuid: "5adc8f2329c94c26ae303b43e5528e6e" member_type: VOTER last_known_addr { host: "127.7.7.130" port: 33583 } } peers { permanent_uuid: "d3da144ba9de41aa9eaf8fb8804ab9b8" member_type: VOTER last_known_addr { host: "127.7.7.131" port: 40999 } }
I20260709 13:00:04.433650  8499 raft_consensus.cc:359] T b84680464db34126ad7ce8088f533b12 P cdf95b02a4694f82b23841203d13101e [term 0 FOLLOWER]: Replica starting. Triggering 0 pending ops. Active config: opid_index: -1 OBSOLETE_local: false peers { permanent_uuid: "cdf95b02a4694f82b23841203d13101e" member_type: VOTER last_known_addr { host: "127.7.7.129" port: 33771 } } peers { permanent_uuid: "5adc8f2329c94c26ae303b43e5528e6e" member_type: VOTER last_known_addr { host: "127.7.7.130" port: 33583 } } peers { permanent_uuid: "d3da144ba9de41aa9eaf8fb8804ab9b8" member_type: VOTER last_known_addr { host: "127.7.7.131" port: 40999 } }
I20260709 13:00:04.434058  8568 raft_consensus.cc:2804] T 3ef3f6fadd854844a231f13654a8ddc6 P cdf95b02a4694f82b23841203d13101e [term 1 FOLLOWER]: Leader election won for term 1
I20260709 13:00:04.434062  8498 raft_consensus.cc:740] T b84680464db34126ad7ce8088f533b12 P 5adc8f2329c94c26ae303b43e5528e6e [term 0 FOLLOWER]: Becoming Follower/Learner. State: Replica: 5adc8f2329c94c26ae303b43e5528e6e, State: Initialized, Role: FOLLOWER
I20260709 13:00:04.434362  8499 raft_consensus.cc:385] T b84680464db34126ad7ce8088f533b12 P cdf95b02a4694f82b23841203d13101e [term 0 FOLLOWER]: Consensus starting up: Expiring failure detector timer to make a prompt election more likely
I20260709 13:00:04.434731  8499 raft_consensus.cc:740] T b84680464db34126ad7ce8088f533b12 P cdf95b02a4694f82b23841203d13101e [term 0 FOLLOWER]: Becoming Follower/Learner. State: Replica: cdf95b02a4694f82b23841203d13101e, State: Initialized, Role: FOLLOWER
I20260709 13:00:04.435523  8534 leader_election.cc:290] T b84680464db34126ad7ce8088f533b12 P d3da144ba9de41aa9eaf8fb8804ab9b8 [CANDIDATE]: Term 1 pre-election: Requested pre-vote from peers cdf95b02a4694f82b23841203d13101e (127.7.7.129:33771), 5adc8f2329c94c26ae303b43e5528e6e (127.7.7.130:33583)
I20260709 13:00:04.435338  8499 consensus_queue.cc:260] T b84680464db34126ad7ce8088f533b12 P cdf95b02a4694f82b23841203d13101e [NON_LEADER]: Queue going to NON_LEADER mode. State: All replicated index: 0, Majority replicated index: 0, Committed index: 0, Last appended: 0.0, Last appended by leader: 0, Current term: 0, Majority size: -1, State: 0, Mode: NON_LEADER, active raft config: opid_index: -1 OBSOLETE_local: false peers { permanent_uuid: "cdf95b02a4694f82b23841203d13101e" member_type: VOTER last_known_addr { host: "127.7.7.129" port: 33771 } } peers { permanent_uuid: "5adc8f2329c94c26ae303b43e5528e6e" member_type: VOTER last_known_addr { host: "127.7.7.130" port: 33583 } } peers { permanent_uuid: "d3da144ba9de41aa9eaf8fb8804ab9b8" member_type: VOTER last_known_addr { host: "127.7.7.131" port: 40999 } }
