I20260709 13:00:00.696382  8908 ts_tablet_manager.cc:1403] T 4eb04b4d84ab4f33b5412485a79c4e31 P 1fad12fb1f984b4e82fa4a2a2b837475: Time spent bootstrapping tablet: real 0.162s	user 0.027s	sys 0.021s
I20260709 13:00:00.634262  8831 leader_election.cc:304] T 0176747317eb4476a8b0cbdab5daad07 P 83883ec966124199a520f1320e7a70d7 [CANDIDATE]: Term 1 pre-election: Election decided. Result: candidate lost. Election summary: received 3 responses out of 3 voters: 1 yes votes; 2 no votes. yes voters: 83883ec966124199a520f1320e7a70d7; no voters: 1fad12fb1f984b4e82fa4a2a2b837475, 3e5eb797f9a14875b88b23de9adc3d1e
I20260709 13:00:00.698794  8910 raft_consensus.cc:2749] T 0176747317eb4476a8b0cbdab5daad07 P 83883ec966124199a520f1320e7a70d7 [term 0 FOLLOWER]: Leader pre-election lost for term 1. Reason: could not achieve majority
I20260709 13:00:00.702304  8706 data_dirs.cc:400] Could only allocate 1 dirs of requested 3 for tablet ccb721bcef734584bdd5baad6357b56c. 1 dirs total, 0 dirs full, 0 dirs failed
I20260709 13:00:00.703051  8908 raft_consensus.cc:359] T 4eb04b4d84ab4f33b5412485a79c4e31 P 1fad12fb1f984b4e82fa4a2a2b837475 [term 0 FOLLOWER]: Replica starting. Triggering 0 pending ops. Active config: opid_index: -1 OBSOLETE_local: false peers { permanent_uuid: "1fad12fb1f984b4e82fa4a2a2b837475" member_type: VOTER last_known_addr { host: "127.7.112.193" port: 35693 } } peers { permanent_uuid: "3e5eb797f9a14875b88b23de9adc3d1e" member_type: VOTER last_known_addr { host: "127.7.112.194" port: 41193 } } peers { permanent_uuid: "83883ec966124199a520f1320e7a70d7" member_type: VOTER last_known_addr { host: "127.7.112.195" port: 42673 } }
I20260709 13:00:00.703804  8908 raft_consensus.cc:385] T 4eb04b4d84ab4f33b5412485a79c4e31 P 1fad12fb1f984b4e82fa4a2a2b837475 [term 0 FOLLOWER]: Consensus starting up: Expiring failure detector timer to make a prompt election more likely
I20260709 13:00:00.704125  8908 raft_consensus.cc:740] T 4eb04b4d84ab4f33b5412485a79c4e31 P 1fad12fb1f984b4e82fa4a2a2b837475 [term 0 FOLLOWER]: Becoming Follower/Learner. State: Replica: 1fad12fb1f984b4e82fa4a2a2b837475, State: Initialized, Role: FOLLOWER
I20260709 13:00:00.671156  8920 raft_consensus.cc:697] T be2722da07b240d1bc380a66da848219 P 83883ec966124199a520f1320e7a70d7 [term 1 LEADER]: Becoming Leader. State: Replica: 83883ec966124199a520f1320e7a70d7, State: Running, Role: LEADER
I20260709 13:00:00.713378  8848 tablet_service.cc:1511] Processing CreateTablet for tablet 62a979f937a0473d8ace4d285307e444 (DEFAULT_TABLE table=test-workload [id=b73059c505b94a8bbd1dba91a68d9d49]), partition=RANGE (key) PARTITION 1856299377 <= VALUES < 1892697404
W20260709 13:00:00.717995  8831 outbound_call.cc:321] RPC callback for RPC call kudu.consensus.ConsensusService.RequestConsensusVote -> {remote=127.7.112.194:41193, user_credentials={real_user=slave}} blocked reactor thread for 85375.7us
I20260709 13:00:00.719401  8777 tablet_service.cc:1511] Processing CreateTablet for tablet c25ba61a81a249e2881611bbb621ee8a (DEFAULT_TABLE table=test-workload [id=b73059c505b94a8bbd1dba91a68d9d49]), partition=RANGE (key) PARTITION 1747105296 <= VALUES < 1783503323
I20260709 13:00:00.727150  8777 data_dirs.cc:400] Could only allocate 1 dirs of requested 3 for tablet c25ba61a81a249e2881611bbb621ee8a. 1 dirs total, 0 dirs full, 0 dirs failed
I20260709 13:00:00.727486  8791 tablet_service.cc:1917] Received RequestConsensusVote() RPC: tablet_id: "be2722da07b240d1bc380a66da848219" candidate_uuid: "83883ec966124199a520f1320e7a70d7" candidate_term: 1 candidate_status { last_received { term: 0 index: 0 } } ignore_live_leader: false dest_uuid: "3e5eb797f9a14875b88b23de9adc3d1e"
I20260709 13:00:00.728068  8791 raft_consensus.cc:3060] T be2722da07b240d1bc380a66da848219 P 3e5eb797f9a14875b88b23de9adc3d1e [term 0 FOLLOWER]: Advancing to term 1
I20260709 13:00:00.728472  8906 tablet_bootstrap.cc:492] T 537f03ba88a946baa7a7bc1f9069091c P 3e5eb797f9a14875b88b23de9adc3d1e: No bootstrap required, opened a new log
I20260709 13:00:00.728935  8906 ts_tablet_manager.cc:1403] T 537f03ba88a946baa7a7bc1f9069091c P 3e5eb797f9a14875b88b23de9adc3d1e: Time spent bootstrapping tablet: real 0.147s	user 0.017s	sys 0.022s
I20260709 13:00:00.731684  8906 raft_consensus.cc:359] T 537f03ba88a946baa7a7bc1f9069091c P 3e5eb797f9a14875b88b23de9adc3d1e [term 0 FOLLOWER]: Replica starting. Triggering 0 pending ops. Active config: opid_index: -1 OBSOLETE_local: false peers { permanent_uuid: "1fad12fb1f984b4e82fa4a2a2b837475" member_type: VOTER last_known_addr { host: "127.7.112.193" port: 35693 } } peers { permanent_uuid: "3e5eb797f9a14875b88b23de9adc3d1e" member_type: VOTER last_known_addr { host: "127.7.112.194" port: 41193 } } peers { permanent_uuid: "83883ec966124199a520f1320e7a70d7" member_type: VOTER last_known_addr { host: "127.7.112.195" port: 42673 } }
I20260709 13:00:00.732340  8906 raft_consensus.cc:385] T 537f03ba88a946baa7a7bc1f9069091c P 3e5eb797f9a14875b88b23de9adc3d1e [term 0 FOLLOWER]: Consensus starting up: Expiring failure detector timer to make a prompt election more likely
W20260709 13:00:00.727174  8755 leader_election.cc:343] T 1f53cc515fcc49bda5b24659c32ad0c7 P 3e5eb797f9a14875b88b23de9adc3d1e [CANDIDATE]: Term 1 pre-election: Tablet error from VoteRequest() call to peer 1fad12fb1f984b4e82fa4a2a2b837475 (127.7.112.193:35693): Illegal state: must be running to vote when last-logged opid is not known
I20260709 13:00:00.732786  8906 raft_consensus.cc:740] T 537f03ba88a946baa7a7bc1f9069091c P 3e5eb797f9a14875b88b23de9adc3d1e [term 0 FOLLOWER]: Becoming Follower/Learner. State: Replica: 3e5eb797f9a14875b88b23de9adc3d1e, State: Initialized, Role: FOLLOWER
W20260709 13:00:00.733021  8755 outbound_call.cc:321] RPC callback for RPC call kudu.consensus.ConsensusService.RequestConsensusVote -> {remote=127.7.112.193:35693, user_credentials={real_user=slave}} blocked reactor thread for 59800us
I20260709 13:00:00.733662  8906 consensus_queue.cc:260] T 537f03ba88a946baa7a7bc1f9069091c P 3e5eb797f9a14875b88b23de9adc3d1e [NON_LEADER]: Queue going to NON_LEADER mode. State: All replicated index: 0, Majority replicated index: 0, Committed index: 0, Last appended: 0.0, Last appended by leader: 0, Current term: 0, Majority size: -1, State: 0, Mode: NON_LEADER, active raft config: opid_index: -1 OBSOLETE_local: false peers { permanent_uuid: "1fad12fb1f984b4e82fa4a2a2b837475" member_type: VOTER last_known_addr { host: "127.7.112.193" port: 35693 } } peers { permanent_uuid: "3e5eb797f9a14875b88b23de9adc3d1e" member_type: VOTER last_known_addr { host: "127.7.112.194" port: 41193 } } peers { permanent_uuid: "83883ec966124199a520f1320e7a70d7" member_type: VOTER last_known_addr { host: "127.7.112.195" port: 42673 } }
I20260709 13:00:00.735134  8773 tablet_service.cc:1511] Processing CreateTablet for tablet 6d802b9248214763a7f077b347cba534 (DEFAULT_TABLE table=test-workload [id=b73059c505b94a8bbd1dba91a68d9d49]), partition=RANGE (key) PARTITION 1819901350 <= VALUES < 1856299377
I20260709 13:00:00.736491  8906 ts_tablet_manager.cc:1434] T 537f03ba88a946baa7a7bc1f9069091c P 3e5eb797f9a14875b88b23de9adc3d1e: Time spent starting tablet: real 0.007s	user 0.007s	sys 0.000s
I20260709 13:00:00.736871  8773 data_dirs.cc:400] Could only allocate 1 dirs of requested 3 for tablet 6d802b9248214763a7f077b347cba534. 1 dirs total, 0 dirs full, 0 dirs failed
I20260709 13:00:00.737351  8906 tablet_bootstrap.cc:492] T f5e60fc4420b4aa8aec274b5819ccdc8 P 3e5eb797f9a14875b88b23de9adc3d1e: Bootstrap starting.
I20260709 13:00:00.743700  8906 tablet_bootstrap.cc:654] T f5e60fc4420b4aa8aec274b5819ccdc8 P 3e5eb797f9a14875b88b23de9adc3d1e: Neither blocks nor log segments found. Creating new log.
I20260709 13:00:00.748075  8776 tablet_service.cc:1511] Processing CreateTablet for tablet 62a979f937a0473d8ace4d285307e444 (DEFAULT_TABLE table=test-workload [id=b73059c505b94a8bbd1dba91a68d9d49]), partition=RANGE (key) PARTITION 1856299377 <= VALUES < 1892697404
I20260709 13:00:00.748433  8698 data_dirs.cc:400] Could only allocate 1 dirs of requested 3 for tablet 87d26879c543409fac6376d9e7721055. 1 dirs total, 0 dirs full, 0 dirs failed
I20260709 13:00:00.749253  8700 tablet_service.cc:1511] Processing CreateTablet for tablet a5911af5db4a4793a3c2676e0df33e8e (DEFAULT_TABLE table=test-workload [id=b73059c505b94a8bbd1dba91a68d9d49]), partition=RANGE (key) PARTITION 1674309242 <= VALUES < 1710707269
I20260709 13:00:00.755290  8920 consensus_queue.cc:237] T be2722da07b240d1bc380a66da848219 P 83883ec966124199a520f1320e7a70d7 [LEADER]: Queue going to LEADER mode. State: All replicated index: 0, Majority replicated index: 0, Committed index: 0, Last appended: 0.0, Last appended by leader: 0, Current term: 1, Majority size: 2, State: 0, Mode: LEADER, active raft config: opid_index: -1 OBSOLETE_local: false peers { permanent_uuid: "1fad12fb1f984b4e82fa4a2a2b837475" member_type: VOTER last_known_addr { host: "127.7.112.193" port: 35693 } } peers { permanent_uuid: "3e5eb797f9a14875b88b23de9adc3d1e" member_type: VOTER last_known_addr { host: "127.7.112.194" port: 41193 } } peers { permanent_uuid: "83883ec966124199a520f1320e7a70d7" member_type: VOTER last_known_addr { host: "127.7.112.195" port: 42673 } }
I20260709 13:00:00.756662  8703 tablet_service.cc:1511] Processing CreateTablet for tablet 3cb58446f5cf41cca75c40c5a96c6f7a (DEFAULT_TABLE table=test-workload [id=b73059c505b94a8bbd1dba91a68d9d49]), partition=RANGE (key) PARTITION 1710707269 <= VALUES < 1747105296
I20260709 13:00:00.749275  8776 data_dirs.cc:400] Could only allocate 1 dirs of requested 3 for tablet 62a979f937a0473d8ace4d285307e444. 1 dirs total, 0 dirs full, 0 dirs failed
I20260709 13:00:00.759620  8701 tablet_service.cc:1511] Processing CreateTablet for tablet c25ba61a81a249e2881611bbb621ee8a (DEFAULT_TABLE table=test-workload [id=b73059c505b94a8bbd1dba91a68d9d49]), partition=RANGE (key) PARTITION 1747105296 <= VALUES < 1783503323
I20260709 13:00:00.747004  8908 consensus_queue.cc:260] T 4eb04b4d84ab4f33b5412485a79c4e31 P 1fad12fb1f984b4e82fa4a2a2b837475 [NON_LEADER]: Queue going to NON_LEADER mode. State: All replicated index: 0, Majority replicated index: 0, Committed index: 0, Last appended: 0.0, Last appended by leader: 0, Current term: 0, Majority size: -1, State: 0, Mode: NON_LEADER, active raft config: opid_index: -1 OBSOLETE_local: false peers { permanent_uuid: "1fad12fb1f984b4e82fa4a2a2b837475" member_type: VOTER last_known_addr { host: "127.7.112.193" port: 35693 } } peers { permanent_uuid: "3e5eb797f9a14875b88b23de9adc3d1e" member_type: VOTER last_known_addr { host: "127.7.112.194" port: 41193 } } peers { permanent_uuid: "83883ec966124199a520f1320e7a70d7" member_type: VOTER last_known_addr { host: "127.7.112.195" port: 42673 } }
I20260709 13:00:00.755307  8700 data_dirs.cc:400] Could only allocate 1 dirs of requested 3 for tablet a5911af5db4a4793a3c2676e0df33e8e. 1 dirs total, 0 dirs full, 0 dirs failed
I20260709 13:00:00.763276  8865 tablet_service.cc:1917] Received RequestConsensusVote() RPC: tablet_id: "1f53cc515fcc49bda5b24659c32ad0c7" candidate_uuid: "3e5eb797f9a14875b88b23de9adc3d1e" candidate_term: 1 candidate_status { last_received { term: 0 index: 0 } } ignore_live_leader: false dest_uuid: "83883ec966124199a520f1320e7a70d7" is_pre_election: true
I20260709 13:00:00.763666  8703 data_dirs.cc:400] Could only allocate 1 dirs of requested 3 for tablet 3cb58446f5cf41cca75c40c5a96c6f7a. 1 dirs total, 0 dirs full, 0 dirs failed
I20260709 13:00:00.764501  8864 tablet_service.cc:1917] Received RequestConsensusVote() RPC: tablet_id: "be2722da07b240d1bc380a66da848219" candidate_uuid: "3e5eb797f9a14875b88b23de9adc3d1e" candidate_term: 1 candidate_status { last_received { term: 0 index: 0 } } ignore_live_leader: false dest_uuid: "83883ec966124199a520f1320e7a70d7" is_pre_election: true
I20260709 13:00:00.765909  8848 data_dirs.cc:400] Could only allocate 1 dirs of requested 3 for tablet 62a979f937a0473d8ace4d285307e444. 1 dirs total, 0 dirs full, 0 dirs failed
I20260709 13:00:00.766399  8701 data_dirs.cc:400] Could only allocate 1 dirs of requested 3 for tablet c25ba61a81a249e2881611bbb621ee8a. 1 dirs total, 0 dirs full, 0 dirs failed
I20260709 13:00:00.768122  8702 tablet_service.cc:1511] Processing CreateTablet for tablet 6ecdc59385cf4c29b58a97c4d8a8057b (DEFAULT_TABLE table=test-workload [id=b73059c505b94a8bbd1dba91a68d9d49]), partition=RANGE (key) PARTITION 1783503323 <= VALUES < 1819901350
I20260709 13:00:00.769254  8702 data_dirs.cc:400] Could only allocate 1 dirs of requested 3 for tablet 6ecdc59385cf4c29b58a97c4d8a8057b. 1 dirs total, 0 dirs full, 0 dirs failed
W20260709 13:00:00.772930  8754 leader_election.cc:343] T 1f53cc515fcc49bda5b24659c32ad0c7 P 3e5eb797f9a14875b88b23de9adc3d1e [CANDIDATE]: Term 1 pre-election: Tablet error from VoteRequest() call to peer 83883ec966124199a520f1320e7a70d7 (127.7.112.195:42673): Illegal state: must be running to vote when last-logged opid is not known
I20260709 13:00:00.773346  8754 leader_election.cc:304] T 1f53cc515fcc49bda5b24659c32ad0c7 P 3e5eb797f9a14875b88b23de9adc3d1e [CANDIDATE]: Term 1 pre-election: Election decided. Result: candidate lost. Election summary: received 3 responses out of 3 voters: 1 yes votes; 2 no votes. yes voters: 3e5eb797f9a14875b88b23de9adc3d1e; no voters: 1fad12fb1f984b4e82fa4a2a2b837475, 83883ec966124199a520f1320e7a70d7
I20260709 13:00:00.774104  8911 raft_consensus.cc:2749] T 1f53cc515fcc49bda5b24659c32ad0c7 P 3e5eb797f9a14875b88b23de9adc3d1e [term 0 FOLLOWER]: Leader pre-election lost for term 1. Reason: could not achieve majority
I20260709 13:00:00.774601  8754 leader_election.cc:304] T be2722da07b240d1bc380a66da848219 P 3e5eb797f9a14875b88b23de9adc3d1e [CANDIDATE]: Term 1 pre-election: Election decided. Result: candidate lost. Election summary: received 3 responses out of 3 voters: 1 yes votes; 2 no votes. yes voters: 3e5eb797f9a14875b88b23de9adc3d1e; no voters: 1fad12fb1f984b4e82fa4a2a2b837475, 83883ec966124199a520f1320e7a70d7
I20260709 13:00:00.781252  8854 tablet_service.cc:1511] Processing CreateTablet for tablet 091a743d05704fc1904c868b94f20ea7 (DEFAULT_TABLE table=test-workload [id=b73059c505b94a8bbd1dba91a68d9d49]), partition=RANGE (key) PARTITION 1892697404 <= VALUES < 1929095431
I20260709 13:00:00.782123  8791 raft_consensus.cc:2468] T be2722da07b240d1bc380a66da848219 P 3e5eb797f9a14875b88b23de9adc3d1e [term 1 FOLLOWER]: Leader election vote request: Granting yes vote for candidate 83883ec966124199a520f1320e7a70d7 in term 1.
I20260709 13:00:00.782409  8854 data_dirs.cc:400] Could only allocate 1 dirs of requested 3 for tablet 091a743d05704fc1904c868b94f20ea7. 1 dirs total, 0 dirs full, 0 dirs failed
I20260709 13:00:00.784060  8908 ts_tablet_manager.cc:1434] T 4eb04b4d84ab4f33b5412485a79c4e31 P 1fad12fb1f984b4e82fa4a2a2b837475: Time spent starting tablet: real 0.087s	user 0.006s	sys 0.000s
I20260709 13:00:00.789724  8911 raft_consensus.cc:2749] T be2722da07b240d1bc380a66da848219 P 3e5eb797f9a14875b88b23de9adc3d1e [term 1 FOLLOWER]: Leader pre-election lost for term 1. Reason: could not achieve majority
I20260709 13:00:00.799340  8849 tablet_service.cc:1511] Processing CreateTablet for tablet 675ecb608ee7472991f991c5fe682ade (DEFAULT_TABLE table=test-workload [id=b73059c505b94a8bbd1dba91a68d9d49]), partition=RANGE (key) PARTITION 1929095431 <= VALUES < 1965493458
I20260709 13:00:00.800555  8849 data_dirs.cc:400] Could only allocate 1 dirs of requested 3 for tablet 675ecb608ee7472991f991c5fe682ade. 1 dirs total, 0 dirs full, 0 dirs failed
I20260709 13:00:00.806358  8773 tablet_service.cc:1511] Processing CreateTablet for tablet 091a743d05704fc1904c868b94f20ea7 (DEFAULT_TABLE table=test-workload [id=b73059c505b94a8bbd1dba91a68d9d49]), partition=RANGE (key) PARTITION 1892697404 <= VALUES < 1929095431
I20260709 13:00:00.807441  8905 tablet_bootstrap.cc:492] T e625ebe51b104fbf819024db1025e32e P 83883ec966124199a520f1320e7a70d7: No bootstrap required, opened a new log
I20260709 13:00:00.809690  8704 tablet_service.cc:1511] Processing CreateTablet for tablet 6d802b9248214763a7f077b347cba534 (DEFAULT_TABLE table=test-workload [id=b73059c505b94a8bbd1dba91a68d9d49]), partition=RANGE (key) PARTITION 1819901350 <= VALUES < 1856299377
I20260709 13:00:00.810788  8772 tablet_service.cc:1511] Processing CreateTablet for tablet 01476fed05224ff78c9b224f2a420f43 (DEFAULT_TABLE table=test-workload [id=b73059c505b94a8bbd1dba91a68d9d49]), partition=RANGE (key) PARTITION 1965493458 <= VALUES < 2001891485
I20260709 13:00:00.810815  8704 data_dirs.cc:400] Could only allocate 1 dirs of requested 3 for tablet 6d802b9248214763a7f077b347cba534. 1 dirs total, 0 dirs full, 0 dirs failed
I20260709 13:00:00.813362  8918 raft_consensus.cc:493] T 4eb04b4d84ab4f33b5412485a79c4e31 P 1fad12fb1f984b4e82fa4a2a2b837475 [term 0 FOLLOWER]: Starting pre-election (no leader contacted us within the election timeout)
I20260709 13:00:00.807509  8773 data_dirs.cc:400] Could only allocate 1 dirs of requested 3 for tablet 091a743d05704fc1904c868b94f20ea7. 1 dirs total, 0 dirs full, 0 dirs failed
I20260709 13:00:00.807960  8905 ts_tablet_manager.cc:1403] T e625ebe51b104fbf819024db1025e32e P 83883ec966124199a520f1320e7a70d7: Time spent bootstrapping tablet: real 0.232s	user 0.026s	sys 0.018s
I20260709 13:00:00.813832  8918 raft_consensus.cc:515] T 4eb04b4d84ab4f33b5412485a79c4e31 P 1fad12fb1f984b4e82fa4a2a2b837475 [term 0 FOLLOWER]: Starting pre-election with config: opid_index: -1 OBSOLETE_local: false peers { permanent_uuid: "1fad12fb1f984b4e82fa4a2a2b837475" member_type: VOTER last_known_addr { host: "127.7.112.193" port: 35693 } } peers { permanent_uuid: "3e5eb797f9a14875b88b23de9adc3d1e" member_type: VOTER last_known_addr { host: "127.7.112.194" port: 41193 } } peers { permanent_uuid: "83883ec966124199a520f1320e7a70d7" member_type: VOTER last_known_addr { host: "127.7.112.195" port: 42673 } }
I20260709 13:00:00.813596  8775 tablet_service.cc:1511] Processing CreateTablet for tablet 675ecb608ee7472991f991c5fe682ade (DEFAULT_TABLE table=test-workload [id=b73059c505b94a8bbd1dba91a68d9d49]), partition=RANGE (key) PARTITION 1929095431 <= VALUES < 1965493458
I20260709 13:00:00.827730  8918 leader_election.cc:290] T 4eb04b4d84ab4f33b5412485a79c4e31 P 1fad12fb1f984b4e82fa4a2a2b837475 [CANDIDATE]: Term 1 pre-election: Requested pre-vote from peers 3e5eb797f9a14875b88b23de9adc3d1e (127.7.112.194:41193), 83883ec966124199a520f1320e7a70d7 (127.7.112.195:42673)
I20260709 13:00:00.819300  8908 tablet_bootstrap.cc:492] T 1f53cc515fcc49bda5b24659c32ad0c7 P 1fad12fb1f984b4e82fa4a2a2b837475: Bootstrap starting.
I20260709 13:00:00.838783  8908 tablet_bootstrap.cc:654] T 1f53cc515fcc49bda5b24659c32ad0c7 P 1fad12fb1f984b4e82fa4a2a2b837475: Neither blocks nor log segments found. Creating new log.
I20260709 13:00:00.849845  8775 data_dirs.cc:400] Could only allocate 1 dirs of requested 3 for tablet 675ecb608ee7472991f991c5fe682ade. 1 dirs total, 0 dirs full, 0 dirs failed
I20260709 13:00:00.862807  8847 tablet_service.cc:1511] Processing CreateTablet for tablet 01476fed05224ff78c9b224f2a420f43 (DEFAULT_TABLE table=test-workload [id=b73059c505b94a8bbd1dba91a68d9d49]), partition=RANGE (key) PARTITION 1965493458 <= VALUES < 2001891485
I20260709 13:00:00.863474  8697 tablet_service.cc:1511] Processing CreateTablet for tablet 62a979f937a0473d8ace4d285307e444 (DEFAULT_TABLE table=test-workload [id=b73059c505b94a8bbd1dba91a68d9d49]), partition=RANGE (key) PARTITION 1856299377 <= VALUES < 1892697404
I20260709 13:00:00.864007  8847 data_dirs.cc:400] Could only allocate 1 dirs of requested 3 for tablet 01476fed05224ff78c9b224f2a420f43. 1 dirs total, 0 dirs full, 0 dirs failed
I20260709 13:00:00.866776  8699 tablet_service.cc:1511] Processing CreateTablet for tablet 091a743d05704fc1904c868b94f20ea7 (DEFAULT_TABLE table=test-workload [id=b73059c505b94a8bbd1dba91a68d9d49]), partition=RANGE (key) PARTITION 1892697404 <= VALUES < 1929095431
I20260709 13:00:00.868037  8699 data_dirs.cc:400] Could only allocate 1 dirs of requested 3 for tablet 091a743d05704fc1904c868b94f20ea7. 1 dirs total, 0 dirs full, 0 dirs failed
I20260709 13:00:00.870347  8697 data_dirs.cc:400] Could only allocate 1 dirs of requested 3 for tablet 62a979f937a0473d8ace4d285307e444. 1 dirs total, 0 dirs full, 0 dirs failed
I20260709 13:00:00.873873  8705 tablet_service.cc:1511] Processing CreateTablet for tablet 01476fed05224ff78c9b224f2a420f43 (DEFAULT_TABLE table=test-workload [id=b73059c505b94a8bbd1dba91a68d9d49]), partition=RANGE (key) PARTITION 1965493458 <= VALUES < 2001891485
I20260709 13:00:00.874998  8705 data_dirs.cc:400] Could only allocate 1 dirs of requested 3 for tablet 01476fed05224ff78c9b224f2a420f43. 1 dirs total, 0 dirs full, 0 dirs failed
I20260709 13:00:00.902017  8906 tablet_bootstrap.cc:492] T f5e60fc4420b4aa8aec274b5819ccdc8 P 3e5eb797f9a14875b88b23de9adc3d1e: No bootstrap required, opened a new log
I20260709 13:00:00.902522  8906 ts_tablet_manager.cc:1403] T f5e60fc4420b4aa8aec274b5819ccdc8 P 3e5eb797f9a14875b88b23de9adc3d1e: Time spent bootstrapping tablet: real 0.165s	user 0.029s	sys 0.017s
I20260709 13:00:00.912492  8777 tablet_service.cc:1511] Processing CreateTablet for tablet 7dfff624b7cb4c948fcbbf3de1b6c7b7 (DEFAULT_TABLE table=test-workload [id=b73059c505b94a8bbd1dba91a68d9d49]), partition=RANGE (key) PARTITION 2001891485 <= VALUES < 2038289512
I20260709 13:00:00.913136  8703 tablet_service.cc:1511] Processing CreateTablet for tablet 675ecb608ee7472991f991c5fe682ade (DEFAULT_TABLE table=test-workload [id=b73059c505b94a8bbd1dba91a68d9d49]), partition=RANGE (key) PARTITION 1929095431 <= VALUES < 1965493458
I20260709 13:00:00.913692  8777 data_dirs.cc:400] Could only allocate 1 dirs of requested 3 for tablet 7dfff624b7cb4c948fcbbf3de1b6c7b7. 1 dirs total, 0 dirs full, 0 dirs failed
I20260709 13:00:00.914256  8703 data_dirs.cc:400] Could only allocate 1 dirs of requested 3 for tablet 675ecb608ee7472991f991c5fe682ade. 1 dirs total, 0 dirs full, 0 dirs failed
I20260709 13:00:00.917903  8847 tablet_service.cc:1511] Processing CreateTablet for tablet 7dfff624b7cb4c948fcbbf3de1b6c7b7 (DEFAULT_TABLE table=test-workload [id=b73059c505b94a8bbd1dba91a68d9d49]), partition=RANGE (key) PARTITION 2001891485 <= VALUES < 2038289512
I20260709 13:00:00.929911  8772 data_dirs.cc:400] Could only allocate 1 dirs of requested 3 for tablet 01476fed05224ff78c9b224f2a420f43. 1 dirs total, 0 dirs full, 0 dirs failed
I20260709 13:00:00.930737  8775 tablet_service.cc:1511] Processing CreateTablet for tablet f00f84e7b43d4f8793c6aad0de10a6cd (DEFAULT_TABLE table=test-workload [id=b73059c505b94a8bbd1dba91a68d9d49]), partition=RANGE (key) PARTITION 2038289512 <= VALUES < 2074687539
I20260709 13:00:00.931988  8775 data_dirs.cc:400] Could only allocate 1 dirs of requested 3 for tablet f00f84e7b43d4f8793c6aad0de10a6cd. 1 dirs total, 0 dirs full, 0 dirs failed
I20260709 13:00:00.934103  8704 tablet_service.cc:1511] Processing CreateTablet for tablet f00f84e7b43d4f8793c6aad0de10a6cd (DEFAULT_TABLE table=test-workload [id=b73059c505b94a8bbd1dba91a68d9d49]), partition=RANGE (key) PARTITION 2038289512 <= VALUES < 2074687539
I20260709 13:00:00.935119  8847 data_dirs.cc:400] Could only allocate 1 dirs of requested 3 for tablet 7dfff624b7cb4c948fcbbf3de1b6c7b7. 1 dirs total, 0 dirs full, 0 dirs failed
I20260709 13:00:00.911396  8700 tablet_service.cc:1511] Processing CreateTablet for tablet 7dfff624b7cb4c948fcbbf3de1b6c7b7 (DEFAULT_TABLE table=test-workload [id=b73059c505b94a8bbd1dba91a68d9d49]), partition=RANGE (key) PARTITION 2001891485 <= VALUES < 2038289512
I20260709 13:00:00.935353  8704 data_dirs.cc:400] Could only allocate 1 dirs of requested 3 for tablet f00f84e7b43d4f8793c6aad0de10a6cd. 1 dirs total, 0 dirs full, 0 dirs failed
I20260709 13:00:00.952270  8700 data_dirs.cc:400] Could only allocate 1 dirs of requested 3 for tablet 7dfff624b7cb4c948fcbbf3de1b6c7b7. 1 dirs total, 0 dirs full, 0 dirs failed
I20260709 13:00:00.953840  8614 catalog_manager.cc:5697] T be2722da07b240d1bc380a66da848219 P 83883ec966124199a520f1320e7a70d7 reported cstate change: term changed from 0 to 1, leader changed from <none> to 83883ec966124199a520f1320e7a70d7 (127.7.112.195). New cstate: current_term: 1 leader_uuid: "83883ec966124199a520f1320e7a70d7" committed_config { opid_index: -1 OBSOLETE_local: false peers { permanent_uuid: "1fad12fb1f984b4e82fa4a2a2b837475" member_type: VOTER last_known_addr { host: "127.7.112.193" port: 35693 } health_report { overall_health: UNKNOWN } } peers { permanent_uuid: "3e5eb797f9a14875b88b23de9adc3d1e" member_type: VOTER last_known_addr { host: "127.7.112.194" port: 41193 } health_report { overall_health: UNKNOWN } } peers { permanent_uuid: "83883ec966124199a520f1320e7a70d7" member_type: VOTER last_known_addr { host: "127.7.112.195" port: 42673 } health_report { overall_health: HEALTHY } } }
I20260709 13:00:00.960625  8697 tablet_service.cc:1511] Processing CreateTablet for tablet 49d5aeb0fcab405aaf858c440128caf9 (DEFAULT_TABLE table=test-workload [id=b73059c505b94a8bbd1dba91a68d9d49]), partition=RANGE (key) PARTITION 2074687539 <= VALUES < 2111085566
I20260709 13:00:00.966503  8791 tablet_service.cc:1917] Received RequestConsensusVote() RPC: tablet_id: "4eb04b4d84ab4f33b5412485a79c4e31" candidate_uuid: "1fad12fb1f984b4e82fa4a2a2b837475" candidate_term: 1 candidate_status { last_received { term: 0 index: 0 } } ignore_live_leader: false dest_uuid: "3e5eb797f9a14875b88b23de9adc3d1e" is_pre_election: true
I20260709 13:00:00.968678  8697 data_dirs.cc:400] Could only allocate 1 dirs of requested 3 for tablet 49d5aeb0fcab405aaf858c440128caf9. 1 dirs total, 0 dirs full, 0 dirs failed
I20260709 13:00:00.969726  8776 tablet_service.cc:1511] Processing CreateTablet for tablet 49d5aeb0fcab405aaf858c440128caf9 (DEFAULT_TABLE table=test-workload [id=b73059c505b94a8bbd1dba91a68d9d49]), partition=RANGE (key) PARTITION 2074687539 <= VALUES < 2111085566
I20260709 13:00:00.970917  8776 data_dirs.cc:400] Could only allocate 1 dirs of requested 3 for tablet 49d5aeb0fcab405aaf858c440128caf9. 1 dirs total, 0 dirs full, 0 dirs failed
I20260709 13:00:00.977342  8905 raft_consensus.cc:359] T e625ebe51b104fbf819024db1025e32e P 83883ec966124199a520f1320e7a70d7 [term 0 FOLLOWER]: Replica starting. Triggering 0 pending ops. Active config: opid_index: -1 OBSOLETE_local: false peers { permanent_uuid: "1fad12fb1f984b4e82fa4a2a2b837475" member_type: VOTER last_known_addr { host: "127.7.112.193" port: 35693 } } peers { permanent_uuid: "3e5eb797f9a14875b88b23de9adc3d1e" member_type: VOTER last_known_addr { host: "127.7.112.194" port: 41193 } } peers { permanent_uuid: "83883ec966124199a520f1320e7a70d7" member_type: VOTER last_known_addr { host: "127.7.112.195" port: 42673 } }
I20260709 13:00:00.978036  8905 raft_consensus.cc:385] T e625ebe51b104fbf819024db1025e32e P 83883ec966124199a520f1320e7a70d7 [term 0 FOLLOWER]: Consensus starting up: Expiring failure detector timer to make a prompt election more likely
I20260709 13:00:00.978302  8905 raft_consensus.cc:740] T e625ebe51b104fbf819024db1025e32e P 83883ec966124199a520f1320e7a70d7 [term 0 FOLLOWER]: Becoming Follower/Learner. State: Replica: 83883ec966124199a520f1320e7a70d7, State: Initialized, Role: FOLLOWER
I20260709 13:00:00.979086  8905 consensus_queue.cc:260] T e625ebe51b104fbf819024db1025e32e P 83883ec966124199a520f1320e7a70d7 [NON_LEADER]: Queue going to NON_LEADER mode. State: All replicated index: 0, Majority replicated index: 0, Committed index: 0, Last appended: 0.0, Last appended by leader: 0, Current term: 0, Majority size: -1, State: 0, Mode: NON_LEADER, active raft config: opid_index: -1 OBSOLETE_local: false peers { permanent_uuid: "1fad12fb1f984b4e82fa4a2a2b837475" member_type: VOTER last_known_addr { host: "127.7.112.193" port: 35693 } } peers { permanent_uuid: "3e5eb797f9a14875b88b23de9adc3d1e" member_type: VOTER last_known_addr { host: "127.7.112.194" port: 41193 } } peers { permanent_uuid: "83883ec966124199a520f1320e7a70d7" member_type: VOTER last_known_addr { host: "127.7.112.195" port: 42673 } }
I20260709 13:00:00.979344  8702 tablet_service.cc:1511] Processing CreateTablet for tablet 6e0cd9e2a2c54713b02ab344925ba775 (DEFAULT_TABLE table=test-workload [id=b73059c505b94a8bbd1dba91a68d9d49]), partition=RANGE (key) PARTITION 2111085566 <= VALUES
I20260709 13:00:00.980577  8702 data_dirs.cc:400] Could only allocate 1 dirs of requested 3 for tablet 6e0cd9e2a2c54713b02ab344925ba775. 1 dirs total, 0 dirs full, 0 dirs failed
I20260709 13:00:00.982736  8905 ts_tablet_manager.cc:1434] T e625ebe51b104fbf819024db1025e32e P 83883ec966124199a520f1320e7a70d7: Time spent starting tablet: real 0.159s	user 0.005s	sys 0.000s
I20260709 13:00:00.983668  8905 tablet_bootstrap.cc:492] T 6820d6c20748460f990f6cdb98436cf1 P 83883ec966124199a520f1320e7a70d7: Bootstrap starting.
W20260709 13:00:00.972918  8682 leader_election.cc:343] T 4eb04b4d84ab4f33b5412485a79c4e31 P 1fad12fb1f984b4e82fa4a2a2b837475 [CANDIDATE]: Term 1 pre-election: Tablet error from VoteRequest() call to peer 3e5eb797f9a14875b88b23de9adc3d1e (127.7.112.194:41193): Illegal state: must be running to vote when last-logged opid is not known
I20260709 13:00:00.973785  8849 tablet_service.cc:1511] Processing CreateTablet for tablet 49d5aeb0fcab405aaf858c440128caf9 (DEFAULT_TABLE table=test-workload [id=b73059c505b94a8bbd1dba91a68d9d49]), partition=RANGE (key) PARTITION 2074687539 <= VALUES < 2111085566
I20260709 13:00:00.984726  8854 tablet_service.cc:1511] Processing CreateTablet for tablet f00f84e7b43d4f8793c6aad0de10a6cd (DEFAULT_TABLE table=test-workload [id=b73059c505b94a8bbd1dba91a68d9d49]), partition=RANGE (key) PARTITION 2038289512 <= VALUES < 2074687539
I20260709 13:00:00.987190  8908 tablet_bootstrap.cc:492] T 1f53cc515fcc49bda5b24659c32ad0c7 P 1fad12fb1f984b4e82fa4a2a2b837475: No bootstrap required, opened a new log
I20260709 13:00:00.987623  8908 ts_tablet_manager.cc:1403] T 1f53cc515fcc49bda5b24659c32ad0c7 P 1fad12fb1f984b4e82fa4a2a2b837475: Time spent bootstrapping tablet: real 0.174s	user 0.030s	sys 0.010s
I20260709 13:00:00.987370  8906 raft_consensus.cc:359] T f5e60fc4420b4aa8aec274b5819ccdc8 P 3e5eb797f9a14875b88b23de9adc3d1e [term 0 FOLLOWER]: Replica starting. Triggering 0 pending ops. Active config: opid_index: -1 OBSOLETE_local: false peers { permanent_uuid: "1fad12fb1f984b4e82fa4a2a2b837475" member_type: VOTER last_known_addr { host: "127.7.112.193" port: 35693 } } peers { permanent_uuid: "3e5eb797f9a14875b88b23de9adc3d1e" member_type: VOTER last_known_addr { host: "127.7.112.194" port: 41193 } } peers { permanent_uuid: "83883ec966124199a520f1320e7a70d7" member_type: VOTER last_known_addr { host: "127.7.112.195" port: 42673 } }
I20260709 13:00:00.988077  8906 raft_consensus.cc:385] T f5e60fc4420b4aa8aec274b5819ccdc8 P 3e5eb797f9a14875b88b23de9adc3d1e [term 0 FOLLOWER]: Consensus starting up: Expiring failure detector timer to make a prompt election more likely
I20260709 13:00:00.990384  8908 raft_consensus.cc:359] T 1f53cc515fcc49bda5b24659c32ad0c7 P 1fad12fb1f984b4e82fa4a2a2b837475 [term 0 FOLLOWER]: Replica starting. Triggering 0 pending ops. Active config: opid_index: -1 OBSOLETE_local: false peers { permanent_uuid: "1fad12fb1f984b4e82fa4a2a2b837475" member_type: VOTER last_known_addr { host: "127.7.112.193" port: 35693 } } peers { permanent_uuid: "3e5eb797f9a14875b88b23de9adc3d1e" member_type: VOTER last_known_addr { host: "127.7.112.194" port: 41193 } } peers { permanent_uuid: "83883ec966124199a520f1320e7a70d7" member_type: VOTER last_known_addr { host: "127.7.112.195" port: 42673 } }
I20260709 13:00:00.991043  8908 raft_consensus.cc:385] T 1f53cc515fcc49bda5b24659c32ad0c7 P 1fad12fb1f984b4e82fa4a2a2b837475 [term 0 FOLLOWER]: Consensus starting up: Expiring failure detector timer to make a prompt election more likely
I20260709 13:00:00.991335  8908 raft_consensus.cc:740] T 1f53cc515fcc49bda5b24659c32ad0c7 P 1fad12fb1f984b4e82fa4a2a2b837475 [term 0 FOLLOWER]: Becoming Follower/Learner. State: Replica: 1fad12fb1f984b4e82fa4a2a2b837475, State: Initialized, Role: FOLLOWER
I20260709 13:00:00.995831  8908 consensus_queue.cc:260] T 1f53cc515fcc49bda5b24659c32ad0c7 P 1fad12fb1f984b4e82fa4a2a2b837475 [NON_LEADER]: Queue going to NON_LEADER mode. State: All replicated index: 0, Majority replicated index: 0, Committed index: 0, Last appended: 0.0, Last appended by leader: 0, Current term: 0, Majority size: -1, State: 0, Mode: NON_LEADER, active raft config: opid_index: -1 OBSOLETE_local: false peers { permanent_uuid: "1fad12fb1f984b4e82fa4a2a2b837475" member_type: VOTER last_known_addr { host: "127.7.112.193" port: 35693 } } peers { permanent_uuid: "3e5eb797f9a14875b88b23de9adc3d1e" member_type: VOTER last_known_addr { host: "127.7.112.194" port: 41193 } } peers { permanent_uuid: "83883ec966124199a520f1320e7a70d7" member_type: VOTER last_known_addr { host: "127.7.112.195" port: 42673 } }
I20260709 13:00:00.988373  8906 raft_consensus.cc:740] T f5e60fc4420b4aa8aec274b5819ccdc8 P 3e5eb797f9a14875b88b23de9adc3d1e [term 0 FOLLOWER]: Becoming Follower/Learner. State: Replica: 3e5eb797f9a14875b88b23de9adc3d1e, State: Initialized, Role: FOLLOWER
I20260709 13:00:00.998314  8864 tablet_service.cc:1917] Received RequestConsensusVote() RPC: tablet_id: "4eb04b4d84ab4f33b5412485a79c4e31" candidate_uuid: "1fad12fb1f984b4e82fa4a2a2b837475" candidate_term: 1 candidate_status { last_received { term: 0 index: 0 } } ignore_live_leader: false dest_uuid: "83883ec966124199a520f1320e7a70d7" is_pre_election: true
I20260709 13:00:00.998831  8906 consensus_queue.cc:260] T f5e60fc4420b4aa8aec274b5819ccdc8 P 3e5eb797f9a14875b88b23de9adc3d1e [NON_LEADER]: Queue going to NON_LEADER mode. State: All replicated index: 0, Majority replicated index: 0, Committed index: 0, Last appended: 0.0, Last appended by leader: 0, Current term: 0, Majority size: -1, State: 0, Mode: NON_LEADER, active raft config: opid_index: -1 OBSOLETE_local: false peers { permanent_uuid: "1fad12fb1f984b4e82fa4a2a2b837475" member_type: VOTER last_known_addr { host: "127.7.112.193" port: 35693 } } peers { permanent_uuid: "3e5eb797f9a14875b88b23de9adc3d1e" member_type: VOTER last_known_addr { host: "127.7.112.194" port: 41193 } } peers { permanent_uuid: "83883ec966124199a520f1320e7a70d7" member_type: VOTER last_known_addr { host: "127.7.112.195" port: 42673 } }
I20260709 13:00:01.001339  8908 ts_tablet_manager.cc:1434] T 1f53cc515fcc49bda5b24659c32ad0c7 P 1fad12fb1f984b4e82fa4a2a2b837475: Time spent starting tablet: real 0.013s	user 0.007s	sys 0.000s
I20260709 13:00:01.002255  8908 tablet_bootstrap.cc:492] T 3f8f7b9b2ceb489c8baa50f4172c2934 P 1fad12fb1f984b4e82fa4a2a2b837475: Bootstrap starting.
W20260709 13:00:01.003348  8679 leader_election.cc:343] T 4eb04b4d84ab4f33b5412485a79c4e31 P 1fad12fb1f984b4e82fa4a2a2b837475 [CANDIDATE]: Term 1 pre-election: Tablet error from VoteRequest() call to peer 83883ec966124199a520f1320e7a70d7 (127.7.112.195:42673): Illegal state: must be running to vote when last-logged opid is not known
I20260709 13:00:01.003782  8679 leader_election.cc:304] T 4eb04b4d84ab4f33b5412485a79c4e31 P 1fad12fb1f984b4e82fa4a2a2b837475 [CANDIDATE]: Term 1 pre-election: Election decided. Result: candidate lost. Election summary: received 3 responses out of 3 voters: 1 yes votes; 2 no votes. yes voters: 1fad12fb1f984b4e82fa4a2a2b837475; no voters: 3e5eb797f9a14875b88b23de9adc3d1e, 83883ec966124199a520f1320e7a70d7
I20260709 13:00:00.997934  8777 tablet_service.cc:1511] Processing CreateTablet for tablet 6e0cd9e2a2c54713b02ab344925ba775 (DEFAULT_TABLE table=test-workload [id=b73059c505b94a8bbd1dba91a68d9d49]), partition=RANGE (key) PARTITION 2111085566 <= VALUES
I20260709 13:00:01.005287  8918 raft_consensus.cc:2749] T 4eb04b4d84ab4f33b5412485a79c4e31 P 1fad12fb1f984b4e82fa4a2a2b837475 [term 0 FOLLOWER]: Leader pre-election lost for term 1. Reason: could not achieve majority
I20260709 13:00:01.006827  8777 data_dirs.cc:400] Could only allocate 1 dirs of requested 3 for tablet 6e0cd9e2a2c54713b02ab344925ba775. 1 dirs total, 0 dirs full, 0 dirs failed
I20260709 13:00:01.008280  8848 tablet_service.cc:1511] Processing CreateTablet for tablet 6e0cd9e2a2c54713b02ab344925ba775 (DEFAULT_TABLE table=test-workload [id=b73059c505b94a8bbd1dba91a68d9d49]), partition=RANGE (key) PARTITION 2111085566 <= VALUES
I20260709 13:00:01.012965  8906 ts_tablet_manager.cc:1434] T f5e60fc4420b4aa8aec274b5819ccdc8 P 3e5eb797f9a14875b88b23de9adc3d1e: Time spent starting tablet: real 0.110s	user 0.008s	sys 0.000s
I20260709 13:00:01.013908  8906 tablet_bootstrap.cc:492] T 0176747317eb4476a8b0cbdab5daad07 P 3e5eb797f9a14875b88b23de9adc3d1e: Bootstrap starting.
I20260709 13:00:01.014034  8908 tablet_bootstrap.cc:654] T 3f8f7b9b2ceb489c8baa50f4172c2934 P 1fad12fb1f984b4e82fa4a2a2b837475: Neither blocks nor log segments found. Creating new log.
I20260709 13:00:01.014461  8849 data_dirs.cc:400] Could only allocate 1 dirs of requested 3 for tablet 49d5aeb0fcab405aaf858c440128caf9. 1 dirs total, 0 dirs full, 0 dirs failed
I20260709 13:00:01.016826  8848 data_dirs.cc:400] Could only allocate 1 dirs of requested 3 for tablet 6e0cd9e2a2c54713b02ab344925ba775. 1 dirs total, 0 dirs full, 0 dirs failed
I20260709 13:00:01.020058  8906 tablet_bootstrap.cc:654] T 0176747317eb4476a8b0cbdab5daad07 P 3e5eb797f9a14875b88b23de9adc3d1e: Neither blocks nor log segments found. Creating new log.
I20260709 13:00:01.025535  8908 tablet_bootstrap.cc:492] T 3f8f7b9b2ceb489c8baa50f4172c2934 P 1fad12fb1f984b4e82fa4a2a2b837475: No bootstrap required, opened a new log
I20260709 13:00:01.025976  8908 ts_tablet_manager.cc:1403] T 3f8f7b9b2ceb489c8baa50f4172c2934 P 1fad12fb1f984b4e82fa4a2a2b837475: Time spent bootstrapping tablet: real 0.024s	user 0.007s	sys 0.008s
I20260709 13:00:01.027750  8905 tablet_bootstrap.cc:654] T 6820d6c20748460f990f6cdb98436cf1 P 83883ec966124199a520f1320e7a70d7: Neither blocks nor log segments found. Creating new log.
I20260709 13:00:01.029397  8908 raft_consensus.cc:359] T 3f8f7b9b2ceb489c8baa50f4172c2934 P 1fad12fb1f984b4e82fa4a2a2b837475 [term 0 FOLLOWER]: Replica starting. Triggering 0 pending ops. Active config: opid_index: -1 OBSOLETE_local: false peers { permanent_uuid: "1fad12fb1f984b4e82fa4a2a2b837475" member_type: VOTER last_known_addr { host: "127.7.112.193" port: 35693 } } peers { permanent_uuid: "3e5eb797f9a14875b88b23de9adc3d1e" member_type: VOTER last_known_addr { host: "127.7.112.194" port: 41193 } } peers { permanent_uuid: "83883ec966124199a520f1320e7a70d7" member_type: VOTER last_known_addr { host: "127.7.112.195" port: 42673 } }
I20260709 13:00:01.030084  8908 raft_consensus.cc:385] T 3f8f7b9b2ceb489c8baa50f4172c2934 P 1fad12fb1f984b4e82fa4a2a2b837475 [term 0 FOLLOWER]: Consensus starting up: Expiring failure detector timer to make a prompt election more likely
I20260709 13:00:01.030385  8908 raft_consensus.cc:740] T 3f8f7b9b2ceb489c8baa50f4172c2934 P 1fad12fb1f984b4e82fa4a2a2b837475 [term 0 FOLLOWER]: Becoming Follower/Learner. State: Replica: 1fad12fb1f984b4e82fa4a2a2b837475, State: Initialized, Role: FOLLOWER
I20260709 13:00:01.031396  8908 consensus_queue.cc:260] T 3f8f7b9b2ceb489c8baa50f4172c2934 P 1fad12fb1f984b4e82fa4a2a2b837475 [NON_LEADER]: Queue going to NON_LEADER mode. State: All replicated index: 0, Majority replicated index: 0, Committed index: 0, Last appended: 0.0, Last appended by leader: 0, Current term: 0, Majority size: -1, State: 0, Mode: NON_LEADER, active raft config: opid_index: -1 OBSOLETE_local: false peers { permanent_uuid: "1fad12fb1f984b4e82fa4a2a2b837475" member_type: VOTER last_known_addr { host: "127.7.112.193" port: 35693 } } peers { permanent_uuid: "3e5eb797f9a14875b88b23de9adc3d1e" member_type: VOTER last_known_addr { host: "127.7.112.194" port: 41193 } } peers { permanent_uuid: "83883ec966124199a520f1320e7a70d7" member_type: VOTER last_known_addr { host: "127.7.112.195" port: 42673 } }
I20260709 13:00:01.032809  8854 data_dirs.cc:400] Could only allocate 1 dirs of requested 3 for tablet f00f84e7b43d4f8793c6aad0de10a6cd. 1 dirs total, 0 dirs full, 0 dirs failed
I20260709 13:00:01.033965  8908 ts_tablet_manager.cc:1434] T 3f8f7b9b2ceb489c8baa50f4172c2934 P 1fad12fb1f984b4e82fa4a2a2b837475: Time spent starting tablet: real 0.008s	user 0.006s	sys 0.001s
I20260709 13:00:01.035006  8908 tablet_bootstrap.cc:492] T 7ce951e8f94143eeb472a63eade38615 P 1fad12fb1f984b4e82fa4a2a2b837475: Bootstrap starting.
I20260709 13:00:01.037591  8905 tablet_bootstrap.cc:492] T 6820d6c20748460f990f6cdb98436cf1 P 83883ec966124199a520f1320e7a70d7: No bootstrap required, opened a new log
I20260709 13:00:01.038019  8905 ts_tablet_manager.cc:1403] T 6820d6c20748460f990f6cdb98436cf1 P 83883ec966124199a520f1320e7a70d7: Time spent bootstrapping tablet: real 0.055s	user 0.005s	sys 0.004s
I20260709 13:00:01.041388  8908 tablet_bootstrap.cc:654] T 7ce951e8f94143eeb472a63eade38615 P 1fad12fb1f984b4e82fa4a2a2b837475: Neither blocks nor log segments found. Creating new log.
I20260709 13:00:01.044111  8905 raft_consensus.cc:359] T 6820d6c20748460f990f6cdb98436cf1 P 83883ec966124199a520f1320e7a70d7 [term 0 FOLLOWER]: Replica starting. Triggering 0 pending ops. Active config: opid_index: -1 OBSOLETE_local: false peers { permanent_uuid: "1fad12fb1f984b4e82fa4a2a2b837475" member_type: VOTER last_known_addr { host: "127.7.112.193" port: 35693 } } peers { permanent_uuid: "3e5eb797f9a14875b88b23de9adc3d1e" member_type: VOTER last_known_addr { host: "127.7.112.194" port: 41193 } } peers { permanent_uuid: "83883ec966124199a520f1320e7a70d7" member_type: VOTER last_known_addr { host: "127.7.112.195" port: 42673 } }
I20260709 13:00:01.044827  8905 raft_consensus.cc:385] T 6820d6c20748460f990f6cdb98436cf1 P 83883ec966124199a520f1320e7a70d7 [term 0 FOLLOWER]: Consensus starting up: Expiring failure detector timer to make a prompt election more likely
I20260709 13:00:01.045099  8905 raft_consensus.cc:740] T 6820d6c20748460f990f6cdb98436cf1 P 83883ec966124199a520f1320e7a70d7 [term 0 FOLLOWER]: Becoming Follower/Learner. State: Replica: 83883ec966124199a520f1320e7a70d7, State: Initialized, Role: FOLLOWER
I20260709 13:00:01.048223  8905 consensus_queue.cc:260] T 6820d6c20748460f990f6cdb98436cf1 P 83883ec966124199a520f1320e7a70d7 [NON_LEADER]: Queue going to NON_LEADER mode. State: All replicated index: 0, Majority replicated index: 0, Committed index: 0, Last appended: 0.0, Last appended by leader: 0, Current term: 0, Majority size: -1, State: 0, Mode: NON_LEADER, active raft config: opid_index: -1 OBSOLETE_local: false peers { permanent_uuid: "1fad12fb1f984b4e82fa4a2a2b837475" member_type: VOTER last_known_addr { host: "127.7.112.193" port: 35693 } } peers { permanent_uuid: "3e5eb797f9a14875b88b23de9adc3d1e" member_type: VOTER last_known_addr { host: "127.7.112.194" port: 41193 } } peers { permanent_uuid: "83883ec966124199a520f1320e7a70d7" member_type: VOTER last_known_addr { host: "127.7.112.195" port: 42673 } }
I20260709 13:00:01.073031  8905 ts_tablet_manager.cc:1434] T 6820d6c20748460f990f6cdb98436cf1 P 83883ec966124199a520f1320e7a70d7: Time spent starting tablet: real 0.035s	user 0.007s	sys 0.000s
I20260709 13:00:01.073967  8905 tablet_bootstrap.cc:492] T 909b33b4bc6c49eaa5f17930ee686e5a P 83883ec966124199a520f1320e7a70d7: Bootstrap starting.
I20260709 13:00:01.079849  8905 tablet_bootstrap.cc:654] T 909b33b4bc6c49eaa5f17930ee686e5a P 83883ec966124199a520f1320e7a70d7: Neither blocks nor log segments found. Creating new log.
I20260709 13:00:01.091168  8906 tablet_bootstrap.cc:492] T 0176747317eb4476a8b0cbdab5daad07 P 3e5eb797f9a14875b88b23de9adc3d1e: No bootstrap required, opened a new log
I20260709 13:00:01.091671  8906 ts_tablet_manager.cc:1403] T 0176747317eb4476a8b0cbdab5daad07 P 3e5eb797f9a14875b88b23de9adc3d1e: Time spent bootstrapping tablet: real 0.078s	user 0.038s	sys 0.027s
I20260709 13:00:01.092748  8905 tablet_bootstrap.cc:492] T 909b33b4bc6c49eaa5f17930ee686e5a P 83883ec966124199a520f1320e7a70d7: No bootstrap required, opened a new log
I20260709 13:00:01.093189  8905 ts_tablet_manager.cc:1403] T 909b33b4bc6c49eaa5f17930ee686e5a P 83883ec966124199a520f1320e7a70d7: Time spent bootstrapping tablet: real 0.019s	user 0.016s	sys 0.000s
I20260709 13:00:01.094611  8906 raft_consensus.cc:359] T 0176747317eb4476a8b0cbdab5daad07 P 3e5eb797f9a14875b88b23de9adc3d1e [term 0 FOLLOWER]: Replica starting. Triggering 0 pending ops. Active config: opid_index: -1 OBSOLETE_local: false peers { permanent_uuid: "3e5eb797f9a14875b88b23de9adc3d1e" member_type: VOTER last_known_addr { host: "127.7.112.194" port: 41193 } } peers { permanent_uuid: "83883ec966124199a520f1320e7a70d7" member_type: VOTER last_known_addr { host: "127.7.112.195" port: 42673 } } peers { permanent_uuid: "1fad12fb1f984b4e82fa4a2a2b837475" member_type: VOTER last_known_addr { host: "127.7.112.193" port: 35693 } }
I20260709 13:00:01.095351  8906 raft_consensus.cc:385] T 0176747317eb4476a8b0cbdab5daad07 P 3e5eb797f9a14875b88b23de9adc3d1e [term 0 FOLLOWER]: Consensus starting up: Expiring failure detector timer to make a prompt election more likely
I20260709 13:00:01.095691  8906 raft_consensus.cc:740] T 0176747317eb4476a8b0cbdab5daad07 P 3e5eb797f9a14875b88b23de9adc3d1e [term 0 FOLLOWER]: Becoming Follower/Learner. State: Replica: 3e5eb797f9a14875b88b23de9adc3d1e, State: Initialized, Role: FOLLOWER
I20260709 13:00:01.095741  8905 raft_consensus.cc:359] T 909b33b4bc6c49eaa5f17930ee686e5a P 83883ec966124199a520f1320e7a70d7 [term 0 FOLLOWER]: Replica starting. Triggering 0 pending ops. Active config: opid_index: -1 OBSOLETE_local: false peers { permanent_uuid: "1fad12fb1f984b4e82fa4a2a2b837475" member_type: VOTER last_known_addr { host: "127.7.112.193" port: 35693 } } peers { permanent_uuid: "3e5eb797f9a14875b88b23de9adc3d1e" member_type: VOTER last_known_addr { host: "127.7.112.194" port: 41193 } } peers { permanent_uuid: "83883ec966124199a520f1320e7a70d7" member_type: VOTER last_known_addr { host: "127.7.112.195" port: 42673 } }
I20260709 13:00:01.095712  8908 tablet_bootstrap.cc:492] T 7ce951e8f94143eeb472a63eade38615 P 1fad12fb1f984b4e82fa4a2a2b837475: No bootstrap required, opened a new log
I20260709 13:00:01.096572  8905 raft_consensus.cc:385] T 909b33b4bc6c49eaa5f17930ee686e5a P 83883ec966124199a520f1320e7a70d7 [term 0 FOLLOWER]: Consensus starting up: Expiring failure detector timer to make a prompt election more likely
I20260709 13:00:01.096860  8908 ts_tablet_manager.cc:1403] T 7ce951e8f94143eeb472a63eade38615 P 1fad12fb1f984b4e82fa4a2a2b837475: Time spent bootstrapping tablet: real 0.062s	user 0.011s	sys 0.044s
I20260709 13:00:01.096922  8905 raft_consensus.cc:740] T 909b33b4bc6c49eaa5f17930ee686e5a P 83883ec966124199a520f1320e7a70d7 [term 0 FOLLOWER]: Becoming Follower/Learner. State: Replica: 83883ec966124199a520f1320e7a70d7, State: Initialized, Role: FOLLOWER
I20260709 13:00:01.096757  8906 consensus_queue.cc:260] T 0176747317eb4476a8b0cbdab5daad07 P 3e5eb797f9a14875b88b23de9adc3d1e [NON_LEADER]: Queue going to NON_LEADER mode. State: All replicated index: 0, Majority replicated index: 0, Committed index: 0, Last appended: 0.0, Last appended by leader: 0, Current term: 0, Majority size: -1, State: 0, Mode: NON_LEADER, active raft config: opid_index: -1 OBSOLETE_local: false peers { permanent_uuid: "3e5eb797f9a14875b88b23de9adc3d1e" member_type: VOTER last_known_addr { host: "127.7.112.194" port: 41193 } } peers { permanent_uuid: "83883ec966124199a520f1320e7a70d7" member_type: VOTER last_known_addr { host: "127.7.112.195" port: 42673 } } peers { permanent_uuid: "1fad12fb1f984b4e82fa4a2a2b837475" member_type: VOTER last_known_addr { host: "127.7.112.193" port: 35693 } }
I20260709 13:00:01.097754  8905 consensus_queue.cc:260] T 909b33b4bc6c49eaa5f17930ee686e5a P 83883ec966124199a520f1320e7a70d7 [NON_LEADER]: Queue going to NON_LEADER mode. State: All replicated index: 0, Majority replicated index: 0, Committed index: 0, Last appended: 0.0, Last appended by leader: 0, Current term: 0, Majority size: -1, State: 0, Mode: NON_LEADER, active raft config: opid_index: -1 OBSOLETE_local: false peers { permanent_uuid: "1fad12fb1f984b4e82fa4a2a2b837475" member_type: VOTER last_known_addr { host: "127.7.112.193" port: 35693 } } peers { permanent_uuid: "3e5eb797f9a14875b88b23de9adc3d1e" member_type: VOTER last_known_addr { host: "127.7.112.194" port: 41193 } } peers { permanent_uuid: "83883ec966124199a520f1320e7a70d7" member_type: VOTER last_known_addr { host: "127.7.112.195" port: 42673 } }
I20260709 13:00:01.099355  8906 ts_tablet_manager.cc:1434] T 0176747317eb4476a8b0cbdab5daad07 P 3e5eb797f9a14875b88b23de9adc3d1e: Time spent starting tablet: real 0.007s	user 0.001s	sys 0.005s
I20260709 13:00:01.100394  8906 tablet_bootstrap.cc:492] T 3f8f7b9b2ceb489c8baa50f4172c2934 P 3e5eb797f9a14875b88b23de9adc3d1e: Bootstrap starting.
I20260709 13:00:01.100755  8908 raft_consensus.cc:359] T 7ce951e8f94143eeb472a63eade38615 P 1fad12fb1f984b4e82fa4a2a2b837475 [term 0 FOLLOWER]: Replica starting. Triggering 0 pending ops. Active config: opid_index: -1 OBSOLETE_local: false peers { permanent_uuid: "1fad12fb1f984b4e82fa4a2a2b837475" member_type: VOTER last_known_addr { host: "127.7.112.193" port: 35693 } } peers { permanent_uuid: "3e5eb797f9a14875b88b23de9adc3d1e" member_type: VOTER last_known_addr { host: "127.7.112.194" port: 41193 } } peers { permanent_uuid: "83883ec966124199a520f1320e7a70d7" member_type: VOTER last_known_addr { host: "127.7.112.195" port: 42673 } }
I20260709 13:00:01.101403  8908 raft_consensus.cc:385] T 7ce951e8f94143eeb472a63eade38615 P 1fad12fb1f984b4e82fa4a2a2b837475 [term 0 FOLLOWER]: Consensus starting up: Expiring failure detector timer to make a prompt election more likely
W20260709 13:00:01.101706  8662 auto_rebalancer.cc:288] Could not retrieve cluster info: Service unavailable: Tablet not running
