I20260709 13:00:03.605798  8865 tablet_service.cc:1917] Received RequestConsensusVote() RPC: tablet_id: "887b6b2709a043c2b8b0ba10a8e25b2c" candidate_uuid: "1fad12fb1f984b4e82fa4a2a2b837475" candidate_term: 1 candidate_status { last_received { term: 0 index: 0 } } ignore_live_leader: false dest_uuid: "83883ec966124199a520f1320e7a70d7" is_pre_election: true
I20260709 13:00:03.606650  8865 raft_consensus.cc:2468] T 887b6b2709a043c2b8b0ba10a8e25b2c P 83883ec966124199a520f1320e7a70d7 [term 0 FOLLOWER]: Leader pre-election vote request: Granting yes vote for candidate 1fad12fb1f984b4e82fa4a2a2b837475 in term 0.
I20260709 13:00:03.607564  8682 leader_election.cc:304] T 887b6b2709a043c2b8b0ba10a8e25b2c P 1fad12fb1f984b4e82fa4a2a2b837475 [CANDIDATE]: Term 1 pre-election: Election decided. Result: candidate won. Election summary: received 2 responses out of 3 voters: 2 yes votes; 0 no votes. yes voters: 1fad12fb1f984b4e82fa4a2a2b837475, 3e5eb797f9a14875b88b23de9adc3d1e; no voters: 
I20260709 13:00:03.609325  9041 raft_consensus.cc:2804] T 887b6b2709a043c2b8b0ba10a8e25b2c P 1fad12fb1f984b4e82fa4a2a2b837475 [term 0 FOLLOWER]: Leader pre-election won for term 1
I20260709 13:00:03.609696  9041 raft_consensus.cc:493] T 887b6b2709a043c2b8b0ba10a8e25b2c P 1fad12fb1f984b4e82fa4a2a2b837475 [term 0 FOLLOWER]: Starting leader election (no leader contacted us within the election timeout)
I20260709 13:00:03.610018  9041 raft_consensus.cc:3060] T 887b6b2709a043c2b8b0ba10a8e25b2c P 1fad12fb1f984b4e82fa4a2a2b837475 [term 0 FOLLOWER]: Advancing to term 1
I20260709 13:00:03.618382  8906 raft_consensus.cc:359] T 5fe90bfe504b4f47b3c2848e033901e9 P 3e5eb797f9a14875b88b23de9adc3d1e [term 0 FOLLOWER]: Replica starting. Triggering 0 pending ops. Active config: opid_index: -1 OBSOLETE_local: false peers { permanent_uuid: "1fad12fb1f984b4e82fa4a2a2b837475" member_type: VOTER last_known_addr { host: "127.7.112.193" port: 35693 } } peers { permanent_uuid: "3e5eb797f9a14875b88b23de9adc3d1e" member_type: VOTER last_known_addr { host: "127.7.112.194" port: 41193 } } peers { permanent_uuid: "83883ec966124199a520f1320e7a70d7" member_type: VOTER last_known_addr { host: "127.7.112.195" port: 42673 } }
I20260709 13:00:03.619139  8906 raft_consensus.cc:385] T 5fe90bfe504b4f47b3c2848e033901e9 P 3e5eb797f9a14875b88b23de9adc3d1e [term 0 FOLLOWER]: Consensus starting up: Expiring failure detector timer to make a prompt election more likely
I20260709 13:00:03.619449  8906 raft_consensus.cc:740] T 5fe90bfe504b4f47b3c2848e033901e9 P 3e5eb797f9a14875b88b23de9adc3d1e [term 0 FOLLOWER]: Becoming Follower/Learner. State: Replica: 3e5eb797f9a14875b88b23de9adc3d1e, State: Initialized, Role: FOLLOWER
I20260709 13:00:03.620069  8906 consensus_queue.cc:260] T 5fe90bfe504b4f47b3c2848e033901e9 P 3e5eb797f9a14875b88b23de9adc3d1e [NON_LEADER]: Queue going to NON_LEADER mode. State: All replicated index: 0, Majority replicated index: 0, Committed index: 0, Last appended: 0.0, Last appended by leader: 0, Current term: 0, Majority size: -1, State: 0, Mode: NON_LEADER, active raft config: opid_index: -1 OBSOLETE_local: false peers { permanent_uuid: "1fad12fb1f984b4e82fa4a2a2b837475" member_type: VOTER last_known_addr { host: "127.7.112.193" port: 35693 } } peers { permanent_uuid: "3e5eb797f9a14875b88b23de9adc3d1e" member_type: VOTER last_known_addr { host: "127.7.112.194" port: 41193 } } peers { permanent_uuid: "83883ec966124199a520f1320e7a70d7" member_type: VOTER last_known_addr { host: "127.7.112.195" port: 42673 } }
I20260709 13:00:03.621949  8905 tablet_bootstrap.cc:654] T c82aea17f56c4004a240da2ab849fb60 P 83883ec966124199a520f1320e7a70d7: Neither blocks nor log segments found. Creating new log.
I20260709 13:00:03.622622  8906 ts_tablet_manager.cc:1434] T 5fe90bfe504b4f47b3c2848e033901e9 P 3e5eb797f9a14875b88b23de9adc3d1e: Time spent starting tablet: real 0.017s	user 0.006s	sys 0.000s
I20260709 13:00:03.623628  8906 tablet_bootstrap.cc:492] T 8b05a088cb104d84ba583266c8625563 P 3e5eb797f9a14875b88b23de9adc3d1e: Bootstrap starting.
I20260709 13:00:03.631412  8908 raft_consensus.cc:359] T d259e21342c84a8d8b88c4a5b7d86c8e P 1fad12fb1f984b4e82fa4a2a2b837475 [term 0 FOLLOWER]: Replica starting. Triggering 0 pending ops. Active config: opid_index: -1 OBSOLETE_local: false peers { permanent_uuid: "1fad12fb1f984b4e82fa4a2a2b837475" member_type: VOTER last_known_addr { host: "127.7.112.193" port: 35693 } } peers { permanent_uuid: "3e5eb797f9a14875b88b23de9adc3d1e" member_type: VOTER last_known_addr { host: "127.7.112.194" port: 41193 } } peers { permanent_uuid: "83883ec966124199a520f1320e7a70d7" member_type: VOTER last_known_addr { host: "127.7.112.195" port: 42673 } }
I20260709 13:00:03.632025  8908 raft_consensus.cc:385] T d259e21342c84a8d8b88c4a5b7d86c8e P 1fad12fb1f984b4e82fa4a2a2b837475 [term 0 FOLLOWER]: Consensus starting up: Expiring failure detector timer to make a prompt election more likely
I20260709 13:00:03.632259  8908 raft_consensus.cc:740] T d259e21342c84a8d8b88c4a5b7d86c8e P 1fad12fb1f984b4e82fa4a2a2b837475 [term 0 FOLLOWER]: Becoming Follower/Learner. State: Replica: 1fad12fb1f984b4e82fa4a2a2b837475, State: Initialized, Role: FOLLOWER
I20260709 13:00:03.632851  8905 tablet_bootstrap.cc:492] T c82aea17f56c4004a240da2ab849fb60 P 83883ec966124199a520f1320e7a70d7: No bootstrap required, opened a new log
I20260709 13:00:03.633275  8905 ts_tablet_manager.cc:1403] T c82aea17f56c4004a240da2ab849fb60 P 83883ec966124199a520f1320e7a70d7: Time spent bootstrapping tablet: real 0.028s	user 0.014s	sys 0.011s
I20260709 13:00:03.634197  8906 tablet_bootstrap.cc:654] T 8b05a088cb104d84ba583266c8625563 P 3e5eb797f9a14875b88b23de9adc3d1e: Neither blocks nor log segments found. Creating new log.
I20260709 13:00:03.635584  8905 raft_consensus.cc:359] T c82aea17f56c4004a240da2ab849fb60 P 83883ec966124199a520f1320e7a70d7 [term 0 FOLLOWER]: Replica starting. Triggering 0 pending ops. Active config: opid_index: -1 OBSOLETE_local: false peers { permanent_uuid: "1fad12fb1f984b4e82fa4a2a2b837475" member_type: VOTER last_known_addr { host: "127.7.112.193" port: 35693 } } peers { permanent_uuid: "3e5eb797f9a14875b88b23de9adc3d1e" member_type: VOTER last_known_addr { host: "127.7.112.194" port: 41193 } } peers { permanent_uuid: "83883ec966124199a520f1320e7a70d7" member_type: VOTER last_known_addr { host: "127.7.112.195" port: 42673 } }
I20260709 13:00:03.636214  8905 raft_consensus.cc:385] T c82aea17f56c4004a240da2ab849fb60 P 83883ec966124199a520f1320e7a70d7 [term 0 FOLLOWER]: Consensus starting up: Expiring failure detector timer to make a prompt election more likely
I20260709 13:00:03.636488  8905 raft_consensus.cc:740] T c82aea17f56c4004a240da2ab849fb60 P 83883ec966124199a520f1320e7a70d7 [term 0 FOLLOWER]: Becoming Follower/Learner. State: Replica: 83883ec966124199a520f1320e7a70d7, State: Initialized, Role: FOLLOWER
I20260709 13:00:03.632862  8908 consensus_queue.cc:260] T d259e21342c84a8d8b88c4a5b7d86c8e P 1fad12fb1f984b4e82fa4a2a2b837475 [NON_LEADER]: Queue going to NON_LEADER mode. State: All replicated index: 0, Majority replicated index: 0, Committed index: 0, Last appended: 0.0, Last appended by leader: 0, Current term: 0, Majority size: -1, State: 0, Mode: NON_LEADER, active raft config: opid_index: -1 OBSOLETE_local: false peers { permanent_uuid: "1fad12fb1f984b4e82fa4a2a2b837475" member_type: VOTER last_known_addr { host: "127.7.112.193" port: 35693 } } peers { permanent_uuid: "3e5eb797f9a14875b88b23de9adc3d1e" member_type: VOTER last_known_addr { host: "127.7.112.194" port: 41193 } } peers { permanent_uuid: "83883ec966124199a520f1320e7a70d7" member_type: VOTER last_known_addr { host: "127.7.112.195" port: 42673 } }
I20260709 13:00:03.637928  9047 consensus_queue.cc:1048] T 25a2267adca34498ac03f7a2950d211b P 3e5eb797f9a14875b88b23de9adc3d1e [LEADER]: Connected to new peer: Peer: permanent_uuid: "1fad12fb1f984b4e82fa4a2a2b837475" member_type: VOTER last_known_addr { host: "127.7.112.193" port: 35693 }, Status: LMP_MISMATCH, Last received: 0.0, Next index: 1, Last known committed idx: 0, Time since last communication: 0.000s
I20260709 13:00:03.639209  8908 ts_tablet_manager.cc:1434] T d259e21342c84a8d8b88c4a5b7d86c8e P 1fad12fb1f984b4e82fa4a2a2b837475: Time spent starting tablet: real 0.037s	user 0.006s	sys 0.000s
I20260709 13:00:03.640069  8908 tablet_bootstrap.cc:492] T 7bf3b6212b0043e8b4df3fd86f5665b3 P 1fad12fb1f984b4e82fa4a2a2b837475: Bootstrap starting.
I20260709 13:00:03.643373  8905 consensus_queue.cc:260] T c82aea17f56c4004a240da2ab849fb60 P 83883ec966124199a520f1320e7a70d7 [NON_LEADER]: Queue going to NON_LEADER mode. State: All replicated index: 0, Majority replicated index: 0, Committed index: 0, Last appended: 0.0, Last appended by leader: 0, Current term: 0, Majority size: -1, State: 0, Mode: NON_LEADER, active raft config: opid_index: -1 OBSOLETE_local: false peers { permanent_uuid: "1fad12fb1f984b4e82fa4a2a2b837475" member_type: VOTER last_known_addr { host: "127.7.112.193" port: 35693 } } peers { permanent_uuid: "3e5eb797f9a14875b88b23de9adc3d1e" member_type: VOTER last_known_addr { host: "127.7.112.194" port: 41193 } } peers { permanent_uuid: "83883ec966124199a520f1320e7a70d7" member_type: VOTER last_known_addr { host: "127.7.112.195" port: 42673 } }
I20260709 13:00:03.645267  8905 ts_tablet_manager.cc:1434] T c82aea17f56c4004a240da2ab849fb60 P 83883ec966124199a520f1320e7a70d7: Time spent starting tablet: real 0.012s	user 0.005s	sys 0.000s
I20260709 13:00:03.645133  9041 raft_consensus.cc:515] T 887b6b2709a043c2b8b0ba10a8e25b2c P 1fad12fb1f984b4e82fa4a2a2b837475 [term 1 FOLLOWER]: Starting leader election with config: opid_index: -1 OBSOLETE_local: false peers { permanent_uuid: "1fad12fb1f984b4e82fa4a2a2b837475" member_type: VOTER last_known_addr { host: "127.7.112.193" port: 35693 } } peers { permanent_uuid: "3e5eb797f9a14875b88b23de9adc3d1e" member_type: VOTER last_known_addr { host: "127.7.112.194" port: 41193 } } peers { permanent_uuid: "83883ec966124199a520f1320e7a70d7" member_type: VOTER last_known_addr { host: "127.7.112.195" port: 42673 } }
I20260709 13:00:03.647976  8908 tablet_bootstrap.cc:654] T 7bf3b6212b0043e8b4df3fd86f5665b3 P 1fad12fb1f984b4e82fa4a2a2b837475: Neither blocks nor log segments found. Creating new log.
I20260709 13:00:03.647871  8790 tablet_service.cc:1917] Received RequestConsensusVote() RPC: tablet_id: "887b6b2709a043c2b8b0ba10a8e25b2c" candidate_uuid: "1fad12fb1f984b4e82fa4a2a2b837475" candidate_term: 1 candidate_status { last_received { term: 0 index: 0 } } ignore_live_leader: false dest_uuid: "3e5eb797f9a14875b88b23de9adc3d1e"
I20260709 13:00:03.648397  8790 raft_consensus.cc:3060] T 887b6b2709a043c2b8b0ba10a8e25b2c P 3e5eb797f9a14875b88b23de9adc3d1e [term 0 FOLLOWER]: Advancing to term 1
I20260709 13:00:03.650941  8905 tablet_bootstrap.cc:492] T 6b4a05411e074f0f8af2b8bbb4397e45 P 83883ec966124199a520f1320e7a70d7: Bootstrap starting.
I20260709 13:00:03.654452  8790 raft_consensus.cc:2468] T 887b6b2709a043c2b8b0ba10a8e25b2c P 3e5eb797f9a14875b88b23de9adc3d1e [term 1 FOLLOWER]: Leader election vote request: Granting yes vote for candidate 1fad12fb1f984b4e82fa4a2a2b837475 in term 1.
I20260709 13:00:03.655575  8682 leader_election.cc:304] T 887b6b2709a043c2b8b0ba10a8e25b2c P 1fad12fb1f984b4e82fa4a2a2b837475 [CANDIDATE]: Term 1 election: Election decided. Result: candidate won. Election summary: received 2 responses out of 3 voters: 2 yes votes; 0 no votes. yes voters: 1fad12fb1f984b4e82fa4a2a2b837475, 3e5eb797f9a14875b88b23de9adc3d1e; no voters: 
I20260709 13:00:03.656334  9044 raft_consensus.cc:2804] T 887b6b2709a043c2b8b0ba10a8e25b2c P 1fad12fb1f984b4e82fa4a2a2b837475 [term 1 FOLLOWER]: Leader election won for term 1
I20260709 13:00:03.656806  9044 raft_consensus.cc:697] T 887b6b2709a043c2b8b0ba10a8e25b2c P 1fad12fb1f984b4e82fa4a2a2b837475 [term 1 LEADER]: Becoming Leader. State: Replica: 1fad12fb1f984b4e82fa4a2a2b837475, State: Running, Role: LEADER
I20260709 13:00:03.657305  8905 tablet_bootstrap.cc:654] T 6b4a05411e074f0f8af2b8bbb4397e45 P 83883ec966124199a520f1320e7a70d7: Neither blocks nor log segments found. Creating new log.
I20260709 13:00:03.657545  9044 consensus_queue.cc:237] T 887b6b2709a043c2b8b0ba10a8e25b2c P 1fad12fb1f984b4e82fa4a2a2b837475 [LEADER]: Queue going to LEADER mode. State: All replicated index: 0, Majority replicated index: 0, Committed index: 0, Last appended: 0.0, Last appended by leader: 0, Current term: 1, Majority size: 2, State: 0, Mode: LEADER, active raft config: opid_index: -1 OBSOLETE_local: false peers { permanent_uuid: "1fad12fb1f984b4e82fa4a2a2b837475" member_type: VOTER last_known_addr { host: "127.7.112.193" port: 35693 } } peers { permanent_uuid: "3e5eb797f9a14875b88b23de9adc3d1e" member_type: VOTER last_known_addr { host: "127.7.112.194" port: 41193 } } peers { permanent_uuid: "83883ec966124199a520f1320e7a70d7" member_type: VOTER last_known_addr { host: "127.7.112.195" port: 42673 } }
I20260709 13:00:03.663367  8920 consensus_queue.cc:1048] T b35f33dfa591484bab26284802880972 P 83883ec966124199a520f1320e7a70d7 [LEADER]: Connected to new peer: Peer: permanent_uuid: "3e5eb797f9a14875b88b23de9adc3d1e" member_type: VOTER last_known_addr { host: "127.7.112.194" port: 41193 }, Status: LMP_MISMATCH, Last received: 0.0, Next index: 1, Last known committed idx: 0, Time since last communication: 0.000s
I20260709 13:00:03.668789  8906 tablet_bootstrap.cc:492] T 8b05a088cb104d84ba583266c8625563 P 3e5eb797f9a14875b88b23de9adc3d1e: No bootstrap required, opened a new log
I20260709 13:00:03.669339  8906 ts_tablet_manager.cc:1403] T 8b05a088cb104d84ba583266c8625563 P 3e5eb797f9a14875b88b23de9adc3d1e: Time spent bootstrapping tablet: real 0.046s	user 0.004s	sys 0.017s
I20260709 13:00:03.672070  8906 raft_consensus.cc:359] T 8b05a088cb104d84ba583266c8625563 P 3e5eb797f9a14875b88b23de9adc3d1e [term 0 FOLLOWER]: Replica starting. Triggering 0 pending ops. Active config: opid_index: -1 OBSOLETE_local: false peers { permanent_uuid: "1fad12fb1f984b4e82fa4a2a2b837475" member_type: VOTER last_known_addr { host: "127.7.112.193" port: 35693 } } peers { permanent_uuid: "3e5eb797f9a14875b88b23de9adc3d1e" member_type: VOTER last_known_addr { host: "127.7.112.194" port: 41193 } } peers { permanent_uuid: "83883ec966124199a520f1320e7a70d7" member_type: VOTER last_known_addr { host: "127.7.112.195" port: 42673 } }
I20260709 13:00:03.672961  8906 raft_consensus.cc:385] T 8b05a088cb104d84ba583266c8625563 P 3e5eb797f9a14875b88b23de9adc3d1e [term 0 FOLLOWER]: Consensus starting up: Expiring failure detector timer to make a prompt election more likely
I20260709 13:00:03.673286  8906 raft_consensus.cc:740] T 8b05a088cb104d84ba583266c8625563 P 3e5eb797f9a14875b88b23de9adc3d1e [term 0 FOLLOWER]: Becoming Follower/Learner. State: Replica: 3e5eb797f9a14875b88b23de9adc3d1e, State: Initialized, Role: FOLLOWER
I20260709 13:00:03.674067  8906 consensus_queue.cc:260] T 8b05a088cb104d84ba583266c8625563 P 3e5eb797f9a14875b88b23de9adc3d1e [NON_LEADER]: Queue going to NON_LEADER mode. State: All replicated index: 0, Majority replicated index: 0, Committed index: 0, Last appended: 0.0, Last appended by leader: 0, Current term: 0, Majority size: -1, State: 0, Mode: NON_LEADER, active raft config: opid_index: -1 OBSOLETE_local: false peers { permanent_uuid: "1fad12fb1f984b4e82fa4a2a2b837475" member_type: VOTER last_known_addr { host: "127.7.112.193" port: 35693 } } peers { permanent_uuid: "3e5eb797f9a14875b88b23de9adc3d1e" member_type: VOTER last_known_addr { host: "127.7.112.194" port: 41193 } } peers { permanent_uuid: "83883ec966124199a520f1320e7a70d7" member_type: VOTER last_known_addr { host: "127.7.112.195" port: 42673 } }
I20260709 13:00:03.676409  8906 ts_tablet_manager.cc:1434] T 8b05a088cb104d84ba583266c8625563 P 3e5eb797f9a14875b88b23de9adc3d1e: Time spent starting tablet: real 0.007s	user 0.003s	sys 0.002s
I20260709 13:00:03.677386  8906 tablet_bootstrap.cc:492] T 70fa614288834c79a2399efae70420e0 P 3e5eb797f9a14875b88b23de9adc3d1e: Bootstrap starting.
I20260709 13:00:03.682884  8906 tablet_bootstrap.cc:654] T 70fa614288834c79a2399efae70420e0 P 3e5eb797f9a14875b88b23de9adc3d1e: Neither blocks nor log segments found. Creating new log.
I20260709 13:00:03.695276  8906 tablet_bootstrap.cc:492] T 70fa614288834c79a2399efae70420e0 P 3e5eb797f9a14875b88b23de9adc3d1e: No bootstrap required, opened a new log
I20260709 13:00:03.695058  8910 consensus_queue.cc:1048] T 1588d843c5ba4a75b6a1e39d29ec139b P 83883ec966124199a520f1320e7a70d7 [LEADER]: Connected to new peer: Peer: permanent_uuid: "1fad12fb1f984b4e82fa4a2a2b837475" member_type: VOTER last_known_addr { host: "127.7.112.193" port: 35693 }, Status: LMP_MISMATCH, Last received: 0.0, Next index: 1, Last known committed idx: 0, Time since last communication: 0.000s
I20260709 13:00:03.695677  8906 ts_tablet_manager.cc:1403] T 70fa614288834c79a2399efae70420e0 P 3e5eb797f9a14875b88b23de9adc3d1e: Time spent bootstrapping tablet: real 0.018s	user 0.004s	sys 0.005s
I20260709 13:00:03.695845  8958 consensus_queue.cc:1048] T 25a2267adca34498ac03f7a2950d211b P 3e5eb797f9a14875b88b23de9adc3d1e [LEADER]: Connected to new peer: Peer: permanent_uuid: "83883ec966124199a520f1320e7a70d7" member_type: VOTER last_known_addr { host: "127.7.112.195" port: 42673 }, Status: LMP_MISMATCH, Last received: 0.0, Next index: 1, Last known committed idx: 0, Time since last communication: 0.000s
I20260709 13:00:03.698211  8906 raft_consensus.cc:359] T 70fa614288834c79a2399efae70420e0 P 3e5eb797f9a14875b88b23de9adc3d1e [term 0 FOLLOWER]: Replica starting. Triggering 0 pending ops. Active config: opid_index: -1 OBSOLETE_local: false peers { permanent_uuid: "1fad12fb1f984b4e82fa4a2a2b837475" member_type: VOTER last_known_addr { host: "127.7.112.193" port: 35693 } } peers { permanent_uuid: "3e5eb797f9a14875b88b23de9adc3d1e" member_type: VOTER last_known_addr { host: "127.7.112.194" port: 41193 } } peers { permanent_uuid: "83883ec966124199a520f1320e7a70d7" member_type: VOTER last_known_addr { host: "127.7.112.195" port: 42673 } }
I20260709 13:00:03.698829  8906 raft_consensus.cc:385] T 70fa614288834c79a2399efae70420e0 P 3e5eb797f9a14875b88b23de9adc3d1e [term 0 FOLLOWER]: Consensus starting up: Expiring failure detector timer to make a prompt election more likely
I20260709 13:00:03.699095  8906 raft_consensus.cc:740] T 70fa614288834c79a2399efae70420e0 P 3e5eb797f9a14875b88b23de9adc3d1e [term 0 FOLLOWER]: Becoming Follower/Learner. State: Replica: 3e5eb797f9a14875b88b23de9adc3d1e, State: Initialized, Role: FOLLOWER
I20260709 13:00:03.699652  8906 consensus_queue.cc:260] T 70fa614288834c79a2399efae70420e0 P 3e5eb797f9a14875b88b23de9adc3d1e [NON_LEADER]: Queue going to NON_LEADER mode. State: All replicated index: 0, Majority replicated index: 0, Committed index: 0, Last appended: 0.0, Last appended by leader: 0, Current term: 0, Majority size: -1, State: 0, Mode: NON_LEADER, active raft config: opid_index: -1 OBSOLETE_local: false peers { permanent_uuid: "1fad12fb1f984b4e82fa4a2a2b837475" member_type: VOTER last_known_addr { host: "127.7.112.193" port: 35693 } } peers { permanent_uuid: "3e5eb797f9a14875b88b23de9adc3d1e" member_type: VOTER last_known_addr { host: "127.7.112.194" port: 41193 } } peers { permanent_uuid: "83883ec966124199a520f1320e7a70d7" member_type: VOTER last_known_addr { host: "127.7.112.195" port: 42673 } }
I20260709 13:00:03.701608  8906 ts_tablet_manager.cc:1434] T 70fa614288834c79a2399efae70420e0 P 3e5eb797f9a14875b88b23de9adc3d1e: Time spent starting tablet: real 0.006s	user 0.005s	sys 0.000s
I20260709 13:00:03.702484  8906 tablet_bootstrap.cc:492] T 532e6cbc1a8848c082452346ea2101cc P 3e5eb797f9a14875b88b23de9adc3d1e: Bootstrap starting.
I20260709 13:00:03.718830  8906 tablet_bootstrap.cc:654] T 532e6cbc1a8848c082452346ea2101cc P 3e5eb797f9a14875b88b23de9adc3d1e: Neither blocks nor log segments found. Creating new log.
I20260709 13:00:03.726161  8865 tablet_service.cc:1917] Received RequestConsensusVote() RPC: tablet_id: "887b6b2709a043c2b8b0ba10a8e25b2c" candidate_uuid: "1fad12fb1f984b4e82fa4a2a2b837475" candidate_term: 1 candidate_status { last_received { term: 0 index: 0 } } ignore_live_leader: false dest_uuid: "83883ec966124199a520f1320e7a70d7"
I20260709 13:00:03.726812  8865 raft_consensus.cc:3060] T 887b6b2709a043c2b8b0ba10a8e25b2c P 83883ec966124199a520f1320e7a70d7 [term 0 FOLLOWER]: Advancing to term 1
I20260709 13:00:03.730540  9041 leader_election.cc:290] T 887b6b2709a043c2b8b0ba10a8e25b2c P 1fad12fb1f984b4e82fa4a2a2b837475 [CANDIDATE]: Term 1 election: Requested vote from peers 3e5eb797f9a14875b88b23de9adc3d1e (127.7.112.194:41193), 83883ec966124199a520f1320e7a70d7 (127.7.112.195:42673)
I20260709 13:00:03.735224  8958 raft_consensus.cc:493] T 650d0f76602e4c78961154d796ae3755 P 3e5eb797f9a14875b88b23de9adc3d1e [term 0 FOLLOWER]: Starting pre-election (no leader contacted us within the election timeout)
I20260709 13:00:03.735725  8958 raft_consensus.cc:515] T 650d0f76602e4c78961154d796ae3755 P 3e5eb797f9a14875b88b23de9adc3d1e [term 0 FOLLOWER]: Starting pre-election with config: opid_index: -1 OBSOLETE_local: false peers { permanent_uuid: "1fad12fb1f984b4e82fa4a2a2b837475" member_type: VOTER last_known_addr { host: "127.7.112.193" port: 35693 } } peers { permanent_uuid: "3e5eb797f9a14875b88b23de9adc3d1e" member_type: VOTER last_known_addr { host: "127.7.112.194" port: 41193 } } peers { permanent_uuid: "83883ec966124199a520f1320e7a70d7" member_type: VOTER last_known_addr { host: "127.7.112.195" port: 42673 } }
I20260709 13:00:03.748909  8958 leader_election.cc:290] T 650d0f76602e4c78961154d796ae3755 P 3e5eb797f9a14875b88b23de9adc3d1e [CANDIDATE]: Term 1 pre-election: Requested pre-vote from peers 1fad12fb1f984b4e82fa4a2a2b837475 (127.7.112.193:35693), 83883ec966124199a520f1320e7a70d7 (127.7.112.195:42673)
I20260709 13:00:03.750468  8715 tablet_service.cc:1917] Received RequestConsensusVote() RPC: tablet_id: "650d0f76602e4c78961154d796ae3755" candidate_uuid: "3e5eb797f9a14875b88b23de9adc3d1e" candidate_term: 1 candidate_status { last_received { term: 0 index: 0 } } ignore_live_leader: false dest_uuid: "1fad12fb1f984b4e82fa4a2a2b837475" is_pre_election: true
I20260709 13:00:03.758085  8863 tablet_service.cc:1917] Received RequestConsensusVote() RPC: tablet_id: "650d0f76602e4c78961154d796ae3755" candidate_uuid: "3e5eb797f9a14875b88b23de9adc3d1e" candidate_term: 1 candidate_status { last_received { term: 0 index: 0 } } ignore_live_leader: false dest_uuid: "83883ec966124199a520f1320e7a70d7" is_pre_election: true
W20260709 13:00:03.765786  8755 leader_election.cc:343] T 650d0f76602e4c78961154d796ae3755 P 3e5eb797f9a14875b88b23de9adc3d1e [CANDIDATE]: Term 1 pre-election: Tablet error from VoteRequest() call to peer 1fad12fb1f984b4e82fa4a2a2b837475 (127.7.112.193:35693): Illegal state: must be running to vote when last-logged opid is not known
W20260709 13:00:03.766311  8754 leader_election.cc:343] T 650d0f76602e4c78961154d796ae3755 P 3e5eb797f9a14875b88b23de9adc3d1e [CANDIDATE]: Term 1 pre-election: Tablet error from VoteRequest() call to peer 83883ec966124199a520f1320e7a70d7 (127.7.112.195:42673): Illegal state: must be running to vote when last-logged opid is not known
I20260709 13:00:03.766712  8754 leader_election.cc:304] T 650d0f76602e4c78961154d796ae3755 P 3e5eb797f9a14875b88b23de9adc3d1e [CANDIDATE]: Term 1 pre-election: Election decided. Result: candidate lost. Election summary: received 3 responses out of 3 voters: 1 yes votes; 2 no votes. yes voters: 3e5eb797f9a14875b88b23de9adc3d1e; no voters: 1fad12fb1f984b4e82fa4a2a2b837475, 83883ec966124199a520f1320e7a70d7
I20260709 13:00:03.767809  8947 raft_consensus.cc:2749] T 650d0f76602e4c78961154d796ae3755 P 3e5eb797f9a14875b88b23de9adc3d1e [term 0 FOLLOWER]: Leader pre-election lost for term 1. Reason: could not achieve majority
I20260709 13:00:03.756875  9044 raft_consensus.cc:493] T 5fe90bfe504b4f47b3c2848e033901e9 P 1fad12fb1f984b4e82fa4a2a2b837475 [term 0 FOLLOWER]: Starting pre-election (no leader contacted us within the election timeout)
I20260709 13:00:03.775239  8865 raft_consensus.cc:2468] T 887b6b2709a043c2b8b0ba10a8e25b2c P 83883ec966124199a520f1320e7a70d7 [term 1 FOLLOWER]: Leader election vote request: Granting yes vote for candidate 1fad12fb1f984b4e82fa4a2a2b837475 in term 1.
I20260709 13:00:03.784113  8958 raft_consensus.cc:493] T bab0e2ec4fde49e884487b1bbc716113 P 3e5eb797f9a14875b88b23de9adc3d1e [term 0 FOLLOWER]: Starting pre-election (no leader contacted us within the election timeout)
I20260709 13:00:03.793367  8967 raft_consensus.cc:493] T 70fa614288834c79a2399efae70420e0 P 1fad12fb1f984b4e82fa4a2a2b837475 [term 0 FOLLOWER]: Starting pre-election (no leader contacted us within the election timeout)
I20260709 13:00:03.793756  8910 raft_consensus.cc:493] T c82aea17f56c4004a240da2ab849fb60 P 83883ec966124199a520f1320e7a70d7 [term 0 FOLLOWER]: Starting pre-election (no leader contacted us within the election timeout)
I20260709 13:00:03.794835  9040 consensus_queue.cc:1048] T b35f33dfa591484bab26284802880972 P 83883ec966124199a520f1320e7a70d7 [LEADER]: Connected to new peer: Peer: permanent_uuid: "1fad12fb1f984b4e82fa4a2a2b837475" member_type: VOTER last_known_addr { host: "127.7.112.193" port: 35693 }, Status: LMP_MISMATCH, Last received: 0.0, Next index: 1, Last known committed idx: 0, Time since last communication: 0.000s
I20260709 13:00:03.806298  8906 tablet_bootstrap.cc:492] T 532e6cbc1a8848c082452346ea2101cc P 3e5eb797f9a14875b88b23de9adc3d1e: No bootstrap required, opened a new log
I20260709 13:00:03.808893  8906 ts_tablet_manager.cc:1403] T 532e6cbc1a8848c082452346ea2101cc P 3e5eb797f9a14875b88b23de9adc3d1e: Time spent bootstrapping tablet: real 0.107s	user 0.011s	sys 0.013s
I20260709 13:00:03.808667  8910 raft_consensus.cc:515] T c82aea17f56c4004a240da2ab849fb60 P 83883ec966124199a520f1320e7a70d7 [term 0 FOLLOWER]: Starting pre-election with config: opid_index: -1 OBSOLETE_local: false peers { permanent_uuid: "1fad12fb1f984b4e82fa4a2a2b837475" member_type: VOTER last_known_addr { host: "127.7.112.193" port: 35693 } } peers { permanent_uuid: "3e5eb797f9a14875b88b23de9adc3d1e" member_type: VOTER last_known_addr { host: "127.7.112.194" port: 41193 } } peers { permanent_uuid: "83883ec966124199a520f1320e7a70d7" member_type: VOTER last_known_addr { host: "127.7.112.195" port: 42673 } }
I20260709 13:00:03.808171  8967 raft_consensus.cc:515] T 70fa614288834c79a2399efae70420e0 P 1fad12fb1f984b4e82fa4a2a2b837475 [term 0 FOLLOWER]: Starting pre-election with config: opid_index: -1 OBSOLETE_local: false peers { permanent_uuid: "1fad12fb1f984b4e82fa4a2a2b837475" member_type: VOTER last_known_addr { host: "127.7.112.193" port: 35693 } } peers { permanent_uuid: "3e5eb797f9a14875b88b23de9adc3d1e" member_type: VOTER last_known_addr { host: "127.7.112.194" port: 41193 } } peers { permanent_uuid: "83883ec966124199a520f1320e7a70d7" member_type: VOTER last_known_addr { host: "127.7.112.195" port: 42673 } }
I20260709 13:00:03.811741  8910 leader_election.cc:290] T c82aea17f56c4004a240da2ab849fb60 P 83883ec966124199a520f1320e7a70d7 [CANDIDATE]: Term 1 pre-election: Requested pre-vote from peers 1fad12fb1f984b4e82fa4a2a2b837475 (127.7.112.193:35693), 3e5eb797f9a14875b88b23de9adc3d1e (127.7.112.194:41193)
I20260709 13:00:03.812508  8967 leader_election.cc:290] T 70fa614288834c79a2399efae70420e0 P 1fad12fb1f984b4e82fa4a2a2b837475 [CANDIDATE]: Term 1 pre-election: Requested pre-vote from peers 3e5eb797f9a14875b88b23de9adc3d1e (127.7.112.194:41193), 83883ec966124199a520f1320e7a70d7 (127.7.112.195:42673)
I20260709 13:00:03.812551  8947 raft_consensus.cc:493] T 7bf3b6212b0043e8b4df3fd86f5665b3 P 3e5eb797f9a14875b88b23de9adc3d1e [term 0 FOLLOWER]: Starting pre-election (no leader contacted us within the election timeout)
I20260709 13:00:03.813572  8947 raft_consensus.cc:515] T 7bf3b6212b0043e8b4df3fd86f5665b3 P 3e5eb797f9a14875b88b23de9adc3d1e [term 0 FOLLOWER]: Starting pre-election with config: opid_index: -1 OBSOLETE_local: false peers { permanent_uuid: "1fad12fb1f984b4e82fa4a2a2b837475" member_type: VOTER last_known_addr { host: "127.7.112.193" port: 35693 } } peers { permanent_uuid: "3e5eb797f9a14875b88b23de9adc3d1e" member_type: VOTER last_known_addr { host: "127.7.112.194" port: 41193 } } peers { permanent_uuid: "83883ec966124199a520f1320e7a70d7" member_type: VOTER last_known_addr { host: "127.7.112.195" port: 42673 } }
W20260709 13:00:03.814231  9110 log.cc:927] Time spent T 887b6b2709a043c2b8b0ba10a8e25b2c P 1fad12fb1f984b4e82fa4a2a2b837475: Append to log took a long time: real 0.071s	user 0.001s	sys 0.000s
I20260709 13:00:03.814388  8905 tablet_bootstrap.cc:492] T 6b4a05411e074f0f8af2b8bbb4397e45 P 83883ec966124199a520f1320e7a70d7: No bootstrap required, opened a new log
I20260709 13:00:03.814808  8905 ts_tablet_manager.cc:1403] T 6b4a05411e074f0f8af2b8bbb4397e45 P 83883ec966124199a520f1320e7a70d7: Time spent bootstrapping tablet: real 0.164s	user 0.005s	sys 0.049s
I20260709 13:00:03.815487  8947 leader_election.cc:290] T 7bf3b6212b0043e8b4df3fd86f5665b3 P 3e5eb797f9a14875b88b23de9adc3d1e [CANDIDATE]: Term 1 pre-election: Requested pre-vote from peers 1fad12fb1f984b4e82fa4a2a2b837475 (127.7.112.193:35693), 83883ec966124199a520f1320e7a70d7 (127.7.112.195:42673)
I20260709 13:00:03.815905  8714 tablet_service.cc:1917] Received RequestConsensusVote() RPC: tablet_id: "c82aea17f56c4004a240da2ab849fb60" candidate_uuid: "83883ec966124199a520f1320e7a70d7" candidate_term: 1 candidate_status { last_received { term: 0 index: 0 } } ignore_live_leader: false dest_uuid: "1fad12fb1f984b4e82fa4a2a2b837475" is_pre_election: true
I20260709 13:00:03.807912  8958 raft_consensus.cc:515] T bab0e2ec4fde49e884487b1bbc716113 P 3e5eb797f9a14875b88b23de9adc3d1e [term 0 FOLLOWER]: Starting pre-election with config: opid_index: -1 OBSOLETE_local: false peers { permanent_uuid: "1fad12fb1f984b4e82fa4a2a2b837475" member_type: VOTER last_known_addr { host: "127.7.112.193" port: 35693 } } peers { permanent_uuid: "3e5eb797f9a14875b88b23de9adc3d1e" member_type: VOTER last_known_addr { host: "127.7.112.194" port: 41193 } } peers { permanent_uuid: "83883ec966124199a520f1320e7a70d7" member_type: VOTER last_known_addr { host: "127.7.112.195" port: 42673 } }
I20260709 13:00:03.817226  8905 raft_consensus.cc:359] T 6b4a05411e074f0f8af2b8bbb4397e45 P 83883ec966124199a520f1320e7a70d7 [term 0 FOLLOWER]: Replica starting. Triggering 0 pending ops. Active config: opid_index: -1 OBSOLETE_local: false peers { permanent_uuid: "1fad12fb1f984b4e82fa4a2a2b837475" member_type: VOTER last_known_addr { host: "127.7.112.193" port: 35693 } } peers { permanent_uuid: "3e5eb797f9a14875b88b23de9adc3d1e" member_type: VOTER last_known_addr { host: "127.7.112.194" port: 41193 } } peers { permanent_uuid: "83883ec966124199a520f1320e7a70d7" member_type: VOTER last_known_addr { host: "127.7.112.195" port: 42673 } }
I20260709 13:00:03.822077  8905 raft_consensus.cc:385] T 6b4a05411e074f0f8af2b8bbb4397e45 P 83883ec966124199a520f1320e7a70d7 [term 0 FOLLOWER]: Consensus starting up: Expiring failure detector timer to make a prompt election more likely
I20260709 13:00:03.822481  8905 raft_consensus.cc:740] T 6b4a05411e074f0f8af2b8bbb4397e45 P 83883ec966124199a520f1320e7a70d7 [term 0 FOLLOWER]: Becoming Follower/Learner. State: Replica: 83883ec966124199a520f1320e7a70d7, State: Initialized, Role: FOLLOWER
I20260709 13:00:03.823055  8905 consensus_queue.cc:260] T 6b4a05411e074f0f8af2b8bbb4397e45 P 83883ec966124199a520f1320e7a70d7 [NON_LEADER]: Queue going to NON_LEADER mode. State: All replicated index: 0, Majority replicated index: 0, Committed index: 0, Last appended: 0.0, Last appended by leader: 0, Current term: 0, Majority size: -1, State: 0, Mode: NON_LEADER, active raft config: opid_index: -1 OBSOLETE_local: false peers { permanent_uuid: "1fad12fb1f984b4e82fa4a2a2b837475" member_type: VOTER last_known_addr { host: "127.7.112.193" port: 35693 } } peers { permanent_uuid: "3e5eb797f9a14875b88b23de9adc3d1e" member_type: VOTER last_known_addr { host: "127.7.112.194" port: 41193 } } peers { permanent_uuid: "83883ec966124199a520f1320e7a70d7" member_type: VOTER last_known_addr { host: "127.7.112.195" port: 42673 } }
I20260709 13:00:03.826299  8863 tablet_service.cc:1917] Received RequestConsensusVote() RPC: tablet_id: "70fa614288834c79a2399efae70420e0" candidate_uuid: "1fad12fb1f984b4e82fa4a2a2b837475" candidate_term: 1 candidate_status { last_received { term: 0 index: 0 } } ignore_live_leader: false dest_uuid: "83883ec966124199a520f1320e7a70d7" is_pre_election: true
I20260709 13:00:03.827623  8958 leader_election.cc:290] T bab0e2ec4fde49e884487b1bbc716113 P 3e5eb797f9a14875b88b23de9adc3d1e [CANDIDATE]: Term 1 pre-election: Requested pre-vote from peers 1fad12fb1f984b4e82fa4a2a2b837475 (127.7.112.193:35693), 83883ec966124199a520f1320e7a70d7 (127.7.112.195:42673)
I20260709 13:00:03.828377  8865 tablet_service.cc:1917] Received RequestConsensusVote() RPC: tablet_id: "7bf3b6212b0043e8b4df3fd86f5665b3" candidate_uuid: "3e5eb797f9a14875b88b23de9adc3d1e" candidate_term: 1 candidate_status { last_received { term: 0 index: 0 } } ignore_live_leader: false dest_uuid: "83883ec966124199a520f1320e7a70d7" is_pre_election: true
I20260709 13:00:03.829203  8790 tablet_service.cc:1917] Received RequestConsensusVote() RPC: tablet_id: "c82aea17f56c4004a240da2ab849fb60" candidate_uuid: "83883ec966124199a520f1320e7a70d7" candidate_term: 1 candidate_status { last_received { term: 0 index: 0 } } ignore_live_leader: false dest_uuid: "3e5eb797f9a14875b88b23de9adc3d1e" is_pre_election: true
W20260709 13:00:03.829607  8754 leader_election.cc:343] T 7bf3b6212b0043e8b4df3fd86f5665b3 P 3e5eb797f9a14875b88b23de9adc3d1e [CANDIDATE]: Term 1 pre-election: Tablet error from VoteRequest() call to peer 83883ec966124199a520f1320e7a70d7 (127.7.112.195:42673): Illegal state: must be running to vote when last-logged opid is not known
I20260709 13:00:03.830202  8865 tablet_service.cc:1917] Received RequestConsensusVote() RPC: tablet_id: "bab0e2ec4fde49e884487b1bbc716113" candidate_uuid: "3e5eb797f9a14875b88b23de9adc3d1e" candidate_term: 1 candidate_status { last_received { term: 0 index: 0 } } ignore_live_leader: false dest_uuid: "83883ec966124199a520f1320e7a70d7" is_pre_election: true
I20260709 13:00:03.830775  8865 raft_consensus.cc:2468] T bab0e2ec4fde49e884487b1bbc716113 P 83883ec966124199a520f1320e7a70d7 [term 0 FOLLOWER]: Leader pre-election vote request: Granting yes vote for candidate 3e5eb797f9a14875b88b23de9adc3d1e in term 0.
I20260709 13:00:03.832499  8831 leader_election.cc:304] T c82aea17f56c4004a240da2ab849fb60 P 83883ec966124199a520f1320e7a70d7 [CANDIDATE]: Term 1 pre-election: Election decided. Result: candidate lost. Election summary: received 3 responses out of 3 voters: 1 yes votes; 2 no votes. yes voters: 83883ec966124199a520f1320e7a70d7; no voters: 1fad12fb1f984b4e82fa4a2a2b837475, 3e5eb797f9a14875b88b23de9adc3d1e
I20260709 13:00:03.833787  9040 raft_consensus.cc:2749] T c82aea17f56c4004a240da2ab849fb60 P 83883ec966124199a520f1320e7a70d7 [term 0 FOLLOWER]: Leader pre-election lost for term 1. Reason: could not achieve majority
I20260709 13:00:03.834396  8905 ts_tablet_manager.cc:1434] T 6b4a05411e074f0f8af2b8bbb4397e45 P 83883ec966124199a520f1320e7a70d7: Time spent starting tablet: real 0.019s	user 0.004s	sys 0.003s
I20260709 13:00:03.835736  8754 leader_election.cc:304] T bab0e2ec4fde49e884487b1bbc716113 P 3e5eb797f9a14875b88b23de9adc3d1e [CANDIDATE]: Term 1 pre-election: Election decided. Result: candidate won. Election summary: received 2 responses out of 3 voters: 2 yes votes; 0 no votes. yes voters: 3e5eb797f9a14875b88b23de9adc3d1e, 83883ec966124199a520f1320e7a70d7; no voters: 
I20260709 13:00:03.836428  8906 raft_consensus.cc:359] T 532e6cbc1a8848c082452346ea2101cc P 3e5eb797f9a14875b88b23de9adc3d1e [term 0 FOLLOWER]: Replica starting. Triggering 0 pending ops. Active config: opid_index: -1 OBSOLETE_local: false peers { permanent_uuid: "1fad12fb1f984b4e82fa4a2a2b837475" member_type: VOTER last_known_addr { host: "127.7.112.193" port: 35693 } } peers { permanent_uuid: "3e5eb797f9a14875b88b23de9adc3d1e" member_type: VOTER last_known_addr { host: "127.7.112.194" port: 41193 } } peers { permanent_uuid: "83883ec966124199a520f1320e7a70d7" member_type: VOTER last_known_addr { host: "127.7.112.195" port: 42673 } }
I20260709 13:00:03.836787  9047 raft_consensus.cc:2804] T bab0e2ec4fde49e884487b1bbc716113 P 3e5eb797f9a14875b88b23de9adc3d1e [term 0 FOLLOWER]: Leader pre-election won for term 1
I20260709 13:00:03.837152  8906 raft_consensus.cc:385] T 532e6cbc1a8848c082452346ea2101cc P 3e5eb797f9a14875b88b23de9adc3d1e [term 0 FOLLOWER]: Consensus starting up: Expiring failure detector timer to make a prompt election more likely
I20260709 13:00:03.837430  9047 raft_consensus.cc:493] T bab0e2ec4fde49e884487b1bbc716113 P 3e5eb797f9a14875b88b23de9adc3d1e [term 0 FOLLOWER]: Starting leader election (no leader contacted us within the election timeout)
I20260709 13:00:03.837513  8906 raft_consensus.cc:740] T 532e6cbc1a8848c082452346ea2101cc P 3e5eb797f9a14875b88b23de9adc3d1e [term 0 FOLLOWER]: Becoming Follower/Learner. State: Replica: 3e5eb797f9a14875b88b23de9adc3d1e, State: Initialized, Role: FOLLOWER
I20260709 13:00:03.837812  9047 raft_consensus.cc:3060] T bab0e2ec4fde49e884487b1bbc716113 P 3e5eb797f9a14875b88b23de9adc3d1e [term 0 FOLLOWER]: Advancing to term 1
I20260709 13:00:03.838349  8906 consensus_queue.cc:260] T 532e6cbc1a8848c082452346ea2101cc P 3e5eb797f9a14875b88b23de9adc3d1e [NON_LEADER]: Queue going to NON_LEADER mode. State: All replicated index: 0, Majority replicated index: 0, Committed index: 0, Last appended: 0.0, Last appended by leader: 0, Current term: 0, Majority size: -1, State: 0, Mode: NON_LEADER, active raft config: opid_index: -1 OBSOLETE_local: false peers { permanent_uuid: "1fad12fb1f984b4e82fa4a2a2b837475" member_type: VOTER last_known_addr { host: "127.7.112.193" port: 35693 } } peers { permanent_uuid: "3e5eb797f9a14875b88b23de9adc3d1e" member_type: VOTER last_known_addr { host: "127.7.112.194" port: 41193 } } peers { permanent_uuid: "83883ec966124199a520f1320e7a70d7" member_type: VOTER last_known_addr { host: "127.7.112.195" port: 42673 } }
I20260709 13:00:03.838752  8908 tablet_bootstrap.cc:492] T 7bf3b6212b0043e8b4df3fd86f5665b3 P 1fad12fb1f984b4e82fa4a2a2b837475: No bootstrap required, opened a new log
I20260709 13:00:03.836421  8905 tablet_bootstrap.cc:492] T fe356bab7e284b2db37450a4200a1b52 P 83883ec966124199a520f1320e7a70d7: Bootstrap starting.
I20260709 13:00:03.807804  9044 raft_consensus.cc:515] T 5fe90bfe504b4f47b3c2848e033901e9 P 1fad12fb1f984b4e82fa4a2a2b837475 [term 0 FOLLOWER]: Starting pre-election with config: opid_index: -1 OBSOLETE_local: false peers { permanent_uuid: "1fad12fb1f984b4e82fa4a2a2b837475" member_type: VOTER last_known_addr { host: "127.7.112.193" port: 35693 } } peers { permanent_uuid: "3e5eb797f9a14875b88b23de9adc3d1e" member_type: VOTER last_known_addr { host: "127.7.112.194" port: 41193 } } peers { permanent_uuid: "83883ec966124199a520f1320e7a70d7" member_type: VOTER last_known_addr { host: "127.7.112.195" port: 42673 } }
I20260709 13:00:03.840107  8908 ts_tablet_manager.cc:1403] T 7bf3b6212b0043e8b4df3fd86f5665b3 P 1fad12fb1f984b4e82fa4a2a2b837475: Time spent bootstrapping tablet: real 0.200s	user 0.043s	sys 0.037s
I20260709 13:00:03.846361  8906 ts_tablet_manager.cc:1434] T 532e6cbc1a8848c082452346ea2101cc P 3e5eb797f9a14875b88b23de9adc3d1e: Time spent starting tablet: real 0.037s	user 0.001s	sys 0.005s
I20260709 13:00:03.847179  8906 tablet_bootstrap.cc:492] T 6b4a05411e074f0f8af2b8bbb4397e45 P 3e5eb797f9a14875b88b23de9adc3d1e: Bootstrap starting.
I20260709 13:00:03.853899  9047 raft_consensus.cc:515] T bab0e2ec4fde49e884487b1bbc716113 P 3e5eb797f9a14875b88b23de9adc3d1e [term 1 FOLLOWER]: Starting leader election with config: opid_index: -1 OBSOLETE_local: false peers { permanent_uuid: "1fad12fb1f984b4e82fa4a2a2b837475" member_type: VOTER last_known_addr { host: "127.7.112.193" port: 35693 } } peers { permanent_uuid: "3e5eb797f9a14875b88b23de9adc3d1e" member_type: VOTER last_known_addr { host: "127.7.112.194" port: 41193 } } peers { permanent_uuid: "83883ec966124199a520f1320e7a70d7" member_type: VOTER last_known_addr { host: "127.7.112.195" port: 42673 } }
I20260709 13:00:03.854466  8920 raft_consensus.cc:493] T 8b05a088cb104d84ba583266c8625563 P 83883ec966124199a520f1320e7a70d7 [term 0 FOLLOWER]: Starting pre-election (no leader contacted us within the election timeout)
I20260709 13:00:03.844892  9041 raft_consensus.cc:493] T 8b05a088cb104d84ba583266c8625563 P 1fad12fb1f984b4e82fa4a2a2b837475 [term 0 FOLLOWER]: Starting pre-election (no leader contacted us within the election timeout)
I20260709 13:00:03.855361  8920 raft_consensus.cc:515] T 8b05a088cb104d84ba583266c8625563 P 83883ec966124199a520f1320e7a70d7 [term 0 FOLLOWER]: Starting pre-election with config: opid_index: -1 OBSOLETE_local: false peers { permanent_uuid: "1fad12fb1f984b4e82fa4a2a2b837475" member_type: VOTER last_known_addr { host: "127.7.112.193" port: 35693 } } peers { permanent_uuid: "3e5eb797f9a14875b88b23de9adc3d1e" member_type: VOTER last_known_addr { host: "127.7.112.194" port: 41193 } } peers { permanent_uuid: "83883ec966124199a520f1320e7a70d7" member_type: VOTER last_known_addr { host: "127.7.112.195" port: 42673 } }
I20260709 13:00:03.855891  9041 raft_consensus.cc:515] T 8b05a088cb104d84ba583266c8625563 P 1fad12fb1f984b4e82fa4a2a2b837475 [term 0 FOLLOWER]: Starting pre-election with config: opid_index: -1 OBSOLETE_local: false peers { permanent_uuid: "1fad12fb1f984b4e82fa4a2a2b837475" member_type: VOTER last_known_addr { host: "127.7.112.193" port: 35693 } } peers { permanent_uuid: "3e5eb797f9a14875b88b23de9adc3d1e" member_type: VOTER last_known_addr { host: "127.7.112.194" port: 41193 } } peers { permanent_uuid: "83883ec966124199a520f1320e7a70d7" member_type: VOTER last_known_addr { host: "127.7.112.195" port: 42673 } }
I20260709 13:00:03.857354  8920 leader_election.cc:290] T 8b05a088cb104d84ba583266c8625563 P 83883ec966124199a520f1320e7a70d7 [CANDIDATE]: Term 1 pre-election: Requested pre-vote from peers 1fad12fb1f984b4e82fa4a2a2b837475 (127.7.112.193:35693), 3e5eb797f9a14875b88b23de9adc3d1e (127.7.112.194:41193)
I20260709 13:00:03.859347  8789 tablet_service.cc:1917] Received RequestConsensusVote() RPC: tablet_id: "70fa614288834c79a2399efae70420e0" candidate_uuid: "1fad12fb1f984b4e82fa4a2a2b837475" candidate_term: 1 candidate_status { last_received { term: 0 index: 0 } } ignore_live_leader: false dest_uuid: "3e5eb797f9a14875b88b23de9adc3d1e" is_pre_election: true
I20260709 13:00:03.861173  8789 raft_consensus.cc:2468] T 70fa614288834c79a2399efae70420e0 P 3e5eb797f9a14875b88b23de9adc3d1e [term 0 FOLLOWER]: Leader pre-election vote request: Granting yes vote for candidate 1fad12fb1f984b4e82fa4a2a2b837475 in term 0.
W20260709 13:00:03.863586  8679 leader_election.cc:343] T 70fa614288834c79a2399efae70420e0 P 1fad12fb1f984b4e82fa4a2a2b837475 [CANDIDATE]: Term 1 pre-election: Tablet error from VoteRequest() call to peer 83883ec966124199a520f1320e7a70d7 (127.7.112.195:42673): Illegal state: must be running to vote when last-logged opid is not known
I20260709 13:00:03.864804  8713 tablet_service.cc:1917] Received RequestConsensusVote() RPC: tablet_id: "8b05a088cb104d84ba583266c8625563" candidate_uuid: "83883ec966124199a520f1320e7a70d7" candidate_term: 1 candidate_status { last_received { term: 0 index: 0 } } ignore_live_leader: false dest_uuid: "1fad12fb1f984b4e82fa4a2a2b837475" is_pre_election: true
I20260709 13:00:03.864976  8712 tablet_service.cc:1917] Received RequestConsensusVote() RPC: tablet_id: "7bf3b6212b0043e8b4df3fd86f5665b3" candidate_uuid: "3e5eb797f9a14875b88b23de9adc3d1e" candidate_term: 1 candidate_status { last_received { term: 0 index: 0 } } ignore_live_leader: false dest_uuid: "1fad12fb1f984b4e82fa4a2a2b837475" is_pre_election: true
I20260709 13:00:03.865253  8714 tablet_service.cc:1917] Received RequestConsensusVote() RPC: tablet_id: "bab0e2ec4fde49e884487b1bbc716113" candidate_uuid: "3e5eb797f9a14875b88b23de9adc3d1e" candidate_term: 1 candidate_status { last_received { term: 0 index: 0 } } ignore_live_leader: false dest_uuid: "1fad12fb1f984b4e82fa4a2a2b837475" is_pre_election: true
I20260709 13:00:03.868625  8791 tablet_service.cc:1917] Received RequestConsensusVote() RPC: tablet_id: "8b05a088cb104d84ba583266c8625563" candidate_uuid: "83883ec966124199a520f1320e7a70d7" candidate_term: 1 candidate_status { last_received { term: 0 index: 0 } } ignore_live_leader: false dest_uuid: "3e5eb797f9a14875b88b23de9adc3d1e" is_pre_election: true
I20260709 13:00:03.871384  8682 leader_election.cc:304] T 70fa614288834c79a2399efae70420e0 P 1fad12fb1f984b4e82fa4a2a2b837475 [CANDIDATE]: Term 1 pre-election: Election decided. Result: candidate won. Election summary: received 3 responses out of 3 voters: 2 yes votes; 1 no votes. yes voters: 1fad12fb1f984b4e82fa4a2a2b837475, 3e5eb797f9a14875b88b23de9adc3d1e; no voters: 83883ec966124199a520f1320e7a70d7
W20260709 13:00:03.870921  8755 leader_election.cc:343] T bab0e2ec4fde49e884487b1bbc716113 P 3e5eb797f9a14875b88b23de9adc3d1e [CANDIDATE]: Term 1 pre-election: Tablet error from VoteRequest() call to peer 1fad12fb1f984b4e82fa4a2a2b837475 (127.7.112.193:35693): Illegal state: must be running to vote when last-logged opid is not known
I20260709 13:00:03.869683  8791 raft_consensus.cc:2468] T 8b05a088cb104d84ba583266c8625563 P 3e5eb797f9a14875b88b23de9adc3d1e [term 0 FOLLOWER]: Leader pre-election vote request: Granting yes vote for candidate 83883ec966124199a520f1320e7a70d7 in term 0.
I20260709 13:00:03.876087  9044 leader_election.cc:290] T 5fe90bfe504b4f47b3c2848e033901e9 P 1fad12fb1f984b4e82fa4a2a2b837475 [CANDIDATE]: Term 1 pre-election: Requested pre-vote from peers 3e5eb797f9a14875b88b23de9adc3d1e (127.7.112.194:41193), 83883ec966124199a520f1320e7a70d7 (127.7.112.195:42673)
W20260709 13:00:03.877794  8755 leader_election.cc:343] T 7bf3b6212b0043e8b4df3fd86f5665b3 P 3e5eb797f9a14875b88b23de9adc3d1e [CANDIDATE]: Term 1 pre-election: Tablet error from VoteRequest() call to peer 1fad12fb1f984b4e82fa4a2a2b837475 (127.7.112.193:35693): Illegal state: must be running to vote when last-logged opid is not known
I20260709 13:00:03.878162  8755 leader_election.cc:304] T 7bf3b6212b0043e8b4df3fd86f5665b3 P 3e5eb797f9a14875b88b23de9adc3d1e [CANDIDATE]: Term 1 pre-election: Election decided. Result: candidate lost. Election summary: received 3 responses out of 3 voters: 1 yes votes; 2 no votes. yes voters: 3e5eb797f9a14875b88b23de9adc3d1e; no voters: 1fad12fb1f984b4e82fa4a2a2b837475, 83883ec966124199a520f1320e7a70d7
I20260709 13:00:03.868239  8713 raft_consensus.cc:2468] T 8b05a088cb104d84ba583266c8625563 P 1fad12fb1f984b4e82fa4a2a2b837475 [term 0 FOLLOWER]: Leader pre-election vote request: Granting yes vote for candidate 83883ec966124199a520f1320e7a70d7 in term 0.
I20260709 13:00:03.877308  9117 raft_consensus.cc:2804] T 70fa614288834c79a2399efae70420e0 P 1fad12fb1f984b4e82fa4a2a2b837475 [term 0 FOLLOWER]: Leader pre-election won for term 1
I20260709 13:00:03.880555  8947 raft_consensus.cc:2749] T 7bf3b6212b0043e8b4df3fd86f5665b3 P 3e5eb797f9a14875b88b23de9adc3d1e [term 0 FOLLOWER]: Leader pre-election lost for term 1. Reason: could not achieve majority
I20260709 13:00:03.881961  8831 leader_election.cc:304] T 8b05a088cb104d84ba583266c8625563 P 83883ec966124199a520f1320e7a70d7 [CANDIDATE]: Term 1 pre-election: Election decided. Result: candidate won. Election summary: received 2 responses out of 3 voters: 2 yes votes; 0 no votes. yes voters: 3e5eb797f9a14875b88b23de9adc3d1e, 83883ec966124199a520f1320e7a70d7; no voters: 
I20260709 13:00:03.881986  9117 raft_consensus.cc:493] T 70fa614288834c79a2399efae70420e0 P 1fad12fb1f984b4e82fa4a2a2b837475 [term 0 FOLLOWER]: Starting leader election (no leader contacted us within the election timeout)
I20260709 13:00:03.882879  9117 raft_consensus.cc:3060] T 70fa614288834c79a2399efae70420e0 P 1fad12fb1f984b4e82fa4a2a2b837475 [term 0 FOLLOWER]: Advancing to term 1
I20260709 13:00:03.883634  8908 raft_consensus.cc:359] T 7bf3b6212b0043e8b4df3fd86f5665b3 P 1fad12fb1f984b4e82fa4a2a2b837475 [term 0 FOLLOWER]: Replica starting. Triggering 0 pending ops. Active config: opid_index: -1 OBSOLETE_local: false peers { permanent_uuid: "1fad12fb1f984b4e82fa4a2a2b837475" member_type: VOTER last_known_addr { host: "127.7.112.193" port: 35693 } } peers { permanent_uuid: "3e5eb797f9a14875b88b23de9adc3d1e" member_type: VOTER last_known_addr { host: "127.7.112.194" port: 41193 } } peers { permanent_uuid: "83883ec966124199a520f1320e7a70d7" member_type: VOTER last_known_addr { host: "127.7.112.195" port: 42673 } }
I20260709 13:00:03.884980  9118 raft_consensus.cc:493] T d259e21342c84a8d8b88c4a5b7d86c8e P 1fad12fb1f984b4e82fa4a2a2b837475 [term 0 FOLLOWER]: Starting pre-election (no leader contacted us within the election timeout)
I20260709 13:00:03.885356  9118 raft_consensus.cc:515] T d259e21342c84a8d8b88c4a5b7d86c8e P 1fad12fb1f984b4e82fa4a2a2b837475 [term 0 FOLLOWER]: Starting pre-election with config: opid_index: -1 OBSOLETE_local: false peers { permanent_uuid: "1fad12fb1f984b4e82fa4a2a2b837475" member_type: VOTER last_known_addr { host: "127.7.112.193" port: 35693 } } peers { permanent_uuid: "3e5eb797f9a14875b88b23de9adc3d1e" member_type: VOTER last_known_addr { host: "127.7.112.194" port: 41193 } } peers { permanent_uuid: "83883ec966124199a520f1320e7a70d7" member_type: VOTER last_known_addr { host: "127.7.112.195" port: 42673 } }
I20260709 13:00:03.885543  9041 leader_election.cc:290] T 8b05a088cb104d84ba583266c8625563 P 1fad12fb1f984b4e82fa4a2a2b837475 [CANDIDATE]: Term 1 pre-election: Requested pre-vote from peers 3e5eb797f9a14875b88b23de9adc3d1e (127.7.112.194:41193), 83883ec966124199a520f1320e7a70d7 (127.7.112.195:42673)
