I20260709 13:00:41.117352  2051 consensus_queue.cc:237] T 3859465e4cdd471c87406a0a45aaa72b P 3663d6ba67d74ae18aa754600208f91d [LEADER]: Queue going to LEADER mode. State: All replicated index: 0, Majority replicated index: 0, Committed index: 0, Last appended: 0.0, Last appended by leader: 0, Current term: 1, Majority size: 2, State: 0, Mode: LEADER, active raft config: opid_index: -1 OBSOLETE_local: false peers { permanent_uuid: "0044700279844ac186caf439a0270ad0" member_type: VOTER last_known_addr { host: "127.0.107.193" port: 39049 } } peers { permanent_uuid: "3663d6ba67d74ae18aa754600208f91d" member_type: VOTER last_known_addr { host: "127.0.107.194" port: 35285 } } peers { permanent_uuid: "aa816ec804614ecdb162438b32111338" member_type: VOTER last_known_addr { host: "127.0.107.195" port: 44217 } }
I20260709 13:00:41.127502  1743 tablet_bootstrap.cc:654] T d46724e2dc3e4ce7b0e68844492fc740 P aa816ec804614ecdb162438b32111338: Neither blocks nor log segments found. Creating new log.
I20260709 13:00:41.131081  1744 tablet_bootstrap.cc:654] T 8c5bd48c82b743d4a9343a201d7e5d0f P 0044700279844ac186caf439a0270ad0: Neither blocks nor log segments found. Creating new log.
W20260709 13:00:41.134542  1500 auto_rebalancer.cc:288] Could not retrieve cluster info: Service unavailable: Tablet not running
W20260709 13:00:41.136926  1593 consensus_peers.cc:597] T d46724e2dc3e4ce7b0e68844492fc740 P 3663d6ba67d74ae18aa754600208f91d -> Peer aa816ec804614ecdb162438b32111338 (127.0.107.195:44217): Couldn't send request to peer aa816ec804614ecdb162438b32111338. Error code: TABLET_NOT_RUNNING (12). Status: Illegal state: Tablet not RUNNING: BOOTSTRAPPING. This is attempt 1: this message will repeat every 5th retry.
I20260709 13:00:41.141611  1744 tablet_bootstrap.cc:492] T 8c5bd48c82b743d4a9343a201d7e5d0f P 0044700279844ac186caf439a0270ad0: No bootstrap required, opened a new log
I20260709 13:00:41.141215  1745 tablet_bootstrap.cc:492] T a11fd171a9574636966753156cbba7d1 P 3663d6ba67d74ae18aa754600208f91d: No bootstrap required, opened a new log
I20260709 13:00:41.142160  1744 ts_tablet_manager.cc:1403] T 8c5bd48c82b743d4a9343a201d7e5d0f P 0044700279844ac186caf439a0270ad0: Time spent bootstrapping tablet: real 0.039s	user 0.004s	sys 0.012s
I20260709 13:00:41.142179  1745 ts_tablet_manager.cc:1403] T a11fd171a9574636966753156cbba7d1 P 3663d6ba67d74ae18aa754600208f91d: Time spent bootstrapping tablet: real 0.141s	user 0.010s	sys 0.006s
I20260709 13:00:41.145496  1744 raft_consensus.cc:359] T 8c5bd48c82b743d4a9343a201d7e5d0f P 0044700279844ac186caf439a0270ad0 [term 0 FOLLOWER]: Replica starting. Triggering 0 pending ops. Active config: opid_index: -1 OBSOLETE_local: false peers { permanent_uuid: "0044700279844ac186caf439a0270ad0" member_type: VOTER last_known_addr { host: "127.0.107.193" port: 39049 } } peers { permanent_uuid: "3663d6ba67d74ae18aa754600208f91d" member_type: VOTER last_known_addr { host: "127.0.107.194" port: 35285 } } peers { permanent_uuid: "aa816ec804614ecdb162438b32111338" member_type: VOTER last_known_addr { host: "127.0.107.195" port: 44217 } }
I20260709 13:00:41.146322  1744 raft_consensus.cc:385] T 8c5bd48c82b743d4a9343a201d7e5d0f P 0044700279844ac186caf439a0270ad0 [term 0 FOLLOWER]: Consensus starting up: Expiring failure detector timer to make a prompt election more likely
I20260709 13:00:41.148038  1744 raft_consensus.cc:740] T 8c5bd48c82b743d4a9343a201d7e5d0f P 0044700279844ac186caf439a0270ad0 [term 0 FOLLOWER]: Becoming Follower/Learner. State: Replica: 0044700279844ac186caf439a0270ad0, State: Initialized, Role: FOLLOWER
I20260709 13:00:41.146028  1745 raft_consensus.cc:359] T a11fd171a9574636966753156cbba7d1 P 3663d6ba67d74ae18aa754600208f91d [term 0 FOLLOWER]: Replica starting. Triggering 0 pending ops. Active config: opid_index: -1 OBSOLETE_local: false peers { permanent_uuid: "0044700279844ac186caf439a0270ad0" member_type: VOTER last_known_addr { host: "127.0.107.193" port: 39049 } } peers { permanent_uuid: "3663d6ba67d74ae18aa754600208f91d" member_type: VOTER last_known_addr { host: "127.0.107.194" port: 35285 } } peers { permanent_uuid: "aa816ec804614ecdb162438b32111338" member_type: VOTER last_known_addr { host: "127.0.107.195" port: 44217 } }
I20260709 13:00:41.148749  1744 consensus_queue.cc:260] T 8c5bd48c82b743d4a9343a201d7e5d0f P 0044700279844ac186caf439a0270ad0 [NON_LEADER]: Queue going to NON_LEADER mode. State: All replicated index: 0, Majority replicated index: 0, Committed index: 0, Last appended: 0.0, Last appended by leader: 0, Current term: 0, Majority size: -1, State: 0, Mode: NON_LEADER, active raft config: opid_index: -1 OBSOLETE_local: false peers { permanent_uuid: "0044700279844ac186caf439a0270ad0" member_type: VOTER last_known_addr { host: "127.0.107.193" port: 39049 } } peers { permanent_uuid: "3663d6ba67d74ae18aa754600208f91d" member_type: VOTER last_known_addr { host: "127.0.107.194" port: 35285 } } peers { permanent_uuid: "aa816ec804614ecdb162438b32111338" member_type: VOTER last_known_addr { host: "127.0.107.195" port: 44217 } }
I20260709 13:00:41.151161  1744 ts_tablet_manager.cc:1434] T 8c5bd48c82b743d4a9343a201d7e5d0f P 0044700279844ac186caf439a0270ad0: Time spent starting tablet: real 0.008s	user 0.005s	sys 0.000s
I20260709 13:00:41.152320  1744 tablet_bootstrap.cc:492] T cfceb0c90ec544ac8272650bd0a4cb59 P 0044700279844ac186caf439a0270ad0: Bootstrap starting.
I20260709 13:00:41.148550  1745 raft_consensus.cc:385] T a11fd171a9574636966753156cbba7d1 P 3663d6ba67d74ae18aa754600208f91d [term 0 FOLLOWER]: Consensus starting up: Expiring failure detector timer to make a prompt election more likely
I20260709 13:00:41.153088  1745 raft_consensus.cc:740] T a11fd171a9574636966753156cbba7d1 P 3663d6ba67d74ae18aa754600208f91d [term 0 FOLLOWER]: Becoming Follower/Learner. State: Replica: 3663d6ba67d74ae18aa754600208f91d, State: Initialized, Role: FOLLOWER
I20260709 13:00:41.153705  1745 consensus_queue.cc:260] T a11fd171a9574636966753156cbba7d1 P 3663d6ba67d74ae18aa754600208f91d [NON_LEADER]: Queue going to NON_LEADER mode. State: All replicated index: 0, Majority replicated index: 0, Committed index: 0, Last appended: 0.0, Last appended by leader: 0, Current term: 0, Majority size: -1, State: 0, Mode: NON_LEADER, active raft config: opid_index: -1 OBSOLETE_local: false peers { permanent_uuid: "0044700279844ac186caf439a0270ad0" member_type: VOTER last_known_addr { host: "127.0.107.193" port: 39049 } } peers { permanent_uuid: "3663d6ba67d74ae18aa754600208f91d" member_type: VOTER last_known_addr { host: "127.0.107.194" port: 35285 } } peers { permanent_uuid: "aa816ec804614ecdb162438b32111338" member_type: VOTER last_known_addr { host: "127.0.107.195" port: 44217 } }
I20260709 13:00:41.147787  1451 catalog_manager.cc:5697] T 3859465e4cdd471c87406a0a45aaa72b P 3663d6ba67d74ae18aa754600208f91d reported cstate change: term changed from 0 to 1, leader changed from <none> to 3663d6ba67d74ae18aa754600208f91d (127.0.107.194). New cstate: current_term: 1 leader_uuid: "3663d6ba67d74ae18aa754600208f91d" committed_config { opid_index: -1 OBSOLETE_local: false peers { permanent_uuid: "0044700279844ac186caf439a0270ad0" member_type: VOTER last_known_addr { host: "127.0.107.193" port: 39049 } health_report { overall_health: UNKNOWN } } peers { permanent_uuid: "3663d6ba67d74ae18aa754600208f91d" member_type: VOTER last_known_addr { host: "127.0.107.194" port: 35285 } health_report { overall_health: HEALTHY } } peers { permanent_uuid: "aa816ec804614ecdb162438b32111338" member_type: VOTER last_known_addr { host: "127.0.107.195" port: 44217 } health_report { overall_health: UNKNOWN } } }
I20260709 13:00:41.156987  1745 ts_tablet_manager.cc:1434] T a11fd171a9574636966753156cbba7d1 P 3663d6ba67d74ae18aa754600208f91d: Time spent starting tablet: real 0.014s	user 0.008s	sys 0.000s
I20260709 13:00:41.158025  1745 tablet_bootstrap.cc:492] T ae23d1bd62814159a17e5126faae96af P 3663d6ba67d74ae18aa754600208f91d: Bootstrap starting.
I20260709 13:00:41.158360  1744 tablet_bootstrap.cc:654] T cfceb0c90ec544ac8272650bd0a4cb59 P 0044700279844ac186caf439a0270ad0: Neither blocks nor log segments found. Creating new log.
W20260709 13:00:41.165320  1592 consensus_peers.cc:597] T ff328b467b934c76a9b5cdccaf693831 P 3663d6ba67d74ae18aa754600208f91d -> Peer 0044700279844ac186caf439a0270ad0 (127.0.107.193:39049): Couldn't send request to peer 0044700279844ac186caf439a0270ad0. Error code: TABLET_NOT_RUNNING (12). Status: Illegal state: Tablet not RUNNING: INITIALIZED. This is attempt 1: this message will repeat every 5th retry.
I20260709 13:00:41.168432  1745 tablet_bootstrap.cc:654] T ae23d1bd62814159a17e5126faae96af P 3663d6ba67d74ae18aa754600208f91d: Neither blocks nor log segments found. Creating new log.
I20260709 13:00:41.176244  1744 tablet_bootstrap.cc:492] T cfceb0c90ec544ac8272650bd0a4cb59 P 0044700279844ac186caf439a0270ad0: No bootstrap required, opened a new log
I20260709 13:00:41.176700  1744 ts_tablet_manager.cc:1403] T cfceb0c90ec544ac8272650bd0a4cb59 P 0044700279844ac186caf439a0270ad0: Time spent bootstrapping tablet: real 0.025s	user 0.013s	sys 0.003s
I20260709 13:00:41.179430  1744 raft_consensus.cc:359] T cfceb0c90ec544ac8272650bd0a4cb59 P 0044700279844ac186caf439a0270ad0 [term 0 FOLLOWER]: Replica starting. Triggering 0 pending ops. Active config: opid_index: -1 OBSOLETE_local: false peers { permanent_uuid: "0044700279844ac186caf439a0270ad0" member_type: VOTER last_known_addr { host: "127.0.107.193" port: 39049 } } peers { permanent_uuid: "3663d6ba67d74ae18aa754600208f91d" member_type: VOTER last_known_addr { host: "127.0.107.194" port: 35285 } } peers { permanent_uuid: "aa816ec804614ecdb162438b32111338" member_type: VOTER last_known_addr { host: "127.0.107.195" port: 44217 } }
I20260709 13:00:41.180177  1744 raft_consensus.cc:385] T cfceb0c90ec544ac8272650bd0a4cb59 P 0044700279844ac186caf439a0270ad0 [term 0 FOLLOWER]: Consensus starting up: Expiring failure detector timer to make a prompt election more likely
I20260709 13:00:41.180475  1744 raft_consensus.cc:740] T cfceb0c90ec544ac8272650bd0a4cb59 P 0044700279844ac186caf439a0270ad0 [term 0 FOLLOWER]: Becoming Follower/Learner. State: Replica: 0044700279844ac186caf439a0270ad0, State: Initialized, Role: FOLLOWER
I20260709 13:00:41.181357  1744 consensus_queue.cc:260] T cfceb0c90ec544ac8272650bd0a4cb59 P 0044700279844ac186caf439a0270ad0 [NON_LEADER]: Queue going to NON_LEADER mode. State: All replicated index: 0, Majority replicated index: 0, Committed index: 0, Last appended: 0.0, Last appended by leader: 0, Current term: 0, Majority size: -1, State: 0, Mode: NON_LEADER, active raft config: opid_index: -1 OBSOLETE_local: false peers { permanent_uuid: "0044700279844ac186caf439a0270ad0" member_type: VOTER last_known_addr { host: "127.0.107.193" port: 39049 } } peers { permanent_uuid: "3663d6ba67d74ae18aa754600208f91d" member_type: VOTER last_known_addr { host: "127.0.107.194" port: 35285 } } peers { permanent_uuid: "aa816ec804614ecdb162438b32111338" member_type: VOTER last_known_addr { host: "127.0.107.195" port: 44217 } }
I20260709 13:00:41.183563  1744 ts_tablet_manager.cc:1434] T cfceb0c90ec544ac8272650bd0a4cb59 P 0044700279844ac186caf439a0270ad0: Time spent starting tablet: real 0.007s	user 0.005s	sys 0.000s
I20260709 13:00:41.184616  1744 tablet_bootstrap.cc:492] T 3859465e4cdd471c87406a0a45aaa72b P 0044700279844ac186caf439a0270ad0: Bootstrap starting.
I20260709 13:00:41.186307  1846 consensus_queue.cc:1048] T ff328b467b934c76a9b5cdccaf693831 P 3663d6ba67d74ae18aa754600208f91d [LEADER]: Connected to new peer: Peer: permanent_uuid: "aa816ec804614ecdb162438b32111338" member_type: VOTER last_known_addr { host: "127.0.107.195" port: 44217 }, Status: LMP_MISMATCH, Last received: 0.0, Next index: 1, Last known committed idx: 0, Time since last communication: 0.001s
I20260709 13:00:41.189589  2062 raft_consensus.cc:493] T 471a760ba83c452eb23b966e2cab9703 P aa816ec804614ecdb162438b32111338 [term 0 FOLLOWER]: Starting pre-election (no leader contacted us within the election timeout)
I20260709 13:00:41.190537  1744 tablet_bootstrap.cc:654] T 3859465e4cdd471c87406a0a45aaa72b P 0044700279844ac186caf439a0270ad0: Neither blocks nor log segments found. Creating new log.
I20260709 13:00:41.190132  2062 raft_consensus.cc:515] T 471a760ba83c452eb23b966e2cab9703 P aa816ec804614ecdb162438b32111338 [term 0 FOLLOWER]: Starting pre-election with config: opid_index: -1 OBSOLETE_local: false peers { permanent_uuid: "0044700279844ac186caf439a0270ad0" member_type: VOTER last_known_addr { host: "127.0.107.193" port: 39049 } } peers { permanent_uuid: "3663d6ba67d74ae18aa754600208f91d" member_type: VOTER last_known_addr { host: "127.0.107.194" port: 35285 } } peers { permanent_uuid: "aa816ec804614ecdb162438b32111338" member_type: VOTER last_known_addr { host: "127.0.107.195" port: 44217 } }
I20260709 13:00:41.192474  2062 leader_election.cc:290] T 471a760ba83c452eb23b966e2cab9703 P aa816ec804614ecdb162438b32111338 [CANDIDATE]: Term 1 pre-election: Requested pre-vote from peers 0044700279844ac186caf439a0270ad0 (127.0.107.193:39049), 3663d6ba67d74ae18aa754600208f91d (127.0.107.194:35285)
I20260709 13:00:41.194626  1629 tablet_service.cc:1917] Received RequestConsensusVote() RPC: tablet_id: "471a760ba83c452eb23b966e2cab9703" candidate_uuid: "aa816ec804614ecdb162438b32111338" candidate_term: 1 candidate_status { last_received { term: 0 index: 0 } } ignore_live_leader: false dest_uuid: "3663d6ba67d74ae18aa754600208f91d" is_pre_election: true
I20260709 13:00:41.194703  1549 tablet_service.cc:1917] Received RequestConsensusVote() RPC: tablet_id: "471a760ba83c452eb23b966e2cab9703" candidate_uuid: "aa816ec804614ecdb162438b32111338" candidate_term: 1 candidate_status { last_received { term: 0 index: 0 } } ignore_live_leader: false dest_uuid: "0044700279844ac186caf439a0270ad0" is_pre_election: true
W20260709 13:00:41.197508  1666 leader_election.cc:343] T 471a760ba83c452eb23b966e2cab9703 P aa816ec804614ecdb162438b32111338 [CANDIDATE]: Term 1 pre-election: Tablet error from VoteRequest() call to peer 0044700279844ac186caf439a0270ad0 (127.0.107.193:39049): Illegal state: must be running to vote when last-logged opid is not known
W20260709 13:00:41.198397  1667 leader_election.cc:343] T 471a760ba83c452eb23b966e2cab9703 P aa816ec804614ecdb162438b32111338 [CANDIDATE]: Term 1 pre-election: Tablet error from VoteRequest() call to peer 3663d6ba67d74ae18aa754600208f91d (127.0.107.194:35285): Illegal state: must be running to vote when last-logged opid is not known
I20260709 13:00:41.199357  1745 tablet_bootstrap.cc:492] T ae23d1bd62814159a17e5126faae96af P 3663d6ba67d74ae18aa754600208f91d: No bootstrap required, opened a new log
I20260709 13:00:41.200644  1743 tablet_bootstrap.cc:492] T d46724e2dc3e4ce7b0e68844492fc740 P aa816ec804614ecdb162438b32111338: No bootstrap required, opened a new log
I20260709 13:00:41.200537  1667 leader_election.cc:304] T 471a760ba83c452eb23b966e2cab9703 P aa816ec804614ecdb162438b32111338 [CANDIDATE]: Term 1 pre-election: Election decided. Result: candidate lost. Election summary: received 3 responses out of 3 voters: 1 yes votes; 2 no votes. yes voters: aa816ec804614ecdb162438b32111338; no voters: 0044700279844ac186caf439a0270ad0, 3663d6ba67d74ae18aa754600208f91d
I20260709 13:00:41.201253  1906 raft_consensus.cc:2749] T 471a760ba83c452eb23b966e2cab9703 P aa816ec804614ecdb162438b32111338 [term 0 FOLLOWER]: Leader pre-election lost for term 1. Reason: could not achieve majority
I20260709 13:00:41.202558  1743 ts_tablet_manager.cc:1403] T d46724e2dc3e4ce7b0e68844492fc740 P aa816ec804614ecdb162438b32111338: Time spent bootstrapping tablet: real 0.169s	user 0.036s	sys 0.012s
I20260709 13:00:41.210826  1744 tablet_bootstrap.cc:492] T 3859465e4cdd471c87406a0a45aaa72b P 0044700279844ac186caf439a0270ad0: No bootstrap required, opened a new log
I20260709 13:00:41.211310  1744 ts_tablet_manager.cc:1403] T 3859465e4cdd471c87406a0a45aaa72b P 0044700279844ac186caf439a0270ad0: Time spent bootstrapping tablet: real 0.027s	user 0.012s	sys 0.001s
I20260709 13:00:41.211676  1743 raft_consensus.cc:359] T d46724e2dc3e4ce7b0e68844492fc740 P aa816ec804614ecdb162438b32111338 [term 0 FOLLOWER]: Replica starting. Triggering 0 pending ops. Active config: opid_index: -1 OBSOLETE_local: false peers { permanent_uuid: "0044700279844ac186caf439a0270ad0" member_type: VOTER last_known_addr { host: "127.0.107.193" port: 39049 } } peers { permanent_uuid: "3663d6ba67d74ae18aa754600208f91d" member_type: VOTER last_known_addr { host: "127.0.107.194" port: 35285 } } peers { permanent_uuid: "aa816ec804614ecdb162438b32111338" member_type: VOTER last_known_addr { host: "127.0.107.195" port: 44217 } }
I20260709 13:00:41.212524  1743 raft_consensus.cc:385] T d46724e2dc3e4ce7b0e68844492fc740 P aa816ec804614ecdb162438b32111338 [term 0 FOLLOWER]: Consensus starting up: Expiring failure detector timer to make a prompt election more likely
I20260709 13:00:41.212800  1743 raft_consensus.cc:740] T d46724e2dc3e4ce7b0e68844492fc740 P aa816ec804614ecdb162438b32111338 [term 0 FOLLOWER]: Becoming Follower/Learner. State: Replica: aa816ec804614ecdb162438b32111338, State: Initialized, Role: FOLLOWER
I20260709 13:00:41.213702  1743 consensus_queue.cc:260] T d46724e2dc3e4ce7b0e68844492fc740 P aa816ec804614ecdb162438b32111338 [NON_LEADER]: Queue going to NON_LEADER mode. State: All replicated index: 0, Majority replicated index: 0, Committed index: 0, Last appended: 0.0, Last appended by leader: 0, Current term: 0, Majority size: -1, State: 0, Mode: NON_LEADER, active raft config: opid_index: -1 OBSOLETE_local: false peers { permanent_uuid: "0044700279844ac186caf439a0270ad0" member_type: VOTER last_known_addr { host: "127.0.107.193" port: 39049 } } peers { permanent_uuid: "3663d6ba67d74ae18aa754600208f91d" member_type: VOTER last_known_addr { host: "127.0.107.194" port: 35285 } } peers { permanent_uuid: "aa816ec804614ecdb162438b32111338" member_type: VOTER last_known_addr { host: "127.0.107.195" port: 44217 } }
I20260709 13:00:41.214566  1744 raft_consensus.cc:359] T 3859465e4cdd471c87406a0a45aaa72b P 0044700279844ac186caf439a0270ad0 [term 0 FOLLOWER]: Replica starting. Triggering 0 pending ops. Active config: opid_index: -1 OBSOLETE_local: false peers { permanent_uuid: "0044700279844ac186caf439a0270ad0" member_type: VOTER last_known_addr { host: "127.0.107.193" port: 39049 } } peers { permanent_uuid: "3663d6ba67d74ae18aa754600208f91d" member_type: VOTER last_known_addr { host: "127.0.107.194" port: 35285 } } peers { permanent_uuid: "aa816ec804614ecdb162438b32111338" member_type: VOTER last_known_addr { host: "127.0.107.195" port: 44217 } }
I20260709 13:00:41.215270  1744 raft_consensus.cc:385] T 3859465e4cdd471c87406a0a45aaa72b P 0044700279844ac186caf439a0270ad0 [term 0 FOLLOWER]: Consensus starting up: Expiring failure detector timer to make a prompt election more likely
I20260709 13:00:41.215548  1744 raft_consensus.cc:740] T 3859465e4cdd471c87406a0a45aaa72b P 0044700279844ac186caf439a0270ad0 [term 0 FOLLOWER]: Becoming Follower/Learner. State: Replica: 0044700279844ac186caf439a0270ad0, State: Initialized, Role: FOLLOWER
I20260709 13:00:41.199805  1745 ts_tablet_manager.cc:1403] T ae23d1bd62814159a17e5126faae96af P 3663d6ba67d74ae18aa754600208f91d: Time spent bootstrapping tablet: real 0.042s	user 0.007s	sys 0.006s
I20260709 13:00:41.216645  1743 ts_tablet_manager.cc:1434] T d46724e2dc3e4ce7b0e68844492fc740 P aa816ec804614ecdb162438b32111338: Time spent starting tablet: real 0.007s	user 0.006s	sys 0.000s
I20260709 13:00:41.217742  1743 tablet_bootstrap.cc:492] T 47fb4916e44e4581b4e617d80cfdeeb7 P aa816ec804614ecdb162438b32111338: Bootstrap starting.
I20260709 13:00:41.218747  1745 raft_consensus.cc:359] T ae23d1bd62814159a17e5126faae96af P 3663d6ba67d74ae18aa754600208f91d [term 0 FOLLOWER]: Replica starting. Triggering 0 pending ops. Active config: opid_index: -1 OBSOLETE_local: false peers { permanent_uuid: "0044700279844ac186caf439a0270ad0" member_type: VOTER last_known_addr { host: "127.0.107.193" port: 39049 } } peers { permanent_uuid: "3663d6ba67d74ae18aa754600208f91d" member_type: VOTER last_known_addr { host: "127.0.107.194" port: 35285 } } peers { permanent_uuid: "aa816ec804614ecdb162438b32111338" member_type: VOTER last_known_addr { host: "127.0.107.195" port: 44217 } }
I20260709 13:00:41.219424  1745 raft_consensus.cc:385] T ae23d1bd62814159a17e5126faae96af P 3663d6ba67d74ae18aa754600208f91d [term 0 FOLLOWER]: Consensus starting up: Expiring failure detector timer to make a prompt election more likely
I20260709 13:00:41.219683  1745 raft_consensus.cc:740] T ae23d1bd62814159a17e5126faae96af P 3663d6ba67d74ae18aa754600208f91d [term 0 FOLLOWER]: Becoming Follower/Learner. State: Replica: 3663d6ba67d74ae18aa754600208f91d, State: Initialized, Role: FOLLOWER
I20260709 13:00:41.220373  1745 consensus_queue.cc:260] T ae23d1bd62814159a17e5126faae96af P 3663d6ba67d74ae18aa754600208f91d [NON_LEADER]: Queue going to NON_LEADER mode. State: All replicated index: 0, Majority replicated index: 0, Committed index: 0, Last appended: 0.0, Last appended by leader: 0, Current term: 0, Majority size: -1, State: 0, Mode: NON_LEADER, active raft config: opid_index: -1 OBSOLETE_local: false peers { permanent_uuid: "0044700279844ac186caf439a0270ad0" member_type: VOTER last_known_addr { host: "127.0.107.193" port: 39049 } } peers { permanent_uuid: "3663d6ba67d74ae18aa754600208f91d" member_type: VOTER last_known_addr { host: "127.0.107.194" port: 35285 } } peers { permanent_uuid: "aa816ec804614ecdb162438b32111338" member_type: VOTER last_known_addr { host: "127.0.107.195" port: 44217 } }
I20260709 13:00:41.222817  1745 ts_tablet_manager.cc:1434] T ae23d1bd62814159a17e5126faae96af P 3663d6ba67d74ae18aa754600208f91d: Time spent starting tablet: real 0.006s	user 0.004s	sys 0.000s
I20260709 13:00:41.224442  1743 tablet_bootstrap.cc:654] T 47fb4916e44e4581b4e617d80cfdeeb7 P aa816ec804614ecdb162438b32111338: Neither blocks nor log segments found. Creating new log.
I20260709 13:00:41.224723  1745 tablet_bootstrap.cc:492] T 246276c114694add8896f25de70f0dbd P 3663d6ba67d74ae18aa754600208f91d: Bootstrap starting.
I20260709 13:00:41.226727  1744 consensus_queue.cc:260] T 3859465e4cdd471c87406a0a45aaa72b P 0044700279844ac186caf439a0270ad0 [NON_LEADER]: Queue going to NON_LEADER mode. State: All replicated index: 0, Majority replicated index: 0, Committed index: 0, Last appended: 0.0, Last appended by leader: 0, Current term: 0, Majority size: -1, State: 0, Mode: NON_LEADER, active raft config: opid_index: -1 OBSOLETE_local: false peers { permanent_uuid: "0044700279844ac186caf439a0270ad0" member_type: VOTER last_known_addr { host: "127.0.107.193" port: 39049 } } peers { permanent_uuid: "3663d6ba67d74ae18aa754600208f91d" member_type: VOTER last_known_addr { host: "127.0.107.194" port: 35285 } } peers { permanent_uuid: "aa816ec804614ecdb162438b32111338" member_type: VOTER last_known_addr { host: "127.0.107.195" port: 44217 } }
I20260709 13:00:41.235018  1744 ts_tablet_manager.cc:1434] T 3859465e4cdd471c87406a0a45aaa72b P 0044700279844ac186caf439a0270ad0: Time spent starting tablet: real 0.023s	user 0.007s	sys 0.003s
I20260709 13:00:41.240228  1744 tablet_bootstrap.cc:492] T 6d4fbc0fd44940b68a4025758c2a21f5 P 0044700279844ac186caf439a0270ad0: Bootstrap starting.
I20260709 13:00:41.243853  1745 tablet_bootstrap.cc:654] T 246276c114694add8896f25de70f0dbd P 3663d6ba67d74ae18aa754600208f91d: Neither blocks nor log segments found. Creating new log.
I20260709 13:00:41.251503  1744 tablet_bootstrap.cc:654] T 6d4fbc0fd44940b68a4025758c2a21f5 P 0044700279844ac186caf439a0270ad0: Neither blocks nor log segments found. Creating new log.
I20260709 13:00:41.252343  2051 consensus_queue.cc:1048] T d46724e2dc3e4ce7b0e68844492fc740 P 3663d6ba67d74ae18aa754600208f91d [LEADER]: Connected to new peer: Peer: permanent_uuid: "0044700279844ac186caf439a0270ad0" member_type: VOTER last_known_addr { host: "127.0.107.193" port: 39049 }, Status: LMP_MISMATCH, Last received: 0.0, Next index: 1, Last known committed idx: 0, Time since last communication: 0.000s
I20260709 13:00:41.267418  2056 raft_consensus.cc:493] T cfceb0c90ec544ac8272650bd0a4cb59 P 0044700279844ac186caf439a0270ad0 [term 0 FOLLOWER]: Starting pre-election (no leader contacted us within the election timeout)
I20260709 13:00:41.267974  2056 raft_consensus.cc:515] T cfceb0c90ec544ac8272650bd0a4cb59 P 0044700279844ac186caf439a0270ad0 [term 0 FOLLOWER]: Starting pre-election with config: opid_index: -1 OBSOLETE_local: false peers { permanent_uuid: "0044700279844ac186caf439a0270ad0" member_type: VOTER last_known_addr { host: "127.0.107.193" port: 39049 } } peers { permanent_uuid: "3663d6ba67d74ae18aa754600208f91d" member_type: VOTER last_known_addr { host: "127.0.107.194" port: 35285 } } peers { permanent_uuid: "aa816ec804614ecdb162438b32111338" member_type: VOTER last_known_addr { host: "127.0.107.195" port: 44217 } }
I20260709 13:00:41.270222  2056 leader_election.cc:290] T cfceb0c90ec544ac8272650bd0a4cb59 P 0044700279844ac186caf439a0270ad0 [CANDIDATE]: Term 1 pre-election: Requested pre-vote from peers 3663d6ba67d74ae18aa754600208f91d (127.0.107.194:35285), aa816ec804614ecdb162438b32111338 (127.0.107.195:44217)
I20260709 13:00:41.267418  1745 tablet_bootstrap.cc:492] T 246276c114694add8896f25de70f0dbd P 3663d6ba67d74ae18aa754600208f91d: No bootstrap required, opened a new log
I20260709 13:00:41.272375  1626 tablet_service.cc:1917] Received RequestConsensusVote() RPC: tablet_id: "cfceb0c90ec544ac8272650bd0a4cb59" candidate_uuid: "0044700279844ac186caf439a0270ad0" candidate_term: 1 candidate_status { last_received { term: 0 index: 0 } } ignore_live_leader: false dest_uuid: "3663d6ba67d74ae18aa754600208f91d" is_pre_election: true
I20260709 13:00:41.272428  1745 ts_tablet_manager.cc:1403] T 246276c114694add8896f25de70f0dbd P 3663d6ba67d74ae18aa754600208f91d: Time spent bootstrapping tablet: real 0.048s	user 0.016s	sys 0.005s
W20260709 13:00:41.273862  1518 leader_election.cc:343] T cfceb0c90ec544ac8272650bd0a4cb59 P 0044700279844ac186caf439a0270ad0 [CANDIDATE]: Term 1 pre-election: Tablet error from VoteRequest() call to peer 3663d6ba67d74ae18aa754600208f91d (127.0.107.194:35285): Illegal state: must be running to vote when last-logged opid is not known
I20260709 13:00:41.272377  1700 tablet_service.cc:1917] Received RequestConsensusVote() RPC: tablet_id: "cfceb0c90ec544ac8272650bd0a4cb59" candidate_uuid: "0044700279844ac186caf439a0270ad0" candidate_term: 1 candidate_status { last_received { term: 0 index: 0 } } ignore_live_leader: false dest_uuid: "aa816ec804614ecdb162438b32111338" is_pre_election: true
I20260709 13:00:41.275158  1700 raft_consensus.cc:2468] T cfceb0c90ec544ac8272650bd0a4cb59 P aa816ec804614ecdb162438b32111338 [term 0 FOLLOWER]: Leader pre-election vote request: Granting yes vote for candidate 0044700279844ac186caf439a0270ad0 in term 0.
I20260709 13:00:41.276368  1518 leader_election.cc:304] T cfceb0c90ec544ac8272650bd0a4cb59 P 0044700279844ac186caf439a0270ad0 [CANDIDATE]: Term 1 pre-election: Election decided. Result: candidate won. Election summary: received 3 responses out of 3 voters: 2 yes votes; 1 no votes. yes voters: 0044700279844ac186caf439a0270ad0, aa816ec804614ecdb162438b32111338; no voters: 3663d6ba67d74ae18aa754600208f91d
I20260709 13:00:41.277770  2056 raft_consensus.cc:2804] T cfceb0c90ec544ac8272650bd0a4cb59 P 0044700279844ac186caf439a0270ad0 [term 0 FOLLOWER]: Leader pre-election won for term 1
I20260709 13:00:41.278143  2056 raft_consensus.cc:493] T cfceb0c90ec544ac8272650bd0a4cb59 P 0044700279844ac186caf439a0270ad0 [term 0 FOLLOWER]: Starting leader election (no leader contacted us within the election timeout)
I20260709 13:00:41.278510  2056 raft_consensus.cc:3060] T cfceb0c90ec544ac8272650bd0a4cb59 P 0044700279844ac186caf439a0270ad0 [term 0 FOLLOWER]: Advancing to term 1
I20260709 13:00:41.282902  1745 raft_consensus.cc:359] T 246276c114694add8896f25de70f0dbd P 3663d6ba67d74ae18aa754600208f91d [term 0 FOLLOWER]: Replica starting. Triggering 0 pending ops. Active config: opid_index: -1 OBSOLETE_local: false peers { permanent_uuid: "0044700279844ac186caf439a0270ad0" member_type: VOTER last_known_addr { host: "127.0.107.193" port: 39049 } } peers { permanent_uuid: "3663d6ba67d74ae18aa754600208f91d" member_type: VOTER last_known_addr { host: "127.0.107.194" port: 35285 } } peers { permanent_uuid: "aa816ec804614ecdb162438b32111338" member_type: VOTER last_known_addr { host: "127.0.107.195" port: 44217 } }
I20260709 13:00:41.285133  1745 raft_consensus.cc:385] T 246276c114694add8896f25de70f0dbd P 3663d6ba67d74ae18aa754600208f91d [term 0 FOLLOWER]: Consensus starting up: Expiring failure detector timer to make a prompt election more likely
I20260709 13:00:41.285459  1745 raft_consensus.cc:740] T 246276c114694add8896f25de70f0dbd P 3663d6ba67d74ae18aa754600208f91d [term 0 FOLLOWER]: Becoming Follower/Learner. State: Replica: 3663d6ba67d74ae18aa754600208f91d, State: Initialized, Role: FOLLOWER
I20260709 13:00:41.286145  1745 consensus_queue.cc:260] T 246276c114694add8896f25de70f0dbd P 3663d6ba67d74ae18aa754600208f91d [NON_LEADER]: Queue going to NON_LEADER mode. State: All replicated index: 0, Majority replicated index: 0, Committed index: 0, Last appended: 0.0, Last appended by leader: 0, Current term: 0, Majority size: -1, State: 0, Mode: NON_LEADER, active raft config: opid_index: -1 OBSOLETE_local: false peers { permanent_uuid: "0044700279844ac186caf439a0270ad0" member_type: VOTER last_known_addr { host: "127.0.107.193" port: 39049 } } peers { permanent_uuid: "3663d6ba67d74ae18aa754600208f91d" member_type: VOTER last_known_addr { host: "127.0.107.194" port: 35285 } } peers { permanent_uuid: "aa816ec804614ecdb162438b32111338" member_type: VOTER last_known_addr { host: "127.0.107.195" port: 44217 } }
I20260709 13:00:41.286862  1947 raft_consensus.cc:493] T 246276c114694add8896f25de70f0dbd P 3663d6ba67d74ae18aa754600208f91d [term 0 FOLLOWER]: Starting pre-election (no leader contacted us within the election timeout)
I20260709 13:00:41.287325  1947 raft_consensus.cc:515] T 246276c114694add8896f25de70f0dbd P 3663d6ba67d74ae18aa754600208f91d [term 0 FOLLOWER]: Starting pre-election with config: opid_index: -1 OBSOLETE_local: false peers { permanent_uuid: "0044700279844ac186caf439a0270ad0" member_type: VOTER last_known_addr { host: "127.0.107.193" port: 39049 } } peers { permanent_uuid: "3663d6ba67d74ae18aa754600208f91d" member_type: VOTER last_known_addr { host: "127.0.107.194" port: 35285 } } peers { permanent_uuid: "aa816ec804614ecdb162438b32111338" member_type: VOTER last_known_addr { host: "127.0.107.195" port: 44217 } }
I20260709 13:00:41.278474  1743 tablet_bootstrap.cc:492] T 47fb4916e44e4581b4e617d80cfdeeb7 P aa816ec804614ecdb162438b32111338: No bootstrap required, opened a new log
I20260709 13:00:41.288590  1743 ts_tablet_manager.cc:1403] T 47fb4916e44e4581b4e617d80cfdeeb7 P aa816ec804614ecdb162438b32111338: Time spent bootstrapping tablet: real 0.071s	user 0.008s	sys 0.004s
I20260709 13:00:41.290817  1947 leader_election.cc:290] T 246276c114694add8896f25de70f0dbd P 3663d6ba67d74ae18aa754600208f91d [CANDIDATE]: Term 1 pre-election: Requested pre-vote from peers 0044700279844ac186caf439a0270ad0 (127.0.107.193:39049), aa816ec804614ecdb162438b32111338 (127.0.107.195:44217)
I20260709 13:00:41.291261  1743 raft_consensus.cc:359] T 47fb4916e44e4581b4e617d80cfdeeb7 P aa816ec804614ecdb162438b32111338 [term 0 FOLLOWER]: Replica starting. Triggering 0 pending ops. Active config: opid_index: -1 OBSOLETE_local: false peers { permanent_uuid: "0044700279844ac186caf439a0270ad0" member_type: VOTER last_known_addr { host: "127.0.107.193" port: 39049 } } peers { permanent_uuid: "3663d6ba67d74ae18aa754600208f91d" member_type: VOTER last_known_addr { host: "127.0.107.194" port: 35285 } } peers { permanent_uuid: "aa816ec804614ecdb162438b32111338" member_type: VOTER last_known_addr { host: "127.0.107.195" port: 44217 } }
I20260709 13:00:41.291785  1700 tablet_service.cc:1917] Received RequestConsensusVote() RPC: tablet_id: "246276c114694add8896f25de70f0dbd" candidate_uuid: "3663d6ba67d74ae18aa754600208f91d" candidate_term: 1 candidate_status { last_received { term: 0 index: 0 } } ignore_live_leader: false dest_uuid: "aa816ec804614ecdb162438b32111338" is_pre_election: true
I20260709 13:00:41.292466  1700 raft_consensus.cc:2468] T 246276c114694add8896f25de70f0dbd P aa816ec804614ecdb162438b32111338 [term 0 FOLLOWER]: Leader pre-election vote request: Granting yes vote for candidate 3663d6ba67d74ae18aa754600208f91d in term 0.
I20260709 13:00:41.293143  1549 tablet_service.cc:1917] Received RequestConsensusVote() RPC: tablet_id: "246276c114694add8896f25de70f0dbd" candidate_uuid: "3663d6ba67d74ae18aa754600208f91d" candidate_term: 1 candidate_status { last_received { term: 0 index: 0 } } ignore_live_leader: false dest_uuid: "0044700279844ac186caf439a0270ad0" is_pre_election: true
I20260709 13:00:41.293953  1593 leader_election.cc:304] T 246276c114694add8896f25de70f0dbd P 3663d6ba67d74ae18aa754600208f91d [CANDIDATE]: Term 1 pre-election: Election decided. Result: candidate won. Election summary: received 2 responses out of 3 voters: 2 yes votes; 0 no votes. yes voters: 3663d6ba67d74ae18aa754600208f91d, aa816ec804614ecdb162438b32111338; no voters: 
W20260709 13:00:41.294581  1592 leader_election.cc:343] T 246276c114694add8896f25de70f0dbd P 3663d6ba67d74ae18aa754600208f91d [CANDIDATE]: Term 1 pre-election: Tablet error from VoteRequest() call to peer 0044700279844ac186caf439a0270ad0 (127.0.107.193:39049): Illegal state: must be running to vote when last-logged opid is not known
I20260709 13:00:41.294797  1947 raft_consensus.cc:2804] T 246276c114694add8896f25de70f0dbd P 3663d6ba67d74ae18aa754600208f91d [term 0 FOLLOWER]: Leader pre-election won for term 1
I20260709 13:00:41.295275  1947 raft_consensus.cc:493] T 246276c114694add8896f25de70f0dbd P 3663d6ba67d74ae18aa754600208f91d [term 0 FOLLOWER]: Starting leader election (no leader contacted us within the election timeout)
I20260709 13:00:41.295642  1947 raft_consensus.cc:3060] T 246276c114694add8896f25de70f0dbd P 3663d6ba67d74ae18aa754600208f91d [term 0 FOLLOWER]: Advancing to term 1
I20260709 13:00:41.297613  2056 raft_consensus.cc:515] T cfceb0c90ec544ac8272650bd0a4cb59 P 0044700279844ac186caf439a0270ad0 [term 1 FOLLOWER]: Starting leader election with config: opid_index: -1 OBSOLETE_local: false peers { permanent_uuid: "0044700279844ac186caf439a0270ad0" member_type: VOTER last_known_addr { host: "127.0.107.193" port: 39049 } } peers { permanent_uuid: "3663d6ba67d74ae18aa754600208f91d" member_type: VOTER last_known_addr { host: "127.0.107.194" port: 35285 } } peers { permanent_uuid: "aa816ec804614ecdb162438b32111338" member_type: VOTER last_known_addr { host: "127.0.107.195" port: 44217 } }
I20260709 13:00:41.300359  1629 tablet_service.cc:1917] Received RequestConsensusVote() RPC: tablet_id: "cfceb0c90ec544ac8272650bd0a4cb59" candidate_uuid: "0044700279844ac186caf439a0270ad0" candidate_term: 1 candidate_status { last_received { term: 0 index: 0 } } ignore_live_leader: false dest_uuid: "3663d6ba67d74ae18aa754600208f91d"
W20260709 13:00:41.301750  1518 leader_election.cc:343] T cfceb0c90ec544ac8272650bd0a4cb59 P 0044700279844ac186caf439a0270ad0 [CANDIDATE]: Term 1 election: Tablet error from VoteRequest() call to peer 3663d6ba67d74ae18aa754600208f91d (127.0.107.194:35285): Illegal state: must be running to vote when last-logged opid is not known
I20260709 13:00:41.291970  1743 raft_consensus.cc:385] T 47fb4916e44e4581b4e617d80cfdeeb7 P aa816ec804614ecdb162438b32111338 [term 0 FOLLOWER]: Consensus starting up: Expiring failure detector timer to make a prompt election more likely
I20260709 13:00:41.304188  1743 raft_consensus.cc:740] T 47fb4916e44e4581b4e617d80cfdeeb7 P aa816ec804614ecdb162438b32111338 [term 0 FOLLOWER]: Becoming Follower/Learner. State: Replica: aa816ec804614ecdb162438b32111338, State: Initialized, Role: FOLLOWER
I20260709 13:00:41.303911  1947 raft_consensus.cc:515] T 246276c114694add8896f25de70f0dbd P 3663d6ba67d74ae18aa754600208f91d [term 1 FOLLOWER]: Starting leader election with config: opid_index: -1 OBSOLETE_local: false peers { permanent_uuid: "0044700279844ac186caf439a0270ad0" member_type: VOTER last_known_addr { host: "127.0.107.193" port: 39049 } } peers { permanent_uuid: "3663d6ba67d74ae18aa754600208f91d" member_type: VOTER last_known_addr { host: "127.0.107.194" port: 35285 } } peers { permanent_uuid: "aa816ec804614ecdb162438b32111338" member_type: VOTER last_known_addr { host: "127.0.107.195" port: 44217 } }
I20260709 13:00:41.304672  1745 ts_tablet_manager.cc:1434] T 246276c114694add8896f25de70f0dbd P 3663d6ba67d74ae18aa754600208f91d: Time spent starting tablet: real 0.031s	user 0.005s	sys 0.002s
I20260709 13:00:41.305688  1745 tablet_bootstrap.cc:492] T 6d4fbc0fd44940b68a4025758c2a21f5 P 3663d6ba67d74ae18aa754600208f91d: Bootstrap starting.
I20260709 13:00:41.306802  1700 tablet_service.cc:1917] Received RequestConsensusVote() RPC: tablet_id: "cfceb0c90ec544ac8272650bd0a4cb59" candidate_uuid: "0044700279844ac186caf439a0270ad0" candidate_term: 1 candidate_status { last_received { term: 0 index: 0 } } ignore_live_leader: false dest_uuid: "aa816ec804614ecdb162438b32111338"
I20260709 13:00:41.307420  1700 raft_consensus.cc:3060] T cfceb0c90ec544ac8272650bd0a4cb59 P aa816ec804614ecdb162438b32111338 [term 0 FOLLOWER]: Advancing to term 1
I20260709 13:00:41.308646  1549 tablet_service.cc:1917] Received RequestConsensusVote() RPC: tablet_id: "246276c114694add8896f25de70f0dbd" candidate_uuid: "3663d6ba67d74ae18aa754600208f91d" candidate_term: 1 candidate_status { last_received { term: 0 index: 0 } } ignore_live_leader: false dest_uuid: "0044700279844ac186caf439a0270ad0"
I20260709 13:00:41.311338  1745 tablet_bootstrap.cc:654] T 6d4fbc0fd44940b68a4025758c2a21f5 P 3663d6ba67d74ae18aa754600208f91d: Neither blocks nor log segments found. Creating new log.
I20260709 13:00:41.312520  2053 raft_consensus.cc:493] T ae23d1bd62814159a17e5126faae96af P 3663d6ba67d74ae18aa754600208f91d [term 0 FOLLOWER]: Starting pre-election (no leader contacted us within the election timeout)
W20260709 13:00:41.312606  1592 leader_election.cc:343] T 246276c114694add8896f25de70f0dbd P 3663d6ba67d74ae18aa754600208f91d [CANDIDATE]: Term 1 election: Tablet error from VoteRequest() call to peer 0044700279844ac186caf439a0270ad0 (127.0.107.193:39049): Illegal state: must be running to vote when last-logged opid is not known
I20260709 13:00:41.313092  2053 raft_consensus.cc:515] T ae23d1bd62814159a17e5126faae96af P 3663d6ba67d74ae18aa754600208f91d [term 0 FOLLOWER]: Starting pre-election with config: opid_index: -1 OBSOLETE_local: false peers { permanent_uuid: "0044700279844ac186caf439a0270ad0" member_type: VOTER last_known_addr { host: "127.0.107.193" port: 39049 } } peers { permanent_uuid: "3663d6ba67d74ae18aa754600208f91d" member_type: VOTER last_known_addr { host: "127.0.107.194" port: 35285 } } peers { permanent_uuid: "aa816ec804614ecdb162438b32111338" member_type: VOTER last_known_addr { host: "127.0.107.195" port: 44217 } }
I20260709 13:00:41.314036  1744 tablet_bootstrap.cc:492] T 6d4fbc0fd44940b68a4025758c2a21f5 P 0044700279844ac186caf439a0270ad0: No bootstrap required, opened a new log
I20260709 13:00:41.314522  1744 ts_tablet_manager.cc:1403] T 6d4fbc0fd44940b68a4025758c2a21f5 P 0044700279844ac186caf439a0270ad0: Time spent bootstrapping tablet: real 0.075s	user 0.019s	sys 0.011s
I20260709 13:00:41.314785  1701 tablet_service.cc:1917] Received RequestConsensusVote() RPC: tablet_id: "246276c114694add8896f25de70f0dbd" candidate_uuid: "3663d6ba67d74ae18aa754600208f91d" candidate_term: 1 candidate_status { last_received { term: 0 index: 0 } } ignore_live_leader: false dest_uuid: "aa816ec804614ecdb162438b32111338"
I20260709 13:00:41.315611  1701 raft_consensus.cc:3060] T 246276c114694add8896f25de70f0dbd P aa816ec804614ecdb162438b32111338 [term 0 FOLLOWER]: Advancing to term 1
I20260709 13:00:41.315168  2053 leader_election.cc:290] T ae23d1bd62814159a17e5126faae96af P 3663d6ba67d74ae18aa754600208f91d [CANDIDATE]: Term 1 pre-election: Requested pre-vote from peers 0044700279844ac186caf439a0270ad0 (127.0.107.193:39049), aa816ec804614ecdb162438b32111338 (127.0.107.195:44217)
I20260709 13:00:41.317507  1744 raft_consensus.cc:359] T 6d4fbc0fd44940b68a4025758c2a21f5 P 0044700279844ac186caf439a0270ad0 [term 0 FOLLOWER]: Replica starting. Triggering 0 pending ops. Active config: opid_index: -1 OBSOLETE_local: false peers { permanent_uuid: "0044700279844ac186caf439a0270ad0" member_type: VOTER last_known_addr { host: "127.0.107.193" port: 39049 } } peers { permanent_uuid: "3663d6ba67d74ae18aa754600208f91d" member_type: VOTER last_known_addr { host: "127.0.107.194" port: 35285 } } peers { permanent_uuid: "aa816ec804614ecdb162438b32111338" member_type: VOTER last_known_addr { host: "127.0.107.195" port: 44217 } }
I20260709 13:00:41.318200  1744 raft_consensus.cc:385] T 6d4fbc0fd44940b68a4025758c2a21f5 P 0044700279844ac186caf439a0270ad0 [term 0 FOLLOWER]: Consensus starting up: Expiring failure detector timer to make a prompt election more likely
I20260709 13:00:41.318480  1744 raft_consensus.cc:740] T 6d4fbc0fd44940b68a4025758c2a21f5 P 0044700279844ac186caf439a0270ad0 [term 0 FOLLOWER]: Becoming Follower/Learner. State: Replica: 0044700279844ac186caf439a0270ad0, State: Initialized, Role: FOLLOWER
I20260709 13:00:41.319304  1700 raft_consensus.cc:2468] T cfceb0c90ec544ac8272650bd0a4cb59 P aa816ec804614ecdb162438b32111338 [term 1 FOLLOWER]: Leader election vote request: Granting yes vote for candidate 0044700279844ac186caf439a0270ad0 in term 1.
I20260709 13:00:41.319154  1744 consensus_queue.cc:260] T 6d4fbc0fd44940b68a4025758c2a21f5 P 0044700279844ac186caf439a0270ad0 [NON_LEADER]: Queue going to NON_LEADER mode. State: All replicated index: 0, Majority replicated index: 0, Committed index: 0, Last appended: 0.0, Last appended by leader: 0, Current term: 0, Majority size: -1, State: 0, Mode: NON_LEADER, active raft config: opid_index: -1 OBSOLETE_local: false peers { permanent_uuid: "0044700279844ac186caf439a0270ad0" member_type: VOTER last_known_addr { host: "127.0.107.193" port: 39049 } } peers { permanent_uuid: "3663d6ba67d74ae18aa754600208f91d" member_type: VOTER last_known_addr { host: "127.0.107.194" port: 35285 } } peers { permanent_uuid: "aa816ec804614ecdb162438b32111338" member_type: VOTER last_known_addr { host: "127.0.107.195" port: 44217 } }
I20260709 13:00:41.320482  1518 leader_election.cc:304] T cfceb0c90ec544ac8272650bd0a4cb59 P 0044700279844ac186caf439a0270ad0 [CANDIDATE]: Term 1 election: Election decided. Result: candidate won. Election summary: received 3 responses out of 3 voters: 2 yes votes; 1 no votes. yes voters: 0044700279844ac186caf439a0270ad0, aa816ec804614ecdb162438b32111338; no voters: 3663d6ba67d74ae18aa754600208f91d
I20260709 13:00:41.321117  2053 raft_consensus.cc:493] T a11fd171a9574636966753156cbba7d1 P 3663d6ba67d74ae18aa754600208f91d [term 0 FOLLOWER]: Starting pre-election (no leader contacted us within the election timeout)
I20260709 13:00:41.321630  2053 raft_consensus.cc:515] T a11fd171a9574636966753156cbba7d1 P 3663d6ba67d74ae18aa754600208f91d [term 0 FOLLOWER]: Starting pre-election with config: opid_index: -1 OBSOLETE_local: false peers { permanent_uuid: "0044700279844ac186caf439a0270ad0" member_type: VOTER last_known_addr { host: "127.0.107.193" port: 39049 } } peers { permanent_uuid: "3663d6ba67d74ae18aa754600208f91d" member_type: VOTER last_known_addr { host: "127.0.107.194" port: 35285 } } peers { permanent_uuid: "aa816ec804614ecdb162438b32111338" member_type: VOTER last_known_addr { host: "127.0.107.195" port: 44217 } }
I20260709 13:00:41.321832  1698 tablet_service.cc:1917] Received RequestConsensusVote() RPC: tablet_id: "ae23d1bd62814159a17e5126faae96af" candidate_uuid: "3663d6ba67d74ae18aa754600208f91d" candidate_term: 1 candidate_status { last_received { term: 0 index: 0 } } ignore_live_leader: false dest_uuid: "aa816ec804614ecdb162438b32111338" is_pre_election: true
I20260709 13:00:41.322351  2056 leader_election.cc:290] T cfceb0c90ec544ac8272650bd0a4cb59 P 0044700279844ac186caf439a0270ad0 [CANDIDATE]: Term 1 election: Requested vote from peers 3663d6ba67d74ae18aa754600208f91d (127.0.107.194:35285), aa816ec804614ecdb162438b32111338 (127.0.107.195:44217)
I20260709 13:00:41.322748  1549 tablet_service.cc:1917] Received RequestConsensusVote() RPC: tablet_id: "ae23d1bd62814159a17e5126faae96af" candidate_uuid: "3663d6ba67d74ae18aa754600208f91d" candidate_term: 1 candidate_status { last_received { term: 0 index: 0 } } ignore_live_leader: false dest_uuid: "0044700279844ac186caf439a0270ad0" is_pre_election: true
I20260709 13:00:41.323452  2057 raft_consensus.cc:2804] T cfceb0c90ec544ac8272650bd0a4cb59 P 0044700279844ac186caf439a0270ad0 [term 1 FOLLOWER]: Leader election won for term 1
I20260709 13:00:41.323956  1744 ts_tablet_manager.cc:1434] T 6d4fbc0fd44940b68a4025758c2a21f5 P 0044700279844ac186caf439a0270ad0: Time spent starting tablet: real 0.009s	user 0.006s	sys 0.001s
I20260709 13:00:41.323957  2057 raft_consensus.cc:697] T cfceb0c90ec544ac8272650bd0a4cb59 P 0044700279844ac186caf439a0270ad0 [term 1 LEADER]: Becoming Leader. State: Replica: 0044700279844ac186caf439a0270ad0, State: Running, Role: LEADER
I20260709 13:00:41.325228  1744 tablet_bootstrap.cc:492] T bc584a812416454eb070d3d0ad3a5209 P 0044700279844ac186caf439a0270ad0: Bootstrap starting.
I20260709 13:00:41.325105  2057 consensus_queue.cc:237] T cfceb0c90ec544ac8272650bd0a4cb59 P 0044700279844ac186caf439a0270ad0 [LEADER]: Queue going to LEADER mode. State: All replicated index: 0, Majority replicated index: 0, Committed index: 0, Last appended: 0.0, Last appended by leader: 0, Current term: 1, Majority size: 2, State: 0, Mode: LEADER, active raft config: opid_index: -1 OBSOLETE_local: false peers { permanent_uuid: "0044700279844ac186caf439a0270ad0" member_type: VOTER last_known_addr { host: "127.0.107.193" port: 39049 } } peers { permanent_uuid: "3663d6ba67d74ae18aa754600208f91d" member_type: VOTER last_known_addr { host: "127.0.107.194" port: 35285 } } peers { permanent_uuid: "aa816ec804614ecdb162438b32111338" member_type: VOTER last_known_addr { host: "127.0.107.195" port: 44217 } }
W20260709 13:00:41.325636  1592 leader_election.cc:343] T ae23d1bd62814159a17e5126faae96af P 3663d6ba67d74ae18aa754600208f91d [CANDIDATE]: Term 1 pre-election: Tablet error from VoteRequest() call to peer 0044700279844ac186caf439a0270ad0 (127.0.107.193:39049): Illegal state: must be running to vote when last-logged opid is not known
W20260709 13:00:41.326391  1593 leader_election.cc:343] T ae23d1bd62814159a17e5126faae96af P 3663d6ba67d74ae18aa754600208f91d [CANDIDATE]: Term 1 pre-election: Tablet error from VoteRequest() call to peer aa816ec804614ecdb162438b32111338 (127.0.107.195:44217): Illegal state: must be running to vote when last-logged opid is not known
I20260709 13:00:41.326798  1593 leader_election.cc:304] T ae23d1bd62814159a17e5126faae96af P 3663d6ba67d74ae18aa754600208f91d [CANDIDATE]: Term 1 pre-election: Election decided. Result: candidate lost. Election summary: received 3 responses out of 3 voters: 1 yes votes; 2 no votes. yes voters: 3663d6ba67d74ae18aa754600208f91d; no voters: 0044700279844ac186caf439a0270ad0, aa816ec804614ecdb162438b32111338
I20260709 13:00:41.326663  1743 consensus_queue.cc:260] T 47fb4916e44e4581b4e617d80cfdeeb7 P aa816ec804614ecdb162438b32111338 [NON_LEADER]: Queue going to NON_LEADER mode. State: All replicated index: 0, Majority replicated index: 0, Committed index: 0, Last appended: 0.0, Last appended by leader: 0, Current term: 0, Majority size: -1, State: 0, Mode: NON_LEADER, active raft config: opid_index: -1 OBSOLETE_local: false peers { permanent_uuid: "0044700279844ac186caf439a0270ad0" member_type: VOTER last_known_addr { host: "127.0.107.193" port: 39049 } } peers { permanent_uuid: "3663d6ba67d74ae18aa754600208f91d" member_type: VOTER last_known_addr { host: "127.0.107.194" port: 35285 } } peers { permanent_uuid: "aa816ec804614ecdb162438b32111338" member_type: VOTER last_known_addr { host: "127.0.107.195" port: 44217 } }
I20260709 13:00:41.327966  2051 raft_consensus.cc:2749] T ae23d1bd62814159a17e5126faae96af P 3663d6ba67d74ae18aa754600208f91d [term 0 FOLLOWER]: Leader pre-election lost for term 1. Reason: could not achieve majority
I20260709 13:00:41.331743  1744 tablet_bootstrap.cc:654] T bc584a812416454eb070d3d0ad3a5209 P 0044700279844ac186caf439a0270ad0: Neither blocks nor log segments found. Creating new log.
I20260709 13:00:41.331924  1701 raft_consensus.cc:2468] T 246276c114694add8896f25de70f0dbd P aa816ec804614ecdb162438b32111338 [term 1 FOLLOWER]: Leader election vote request: Granting yes vote for candidate 3663d6ba67d74ae18aa754600208f91d in term 1.
I20260709 13:00:41.333093  2053 leader_election.cc:290] T a11fd171a9574636966753156cbba7d1 P 3663d6ba67d74ae18aa754600208f91d [CANDIDATE]: Term 1 pre-election: Requested pre-vote from peers 0044700279844ac186caf439a0270ad0 (127.0.107.193:39049), aa816ec804614ecdb162438b32111338 (127.0.107.195:44217)
I20260709 13:00:41.333315  1549 tablet_service.cc:1917] Received RequestConsensusVote() RPC: tablet_id: "a11fd171a9574636966753156cbba7d1" candidate_uuid: "3663d6ba67d74ae18aa754600208f91d" candidate_term: 1 candidate_status { last_received { term: 0 index: 0 } } ignore_live_leader: false dest_uuid: "0044700279844ac186caf439a0270ad0" is_pre_election: true
