I20260709 13:00:18.943451   759 tablet_bootstrap.cc:492] T f32ed3eafdb743e0b5527a057250e80d P 49c3856ee800410f95f6b9695bd926d6: No bootstrap required, opened a new log
I20260709 13:00:18.944103   759 ts_tablet_manager.cc:1403] T f32ed3eafdb743e0b5527a057250e80d P 49c3856ee800410f95f6b9695bd926d6: Time spent bootstrapping tablet: real 0.182s	user 0.018s	sys 0.018s
I20260709 13:00:18.945173   760 ts_tablet_manager.cc:1403] T a80f43d3599a4018921d0f12ea30d25f P e4f3f8d22f334cfeb9dc7316c2771759: Time spent bootstrapping tablet: real 0.141s	user 0.025s	sys 0.006s
I20260709 13:00:18.952961   760 raft_consensus.cc:359] T a80f43d3599a4018921d0f12ea30d25f P e4f3f8d22f334cfeb9dc7316c2771759 [term 0 FOLLOWER]: Replica starting. Triggering 0 pending ops. Active config: opid_index: -1 OBSOLETE_local: false peers { permanent_uuid: "49c3856ee800410f95f6b9695bd926d6" member_type: VOTER last_known_addr { host: "127.0.107.193" port: 44271 } } peers { permanent_uuid: "75b161200bff4cc8a1789a7247d37fea" member_type: VOTER last_known_addr { host: "127.0.107.194" port: 40969 } } peers { permanent_uuid: "e4f3f8d22f334cfeb9dc7316c2771759" member_type: VOTER last_known_addr { host: "127.0.107.195" port: 40989 } }
I20260709 13:00:18.957095   758 tablet_bootstrap.cc:492] T 2865aa77674948499e8d5e89dd117de7 P 75b161200bff4cc8a1789a7247d37fea: No bootstrap required, opened a new log
I20260709 13:00:18.956622   760 raft_consensus.cc:385] T a80f43d3599a4018921d0f12ea30d25f P e4f3f8d22f334cfeb9dc7316c2771759 [term 0 FOLLOWER]: Consensus starting up: Expiring failure detector timer to make a prompt election more likely
I20260709 13:00:18.955638   759 raft_consensus.cc:359] T f32ed3eafdb743e0b5527a057250e80d P 49c3856ee800410f95f6b9695bd926d6 [term 0 FOLLOWER]: Replica starting. Triggering 0 pending ops. Active config: opid_index: -1 OBSOLETE_local: false peers { permanent_uuid: "49c3856ee800410f95f6b9695bd926d6" member_type: VOTER last_known_addr { host: "127.0.107.193" port: 44271 } } peers { permanent_uuid: "75b161200bff4cc8a1789a7247d37fea" member_type: VOTER last_known_addr { host: "127.0.107.194" port: 40969 } } peers { permanent_uuid: "e4f3f8d22f334cfeb9dc7316c2771759" member_type: VOTER last_known_addr { host: "127.0.107.195" port: 40989 } }
I20260709 13:00:18.960915   760 raft_consensus.cc:740] T a80f43d3599a4018921d0f12ea30d25f P e4f3f8d22f334cfeb9dc7316c2771759 [term 0 FOLLOWER]: Becoming Follower/Learner. State: Replica: e4f3f8d22f334cfeb9dc7316c2771759, State: Initialized, Role: FOLLOWER
I20260709 13:00:18.961175   759 raft_consensus.cc:385] T f32ed3eafdb743e0b5527a057250e80d P 49c3856ee800410f95f6b9695bd926d6 [term 0 FOLLOWER]: Consensus starting up: Expiring failure detector timer to make a prompt election more likely
I20260709 13:00:18.958359   758 ts_tablet_manager.cc:1403] T 2865aa77674948499e8d5e89dd117de7 P 75b161200bff4cc8a1789a7247d37fea: Time spent bootstrapping tablet: real 0.173s	user 0.012s	sys 0.029s
I20260709 13:00:18.961639   759 raft_consensus.cc:740] T f32ed3eafdb743e0b5527a057250e80d P 49c3856ee800410f95f6b9695bd926d6 [term 0 FOLLOWER]: Becoming Follower/Learner. State: Replica: 49c3856ee800410f95f6b9695bd926d6, State: Initialized, Role: FOLLOWER
I20260709 13:00:18.964339   759 consensus_queue.cc:260] T f32ed3eafdb743e0b5527a057250e80d P 49c3856ee800410f95f6b9695bd926d6 [NON_LEADER]: Queue going to NON_LEADER mode. State: All replicated index: 0, Majority replicated index: 0, Committed index: 0, Last appended: 0.0, Last appended by leader: 0, Current term: 0, Majority size: -1, State: 0, Mode: NON_LEADER, active raft config: opid_index: -1 OBSOLETE_local: false peers { permanent_uuid: "49c3856ee800410f95f6b9695bd926d6" member_type: VOTER last_known_addr { host: "127.0.107.193" port: 44271 } } peers { permanent_uuid: "75b161200bff4cc8a1789a7247d37fea" member_type: VOTER last_known_addr { host: "127.0.107.194" port: 40969 } } peers { permanent_uuid: "e4f3f8d22f334cfeb9dc7316c2771759" member_type: VOTER last_known_addr { host: "127.0.107.195" port: 40989 } }
I20260709 13:00:18.964898   758 raft_consensus.cc:359] T 2865aa77674948499e8d5e89dd117de7 P 75b161200bff4cc8a1789a7247d37fea [term 0 FOLLOWER]: Replica starting. Triggering 0 pending ops. Active config: opid_index: -1 OBSOLETE_local: false peers { permanent_uuid: "49c3856ee800410f95f6b9695bd926d6" member_type: VOTER last_known_addr { host: "127.0.107.193" port: 44271 } } peers { permanent_uuid: "75b161200bff4cc8a1789a7247d37fea" member_type: VOTER last_known_addr { host: "127.0.107.194" port: 40969 } } peers { permanent_uuid: "e4f3f8d22f334cfeb9dc7316c2771759" member_type: VOTER last_known_addr { host: "127.0.107.195" port: 40989 } }
I20260709 13:00:18.965757   758 raft_consensus.cc:385] T 2865aa77674948499e8d5e89dd117de7 P 75b161200bff4cc8a1789a7247d37fea [term 0 FOLLOWER]: Consensus starting up: Expiring failure detector timer to make a prompt election more likely
I20260709 13:00:18.966138   758 raft_consensus.cc:740] T 2865aa77674948499e8d5e89dd117de7 P 75b161200bff4cc8a1789a7247d37fea [term 0 FOLLOWER]: Becoming Follower/Learner. State: Replica: 75b161200bff4cc8a1789a7247d37fea, State: Initialized, Role: FOLLOWER
I20260709 13:00:18.966552   760 consensus_queue.cc:260] T a80f43d3599a4018921d0f12ea30d25f P e4f3f8d22f334cfeb9dc7316c2771759 [NON_LEADER]: Queue going to NON_LEADER mode. State: All replicated index: 0, Majority replicated index: 0, Committed index: 0, Last appended: 0.0, Last appended by leader: 0, Current term: 0, Majority size: -1, State: 0, Mode: NON_LEADER, active raft config: opid_index: -1 OBSOLETE_local: false peers { permanent_uuid: "49c3856ee800410f95f6b9695bd926d6" member_type: VOTER last_known_addr { host: "127.0.107.193" port: 44271 } } peers { permanent_uuid: "75b161200bff4cc8a1789a7247d37fea" member_type: VOTER last_known_addr { host: "127.0.107.194" port: 40969 } } peers { permanent_uuid: "e4f3f8d22f334cfeb9dc7316c2771759" member_type: VOTER last_known_addr { host: "127.0.107.195" port: 40989 } }
I20260709 13:00:18.969223   462 catalog_manager.cc:5697] T acad783b77864a29a0bfcfdd201e12f6 P 49c3856ee800410f95f6b9695bd926d6 reported cstate change: term changed from 0 to 1, leader changed from <none> to 49c3856ee800410f95f6b9695bd926d6 (127.0.107.193). New cstate: current_term: 1 leader_uuid: "49c3856ee800410f95f6b9695bd926d6" committed_config { opid_index: -1 OBSOLETE_local: false peers { permanent_uuid: "49c3856ee800410f95f6b9695bd926d6" member_type: VOTER last_known_addr { host: "127.0.107.193" port: 44271 } health_report { overall_health: HEALTHY } } peers { permanent_uuid: "75b161200bff4cc8a1789a7247d37fea" member_type: VOTER last_known_addr { host: "127.0.107.194" port: 40969 } health_report { overall_health: UNKNOWN } } peers { permanent_uuid: "e4f3f8d22f334cfeb9dc7316c2771759" member_type: VOTER last_known_addr { host: "127.0.107.195" port: 40989 } health_report { overall_health: UNKNOWN } } }
I20260709 13:00:18.970908   760 ts_tablet_manager.cc:1434] T a80f43d3599a4018921d0f12ea30d25f P e4f3f8d22f334cfeb9dc7316c2771759: Time spent starting tablet: real 0.023s	user 0.005s	sys 0.002s
I20260709 13:00:18.972064   760 tablet_bootstrap.cc:492] T 175f13d32fad40c8a7cb768f55aca725 P e4f3f8d22f334cfeb9dc7316c2771759: Bootstrap starting.
I20260709 13:00:18.975765   758 consensus_queue.cc:260] T 2865aa77674948499e8d5e89dd117de7 P 75b161200bff4cc8a1789a7247d37fea [NON_LEADER]: Queue going to NON_LEADER mode. State: All replicated index: 0, Majority replicated index: 0, Committed index: 0, Last appended: 0.0, Last appended by leader: 0, Current term: 0, Majority size: -1, State: 0, Mode: NON_LEADER, active raft config: opid_index: -1 OBSOLETE_local: false peers { permanent_uuid: "49c3856ee800410f95f6b9695bd926d6" member_type: VOTER last_known_addr { host: "127.0.107.193" port: 44271 } } peers { permanent_uuid: "75b161200bff4cc8a1789a7247d37fea" member_type: VOTER last_known_addr { host: "127.0.107.194" port: 40969 } } peers { permanent_uuid: "e4f3f8d22f334cfeb9dc7316c2771759" member_type: VOTER last_known_addr { host: "127.0.107.195" port: 40989 } }
I20260709 13:00:18.969203   759 ts_tablet_manager.cc:1434] T f32ed3eafdb743e0b5527a057250e80d P 49c3856ee800410f95f6b9695bd926d6: Time spent starting tablet: real 0.023s	user 0.005s	sys 0.004s
I20260709 13:00:18.977892   759 tablet_bootstrap.cc:492] T 9f1df71364ad4b3dbdd84404e9bf9b44 P 49c3856ee800410f95f6b9695bd926d6: Bootstrap starting.
I20260709 13:00:18.981130   758 ts_tablet_manager.cc:1434] T 2865aa77674948499e8d5e89dd117de7 P 75b161200bff4cc8a1789a7247d37fea: Time spent starting tablet: real 0.019s	user 0.008s	sys 0.000s
I20260709 13:00:18.988503   758 tablet_bootstrap.cc:492] T 725a4a0982b1482eacea62cdebb7cb3e P 75b161200bff4cc8a1789a7247d37fea: Bootstrap starting.
I20260709 13:00:18.988561   760 tablet_bootstrap.cc:654] T 175f13d32fad40c8a7cb768f55aca725 P e4f3f8d22f334cfeb9dc7316c2771759: Neither blocks nor log segments found. Creating new log.
I20260709 13:00:19.002775   759 tablet_bootstrap.cc:654] T 9f1df71364ad4b3dbdd84404e9bf9b44 P 49c3856ee800410f95f6b9695bd926d6: Neither blocks nor log segments found. Creating new log.
I20260709 13:00:19.003185   760 tablet_bootstrap.cc:492] T 175f13d32fad40c8a7cb768f55aca725 P e4f3f8d22f334cfeb9dc7316c2771759: No bootstrap required, opened a new log
I20260709 13:00:19.003626   760 ts_tablet_manager.cc:1403] T 175f13d32fad40c8a7cb768f55aca725 P e4f3f8d22f334cfeb9dc7316c2771759: Time spent bootstrapping tablet: real 0.032s	user 0.009s	sys 0.008s
I20260709 13:00:19.008136   760 raft_consensus.cc:359] T 175f13d32fad40c8a7cb768f55aca725 P e4f3f8d22f334cfeb9dc7316c2771759 [term 0 FOLLOWER]: Replica starting. Triggering 0 pending ops. Active config: opid_index: -1 OBSOLETE_local: false peers { permanent_uuid: "49c3856ee800410f95f6b9695bd926d6" member_type: VOTER last_known_addr { host: "127.0.107.193" port: 44271 } } peers { permanent_uuid: "75b161200bff4cc8a1789a7247d37fea" member_type: VOTER last_known_addr { host: "127.0.107.194" port: 40969 } } peers { permanent_uuid: "e4f3f8d22f334cfeb9dc7316c2771759" member_type: VOTER last_known_addr { host: "127.0.107.195" port: 40989 } }
I20260709 13:00:19.011657   760 raft_consensus.cc:385] T 175f13d32fad40c8a7cb768f55aca725 P e4f3f8d22f334cfeb9dc7316c2771759 [term 0 FOLLOWER]: Consensus starting up: Expiring failure detector timer to make a prompt election more likely
I20260709 13:00:19.011973   760 raft_consensus.cc:740] T 175f13d32fad40c8a7cb768f55aca725 P e4f3f8d22f334cfeb9dc7316c2771759 [term 0 FOLLOWER]: Becoming Follower/Learner. State: Replica: e4f3f8d22f334cfeb9dc7316c2771759, State: Initialized, Role: FOLLOWER
I20260709 13:00:19.012741   760 consensus_queue.cc:260] T 175f13d32fad40c8a7cb768f55aca725 P e4f3f8d22f334cfeb9dc7316c2771759 [NON_LEADER]: Queue going to NON_LEADER mode. State: All replicated index: 0, Majority replicated index: 0, Committed index: 0, Last appended: 0.0, Last appended by leader: 0, Current term: 0, Majority size: -1, State: 0, Mode: NON_LEADER, active raft config: opid_index: -1 OBSOLETE_local: false peers { permanent_uuid: "49c3856ee800410f95f6b9695bd926d6" member_type: VOTER last_known_addr { host: "127.0.107.193" port: 44271 } } peers { permanent_uuid: "75b161200bff4cc8a1789a7247d37fea" member_type: VOTER last_known_addr { host: "127.0.107.194" port: 40969 } } peers { permanent_uuid: "e4f3f8d22f334cfeb9dc7316c2771759" member_type: VOTER last_known_addr { host: "127.0.107.195" port: 40989 } }
I20260709 13:00:19.015008   760 ts_tablet_manager.cc:1434] T 175f13d32fad40c8a7cb768f55aca725 P e4f3f8d22f334cfeb9dc7316c2771759: Time spent starting tablet: real 0.011s	user 0.008s	sys 0.000s
I20260709 13:00:19.015980   760 tablet_bootstrap.cc:492] T ec5a7dee7d3b4b2cb847171ad1e80e98 P e4f3f8d22f334cfeb9dc7316c2771759: Bootstrap starting.
I20260709 13:00:19.019912   461 catalog_manager.cc:5697] T f32ed3eafdb743e0b5527a057250e80d P 75b161200bff4cc8a1789a7247d37fea reported cstate change: term changed from 0 to 1, leader changed from <none> to 75b161200bff4cc8a1789a7247d37fea (127.0.107.194). New cstate: current_term: 1 leader_uuid: "75b161200bff4cc8a1789a7247d37fea" committed_config { opid_index: -1 OBSOLETE_local: false peers { permanent_uuid: "49c3856ee800410f95f6b9695bd926d6" member_type: VOTER last_known_addr { host: "127.0.107.193" port: 44271 } health_report { overall_health: UNKNOWN } } peers { permanent_uuid: "75b161200bff4cc8a1789a7247d37fea" member_type: VOTER last_known_addr { host: "127.0.107.194" port: 40969 } health_report { overall_health: HEALTHY } } peers { permanent_uuid: "e4f3f8d22f334cfeb9dc7316c2771759" member_type: VOTER last_known_addr { host: "127.0.107.195" port: 40989 } health_report { overall_health: UNKNOWN } } }
I20260709 13:00:19.022094   461 catalog_manager.cc:5697] T a80f43d3599a4018921d0f12ea30d25f P 75b161200bff4cc8a1789a7247d37fea reported cstate change: term changed from 0 to 1, leader changed from <none> to 75b161200bff4cc8a1789a7247d37fea (127.0.107.194). New cstate: current_term: 1 leader_uuid: "75b161200bff4cc8a1789a7247d37fea" committed_config { opid_index: -1 OBSOLETE_local: false peers { permanent_uuid: "49c3856ee800410f95f6b9695bd926d6" member_type: VOTER last_known_addr { host: "127.0.107.193" port: 44271 } health_report { overall_health: UNKNOWN } } peers { permanent_uuid: "75b161200bff4cc8a1789a7247d37fea" member_type: VOTER last_known_addr { host: "127.0.107.194" port: 40969 } health_report { overall_health: HEALTHY } } peers { permanent_uuid: "e4f3f8d22f334cfeb9dc7316c2771759" member_type: VOTER last_known_addr { host: "127.0.107.195" port: 40989 } health_report { overall_health: UNKNOWN } } }
I20260709 13:00:19.029309   760 tablet_bootstrap.cc:654] T ec5a7dee7d3b4b2cb847171ad1e80e98 P e4f3f8d22f334cfeb9dc7316c2771759: Neither blocks nor log segments found. Creating new log.
I20260709 13:00:19.047377   760 tablet_bootstrap.cc:492] T ec5a7dee7d3b4b2cb847171ad1e80e98 P e4f3f8d22f334cfeb9dc7316c2771759: No bootstrap required, opened a new log
I20260709 13:00:19.047885   760 ts_tablet_manager.cc:1403] T ec5a7dee7d3b4b2cb847171ad1e80e98 P e4f3f8d22f334cfeb9dc7316c2771759: Time spent bootstrapping tablet: real 0.032s	user 0.009s	sys 0.005s
I20260709 13:00:19.050117   758 tablet_bootstrap.cc:654] T 725a4a0982b1482eacea62cdebb7cb3e P 75b161200bff4cc8a1789a7247d37fea: Neither blocks nor log segments found. Creating new log.
I20260709 13:00:19.050798   760 raft_consensus.cc:359] T ec5a7dee7d3b4b2cb847171ad1e80e98 P e4f3f8d22f334cfeb9dc7316c2771759 [term 0 FOLLOWER]: Replica starting. Triggering 0 pending ops. Active config: opid_index: -1 OBSOLETE_local: false peers { permanent_uuid: "75b161200bff4cc8a1789a7247d37fea" member_type: VOTER last_known_addr { host: "127.0.107.194" port: 40969 } } peers { permanent_uuid: "49c3856ee800410f95f6b9695bd926d6" member_type: VOTER last_known_addr { host: "127.0.107.193" port: 44271 } } peers { permanent_uuid: "e4f3f8d22f334cfeb9dc7316c2771759" member_type: VOTER last_known_addr { host: "127.0.107.195" port: 40989 } }
I20260709 13:00:19.051620   760 raft_consensus.cc:385] T ec5a7dee7d3b4b2cb847171ad1e80e98 P e4f3f8d22f334cfeb9dc7316c2771759 [term 0 FOLLOWER]: Consensus starting up: Expiring failure detector timer to make a prompt election more likely
I20260709 13:00:19.051918   760 raft_consensus.cc:740] T ec5a7dee7d3b4b2cb847171ad1e80e98 P e4f3f8d22f334cfeb9dc7316c2771759 [term 0 FOLLOWER]: Becoming Follower/Learner. State: Replica: e4f3f8d22f334cfeb9dc7316c2771759, State: Initialized, Role: FOLLOWER
I20260709 13:00:19.052735   760 consensus_queue.cc:260] T ec5a7dee7d3b4b2cb847171ad1e80e98 P e4f3f8d22f334cfeb9dc7316c2771759 [NON_LEADER]: Queue going to NON_LEADER mode. State: All replicated index: 0, Majority replicated index: 0, Committed index: 0, Last appended: 0.0, Last appended by leader: 0, Current term: 0, Majority size: -1, State: 0, Mode: NON_LEADER, active raft config: opid_index: -1 OBSOLETE_local: false peers { permanent_uuid: "75b161200bff4cc8a1789a7247d37fea" member_type: VOTER last_known_addr { host: "127.0.107.194" port: 40969 } } peers { permanent_uuid: "49c3856ee800410f95f6b9695bd926d6" member_type: VOTER last_known_addr { host: "127.0.107.193" port: 44271 } } peers { permanent_uuid: "e4f3f8d22f334cfeb9dc7316c2771759" member_type: VOTER last_known_addr { host: "127.0.107.195" port: 40989 } }
I20260709 13:00:19.057348   759 tablet_bootstrap.cc:492] T 9f1df71364ad4b3dbdd84404e9bf9b44 P 49c3856ee800410f95f6b9695bd926d6: No bootstrap required, opened a new log
I20260709 13:00:19.057936   759 ts_tablet_manager.cc:1403] T 9f1df71364ad4b3dbdd84404e9bf9b44 P 49c3856ee800410f95f6b9695bd926d6: Time spent bootstrapping tablet: real 0.080s	user 0.009s	sys 0.020s
I20260709 13:00:19.061275   760 ts_tablet_manager.cc:1434] T ec5a7dee7d3b4b2cb847171ad1e80e98 P e4f3f8d22f334cfeb9dc7316c2771759: Time spent starting tablet: real 0.013s	user 0.006s	sys 0.001s
I20260709 13:00:19.061676   759 raft_consensus.cc:359] T 9f1df71364ad4b3dbdd84404e9bf9b44 P 49c3856ee800410f95f6b9695bd926d6 [term 0 FOLLOWER]: Replica starting. Triggering 0 pending ops. Active config: opid_index: -1 OBSOLETE_local: false peers { permanent_uuid: "49c3856ee800410f95f6b9695bd926d6" member_type: VOTER last_known_addr { host: "127.0.107.193" port: 44271 } } peers { permanent_uuid: "75b161200bff4cc8a1789a7247d37fea" member_type: VOTER last_known_addr { host: "127.0.107.194" port: 40969 } } peers { permanent_uuid: "e4f3f8d22f334cfeb9dc7316c2771759" member_type: VOTER last_known_addr { host: "127.0.107.195" port: 40989 } }
I20260709 13:00:19.063959   759 raft_consensus.cc:385] T 9f1df71364ad4b3dbdd84404e9bf9b44 P 49c3856ee800410f95f6b9695bd926d6 [term 0 FOLLOWER]: Consensus starting up: Expiring failure detector timer to make a prompt election more likely
I20260709 13:00:19.066888   759 raft_consensus.cc:740] T 9f1df71364ad4b3dbdd84404e9bf9b44 P 49c3856ee800410f95f6b9695bd926d6 [term 0 FOLLOWER]: Becoming Follower/Learner. State: Replica: 49c3856ee800410f95f6b9695bd926d6, State: Initialized, Role: FOLLOWER
I20260709 13:00:19.067798   759 consensus_queue.cc:260] T 9f1df71364ad4b3dbdd84404e9bf9b44 P 49c3856ee800410f95f6b9695bd926d6 [NON_LEADER]: Queue going to NON_LEADER mode. State: All replicated index: 0, Majority replicated index: 0, Committed index: 0, Last appended: 0.0, Last appended by leader: 0, Current term: 0, Majority size: -1, State: 0, Mode: NON_LEADER, active raft config: opid_index: -1 OBSOLETE_local: false peers { permanent_uuid: "49c3856ee800410f95f6b9695bd926d6" member_type: VOTER last_known_addr { host: "127.0.107.193" port: 44271 } } peers { permanent_uuid: "75b161200bff4cc8a1789a7247d37fea" member_type: VOTER last_known_addr { host: "127.0.107.194" port: 40969 } } peers { permanent_uuid: "e4f3f8d22f334cfeb9dc7316c2771759" member_type: VOTER last_known_addr { host: "127.0.107.195" port: 40989 } }
I20260709 13:00:19.070297   759 ts_tablet_manager.cc:1434] T 9f1df71364ad4b3dbdd84404e9bf9b44 P 49c3856ee800410f95f6b9695bd926d6: Time spent starting tablet: real 0.012s	user 0.000s	sys 0.009s
I20260709 13:00:19.071365   759 tablet_bootstrap.cc:492] T 175f13d32fad40c8a7cb768f55aca725 P 49c3856ee800410f95f6b9695bd926d6: Bootstrap starting.
I20260709 13:00:19.063473   758 tablet_bootstrap.cc:492] T 725a4a0982b1482eacea62cdebb7cb3e P 75b161200bff4cc8a1789a7247d37fea: No bootstrap required, opened a new log
I20260709 13:00:19.072332   758 ts_tablet_manager.cc:1403] T 725a4a0982b1482eacea62cdebb7cb3e P 75b161200bff4cc8a1789a7247d37fea: Time spent bootstrapping tablet: real 0.084s	user 0.012s	sys 0.002s
I20260709 13:00:19.075801   758 raft_consensus.cc:359] T 725a4a0982b1482eacea62cdebb7cb3e P 75b161200bff4cc8a1789a7247d37fea [term 0 FOLLOWER]: Replica starting. Triggering 0 pending ops. Active config: opid_index: -1 OBSOLETE_local: false peers { permanent_uuid: "49c3856ee800410f95f6b9695bd926d6" member_type: VOTER last_known_addr { host: "127.0.107.193" port: 44271 } } peers { permanent_uuid: "75b161200bff4cc8a1789a7247d37fea" member_type: VOTER last_known_addr { host: "127.0.107.194" port: 40969 } } peers { permanent_uuid: "e4f3f8d22f334cfeb9dc7316c2771759" member_type: VOTER last_known_addr { host: "127.0.107.195" port: 40989 } }
I20260709 13:00:19.076632   758 raft_consensus.cc:385] T 725a4a0982b1482eacea62cdebb7cb3e P 75b161200bff4cc8a1789a7247d37fea [term 0 FOLLOWER]: Consensus starting up: Expiring failure detector timer to make a prompt election more likely
I20260709 13:00:19.076928   758 raft_consensus.cc:740] T 725a4a0982b1482eacea62cdebb7cb3e P 75b161200bff4cc8a1789a7247d37fea [term 0 FOLLOWER]: Becoming Follower/Learner. State: Replica: 75b161200bff4cc8a1789a7247d37fea, State: Initialized, Role: FOLLOWER
I20260709 13:00:19.085649   758 consensus_queue.cc:260] T 725a4a0982b1482eacea62cdebb7cb3e P 75b161200bff4cc8a1789a7247d37fea [NON_LEADER]: Queue going to NON_LEADER mode. State: All replicated index: 0, Majority replicated index: 0, Committed index: 0, Last appended: 0.0, Last appended by leader: 0, Current term: 0, Majority size: -1, State: 0, Mode: NON_LEADER, active raft config: opid_index: -1 OBSOLETE_local: false peers { permanent_uuid: "49c3856ee800410f95f6b9695bd926d6" member_type: VOTER last_known_addr { host: "127.0.107.193" port: 44271 } } peers { permanent_uuid: "75b161200bff4cc8a1789a7247d37fea" member_type: VOTER last_known_addr { host: "127.0.107.194" port: 40969 } } peers { permanent_uuid: "e4f3f8d22f334cfeb9dc7316c2771759" member_type: VOTER last_known_addr { host: "127.0.107.195" port: 40989 } }
I20260709 13:00:19.086198   714 raft_consensus.cc:3060] T ec5a7dee7d3b4b2cb847171ad1e80e98 P e4f3f8d22f334cfeb9dc7316c2771759 [term 0 FOLLOWER]: Advancing to term 1
I20260709 13:00:19.088738   758 ts_tablet_manager.cc:1434] T 725a4a0982b1482eacea62cdebb7cb3e P 75b161200bff4cc8a1789a7247d37fea: Time spent starting tablet: real 0.016s	user 0.006s	sys 0.001s
I20260709 13:00:19.089895   758 tablet_bootstrap.cc:492] T 9f1df71364ad4b3dbdd84404e9bf9b44 P 75b161200bff4cc8a1789a7247d37fea: Bootstrap starting.
I20260709 13:00:19.092290   759 tablet_bootstrap.cc:654] T 175f13d32fad40c8a7cb768f55aca725 P 49c3856ee800410f95f6b9695bd926d6: Neither blocks nor log segments found. Creating new log.
I20260709 13:00:19.097879   758 tablet_bootstrap.cc:654] T 9f1df71364ad4b3dbdd84404e9bf9b44 P 75b161200bff4cc8a1789a7247d37fea: Neither blocks nor log segments found. Creating new log.
I20260709 13:00:19.100433   765 consensus_queue.cc:1048] T ec5a7dee7d3b4b2cb847171ad1e80e98 P 75b161200bff4cc8a1789a7247d37fea [LEADER]: Connected to new peer: Peer: permanent_uuid: "e4f3f8d22f334cfeb9dc7316c2771759" member_type: VOTER last_known_addr { host: "127.0.107.195" port: 40989 }, Status: LMP_MISMATCH, Last received: 0.0, Next index: 1, Last known committed idx: 0, Time since last communication: 0.001s
I20260709 13:00:19.121647   759 tablet_bootstrap.cc:492] T 175f13d32fad40c8a7cb768f55aca725 P 49c3856ee800410f95f6b9695bd926d6: No bootstrap required, opened a new log
I20260709 13:00:19.122264   759 ts_tablet_manager.cc:1403] T 175f13d32fad40c8a7cb768f55aca725 P 49c3856ee800410f95f6b9695bd926d6: Time spent bootstrapping tablet: real 0.051s	user 0.017s	sys 0.006s
I20260709 13:00:19.122948   758 tablet_bootstrap.cc:492] T 9f1df71364ad4b3dbdd84404e9bf9b44 P 75b161200bff4cc8a1789a7247d37fea: No bootstrap required, opened a new log
I20260709 13:00:19.123481   758 ts_tablet_manager.cc:1403] T 9f1df71364ad4b3dbdd84404e9bf9b44 P 75b161200bff4cc8a1789a7247d37fea: Time spent bootstrapping tablet: real 0.034s	user 0.013s	sys 0.007s
I20260709 13:00:19.125494   759 raft_consensus.cc:359] T 175f13d32fad40c8a7cb768f55aca725 P 49c3856ee800410f95f6b9695bd926d6 [term 0 FOLLOWER]: Replica starting. Triggering 0 pending ops. Active config: opid_index: -1 OBSOLETE_local: false peers { permanent_uuid: "49c3856ee800410f95f6b9695bd926d6" member_type: VOTER last_known_addr { host: "127.0.107.193" port: 44271 } } peers { permanent_uuid: "75b161200bff4cc8a1789a7247d37fea" member_type: VOTER last_known_addr { host: "127.0.107.194" port: 40969 } } peers { permanent_uuid: "e4f3f8d22f334cfeb9dc7316c2771759" member_type: VOTER last_known_addr { host: "127.0.107.195" port: 40989 } }
I20260709 13:00:19.126292   759 raft_consensus.cc:385] T 175f13d32fad40c8a7cb768f55aca725 P 49c3856ee800410f95f6b9695bd926d6 [term 0 FOLLOWER]: Consensus starting up: Expiring failure detector timer to make a prompt election more likely
I20260709 13:00:19.126717   759 raft_consensus.cc:740] T 175f13d32fad40c8a7cb768f55aca725 P 49c3856ee800410f95f6b9695bd926d6 [term 0 FOLLOWER]: Becoming Follower/Learner. State: Replica: 49c3856ee800410f95f6b9695bd926d6, State: Initialized, Role: FOLLOWER
I20260709 13:00:19.126174   758 raft_consensus.cc:359] T 9f1df71364ad4b3dbdd84404e9bf9b44 P 75b161200bff4cc8a1789a7247d37fea [term 0 FOLLOWER]: Replica starting. Triggering 0 pending ops. Active config: opid_index: -1 OBSOLETE_local: false peers { permanent_uuid: "49c3856ee800410f95f6b9695bd926d6" member_type: VOTER last_known_addr { host: "127.0.107.193" port: 44271 } } peers { permanent_uuid: "75b161200bff4cc8a1789a7247d37fea" member_type: VOTER last_known_addr { host: "127.0.107.194" port: 40969 } } peers { permanent_uuid: "e4f3f8d22f334cfeb9dc7316c2771759" member_type: VOTER last_known_addr { host: "127.0.107.195" port: 40989 } }
I20260709 13:00:19.127312   758 raft_consensus.cc:385] T 9f1df71364ad4b3dbdd84404e9bf9b44 P 75b161200bff4cc8a1789a7247d37fea [term 0 FOLLOWER]: Consensus starting up: Expiring failure detector timer to make a prompt election more likely
I20260709 13:00:19.127676   758 raft_consensus.cc:740] T 9f1df71364ad4b3dbdd84404e9bf9b44 P 75b161200bff4cc8a1789a7247d37fea [term 0 FOLLOWER]: Becoming Follower/Learner. State: Replica: 75b161200bff4cc8a1789a7247d37fea, State: Initialized, Role: FOLLOWER
I20260709 13:00:19.127658   759 consensus_queue.cc:260] T 175f13d32fad40c8a7cb768f55aca725 P 49c3856ee800410f95f6b9695bd926d6 [NON_LEADER]: Queue going to NON_LEADER mode. State: All replicated index: 0, Majority replicated index: 0, Committed index: 0, Last appended: 0.0, Last appended by leader: 0, Current term: 0, Majority size: -1, State: 0, Mode: NON_LEADER, active raft config: opid_index: -1 OBSOLETE_local: false peers { permanent_uuid: "49c3856ee800410f95f6b9695bd926d6" member_type: VOTER last_known_addr { host: "127.0.107.193" port: 44271 } } peers { permanent_uuid: "75b161200bff4cc8a1789a7247d37fea" member_type: VOTER last_known_addr { host: "127.0.107.194" port: 40969 } } peers { permanent_uuid: "e4f3f8d22f334cfeb9dc7316c2771759" member_type: VOTER last_known_addr { host: "127.0.107.195" port: 40989 } }
I20260709 13:00:19.130499   759 ts_tablet_manager.cc:1434] T 175f13d32fad40c8a7cb768f55aca725 P 49c3856ee800410f95f6b9695bd926d6: Time spent starting tablet: real 0.008s	user 0.005s	sys 0.001s
I20260709 13:00:19.132174   759 tablet_bootstrap.cc:492] T 2865aa77674948499e8d5e89dd117de7 P 49c3856ee800410f95f6b9695bd926d6: Bootstrap starting.
I20260709 13:00:19.139811   759 tablet_bootstrap.cc:654] T 2865aa77674948499e8d5e89dd117de7 P 49c3856ee800410f95f6b9695bd926d6: Neither blocks nor log segments found. Creating new log.
I20260709 13:00:19.128918   758 consensus_queue.cc:260] T 9f1df71364ad4b3dbdd84404e9bf9b44 P 75b161200bff4cc8a1789a7247d37fea [NON_LEADER]: Queue going to NON_LEADER mode. State: All replicated index: 0, Majority replicated index: 0, Committed index: 0, Last appended: 0.0, Last appended by leader: 0, Current term: 0, Majority size: -1, State: 0, Mode: NON_LEADER, active raft config: opid_index: -1 OBSOLETE_local: false peers { permanent_uuid: "49c3856ee800410f95f6b9695bd926d6" member_type: VOTER last_known_addr { host: "127.0.107.193" port: 44271 } } peers { permanent_uuid: "75b161200bff4cc8a1789a7247d37fea" member_type: VOTER last_known_addr { host: "127.0.107.194" port: 40969 } } peers { permanent_uuid: "e4f3f8d22f334cfeb9dc7316c2771759" member_type: VOTER last_known_addr { host: "127.0.107.195" port: 40989 } }
I20260709 13:00:19.149035   777 raft_consensus.cc:493] T 2865aa77674948499e8d5e89dd117de7 P e4f3f8d22f334cfeb9dc7316c2771759 [term 0 FOLLOWER]: Starting pre-election (no leader contacted us within the election timeout)
I20260709 13:00:19.149204   758 ts_tablet_manager.cc:1434] T 9f1df71364ad4b3dbdd84404e9bf9b44 P 75b161200bff4cc8a1789a7247d37fea: Time spent starting tablet: real 0.025s	user 0.006s	sys 0.000s
I20260709 13:00:19.149686   777 raft_consensus.cc:515] T 2865aa77674948499e8d5e89dd117de7 P e4f3f8d22f334cfeb9dc7316c2771759 [term 0 FOLLOWER]: Starting pre-election with config: opid_index: -1 OBSOLETE_local: false peers { permanent_uuid: "49c3856ee800410f95f6b9695bd926d6" member_type: VOTER last_known_addr { host: "127.0.107.193" port: 44271 } } peers { permanent_uuid: "75b161200bff4cc8a1789a7247d37fea" member_type: VOTER last_known_addr { host: "127.0.107.194" port: 40969 } } peers { permanent_uuid: "e4f3f8d22f334cfeb9dc7316c2771759" member_type: VOTER last_known_addr { host: "127.0.107.195" port: 40989 } }
I20260709 13:00:19.150775   758 tablet_bootstrap.cc:492] T 175f13d32fad40c8a7cb768f55aca725 P 75b161200bff4cc8a1789a7247d37fea: Bootstrap starting.
I20260709 13:00:19.151757   793 consensus_queue.cc:1048] T ec5a7dee7d3b4b2cb847171ad1e80e98 P 75b161200bff4cc8a1789a7247d37fea [LEADER]: Connected to new peer: Peer: permanent_uuid: "49c3856ee800410f95f6b9695bd926d6" member_type: VOTER last_known_addr { host: "127.0.107.193" port: 44271 }, Status: LMP_MISMATCH, Last received: 0.0, Next index: 1, Last known committed idx: 0, Time since last communication: 0.000s
I20260709 13:00:19.154389   562 tablet_service.cc:1917] Received RequestConsensusVote() RPC: tablet_id: "2865aa77674948499e8d5e89dd117de7" candidate_uuid: "e4f3f8d22f334cfeb9dc7316c2771759" candidate_term: 1 candidate_status { last_received { term: 0 index: 0 } } ignore_live_leader: false dest_uuid: "49c3856ee800410f95f6b9695bd926d6" is_pre_election: true
W20260709 13:00:19.156273   680 leader_election.cc:343] T 2865aa77674948499e8d5e89dd117de7 P e4f3f8d22f334cfeb9dc7316c2771759 [CANDIDATE]: Term 1 pre-election: Tablet error from VoteRequest() call to peer 49c3856ee800410f95f6b9695bd926d6 (127.0.107.193:44271): Illegal state: must be running to vote when last-logged opid is not known
I20260709 13:00:19.157401   640 tablet_service.cc:1917] Received RequestConsensusVote() RPC: tablet_id: "2865aa77674948499e8d5e89dd117de7" candidate_uuid: "e4f3f8d22f334cfeb9dc7316c2771759" candidate_term: 1 candidate_status { last_received { term: 0 index: 0 } } ignore_live_leader: false dest_uuid: "75b161200bff4cc8a1789a7247d37fea" is_pre_election: true
I20260709 13:00:19.157624   758 tablet_bootstrap.cc:654] T 175f13d32fad40c8a7cb768f55aca725 P 75b161200bff4cc8a1789a7247d37fea: Neither blocks nor log segments found. Creating new log.
I20260709 13:00:19.158106   640 raft_consensus.cc:2468] T 2865aa77674948499e8d5e89dd117de7 P 75b161200bff4cc8a1789a7247d37fea [term 0 FOLLOWER]: Leader pre-election vote request: Granting yes vote for candidate e4f3f8d22f334cfeb9dc7316c2771759 in term 0.
I20260709 13:00:19.162773   764 consensus_queue.cc:1048] T 725a4a0982b1482eacea62cdebb7cb3e P e4f3f8d22f334cfeb9dc7316c2771759 [LEADER]: Connected to new peer: Peer: permanent_uuid: "49c3856ee800410f95f6b9695bd926d6" member_type: VOTER last_known_addr { host: "127.0.107.193" port: 44271 }, Status: LMP_MISMATCH, Last received: 0.0, Next index: 1, Last known committed idx: 0, Time since last communication: 0.001s
I20260709 13:00:19.163173   679 leader_election.cc:304] T 2865aa77674948499e8d5e89dd117de7 P e4f3f8d22f334cfeb9dc7316c2771759 [CANDIDATE]: Term 1 pre-election: Election decided. Result: candidate won. Election summary: received 3 responses out of 3 voters: 2 yes votes; 1 no votes. yes voters: 75b161200bff4cc8a1789a7247d37fea, e4f3f8d22f334cfeb9dc7316c2771759; no voters: 49c3856ee800410f95f6b9695bd926d6
I20260709 13:00:19.164479   764 raft_consensus.cc:2804] T 2865aa77674948499e8d5e89dd117de7 P e4f3f8d22f334cfeb9dc7316c2771759 [term 0 FOLLOWER]: Leader pre-election won for term 1
I20260709 13:00:19.164911   764 raft_consensus.cc:493] T 2865aa77674948499e8d5e89dd117de7 P e4f3f8d22f334cfeb9dc7316c2771759 [term 0 FOLLOWER]: Starting leader election (no leader contacted us within the election timeout)
I20260709 13:00:19.165287   777 leader_election.cc:290] T 2865aa77674948499e8d5e89dd117de7 P e4f3f8d22f334cfeb9dc7316c2771759 [CANDIDATE]: Term 1 pre-election: Requested pre-vote from peers 49c3856ee800410f95f6b9695bd926d6 (127.0.107.193:44271), 75b161200bff4cc8a1789a7247d37fea (127.0.107.194:40969)
I20260709 13:00:19.165306   764 raft_consensus.cc:3060] T 2865aa77674948499e8d5e89dd117de7 P e4f3f8d22f334cfeb9dc7316c2771759 [term 0 FOLLOWER]: Advancing to term 1
I20260709 13:00:19.176213   777 raft_consensus.cc:493] T 175f13d32fad40c8a7cb768f55aca725 P e4f3f8d22f334cfeb9dc7316c2771759 [term 0 FOLLOWER]: Starting pre-election (no leader contacted us within the election timeout)
I20260709 13:00:19.177350   777 raft_consensus.cc:515] T 175f13d32fad40c8a7cb768f55aca725 P e4f3f8d22f334cfeb9dc7316c2771759 [term 0 FOLLOWER]: Starting pre-election with config: opid_index: -1 OBSOLETE_local: false peers { permanent_uuid: "49c3856ee800410f95f6b9695bd926d6" member_type: VOTER last_known_addr { host: "127.0.107.193" port: 44271 } } peers { permanent_uuid: "75b161200bff4cc8a1789a7247d37fea" member_type: VOTER last_known_addr { host: "127.0.107.194" port: 40969 } } peers { permanent_uuid: "e4f3f8d22f334cfeb9dc7316c2771759" member_type: VOTER last_known_addr { host: "127.0.107.195" port: 40989 } }
I20260709 13:00:19.178745   758 tablet_bootstrap.cc:492] T 175f13d32fad40c8a7cb768f55aca725 P 75b161200bff4cc8a1789a7247d37fea: No bootstrap required, opened a new log
I20260709 13:00:19.179551   758 ts_tablet_manager.cc:1403] T 175f13d32fad40c8a7cb768f55aca725 P 75b161200bff4cc8a1789a7247d37fea: Time spent bootstrapping tablet: real 0.029s	user 0.011s	sys 0.016s
I20260709 13:00:19.180962   777 leader_election.cc:290] T 175f13d32fad40c8a7cb768f55aca725 P e4f3f8d22f334cfeb9dc7316c2771759 [CANDIDATE]: Term 1 pre-election: Requested pre-vote from peers 49c3856ee800410f95f6b9695bd926d6 (127.0.107.193:44271), 75b161200bff4cc8a1789a7247d37fea (127.0.107.194:40969)
I20260709 13:00:19.181156   563 tablet_service.cc:1917] Received RequestConsensusVote() RPC: tablet_id: "175f13d32fad40c8a7cb768f55aca725" candidate_uuid: "e4f3f8d22f334cfeb9dc7316c2771759" candidate_term: 1 candidate_status { last_received { term: 0 index: 0 } } ignore_live_leader: false dest_uuid: "49c3856ee800410f95f6b9695bd926d6" is_pre_election: true
I20260709 13:00:19.182029   563 raft_consensus.cc:2468] T 175f13d32fad40c8a7cb768f55aca725 P 49c3856ee800410f95f6b9695bd926d6 [term 0 FOLLOWER]: Leader pre-election vote request: Granting yes vote for candidate e4f3f8d22f334cfeb9dc7316c2771759 in term 0.
I20260709 13:00:19.183606   680 leader_election.cc:304] T 175f13d32fad40c8a7cb768f55aca725 P e4f3f8d22f334cfeb9dc7316c2771759 [CANDIDATE]: Term 1 pre-election: Election decided. Result: candidate won. Election summary: received 2 responses out of 3 voters: 2 yes votes; 0 no votes. yes voters: 49c3856ee800410f95f6b9695bd926d6, e4f3f8d22f334cfeb9dc7316c2771759; no voters: 
I20260709 13:00:19.184508   777 raft_consensus.cc:2804] T 175f13d32fad40c8a7cb768f55aca725 P e4f3f8d22f334cfeb9dc7316c2771759 [term 0 FOLLOWER]: Leader pre-election won for term 1
I20260709 13:00:19.184280   758 raft_consensus.cc:359] T 175f13d32fad40c8a7cb768f55aca725 P 75b161200bff4cc8a1789a7247d37fea [term 0 FOLLOWER]: Replica starting. Triggering 0 pending ops. Active config: opid_index: -1 OBSOLETE_local: false peers { permanent_uuid: "49c3856ee800410f95f6b9695bd926d6" member_type: VOTER last_known_addr { host: "127.0.107.193" port: 44271 } } peers { permanent_uuid: "75b161200bff4cc8a1789a7247d37fea" member_type: VOTER last_known_addr { host: "127.0.107.194" port: 40969 } } peers { permanent_uuid: "e4f3f8d22f334cfeb9dc7316c2771759" member_type: VOTER last_known_addr { host: "127.0.107.195" port: 40989 } }
I20260709 13:00:19.184973   777 raft_consensus.cc:493] T 175f13d32fad40c8a7cb768f55aca725 P e4f3f8d22f334cfeb9dc7316c2771759 [term 0 FOLLOWER]: Starting leader election (no leader contacted us within the election timeout)
I20260709 13:00:19.185554   758 raft_consensus.cc:385] T 175f13d32fad40c8a7cb768f55aca725 P 75b161200bff4cc8a1789a7247d37fea [term 0 FOLLOWER]: Consensus starting up: Expiring failure detector timer to make a prompt election more likely
I20260709 13:00:19.185642   777 raft_consensus.cc:3060] T 175f13d32fad40c8a7cb768f55aca725 P e4f3f8d22f334cfeb9dc7316c2771759 [term 0 FOLLOWER]: Advancing to term 1
I20260709 13:00:19.186111   758 raft_consensus.cc:740] T 175f13d32fad40c8a7cb768f55aca725 P 75b161200bff4cc8a1789a7247d37fea [term 0 FOLLOWER]: Becoming Follower/Learner. State: Replica: 75b161200bff4cc8a1789a7247d37fea, State: Initialized, Role: FOLLOWER
I20260709 13:00:19.187301   758 consensus_queue.cc:260] T 175f13d32fad40c8a7cb768f55aca725 P 75b161200bff4cc8a1789a7247d37fea [NON_LEADER]: Queue going to NON_LEADER mode. State: All replicated index: 0, Majority replicated index: 0, Committed index: 0, Last appended: 0.0, Last appended by leader: 0, Current term: 0, Majority size: -1, State: 0, Mode: NON_LEADER, active raft config: opid_index: -1 OBSOLETE_local: false peers { permanent_uuid: "49c3856ee800410f95f6b9695bd926d6" member_type: VOTER last_known_addr { host: "127.0.107.193" port: 44271 } } peers { permanent_uuid: "75b161200bff4cc8a1789a7247d37fea" member_type: VOTER last_known_addr { host: "127.0.107.194" port: 40969 } } peers { permanent_uuid: "e4f3f8d22f334cfeb9dc7316c2771759" member_type: VOTER last_known_addr { host: "127.0.107.195" port: 40989 } }
I20260709 13:00:19.190267   758 ts_tablet_manager.cc:1434] T 175f13d32fad40c8a7cb768f55aca725 P 75b161200bff4cc8a1789a7247d37fea: Time spent starting tablet: real 0.010s	user 0.004s	sys 0.003s
I20260709 13:00:19.198530   764 raft_consensus.cc:515] T 2865aa77674948499e8d5e89dd117de7 P e4f3f8d22f334cfeb9dc7316c2771759 [term 1 FOLLOWER]: Starting leader election with config: opid_index: -1 OBSOLETE_local: false peers { permanent_uuid: "49c3856ee800410f95f6b9695bd926d6" member_type: VOTER last_known_addr { host: "127.0.107.193" port: 44271 } } peers { permanent_uuid: "75b161200bff4cc8a1789a7247d37fea" member_type: VOTER last_known_addr { host: "127.0.107.194" port: 40969 } } peers { permanent_uuid: "e4f3f8d22f334cfeb9dc7316c2771759" member_type: VOTER last_known_addr { host: "127.0.107.195" port: 40989 } }
I20260709 13:00:19.202126   563 tablet_service.cc:1917] Received RequestConsensusVote() RPC: tablet_id: "2865aa77674948499e8d5e89dd117de7" candidate_uuid: "e4f3f8d22f334cfeb9dc7316c2771759" candidate_term: 1 candidate_status { last_received { term: 0 index: 0 } } ignore_live_leader: false dest_uuid: "49c3856ee800410f95f6b9695bd926d6"
I20260709 13:00:19.202189   640 tablet_service.cc:1917] Received RequestConsensusVote() RPC: tablet_id: "175f13d32fad40c8a7cb768f55aca725" candidate_uuid: "e4f3f8d22f334cfeb9dc7316c2771759" candidate_term: 1 candidate_status { last_received { term: 0 index: 0 } } ignore_live_leader: false dest_uuid: "75b161200bff4cc8a1789a7247d37fea" is_pre_election: true
I20260709 13:00:19.203231   640 raft_consensus.cc:2468] T 175f13d32fad40c8a7cb768f55aca725 P 75b161200bff4cc8a1789a7247d37fea [term 0 FOLLOWER]: Leader pre-election vote request: Granting yes vote for candidate e4f3f8d22f334cfeb9dc7316c2771759 in term 0.
W20260709 13:00:19.203924   680 leader_election.cc:343] T 2865aa77674948499e8d5e89dd117de7 P e4f3f8d22f334cfeb9dc7316c2771759 [CANDIDATE]: Term 1 election: Tablet error from VoteRequest() call to peer 49c3856ee800410f95f6b9695bd926d6 (127.0.107.193:44271): Illegal state: must be running to vote when last-logged opid is not known
I20260709 13:00:19.243005   777 raft_consensus.cc:515] T 175f13d32fad40c8a7cb768f55aca725 P e4f3f8d22f334cfeb9dc7316c2771759 [term 1 FOLLOWER]: Starting leader election with config: opid_index: -1 OBSOLETE_local: false peers { permanent_uuid: "49c3856ee800410f95f6b9695bd926d6" member_type: VOTER last_known_addr { host: "127.0.107.193" port: 44271 } } peers { permanent_uuid: "75b161200bff4cc8a1789a7247d37fea" member_type: VOTER last_known_addr { host: "127.0.107.194" port: 40969 } } peers { permanent_uuid: "e4f3f8d22f334cfeb9dc7316c2771759" member_type: VOTER last_known_addr { host: "127.0.107.195" port: 40989 } }
I20260709 13:00:19.247370   562 tablet_service.cc:1917] Received RequestConsensusVote() RPC: tablet_id: "175f13d32fad40c8a7cb768f55aca725" candidate_uuid: "e4f3f8d22f334cfeb9dc7316c2771759" candidate_term: 1 candidate_status { last_received { term: 0 index: 0 } } ignore_live_leader: false dest_uuid: "49c3856ee800410f95f6b9695bd926d6"
I20260709 13:00:19.248096   562 raft_consensus.cc:3060] T 175f13d32fad40c8a7cb768f55aca725 P 49c3856ee800410f95f6b9695bd926d6 [term 0 FOLLOWER]: Advancing to term 1
I20260709 13:00:19.261896   562 raft_consensus.cc:2468] T 175f13d32fad40c8a7cb768f55aca725 P 49c3856ee800410f95f6b9695bd926d6 [term 1 FOLLOWER]: Leader election vote request: Granting yes vote for candidate e4f3f8d22f334cfeb9dc7316c2771759 in term 1.
I20260709 13:00:19.262717   792 consensus_queue.cc:1048] T f32ed3eafdb743e0b5527a057250e80d P 75b161200bff4cc8a1789a7247d37fea [LEADER]: Connected to new peer: Peer: permanent_uuid: "e4f3f8d22f334cfeb9dc7316c2771759" member_type: VOTER last_known_addr { host: "127.0.107.195" port: 40989 }, Status: LMP_MISMATCH, Last received: 0.0, Next index: 1, Last known committed idx: 0, Time since last communication: 0.001s
I20260709 13:00:19.277427   640 tablet_service.cc:1917] Received RequestConsensusVote() RPC: tablet_id: "2865aa77674948499e8d5e89dd117de7" candidate_uuid: "e4f3f8d22f334cfeb9dc7316c2771759" candidate_term: 1 candidate_status { last_received { term: 0 index: 0 } } ignore_live_leader: false dest_uuid: "75b161200bff4cc8a1789a7247d37fea"
I20260709 13:00:19.278230   640 raft_consensus.cc:3060] T 2865aa77674948499e8d5e89dd117de7 P 75b161200bff4cc8a1789a7247d37fea [term 0 FOLLOWER]: Advancing to term 1
I20260709 13:00:19.279392   795 raft_consensus.cc:493] T f32ed3eafdb743e0b5527a057250e80d P 49c3856ee800410f95f6b9695bd926d6 [term 0 FOLLOWER]: Starting pre-election (no leader contacted us within the election timeout)
I20260709 13:00:19.279903   795 raft_consensus.cc:515] T f32ed3eafdb743e0b5527a057250e80d P 49c3856ee800410f95f6b9695bd926d6 [term 0 FOLLOWER]: Starting pre-election with config: opid_index: -1 OBSOLETE_local: false peers { permanent_uuid: "49c3856ee800410f95f6b9695bd926d6" member_type: VOTER last_known_addr { host: "127.0.107.193" port: 44271 } } peers { permanent_uuid: "75b161200bff4cc8a1789a7247d37fea" member_type: VOTER last_known_addr { host: "127.0.107.194" port: 40969 } } peers { permanent_uuid: "e4f3f8d22f334cfeb9dc7316c2771759" member_type: VOTER last_known_addr { host: "127.0.107.195" port: 40989 } }
I20260709 13:00:19.282423   795 leader_election.cc:290] T f32ed3eafdb743e0b5527a057250e80d P 49c3856ee800410f95f6b9695bd926d6 [CANDIDATE]: Term 1 pre-election: Requested pre-vote from peers 75b161200bff4cc8a1789a7247d37fea (127.0.107.194:40969), e4f3f8d22f334cfeb9dc7316c2771759 (127.0.107.195:40989)
I20260709 13:00:19.284639   641 tablet_service.cc:1917] Received RequestConsensusVote() RPC: tablet_id: "f32ed3eafdb743e0b5527a057250e80d" candidate_uuid: "49c3856ee800410f95f6b9695bd926d6" candidate_term: 1 candidate_status { last_received { term: 0 index: 0 } } ignore_live_leader: false dest_uuid: "75b161200bff4cc8a1789a7247d37fea" is_pre_election: true
I20260709 13:00:19.287348   640 raft_consensus.cc:2468] T 2865aa77674948499e8d5e89dd117de7 P 75b161200bff4cc8a1789a7247d37fea [term 1 FOLLOWER]: Leader election vote request: Granting yes vote for candidate e4f3f8d22f334cfeb9dc7316c2771759 in term 1.
I20260709 13:00:19.288933   679 leader_election.cc:304] T 2865aa77674948499e8d5e89dd117de7 P e4f3f8d22f334cfeb9dc7316c2771759 [CANDIDATE]: Term 1 election: Election decided. Result: candidate won. Election summary: received 3 responses out of 3 voters: 2 yes votes; 1 no votes. yes voters: 75b161200bff4cc8a1789a7247d37fea, e4f3f8d22f334cfeb9dc7316c2771759; no voters: 49c3856ee800410f95f6b9695bd926d6
I20260709 13:00:19.302515   777 leader_election.cc:290] T 175f13d32fad40c8a7cb768f55aca725 P e4f3f8d22f334cfeb9dc7316c2771759 [CANDIDATE]: Term 1 election: Requested vote from peers 49c3856ee800410f95f6b9695bd926d6 (127.0.107.193:44271), 75b161200bff4cc8a1789a7247d37fea (127.0.107.194:40969)
I20260709 13:00:19.293052   764 leader_election.cc:290] T 2865aa77674948499e8d5e89dd117de7 P e4f3f8d22f334cfeb9dc7316c2771759 [CANDIDATE]: Term 1 election: Requested vote from peers 49c3856ee800410f95f6b9695bd926d6 (127.0.107.193:44271), 75b161200bff4cc8a1789a7247d37fea (127.0.107.194:40969)
I20260709 13:00:19.319034   795 raft_consensus.cc:493] T 9f1df71364ad4b3dbdd84404e9bf9b44 P 49c3856ee800410f95f6b9695bd926d6 [term 0 FOLLOWER]: Starting pre-election (no leader contacted us within the election timeout)
I20260709 13:00:19.320580   795 raft_consensus.cc:515] T 9f1df71364ad4b3dbdd84404e9bf9b44 P 49c3856ee800410f95f6b9695bd926d6 [term 0 FOLLOWER]: Starting pre-election with config: opid_index: -1 OBSOLETE_local: false peers { permanent_uuid: "49c3856ee800410f95f6b9695bd926d6" member_type: VOTER last_known_addr { host: "127.0.107.193" port: 44271 } } peers { permanent_uuid: "75b161200bff4cc8a1789a7247d37fea" member_type: VOTER last_known_addr { host: "127.0.107.194" port: 40969 } } peers { permanent_uuid: "e4f3f8d22f334cfeb9dc7316c2771759" member_type: VOTER last_known_addr { host: "127.0.107.195" port: 40989 } }
I20260709 13:00:19.341382   715 tablet_service.cc:1917] Received RequestConsensusVote() RPC: tablet_id: "f32ed3eafdb743e0b5527a057250e80d" candidate_uuid: "49c3856ee800410f95f6b9695bd926d6" candidate_term: 1 candidate_status { last_received { term: 0 index: 0 } } ignore_live_leader: false dest_uuid: "e4f3f8d22f334cfeb9dc7316c2771759" is_pre_election: true
I20260709 13:00:19.341496   831 raft_consensus.cc:2804] T 2865aa77674948499e8d5e89dd117de7 P e4f3f8d22f334cfeb9dc7316c2771759 [term 1 FOLLOWER]: Leader election won for term 1
I20260709 13:00:19.342227   795 leader_election.cc:290] T 9f1df71364ad4b3dbdd84404e9bf9b44 P 49c3856ee800410f95f6b9695bd926d6 [CANDIDATE]: Term 1 pre-election: Requested pre-vote from peers 75b161200bff4cc8a1789a7247d37fea (127.0.107.194:40969), e4f3f8d22f334cfeb9dc7316c2771759 (127.0.107.195:40989)
I20260709 13:00:19.342408   831 raft_consensus.cc:697] T 2865aa77674948499e8d5e89dd117de7 P e4f3f8d22f334cfeb9dc7316c2771759 [term 1 LEADER]: Becoming Leader. State: Replica: e4f3f8d22f334cfeb9dc7316c2771759, State: Running, Role: LEADER
I20260709 13:00:19.345403   530 leader_election.cc:304] T f32ed3eafdb743e0b5527a057250e80d P 49c3856ee800410f95f6b9695bd926d6 [CANDIDATE]: Term 1 pre-election: Election decided. Result: candidate lost. Election summary: received 3 responses out of 3 voters: 1 yes votes; 2 no votes. yes voters: 49c3856ee800410f95f6b9695bd926d6; no voters: 75b161200bff4cc8a1789a7247d37fea, e4f3f8d22f334cfeb9dc7316c2771759
I20260709 13:00:19.343578   831 consensus_queue.cc:237] T 2865aa77674948499e8d5e89dd117de7 P e4f3f8d22f334cfeb9dc7316c2771759 [LEADER]: Queue going to LEADER mode. State: All replicated index: 0, Majority replicated index: 0, Committed index: 0, Last appended: 0.0, Last appended by leader: 0, Current term: 1, Majority size: 2, State: 0, Mode: LEADER, active raft config: opid_index: -1 OBSOLETE_local: false peers { permanent_uuid: "49c3856ee800410f95f6b9695bd926d6" member_type: VOTER last_known_addr { host: "127.0.107.193" port: 44271 } } peers { permanent_uuid: "75b161200bff4cc8a1789a7247d37fea" member_type: VOTER last_known_addr { host: "127.0.107.194" port: 40969 } } peers { permanent_uuid: "e4f3f8d22f334cfeb9dc7316c2771759" member_type: VOTER last_known_addr { host: "127.0.107.195" port: 40989 } }
I20260709 13:00:19.350250   759 tablet_bootstrap.cc:492] T 2865aa77674948499e8d5e89dd117de7 P 49c3856ee800410f95f6b9695bd926d6: No bootstrap required, opened a new log
W20260709 13:00:19.353931   679 outbound_call.cc:321] RPC callback for RPC call kudu.consensus.ConsensusService.RequestConsensusVote -> {remote=127.0.107.194:40969, user_credentials={real_user=slave}} blocked reactor thread for 65114.7us
I20260709 13:00:19.354117   640 tablet_service.cc:1917] Received RequestConsensusVote() RPC: tablet_id: "9f1df71364ad4b3dbdd84404e9bf9b44" candidate_uuid: "49c3856ee800410f95f6b9695bd926d6" candidate_term: 1 candidate_status { last_received { term: 0 index: 0 } } ignore_live_leader: false dest_uuid: "75b161200bff4cc8a1789a7247d37fea" is_pre_election: true
I20260709 13:00:19.348682   795 raft_consensus.cc:2749] T f32ed3eafdb743e0b5527a057250e80d P 49c3856ee800410f95f6b9695bd926d6 [term 0 FOLLOWER]: Leader pre-election lost for term 1. Reason: could not achieve majority
I20260709 13:00:19.355059   680 leader_election.cc:304] T 175f13d32fad40c8a7cb768f55aca725 P e4f3f8d22f334cfeb9dc7316c2771759 [CANDIDATE]: Term 1 election: Election decided. Result: candidate won. Election summary: received 2 responses out of 3 voters: 2 yes votes; 0 no votes. yes voters: 49c3856ee800410f95f6b9695bd926d6, e4f3f8d22f334cfeb9dc7316c2771759; no voters: 
I20260709 13:00:19.356911   714 tablet_service.cc:1917] Received RequestConsensusVote() RPC: tablet_id: "9f1df71364ad4b3dbdd84404e9bf9b44" candidate_uuid: "49c3856ee800410f95f6b9695bd926d6" candidate_term: 1 candidate_status { last_received { term: 0 index: 0 } } ignore_live_leader: false dest_uuid: "e4f3f8d22f334cfeb9dc7316c2771759" is_pre_election: true
I20260709 13:00:19.365717   714 raft_consensus.cc:2468] T 9f1df71364ad4b3dbdd84404e9bf9b44 P e4f3f8d22f334cfeb9dc7316c2771759 [term 0 FOLLOWER]: Leader pre-election vote request: Granting yes vote for candidate 49c3856ee800410f95f6b9695bd926d6 in term 0.
