I20260709 12:59:45.131671  8415 catalog_manager.cc:5697] T d960ef172ee443f2a3ee250a7febd506 P 9c673afa8840482fb8230dcbc8ad342f reported cstate change: term changed from 0 to 1, leader changed from <none> to 9c673afa8840482fb8230dcbc8ad342f (127.7.57.65). New cstate: current_term: 1 leader_uuid: "9c673afa8840482fb8230dcbc8ad342f" committed_config { opid_index: -1 OBSOLETE_local: false peers { permanent_uuid: "9c673afa8840482fb8230dcbc8ad342f" member_type: VOTER last_known_addr { host: "127.7.57.65" port: 36013 } health_report { overall_health: HEALTHY } } peers { permanent_uuid: "b1a5267459c1411da5898d2d5ee31879" member_type: VOTER last_known_addr { host: "127.7.57.66" port: 37277 } health_report { overall_health: UNKNOWN } } peers { permanent_uuid: "07d09d7c55344c0ab6635794fce5966d" member_type: VOTER last_known_addr { host: "127.7.57.67" port: 40699 } health_report { overall_health: UNKNOWN } } }
I20260709 12:59:45.146931  8668 tablet_service.cc:1917] Received RequestConsensusVote() RPC: tablet_id: "8e21fcd23d8b4e21bf87810b41eced5a" candidate_uuid: "9c673afa8840482fb8230dcbc8ad342f" candidate_term: 1 candidate_status { last_received { term: 0 index: 0 } } ignore_live_leader: false dest_uuid: "07d09d7c55344c0ab6635794fce5966d"
I20260709 12:59:45.147477  8668 raft_consensus.cc:3060] T 8e21fcd23d8b4e21bf87810b41eced5a P 07d09d7c55344c0ab6635794fce5966d [term 0 FOLLOWER]: Advancing to term 1
I20260709 12:59:45.144145  8711 raft_consensus.cc:740] T 6c01a663e92b434e83d6574252b49f89 P 07d09d7c55344c0ab6635794fce5966d [term 0 FOLLOWER]: Becoming Follower/Learner. State: Replica: 07d09d7c55344c0ab6635794fce5966d, State: Initialized, Role: FOLLOWER
I20260709 12:59:45.150906  8711 consensus_queue.cc:260] T 6c01a663e92b434e83d6574252b49f89 P 07d09d7c55344c0ab6635794fce5966d [NON_LEADER]: Queue going to NON_LEADER mode. State: All replicated index: 0, Majority replicated index: 0, Committed index: 0, Last appended: 0.0, Last appended by leader: 0, Current term: 0, Majority size: -1, State: 0, Mode: NON_LEADER, active raft config: opid_index: -1 OBSOLETE_local: false peers { permanent_uuid: "9c673afa8840482fb8230dcbc8ad342f" member_type: VOTER last_known_addr { host: "127.7.57.65" port: 36013 } } peers { permanent_uuid: "b1a5267459c1411da5898d2d5ee31879" member_type: VOTER last_known_addr { host: "127.7.57.66" port: 37277 } } peers { permanent_uuid: "07d09d7c55344c0ab6635794fce5966d" member_type: VOTER last_known_addr { host: "127.7.57.67" port: 40699 } }
I20260709 12:59:45.155210  8711 ts_tablet_manager.cc:1434] T 6c01a663e92b434e83d6574252b49f89 P 07d09d7c55344c0ab6635794fce5966d: Time spent starting tablet: real 0.028s	user 0.009s	sys 0.002s
I20260709 12:59:45.159439  8709 tablet_bootstrap.cc:654] T 958267f157c44be58adee120a08f6d2b P 9c673afa8840482fb8230dcbc8ad342f: Neither blocks nor log segments found. Creating new log.
I20260709 12:59:45.150677  8739 raft_consensus.cc:2804] T 175e17a03d134bb5b478e39fc161986e P 9c673afa8840482fb8230dcbc8ad342f [term 0 FOLLOWER]: Leader pre-election won for term 1
I20260709 12:59:45.163201  8595 tablet_service.cc:1917] Received RequestConsensusVote() RPC: tablet_id: "175e17a03d134bb5b478e39fc161986e" candidate_uuid: "9c673afa8840482fb8230dcbc8ad342f" candidate_term: 1 candidate_status { last_received { term: 0 index: 0 } } ignore_live_leader: false dest_uuid: "b1a5267459c1411da5898d2d5ee31879" is_pre_election: true
I20260709 12:59:45.165220  8518 tablet_service.cc:1917] Received RequestConsensusVote() RPC: tablet_id: "047884272bb4499bbe109415f79be8eb" candidate_uuid: "b1a5267459c1411da5898d2d5ee31879" candidate_term: 1 candidate_status { last_received { term: 0 index: 0 } } ignore_live_leader: false dest_uuid: "9c673afa8840482fb8230dcbc8ad342f"
I20260709 12:59:45.173344  8711 tablet_bootstrap.cc:492] T 958267f157c44be58adee120a08f6d2b P 07d09d7c55344c0ab6635794fce5966d: Bootstrap starting.
I20260709 12:59:45.174703  8594 tablet_service.cc:1917] Received RequestConsensusVote() RPC: tablet_id: "8e21fcd23d8b4e21bf87810b41eced5a" candidate_uuid: "9c673afa8840482fb8230dcbc8ad342f" candidate_term: 1 candidate_status { last_received { term: 0 index: 0 } } ignore_live_leader: false dest_uuid: "b1a5267459c1411da5898d2d5ee31879"
I20260709 12:59:45.175326  8594 raft_consensus.cc:3060] T 8e21fcd23d8b4e21bf87810b41eced5a P b1a5267459c1411da5898d2d5ee31879 [term 0 FOLLOWER]: Advancing to term 1
W20260709 12:59:45.178522  8485 leader_election.cc:343] T 175e17a03d134bb5b478e39fc161986e P 9c673afa8840482fb8230dcbc8ad342f [CANDIDATE]: Term 1 pre-election: Tablet error from VoteRequest() call to peer b1a5267459c1411da5898d2d5ee31879 (127.7.57.66:37277): Illegal state: must be running to vote when last-logged opid is not known
I20260709 12:59:45.181432  8668 raft_consensus.cc:2468] T 8e21fcd23d8b4e21bf87810b41eced5a P 07d09d7c55344c0ab6635794fce5966d [term 1 FOLLOWER]: Leader election vote request: Granting yes vote for candidate 9c673afa8840482fb8230dcbc8ad342f in term 1.
W20260709 12:59:45.182646  8559 leader_election.cc:343] T 047884272bb4499bbe109415f79be8eb P b1a5267459c1411da5898d2d5ee31879 [CANDIDATE]: Term 1 election: Tablet error from VoteRequest() call to peer 9c673afa8840482fb8230dcbc8ad342f (127.7.57.65:36013): Illegal state: must be running to vote when last-logged opid is not known
I20260709 12:59:45.183118  8484 leader_election.cc:304] T 8e21fcd23d8b4e21bf87810b41eced5a P 9c673afa8840482fb8230dcbc8ad342f [CANDIDATE]: Term 1 election: Election decided. Result: candidate won. Election summary: received 2 responses out of 3 voters: 2 yes votes; 0 no votes. yes voters: 07d09d7c55344c0ab6635794fce5966d, 9c673afa8840482fb8230dcbc8ad342f; no voters: 
I20260709 12:59:45.183244  8664 tablet_service.cc:1917] Received RequestConsensusVote() RPC: tablet_id: "047884272bb4499bbe109415f79be8eb" candidate_uuid: "b1a5267459c1411da5898d2d5ee31879" candidate_term: 1 candidate_status { last_received { term: 0 index: 0 } } ignore_live_leader: false dest_uuid: "07d09d7c55344c0ab6635794fce5966d"
I20260709 12:59:45.183852  8664 raft_consensus.cc:3060] T 047884272bb4499bbe109415f79be8eb P 07d09d7c55344c0ab6635794fce5966d [term 0 FOLLOWER]: Advancing to term 1
I20260709 12:59:45.183933  8716 raft_consensus.cc:2804] T 8e21fcd23d8b4e21bf87810b41eced5a P 9c673afa8840482fb8230dcbc8ad342f [term 1 FOLLOWER]: Leader election won for term 1
I20260709 12:59:45.184413  8716 raft_consensus.cc:697] T 8e21fcd23d8b4e21bf87810b41eced5a P 9c673afa8840482fb8230dcbc8ad342f [term 1 LEADER]: Becoming Leader. State: Replica: 9c673afa8840482fb8230dcbc8ad342f, State: Running, Role: LEADER
I20260709 12:59:45.185235  8716 consensus_queue.cc:237] T 8e21fcd23d8b4e21bf87810b41eced5a P 9c673afa8840482fb8230dcbc8ad342f [LEADER]: Queue going to LEADER mode. State: All replicated index: 0, Majority replicated index: 0, Committed index: 0, Last appended: 0.0, Last appended by leader: 0, Current term: 1, Majority size: 2, State: 0, Mode: LEADER, active raft config: opid_index: -1 OBSOLETE_local: false peers { permanent_uuid: "9c673afa8840482fb8230dcbc8ad342f" member_type: VOTER last_known_addr { host: "127.7.57.65" port: 36013 } } peers { permanent_uuid: "b1a5267459c1411da5898d2d5ee31879" member_type: VOTER last_known_addr { host: "127.7.57.66" port: 37277 } } peers { permanent_uuid: "07d09d7c55344c0ab6635794fce5966d" member_type: VOTER last_known_addr { host: "127.7.57.67" port: 40699 } }
I20260709 12:59:45.161943  8739 raft_consensus.cc:493] T 175e17a03d134bb5b478e39fc161986e P 9c673afa8840482fb8230dcbc8ad342f [term 0 FOLLOWER]: Starting leader election (no leader contacted us within the election timeout)
I20260709 12:59:45.182391  8594 raft_consensus.cc:2468] T 8e21fcd23d8b4e21bf87810b41eced5a P b1a5267459c1411da5898d2d5ee31879 [term 1 FOLLOWER]: Leader election vote request: Granting yes vote for candidate 9c673afa8840482fb8230dcbc8ad342f in term 1.
I20260709 12:59:45.198997  8837 consensus_queue.cc:1048] T 4a5ef3a91500447a8f94727867feb84a P b1a5267459c1411da5898d2d5ee31879 [LEADER]: Connected to new peer: Peer: permanent_uuid: "07d09d7c55344c0ab6635794fce5966d" member_type: VOTER last_known_addr { host: "127.7.57.67" port: 40699 }, Status: LMP_MISMATCH, Last received: 0.0, Next index: 1, Last known committed idx: 0, Time since last communication: 0.002s
I20260709 12:59:45.194744  8739 raft_consensus.cc:3060] T 175e17a03d134bb5b478e39fc161986e P 9c673afa8840482fb8230dcbc8ad342f [term 0 FOLLOWER]: Advancing to term 1
I20260709 12:59:45.207365  8664 raft_consensus.cc:2468] T 047884272bb4499bbe109415f79be8eb P 07d09d7c55344c0ab6635794fce5966d [term 1 FOLLOWER]: Leader election vote request: Granting yes vote for candidate b1a5267459c1411da5898d2d5ee31879 in term 1.
I20260709 12:59:45.209466  8559 leader_election.cc:304] T 047884272bb4499bbe109415f79be8eb P b1a5267459c1411da5898d2d5ee31879 [CANDIDATE]: Term 1 election: Election decided. Result: candidate won. Election summary: received 3 responses out of 3 voters: 2 yes votes; 1 no votes. yes voters: 07d09d7c55344c0ab6635794fce5966d, b1a5267459c1411da5898d2d5ee31879; no voters: 9c673afa8840482fb8230dcbc8ad342f
I20260709 12:59:45.209687  8711 tablet_bootstrap.cc:654] T 958267f157c44be58adee120a08f6d2b P 07d09d7c55344c0ab6635794fce5966d: Neither blocks nor log segments found. Creating new log.
I20260709 12:59:45.222289  8710 tablet_bootstrap.cc:492] T 9661db58c19e40ceb80406743675a2c3 P b1a5267459c1411da5898d2d5ee31879: No bootstrap required, opened a new log
I20260709 12:59:45.222900  8710 ts_tablet_manager.cc:1403] T 9661db58c19e40ceb80406743675a2c3 P b1a5267459c1411da5898d2d5ee31879: Time spent bootstrapping tablet: real 0.163s	user 0.016s	sys 0.008s
I20260709 12:59:45.216686  8837 raft_consensus.cc:2804] T 047884272bb4499bbe109415f79be8eb P b1a5267459c1411da5898d2d5ee31879 [term 1 FOLLOWER]: Leader election won for term 1
I20260709 12:59:45.228677  8837 raft_consensus.cc:697] T 047884272bb4499bbe109415f79be8eb P b1a5267459c1411da5898d2d5ee31879 [term 1 LEADER]: Becoming Leader. State: Replica: b1a5267459c1411da5898d2d5ee31879, State: Running, Role: LEADER
I20260709 12:59:45.229765  8837 consensus_queue.cc:237] T 047884272bb4499bbe109415f79be8eb P b1a5267459c1411da5898d2d5ee31879 [LEADER]: Queue going to LEADER mode. State: All replicated index: 0, Majority replicated index: 0, Committed index: 0, Last appended: 0.0, Last appended by leader: 0, Current term: 1, Majority size: 2, State: 0, Mode: LEADER, active raft config: opid_index: -1 OBSOLETE_local: false peers { permanent_uuid: "9c673afa8840482fb8230dcbc8ad342f" member_type: VOTER last_known_addr { host: "127.7.57.65" port: 36013 } } peers { permanent_uuid: "b1a5267459c1411da5898d2d5ee31879" member_type: VOTER last_known_addr { host: "127.7.57.66" port: 37277 } } peers { permanent_uuid: "07d09d7c55344c0ab6635794fce5966d" member_type: VOTER last_known_addr { host: "127.7.57.67" port: 40699 } }
I20260709 12:59:45.240324  8836 consensus_queue.cc:1048] T 3c8f4f06bb164683ad39a34a8148c948 P b1a5267459c1411da5898d2d5ee31879 [LEADER]: Connected to new peer: Peer: permanent_uuid: "07d09d7c55344c0ab6635794fce5966d" member_type: VOTER last_known_addr { host: "127.7.57.67" port: 40699 }, Status: LMP_MISMATCH, Last received: 0.0, Next index: 1, Last known committed idx: 0, Time since last communication: 0.001s
I20260709 12:59:45.241683  8710 raft_consensus.cc:359] T 9661db58c19e40ceb80406743675a2c3 P b1a5267459c1411da5898d2d5ee31879 [term 0 FOLLOWER]: Replica starting. Triggering 0 pending ops. Active config: opid_index: -1 OBSOLETE_local: false peers { permanent_uuid: "9c673afa8840482fb8230dcbc8ad342f" member_type: VOTER last_known_addr { host: "127.7.57.65" port: 36013 } } peers { permanent_uuid: "b1a5267459c1411da5898d2d5ee31879" member_type: VOTER last_known_addr { host: "127.7.57.66" port: 37277 } } peers { permanent_uuid: "07d09d7c55344c0ab6635794fce5966d" member_type: VOTER last_known_addr { host: "127.7.57.67" port: 40699 } }
I20260709 12:59:45.242331  8710 raft_consensus.cc:385] T 9661db58c19e40ceb80406743675a2c3 P b1a5267459c1411da5898d2d5ee31879 [term 0 FOLLOWER]: Consensus starting up: Expiring failure detector timer to make a prompt election more likely
I20260709 12:59:45.242620  8710 raft_consensus.cc:740] T 9661db58c19e40ceb80406743675a2c3 P b1a5267459c1411da5898d2d5ee31879 [term 0 FOLLOWER]: Becoming Follower/Learner. State: Replica: b1a5267459c1411da5898d2d5ee31879, State: Initialized, Role: FOLLOWER
I20260709 12:59:45.243189  8710 consensus_queue.cc:260] T 9661db58c19e40ceb80406743675a2c3 P b1a5267459c1411da5898d2d5ee31879 [NON_LEADER]: Queue going to NON_LEADER mode. State: All replicated index: 0, Majority replicated index: 0, Committed index: 0, Last appended: 0.0, Last appended by leader: 0, Current term: 0, Majority size: -1, State: 0, Mode: NON_LEADER, active raft config: opid_index: -1 OBSOLETE_local: false peers { permanent_uuid: "9c673afa8840482fb8230dcbc8ad342f" member_type: VOTER last_known_addr { host: "127.7.57.65" port: 36013 } } peers { permanent_uuid: "b1a5267459c1411da5898d2d5ee31879" member_type: VOTER last_known_addr { host: "127.7.57.66" port: 37277 } } peers { permanent_uuid: "07d09d7c55344c0ab6635794fce5966d" member_type: VOTER last_known_addr { host: "127.7.57.67" port: 40699 } }
I20260709 12:59:45.244161  8739 raft_consensus.cc:515] T 175e17a03d134bb5b478e39fc161986e P 9c673afa8840482fb8230dcbc8ad342f [term 1 FOLLOWER]: Starting leader election with config: opid_index: -1 OBSOLETE_local: false peers { permanent_uuid: "9c673afa8840482fb8230dcbc8ad342f" member_type: VOTER last_known_addr { host: "127.7.57.65" port: 36013 } } peers { permanent_uuid: "b1a5267459c1411da5898d2d5ee31879" member_type: VOTER last_known_addr { host: "127.7.57.66" port: 37277 } } peers { permanent_uuid: "07d09d7c55344c0ab6635794fce5966d" member_type: VOTER last_known_addr { host: "127.7.57.67" port: 40699 } }
I20260709 12:59:45.244625  8710 ts_tablet_manager.cc:1434] T 9661db58c19e40ceb80406743675a2c3 P b1a5267459c1411da5898d2d5ee31879: Time spent starting tablet: real 0.021s	user 0.006s	sys 0.000s
I20260709 12:59:45.245464  8710 tablet_bootstrap.cc:492] T 175e17a03d134bb5b478e39fc161986e P b1a5267459c1411da5898d2d5ee31879: Bootstrap starting.
I20260709 12:59:45.246021  8739 leader_election.cc:290] T 175e17a03d134bb5b478e39fc161986e P 9c673afa8840482fb8230dcbc8ad342f [CANDIDATE]: Term 1 election: Requested vote from peers b1a5267459c1411da5898d2d5ee31879 (127.7.57.66:37277), 07d09d7c55344c0ab6635794fce5966d (127.7.57.67:40699)
I20260709 12:59:45.255896  8742 raft_consensus.cc:493] T 6c01a663e92b434e83d6574252b49f89 P 9c673afa8840482fb8230dcbc8ad342f [term 0 FOLLOWER]: Starting pre-election (no leader contacted us within the election timeout)
I20260709 12:59:45.257539  8742 raft_consensus.cc:515] T 6c01a663e92b434e83d6574252b49f89 P 9c673afa8840482fb8230dcbc8ad342f [term 0 FOLLOWER]: Starting pre-election with config: opid_index: -1 OBSOLETE_local: false peers { permanent_uuid: "9c673afa8840482fb8230dcbc8ad342f" member_type: VOTER last_known_addr { host: "127.7.57.65" port: 36013 } } peers { permanent_uuid: "b1a5267459c1411da5898d2d5ee31879" member_type: VOTER last_known_addr { host: "127.7.57.66" port: 37277 } } peers { permanent_uuid: "07d09d7c55344c0ab6635794fce5966d" member_type: VOTER last_known_addr { host: "127.7.57.67" port: 40699 } }
I20260709 12:59:45.258257  8878 consensus_queue.cc:1048] T b0c0c1c5b389443ba878b235e01ca1f6 P 9c673afa8840482fb8230dcbc8ad342f [LEADER]: Connected to new peer: Peer: permanent_uuid: "b1a5267459c1411da5898d2d5ee31879" member_type: VOTER last_known_addr { host: "127.7.57.66" port: 37277 }, Status: LMP_MISMATCH, Last received: 0.0, Next index: 1, Last known committed idx: 0, Time since last communication: 0.000s
I20260709 12:59:45.262454  8594 tablet_service.cc:1917] Received RequestConsensusVote() RPC: tablet_id: "175e17a03d134bb5b478e39fc161986e" candidate_uuid: "9c673afa8840482fb8230dcbc8ad342f" candidate_term: 1 candidate_status { last_received { term: 0 index: 0 } } ignore_live_leader: false dest_uuid: "b1a5267459c1411da5898d2d5ee31879"
I20260709 12:59:45.262367  8836 consensus_queue.cc:1048] T 4a5ef3a91500447a8f94727867feb84a P b1a5267459c1411da5898d2d5ee31879 [LEADER]: Connected to new peer: Peer: permanent_uuid: "9c673afa8840482fb8230dcbc8ad342f" member_type: VOTER last_known_addr { host: "127.7.57.65" port: 36013 }, Status: LMP_MISMATCH, Last received: 0.0, Next index: 1, Last known committed idx: 0, Time since last communication: 0.000s
I20260709 12:59:45.262655  8418 catalog_manager.cc:5697] T 8e21fcd23d8b4e21bf87810b41eced5a P 9c673afa8840482fb8230dcbc8ad342f reported cstate change: term changed from 0 to 1, leader changed from <none> to 9c673afa8840482fb8230dcbc8ad342f (127.7.57.65). New cstate: current_term: 1 leader_uuid: "9c673afa8840482fb8230dcbc8ad342f" committed_config { opid_index: -1 OBSOLETE_local: false peers { permanent_uuid: "9c673afa8840482fb8230dcbc8ad342f" member_type: VOTER last_known_addr { host: "127.7.57.65" port: 36013 } health_report { overall_health: HEALTHY } } peers { permanent_uuid: "b1a5267459c1411da5898d2d5ee31879" member_type: VOTER last_known_addr { host: "127.7.57.66" port: 37277 } health_report { overall_health: UNKNOWN } } peers { permanent_uuid: "07d09d7c55344c0ab6635794fce5966d" member_type: VOTER last_known_addr { host: "127.7.57.67" port: 40699 } health_report { overall_health: UNKNOWN } } }
W20260709 12:59:45.265400  8485 leader_election.cc:343] T 175e17a03d134bb5b478e39fc161986e P 9c673afa8840482fb8230dcbc8ad342f [CANDIDATE]: Term 1 election: Tablet error from VoteRequest() call to peer b1a5267459c1411da5898d2d5ee31879 (127.7.57.66:37277): Illegal state: must be running to vote when last-logged opid is not known
I20260709 12:59:45.261607  8742 leader_election.cc:290] T 6c01a663e92b434e83d6574252b49f89 P 9c673afa8840482fb8230dcbc8ad342f [CANDIDATE]: Term 1 pre-election: Requested pre-vote from peers b1a5267459c1411da5898d2d5ee31879 (127.7.57.66:37277), 07d09d7c55344c0ab6635794fce5966d (127.7.57.67:40699)
W20260709 12:59:45.268309  8873 log.cc:927] Time spent T 5cc06e8c159946c28c53dcda71e56d86 P 07d09d7c55344c0ab6635794fce5966d: Append to log took a long time: real 0.052s	user 0.000s	sys 0.001s
I20260709 12:59:45.272020  8592 tablet_service.cc:1917] Received RequestConsensusVote() RPC: tablet_id: "6c01a663e92b434e83d6574252b49f89" candidate_uuid: "9c673afa8840482fb8230dcbc8ad342f" candidate_term: 1 candidate_status { last_received { term: 0 index: 0 } } ignore_live_leader: false dest_uuid: "b1a5267459c1411da5898d2d5ee31879" is_pre_election: true
I20260709 12:59:45.276165  8667 tablet_service.cc:1917] Received RequestConsensusVote() RPC: tablet_id: "175e17a03d134bb5b478e39fc161986e" candidate_uuid: "9c673afa8840482fb8230dcbc8ad342f" candidate_term: 1 candidate_status { last_received { term: 0 index: 0 } } ignore_live_leader: false dest_uuid: "07d09d7c55344c0ab6635794fce5966d"
I20260709 12:59:45.276232  8592 raft_consensus.cc:2468] T 6c01a663e92b434e83d6574252b49f89 P b1a5267459c1411da5898d2d5ee31879 [term 0 FOLLOWER]: Leader pre-election vote request: Granting yes vote for candidate 9c673afa8840482fb8230dcbc8ad342f in term 0.
I20260709 12:59:45.276786  8667 raft_consensus.cc:3060] T 175e17a03d134bb5b478e39fc161986e P 07d09d7c55344c0ab6635794fce5966d [term 0 FOLLOWER]: Advancing to term 1
I20260709 12:59:45.282816  8669 tablet_service.cc:1917] Received RequestConsensusVote() RPC: tablet_id: "6c01a663e92b434e83d6574252b49f89" candidate_uuid: "9c673afa8840482fb8230dcbc8ad342f" candidate_term: 1 candidate_status { last_received { term: 0 index: 0 } } ignore_live_leader: false dest_uuid: "07d09d7c55344c0ab6635794fce5966d" is_pre_election: true
I20260709 12:59:45.283610  8669 raft_consensus.cc:2468] T 6c01a663e92b434e83d6574252b49f89 P 07d09d7c55344c0ab6635794fce5966d [term 0 FOLLOWER]: Leader pre-election vote request: Granting yes vote for candidate 9c673afa8840482fb8230dcbc8ad342f in term 0.
I20260709 12:59:45.287433  8485 leader_election.cc:304] T 6c01a663e92b434e83d6574252b49f89 P 9c673afa8840482fb8230dcbc8ad342f [CANDIDATE]: Term 1 pre-election: Election decided. Result: candidate won. Election summary: received 2 responses out of 3 voters: 2 yes votes; 0 no votes. yes voters: 9c673afa8840482fb8230dcbc8ad342f, b1a5267459c1411da5898d2d5ee31879; no voters: 
I20260709 12:59:45.289137  8709 tablet_bootstrap.cc:492] T 958267f157c44be58adee120a08f6d2b P 9c673afa8840482fb8230dcbc8ad342f: No bootstrap required, opened a new log
I20260709 12:59:45.289762  8709 ts_tablet_manager.cc:1403] T 958267f157c44be58adee120a08f6d2b P 9c673afa8840482fb8230dcbc8ad342f: Time spent bootstrapping tablet: real 0.146s	user 0.014s	sys 0.014s
I20260709 12:59:45.289909  8881 raft_consensus.cc:2804] T 6c01a663e92b434e83d6574252b49f89 P 9c673afa8840482fb8230dcbc8ad342f [term 0 FOLLOWER]: Leader pre-election won for term 1
I20260709 12:59:45.290343  8881 raft_consensus.cc:493] T 6c01a663e92b434e83d6574252b49f89 P 9c673afa8840482fb8230dcbc8ad342f [term 0 FOLLOWER]: Starting leader election (no leader contacted us within the election timeout)
I20260709 12:59:45.291906  8881 raft_consensus.cc:3060] T 6c01a663e92b434e83d6574252b49f89 P 9c673afa8840482fb8230dcbc8ad342f [term 0 FOLLOWER]: Advancing to term 1
I20260709 12:59:45.292374  8836 raft_consensus.cc:493] T 9661db58c19e40ceb80406743675a2c3 P b1a5267459c1411da5898d2d5ee31879 [term 0 FOLLOWER]: Starting pre-election (no leader contacted us within the election timeout)
I20260709 12:59:45.292832  8836 raft_consensus.cc:515] T 9661db58c19e40ceb80406743675a2c3 P b1a5267459c1411da5898d2d5ee31879 [term 0 FOLLOWER]: Starting pre-election with config: opid_index: -1 OBSOLETE_local: false peers { permanent_uuid: "9c673afa8840482fb8230dcbc8ad342f" member_type: VOTER last_known_addr { host: "127.7.57.65" port: 36013 } } peers { permanent_uuid: "b1a5267459c1411da5898d2d5ee31879" member_type: VOTER last_known_addr { host: "127.7.57.66" port: 37277 } } peers { permanent_uuid: "07d09d7c55344c0ab6635794fce5966d" member_type: VOTER last_known_addr { host: "127.7.57.67" port: 40699 } }
I20260709 12:59:45.295747  8836 leader_election.cc:290] T 9661db58c19e40ceb80406743675a2c3 P b1a5267459c1411da5898d2d5ee31879 [CANDIDATE]: Term 1 pre-election: Requested pre-vote from peers 9c673afa8840482fb8230dcbc8ad342f (127.7.57.65:36013), 07d09d7c55344c0ab6635794fce5966d (127.7.57.67:40699)
I20260709 12:59:45.298074  8520 tablet_service.cc:1917] Received RequestConsensusVote() RPC: tablet_id: "9661db58c19e40ceb80406743675a2c3" candidate_uuid: "b1a5267459c1411da5898d2d5ee31879" candidate_term: 1 candidate_status { last_received { term: 0 index: 0 } } ignore_live_leader: false dest_uuid: "9c673afa8840482fb8230dcbc8ad342f" is_pre_election: true
I20260709 12:59:45.288623  8417 catalog_manager.cc:5697] T 047884272bb4499bbe109415f79be8eb P b1a5267459c1411da5898d2d5ee31879 reported cstate change: term changed from 0 to 1, leader changed from <none> to b1a5267459c1411da5898d2d5ee31879 (127.7.57.66). New cstate: current_term: 1 leader_uuid: "b1a5267459c1411da5898d2d5ee31879" committed_config { opid_index: -1 OBSOLETE_local: false peers { permanent_uuid: "9c673afa8840482fb8230dcbc8ad342f" member_type: VOTER last_known_addr { host: "127.7.57.65" port: 36013 } health_report { overall_health: UNKNOWN } } peers { permanent_uuid: "b1a5267459c1411da5898d2d5ee31879" member_type: VOTER last_known_addr { host: "127.7.57.66" port: 37277 } health_report { overall_health: HEALTHY } } peers { permanent_uuid: "07d09d7c55344c0ab6635794fce5966d" member_type: VOTER last_known_addr { host: "127.7.57.67" port: 40699 } health_report { overall_health: UNKNOWN } } }
W20260709 12:59:45.307202  8559 leader_election.cc:343] T 9661db58c19e40ceb80406743675a2c3 P b1a5267459c1411da5898d2d5ee31879 [CANDIDATE]: Term 1 pre-election: Tablet error from VoteRequest() call to peer 9c673afa8840482fb8230dcbc8ad342f (127.7.57.65:36013): Illegal state: must be running to vote when last-logged opid is not known
I20260709 12:59:45.310351  8668 tablet_service.cc:1917] Received RequestConsensusVote() RPC: tablet_id: "9661db58c19e40ceb80406743675a2c3" candidate_uuid: "b1a5267459c1411da5898d2d5ee31879" candidate_term: 1 candidate_status { last_received { term: 0 index: 0 } } ignore_live_leader: false dest_uuid: "07d09d7c55344c0ab6635794fce5966d" is_pre_election: true
W20260709 12:59:45.311694  8559 leader_election.cc:343] T 9661db58c19e40ceb80406743675a2c3 P b1a5267459c1411da5898d2d5ee31879 [CANDIDATE]: Term 1 pre-election: Tablet error from VoteRequest() call to peer 07d09d7c55344c0ab6635794fce5966d (127.7.57.67:40699): Illegal state: must be running to vote when last-logged opid is not known
I20260709 12:59:45.312125  8559 leader_election.cc:304] T 9661db58c19e40ceb80406743675a2c3 P b1a5267459c1411da5898d2d5ee31879 [CANDIDATE]: Term 1 pre-election: Election decided. Result: candidate lost. Election summary: received 3 responses out of 3 voters: 1 yes votes; 2 no votes. yes voters: b1a5267459c1411da5898d2d5ee31879; no voters: 07d09d7c55344c0ab6635794fce5966d, 9c673afa8840482fb8230dcbc8ad342f
I20260709 12:59:45.313176  8836 raft_consensus.cc:2749] T 9661db58c19e40ceb80406743675a2c3 P b1a5267459c1411da5898d2d5ee31879 [term 0 FOLLOWER]: Leader pre-election lost for term 1. Reason: could not achieve majority
I20260709 12:59:45.317610  8883 raft_consensus.cc:493] T af19742ae3c847d98f0493600f9f2034 P 9c673afa8840482fb8230dcbc8ad342f [term 0 FOLLOWER]: Starting pre-election (no leader contacted us within the election timeout)
I20260709 12:59:45.317005  8667 raft_consensus.cc:2468] T 175e17a03d134bb5b478e39fc161986e P 07d09d7c55344c0ab6635794fce5966d [term 1 FOLLOWER]: Leader election vote request: Granting yes vote for candidate 9c673afa8840482fb8230dcbc8ad342f in term 1.
I20260709 12:59:45.318094  8883 raft_consensus.cc:515] T af19742ae3c847d98f0493600f9f2034 P 9c673afa8840482fb8230dcbc8ad342f [term 0 FOLLOWER]: Starting pre-election with config: opid_index: -1 OBSOLETE_local: false peers { permanent_uuid: "9c673afa8840482fb8230dcbc8ad342f" member_type: VOTER last_known_addr { host: "127.7.57.65" port: 36013 } } peers { permanent_uuid: "b1a5267459c1411da5898d2d5ee31879" member_type: VOTER last_known_addr { host: "127.7.57.66" port: 37277 } } peers { permanent_uuid: "07d09d7c55344c0ab6635794fce5966d" member_type: VOTER last_known_addr { host: "127.7.57.67" port: 40699 } }
I20260709 12:59:45.321254  8883 leader_election.cc:290] T af19742ae3c847d98f0493600f9f2034 P 9c673afa8840482fb8230dcbc8ad342f [CANDIDATE]: Term 1 pre-election: Requested pre-vote from peers b1a5267459c1411da5898d2d5ee31879 (127.7.57.66:37277), 07d09d7c55344c0ab6635794fce5966d (127.7.57.67:40699)
I20260709 12:59:45.325003  8711 tablet_bootstrap.cc:492] T 958267f157c44be58adee120a08f6d2b P 07d09d7c55344c0ab6635794fce5966d: No bootstrap required, opened a new log
I20260709 12:59:45.325584  8711 ts_tablet_manager.cc:1403] T 958267f157c44be58adee120a08f6d2b P 07d09d7c55344c0ab6635794fce5966d: Time spent bootstrapping tablet: real 0.152s	user 0.014s	sys 0.000s
I20260709 12:59:45.327178  8709 raft_consensus.cc:359] T 958267f157c44be58adee120a08f6d2b P 9c673afa8840482fb8230dcbc8ad342f [term 0 FOLLOWER]: Replica starting. Triggering 0 pending ops. Active config: opid_index: -1 OBSOLETE_local: false peers { permanent_uuid: "9c673afa8840482fb8230dcbc8ad342f" member_type: VOTER last_known_addr { host: "127.7.57.65" port: 36013 } } peers { permanent_uuid: "b1a5267459c1411da5898d2d5ee31879" member_type: VOTER last_known_addr { host: "127.7.57.66" port: 37277 } } peers { permanent_uuid: "07d09d7c55344c0ab6635794fce5966d" member_type: VOTER last_known_addr { host: "127.7.57.67" port: 40699 } }
I20260709 12:59:45.328333  8709 raft_consensus.cc:385] T 958267f157c44be58adee120a08f6d2b P 9c673afa8840482fb8230dcbc8ad342f [term 0 FOLLOWER]: Consensus starting up: Expiring failure detector timer to make a prompt election more likely
I20260709 12:59:45.328673  8709 raft_consensus.cc:740] T 958267f157c44be58adee120a08f6d2b P 9c673afa8840482fb8230dcbc8ad342f [term 0 FOLLOWER]: Becoming Follower/Learner. State: Replica: 9c673afa8840482fb8230dcbc8ad342f, State: Initialized, Role: FOLLOWER
I20260709 12:59:45.330714  8709 consensus_queue.cc:260] T 958267f157c44be58adee120a08f6d2b P 9c673afa8840482fb8230dcbc8ad342f [NON_LEADER]: Queue going to NON_LEADER mode. State: All replicated index: 0, Majority replicated index: 0, Committed index: 0, Last appended: 0.0, Last appended by leader: 0, Current term: 0, Majority size: -1, State: 0, Mode: NON_LEADER, active raft config: opid_index: -1 OBSOLETE_local: false peers { permanent_uuid: "9c673afa8840482fb8230dcbc8ad342f" member_type: VOTER last_known_addr { host: "127.7.57.65" port: 36013 } } peers { permanent_uuid: "b1a5267459c1411da5898d2d5ee31879" member_type: VOTER last_known_addr { host: "127.7.57.66" port: 37277 } } peers { permanent_uuid: "07d09d7c55344c0ab6635794fce5966d" member_type: VOTER last_known_addr { host: "127.7.57.67" port: 40699 } }
I20260709 12:59:45.322525  8594 tablet_service.cc:1917] Received RequestConsensusVote() RPC: tablet_id: "af19742ae3c847d98f0493600f9f2034" candidate_uuid: "9c673afa8840482fb8230dcbc8ad342f" candidate_term: 1 candidate_status { last_received { term: 0 index: 0 } } ignore_live_leader: false dest_uuid: "b1a5267459c1411da5898d2d5ee31879" is_pre_election: true
I20260709 12:59:45.335387  8665 tablet_service.cc:1917] Received RequestConsensusVote() RPC: tablet_id: "af19742ae3c847d98f0493600f9f2034" candidate_uuid: "9c673afa8840482fb8230dcbc8ad342f" candidate_term: 1 candidate_status { last_received { term: 0 index: 0 } } ignore_live_leader: false dest_uuid: "07d09d7c55344c0ab6635794fce5966d" is_pre_election: true
I20260709 12:59:45.337343  8484 leader_election.cc:304] T 175e17a03d134bb5b478e39fc161986e P 9c673afa8840482fb8230dcbc8ad342f [CANDIDATE]: Term 1 election: Election decided. Result: candidate won. Election summary: received 3 responses out of 3 voters: 2 yes votes; 1 no votes. yes voters: 07d09d7c55344c0ab6635794fce5966d, 9c673afa8840482fb8230dcbc8ad342f; no voters: b1a5267459c1411da5898d2d5ee31879
I20260709 12:59:45.342960  8881 raft_consensus.cc:515] T 6c01a663e92b434e83d6574252b49f89 P 9c673afa8840482fb8230dcbc8ad342f [term 1 FOLLOWER]: Starting leader election with config: opid_index: -1 OBSOLETE_local: false peers { permanent_uuid: "9c673afa8840482fb8230dcbc8ad342f" member_type: VOTER last_known_addr { host: "127.7.57.65" port: 36013 } } peers { permanent_uuid: "b1a5267459c1411da5898d2d5ee31879" member_type: VOTER last_known_addr { host: "127.7.57.66" port: 37277 } } peers { permanent_uuid: "07d09d7c55344c0ab6635794fce5966d" member_type: VOTER last_known_addr { host: "127.7.57.67" port: 40699 } }
I20260709 12:59:45.345295  8881 leader_election.cc:290] T 6c01a663e92b434e83d6574252b49f89 P 9c673afa8840482fb8230dcbc8ad342f [CANDIDATE]: Term 1 election: Requested vote from peers b1a5267459c1411da5898d2d5ee31879 (127.7.57.66:37277), 07d09d7c55344c0ab6635794fce5966d (127.7.57.67:40699)
I20260709 12:59:45.350311  8710 tablet_bootstrap.cc:654] T 175e17a03d134bb5b478e39fc161986e P b1a5267459c1411da5898d2d5ee31879: Neither blocks nor log segments found. Creating new log.
I20260709 12:59:45.353415  8878 raft_consensus.cc:2804] T 175e17a03d134bb5b478e39fc161986e P 9c673afa8840482fb8230dcbc8ad342f [term 1 FOLLOWER]: Leader election won for term 1
I20260709 12:59:45.354039  8878 raft_consensus.cc:697] T 175e17a03d134bb5b478e39fc161986e P 9c673afa8840482fb8230dcbc8ad342f [term 1 LEADER]: Becoming Leader. State: Replica: 9c673afa8840482fb8230dcbc8ad342f, State: Running, Role: LEADER
I20260709 12:59:45.355108  8878 consensus_queue.cc:237] T 175e17a03d134bb5b478e39fc161986e P 9c673afa8840482fb8230dcbc8ad342f [LEADER]: Queue going to LEADER mode. State: All replicated index: 0, Majority replicated index: 0, Committed index: 0, Last appended: 0.0, Last appended by leader: 0, Current term: 1, Majority size: 2, State: 0, Mode: LEADER, active raft config: opid_index: -1 OBSOLETE_local: false peers { permanent_uuid: "9c673afa8840482fb8230dcbc8ad342f" member_type: VOTER last_known_addr { host: "127.7.57.65" port: 36013 } } peers { permanent_uuid: "b1a5267459c1411da5898d2d5ee31879" member_type: VOTER last_known_addr { host: "127.7.57.66" port: 37277 } } peers { permanent_uuid: "07d09d7c55344c0ab6635794fce5966d" member_type: VOTER last_known_addr { host: "127.7.57.67" port: 40699 } }
I20260709 12:59:45.357707  8837 consensus_queue.cc:1048] T 3c8f4f06bb164683ad39a34a8148c948 P b1a5267459c1411da5898d2d5ee31879 [LEADER]: Connected to new peer: Peer: permanent_uuid: "9c673afa8840482fb8230dcbc8ad342f" member_type: VOTER last_known_addr { host: "127.7.57.65" port: 36013 }, Status: LMP_MISMATCH, Last received: 0.0, Next index: 1, Last known committed idx: 0, Time since last communication: 0.000s
W20260709 12:59:45.359419  8484 leader_election.cc:343] T af19742ae3c847d98f0493600f9f2034 P 9c673afa8840482fb8230dcbc8ad342f [CANDIDATE]: Term 1 pre-election: Tablet error from VoteRequest() call to peer 07d09d7c55344c0ab6635794fce5966d (127.7.57.67:40699): Illegal state: must be running to vote when last-logged opid is not known
I20260709 12:59:45.370615  8668 tablet_service.cc:1917] Received RequestConsensusVote() RPC: tablet_id: "6c01a663e92b434e83d6574252b49f89" candidate_uuid: "9c673afa8840482fb8230dcbc8ad342f" candidate_term: 1 candidate_status { last_received { term: 0 index: 0 } } ignore_live_leader: false dest_uuid: "07d09d7c55344c0ab6635794fce5966d"
I20260709 12:59:45.371363  8668 raft_consensus.cc:3060] T 6c01a663e92b434e83d6574252b49f89 P 07d09d7c55344c0ab6635794fce5966d [term 0 FOLLOWER]: Advancing to term 1
W20260709 12:59:45.374629  8485 leader_election.cc:343] T af19742ae3c847d98f0493600f9f2034 P 9c673afa8840482fb8230dcbc8ad342f [CANDIDATE]: Term 1 pre-election: Tablet error from VoteRequest() call to peer b1a5267459c1411da5898d2d5ee31879 (127.7.57.66:37277): Illegal state: must be running to vote when last-logged opid is not known
I20260709 12:59:45.376336  8594 tablet_service.cc:1917] Received RequestConsensusVote() RPC: tablet_id: "6c01a663e92b434e83d6574252b49f89" candidate_uuid: "9c673afa8840482fb8230dcbc8ad342f" candidate_term: 1 candidate_status { last_received { term: 0 index: 0 } } ignore_live_leader: false dest_uuid: "b1a5267459c1411da5898d2d5ee31879"
I20260709 12:59:45.383329  8709 ts_tablet_manager.cc:1434] T 958267f157c44be58adee120a08f6d2b P 9c673afa8840482fb8230dcbc8ad342f: Time spent starting tablet: real 0.093s	user 0.005s	sys 0.004s
I20260709 12:59:45.384531  8709 tablet_bootstrap.cc:492] T 9661db58c19e40ceb80406743675a2c3 P 9c673afa8840482fb8230dcbc8ad342f: Bootstrap starting.
I20260709 12:59:45.386693  8594 raft_consensus.cc:3060] T 6c01a663e92b434e83d6574252b49f89 P b1a5267459c1411da5898d2d5ee31879 [term 0 FOLLOWER]: Advancing to term 1
I20260709 12:59:45.381475  8485 leader_election.cc:304] T af19742ae3c847d98f0493600f9f2034 P 9c673afa8840482fb8230dcbc8ad342f [CANDIDATE]: Term 1 pre-election: Election decided. Result: candidate lost. Election summary: received 3 responses out of 3 voters: 1 yes votes; 2 no votes. yes voters: 9c673afa8840482fb8230dcbc8ad342f; no voters: 07d09d7c55344c0ab6635794fce5966d, b1a5267459c1411da5898d2d5ee31879
I20260709 12:59:45.394637  8668 raft_consensus.cc:2468] T 6c01a663e92b434e83d6574252b49f89 P 07d09d7c55344c0ab6635794fce5966d [term 1 FOLLOWER]: Leader election vote request: Granting yes vote for candidate 9c673afa8840482fb8230dcbc8ad342f in term 1.
I20260709 12:59:45.395514  8883 raft_consensus.cc:2749] T af19742ae3c847d98f0493600f9f2034 P 9c673afa8840482fb8230dcbc8ad342f [term 0 FOLLOWER]: Leader pre-election lost for term 1. Reason: could not achieve majority
I20260709 12:59:45.398087  8484 leader_election.cc:304] T 6c01a663e92b434e83d6574252b49f89 P 9c673afa8840482fb8230dcbc8ad342f [CANDIDATE]: Term 1 election: Election decided. Result: candidate won. Election summary: received 2 responses out of 3 voters: 2 yes votes; 0 no votes. yes voters: 07d09d7c55344c0ab6635794fce5966d, 9c673afa8840482fb8230dcbc8ad342f; no voters: 
I20260709 12:59:45.398890  8881 raft_consensus.cc:2804] T 6c01a663e92b434e83d6574252b49f89 P 9c673afa8840482fb8230dcbc8ad342f [term 1 FOLLOWER]: Leader election won for term 1
I20260709 12:59:45.399339  8881 raft_consensus.cc:697] T 6c01a663e92b434e83d6574252b49f89 P 9c673afa8840482fb8230dcbc8ad342f [term 1 LEADER]: Becoming Leader. State: Replica: 9c673afa8840482fb8230dcbc8ad342f, State: Running, Role: LEADER
I20260709 12:59:45.400096  8881 consensus_queue.cc:237] T 6c01a663e92b434e83d6574252b49f89 P 9c673afa8840482fb8230dcbc8ad342f [LEADER]: Queue going to LEADER mode. State: All replicated index: 0, Majority replicated index: 0, Committed index: 0, Last appended: 0.0, Last appended by leader: 0, Current term: 1, Majority size: 2, State: 0, Mode: LEADER, active raft config: opid_index: -1 OBSOLETE_local: false peers { permanent_uuid: "9c673afa8840482fb8230dcbc8ad342f" member_type: VOTER last_known_addr { host: "127.7.57.65" port: 36013 } } peers { permanent_uuid: "b1a5267459c1411da5898d2d5ee31879" member_type: VOTER last_known_addr { host: "127.7.57.66" port: 37277 } } peers { permanent_uuid: "07d09d7c55344c0ab6635794fce5966d" member_type: VOTER last_known_addr { host: "127.7.57.67" port: 40699 } }
I20260709 12:59:45.403157  8711 raft_consensus.cc:359] T 958267f157c44be58adee120a08f6d2b P 07d09d7c55344c0ab6635794fce5966d [term 0 FOLLOWER]: Replica starting. Triggering 0 pending ops. Active config: opid_index: -1 OBSOLETE_local: false peers { permanent_uuid: "9c673afa8840482fb8230dcbc8ad342f" member_type: VOTER last_known_addr { host: "127.7.57.65" port: 36013 } } peers { permanent_uuid: "b1a5267459c1411da5898d2d5ee31879" member_type: VOTER last_known_addr { host: "127.7.57.66" port: 37277 } } peers { permanent_uuid: "07d09d7c55344c0ab6635794fce5966d" member_type: VOTER last_known_addr { host: "127.7.57.67" port: 40699 } }
I20260709 12:59:45.403833  8711 raft_consensus.cc:385] T 958267f157c44be58adee120a08f6d2b P 07d09d7c55344c0ab6635794fce5966d [term 0 FOLLOWER]: Consensus starting up: Expiring failure detector timer to make a prompt election more likely
I20260709 12:59:45.404115  8711 raft_consensus.cc:740] T 958267f157c44be58adee120a08f6d2b P 07d09d7c55344c0ab6635794fce5966d [term 0 FOLLOWER]: Becoming Follower/Learner. State: Replica: 07d09d7c55344c0ab6635794fce5966d, State: Initialized, Role: FOLLOWER
I20260709 12:59:45.404739  8711 consensus_queue.cc:260] T 958267f157c44be58adee120a08f6d2b P 07d09d7c55344c0ab6635794fce5966d [NON_LEADER]: Queue going to NON_LEADER mode. State: All replicated index: 0, Majority replicated index: 0, Committed index: 0, Last appended: 0.0, Last appended by leader: 0, Current term: 0, Majority size: -1, State: 0, Mode: NON_LEADER, active raft config: opid_index: -1 OBSOLETE_local: false peers { permanent_uuid: "9c673afa8840482fb8230dcbc8ad342f" member_type: VOTER last_known_addr { host: "127.7.57.65" port: 36013 } } peers { permanent_uuid: "b1a5267459c1411da5898d2d5ee31879" member_type: VOTER last_known_addr { host: "127.7.57.66" port: 37277 } } peers { permanent_uuid: "07d09d7c55344c0ab6635794fce5966d" member_type: VOTER last_known_addr { host: "127.7.57.67" port: 40699 } }
I20260709 12:59:45.406396  8594 raft_consensus.cc:2468] T 6c01a663e92b434e83d6574252b49f89 P b1a5267459c1411da5898d2d5ee31879 [term 1 FOLLOWER]: Leader election vote request: Granting yes vote for candidate 9c673afa8840482fb8230dcbc8ad342f in term 1.
I20260709 12:59:45.406783  8711 ts_tablet_manager.cc:1434] T 958267f157c44be58adee120a08f6d2b P 07d09d7c55344c0ab6635794fce5966d: Time spent starting tablet: real 0.081s	user 0.007s	sys 0.000s
I20260709 12:59:45.407687  8711 tablet_bootstrap.cc:492] T 9661db58c19e40ceb80406743675a2c3 P 07d09d7c55344c0ab6635794fce5966d: Bootstrap starting.
I20260709 12:59:45.424352  8710 tablet_bootstrap.cc:492] T 175e17a03d134bb5b478e39fc161986e P b1a5267459c1411da5898d2d5ee31879: No bootstrap required, opened a new log
I20260709 12:59:45.424791  8710 ts_tablet_manager.cc:1403] T 175e17a03d134bb5b478e39fc161986e P b1a5267459c1411da5898d2d5ee31879: Time spent bootstrapping tablet: real 0.180s	user 0.011s	sys 0.009s
I20260709 12:59:45.419106  8792 raft_consensus.cc:493] T 958267f157c44be58adee120a08f6d2b P 07d09d7c55344c0ab6635794fce5966d [term 0 FOLLOWER]: Starting pre-election (no leader contacted us within the election timeout)
I20260709 12:59:45.425577  8792 raft_consensus.cc:515] T 958267f157c44be58adee120a08f6d2b P 07d09d7c55344c0ab6635794fce5966d [term 0 FOLLOWER]: Starting pre-election with config: opid_index: -1 OBSOLETE_local: false peers { permanent_uuid: "9c673afa8840482fb8230dcbc8ad342f" member_type: VOTER last_known_addr { host: "127.7.57.65" port: 36013 } } peers { permanent_uuid: "b1a5267459c1411da5898d2d5ee31879" member_type: VOTER last_known_addr { host: "127.7.57.66" port: 37277 } } peers { permanent_uuid: "07d09d7c55344c0ab6635794fce5966d" member_type: VOTER last_known_addr { host: "127.7.57.67" port: 40699 } }
I20260709 12:59:45.427271  8710 raft_consensus.cc:359] T 175e17a03d134bb5b478e39fc161986e P b1a5267459c1411da5898d2d5ee31879 [term 0 FOLLOWER]: Replica starting. Triggering 0 pending ops. Active config: opid_index: -1 OBSOLETE_local: false peers { permanent_uuid: "9c673afa8840482fb8230dcbc8ad342f" member_type: VOTER last_known_addr { host: "127.7.57.65" port: 36013 } } peers { permanent_uuid: "b1a5267459c1411da5898d2d5ee31879" member_type: VOTER last_known_addr { host: "127.7.57.66" port: 37277 } } peers { permanent_uuid: "07d09d7c55344c0ab6635794fce5966d" member_type: VOTER last_known_addr { host: "127.7.57.67" port: 40699 } }
I20260709 12:59:45.427946  8710 raft_consensus.cc:385] T 175e17a03d134bb5b478e39fc161986e P b1a5267459c1411da5898d2d5ee31879 [term 0 FOLLOWER]: Consensus starting up: Expiring failure detector timer to make a prompt election more likely
I20260709 12:59:45.428242  8710 raft_consensus.cc:740] T 175e17a03d134bb5b478e39fc161986e P b1a5267459c1411da5898d2d5ee31879 [term 0 FOLLOWER]: Becoming Follower/Learner. State: Replica: b1a5267459c1411da5898d2d5ee31879, State: Initialized, Role: FOLLOWER
I20260709 12:59:45.427574  8792 leader_election.cc:290] T 958267f157c44be58adee120a08f6d2b P 07d09d7c55344c0ab6635794fce5966d [CANDIDATE]: Term 1 pre-election: Requested pre-vote from peers 9c673afa8840482fb8230dcbc8ad342f (127.7.57.65:36013), b1a5267459c1411da5898d2d5ee31879 (127.7.57.66:37277)
I20260709 12:59:45.428903  8518 tablet_service.cc:1917] Received RequestConsensusVote() RPC: tablet_id: "958267f157c44be58adee120a08f6d2b" candidate_uuid: "07d09d7c55344c0ab6635794fce5966d" candidate_term: 1 candidate_status { last_received { term: 0 index: 0 } } ignore_live_leader: false dest_uuid: "9c673afa8840482fb8230dcbc8ad342f" is_pre_election: true
I20260709 12:59:45.429090  8593 tablet_service.cc:1917] Received RequestConsensusVote() RPC: tablet_id: "958267f157c44be58adee120a08f6d2b" candidate_uuid: "07d09d7c55344c0ab6635794fce5966d" candidate_term: 1 candidate_status { last_received { term: 0 index: 0 } } ignore_live_leader: false dest_uuid: "b1a5267459c1411da5898d2d5ee31879" is_pre_election: true
I20260709 12:59:45.429520  8518 raft_consensus.cc:2468] T 958267f157c44be58adee120a08f6d2b P 9c673afa8840482fb8230dcbc8ad342f [term 0 FOLLOWER]: Leader pre-election vote request: Granting yes vote for candidate 07d09d7c55344c0ab6635794fce5966d in term 0.
W20260709 12:59:45.430718  8634 leader_election.cc:343] T 958267f157c44be58adee120a08f6d2b P 07d09d7c55344c0ab6635794fce5966d [CANDIDATE]: Term 1 pre-election: Tablet error from VoteRequest() call to peer b1a5267459c1411da5898d2d5ee31879 (127.7.57.66:37277): Illegal state: must be running to vote when last-logged opid is not known
I20260709 12:59:45.435266  8418 catalog_manager.cc:5697] T 175e17a03d134bb5b478e39fc161986e P 9c673afa8840482fb8230dcbc8ad342f reported cstate change: term changed from 0 to 1, leader changed from <none> to 9c673afa8840482fb8230dcbc8ad342f (127.7.57.65). New cstate: current_term: 1 leader_uuid: "9c673afa8840482fb8230dcbc8ad342f" committed_config { opid_index: -1 OBSOLETE_local: false peers { permanent_uuid: "9c673afa8840482fb8230dcbc8ad342f" member_type: VOTER last_known_addr { host: "127.7.57.65" port: 36013 } health_report { overall_health: HEALTHY } } peers { permanent_uuid: "b1a5267459c1411da5898d2d5ee31879" member_type: VOTER last_known_addr { host: "127.7.57.66" port: 37277 } health_report { overall_health: UNKNOWN } } peers { permanent_uuid: "07d09d7c55344c0ab6635794fce5966d" member_type: VOTER last_known_addr { host: "127.7.57.67" port: 40699 } health_report { overall_health: UNKNOWN } } }
I20260709 12:59:45.437234  8633 leader_election.cc:304] T 958267f157c44be58adee120a08f6d2b P 07d09d7c55344c0ab6635794fce5966d [CANDIDATE]: Term 1 pre-election: Election decided. Result: candidate won. Election summary: received 3 responses out of 3 voters: 2 yes votes; 1 no votes. yes voters: 07d09d7c55344c0ab6635794fce5966d, 9c673afa8840482fb8230dcbc8ad342f; no voters: b1a5267459c1411da5898d2d5ee31879
I20260709 12:59:45.441908  8709 tablet_bootstrap.cc:654] T 9661db58c19e40ceb80406743675a2c3 P 9c673afa8840482fb8230dcbc8ad342f: Neither blocks nor log segments found. Creating new log.
I20260709 12:59:45.447395  8775 raft_consensus.cc:2804] T 958267f157c44be58adee120a08f6d2b P 07d09d7c55344c0ab6635794fce5966d [term 0 FOLLOWER]: Leader pre-election won for term 1
I20260709 12:59:45.447888  8775 raft_consensus.cc:493] T 958267f157c44be58adee120a08f6d2b P 07d09d7c55344c0ab6635794fce5966d [term 0 FOLLOWER]: Starting leader election (no leader contacted us within the election timeout)
I20260709 12:59:45.448323  8775 raft_consensus.cc:3060] T 958267f157c44be58adee120a08f6d2b P 07d09d7c55344c0ab6635794fce5966d [term 0 FOLLOWER]: Advancing to term 1
I20260709 12:59:45.455929  8710 consensus_queue.cc:260] T 175e17a03d134bb5b478e39fc161986e P b1a5267459c1411da5898d2d5ee31879 [NON_LEADER]: Queue going to NON_LEADER mode. State: All replicated index: 0, Majority replicated index: 0, Committed index: 0, Last appended: 0.0, Last appended by leader: 0, Current term: 0, Majority size: -1, State: 0, Mode: NON_LEADER, active raft config: opid_index: -1 OBSOLETE_local: false peers { permanent_uuid: "9c673afa8840482fb8230dcbc8ad342f" member_type: VOTER last_known_addr { host: "127.7.57.65" port: 36013 } } peers { permanent_uuid: "b1a5267459c1411da5898d2d5ee31879" member_type: VOTER last_known_addr { host: "127.7.57.66" port: 37277 } } peers { permanent_uuid: "07d09d7c55344c0ab6635794fce5966d" member_type: VOTER last_known_addr { host: "127.7.57.67" port: 40699 } }
I20260709 12:59:45.459599  8775 raft_consensus.cc:515] T 958267f157c44be58adee120a08f6d2b P 07d09d7c55344c0ab6635794fce5966d [term 1 FOLLOWER]: Starting leader election with config: opid_index: -1 OBSOLETE_local: false peers { permanent_uuid: "9c673afa8840482fb8230dcbc8ad342f" member_type: VOTER last_known_addr { host: "127.7.57.65" port: 36013 } } peers { permanent_uuid: "b1a5267459c1411da5898d2d5ee31879" member_type: VOTER last_known_addr { host: "127.7.57.66" port: 37277 } } peers { permanent_uuid: "07d09d7c55344c0ab6635794fce5966d" member_type: VOTER last_known_addr { host: "127.7.57.67" port: 40699 } }
I20260709 12:59:45.461439  8710 ts_tablet_manager.cc:1434] T 175e17a03d134bb5b478e39fc161986e P b1a5267459c1411da5898d2d5ee31879: Time spent starting tablet: real 0.036s	user 0.007s	sys 0.015s
I20260709 12:59:45.462312  8710 tablet_bootstrap.cc:492] T 4754587c2d3548e9aec5a9039a9ad004 P b1a5267459c1411da5898d2d5ee31879: Bootstrap starting.
I20260709 12:59:45.472288  8711 tablet_bootstrap.cc:654] T 9661db58c19e40ceb80406743675a2c3 P 07d09d7c55344c0ab6635794fce5966d: Neither blocks nor log segments found. Creating new log.
W20260709 12:59:45.472796  8889 log.cc:927] Time spent T b0c0c1c5b389443ba878b235e01ca1f6 P b1a5267459c1411da5898d2d5ee31879: Append to log took a long time: real 0.056s	user 0.001s	sys 0.000s
I20260709 12:59:45.476419  8710 tablet_bootstrap.cc:654] T 4754587c2d3548e9aec5a9039a9ad004 P b1a5267459c1411da5898d2d5ee31879: Neither blocks nor log segments found. Creating new log.
I20260709 12:59:45.484738  8518 tablet_service.cc:1917] Received RequestConsensusVote() RPC: tablet_id: "958267f157c44be58adee120a08f6d2b" candidate_uuid: "07d09d7c55344c0ab6635794fce5966d" candidate_term: 1 candidate_status { last_received { term: 0 index: 0 } } ignore_live_leader: false dest_uuid: "9c673afa8840482fb8230dcbc8ad342f"
I20260709 12:59:45.485285  8775 leader_election.cc:290] T 958267f157c44be58adee120a08f6d2b P 07d09d7c55344c0ab6635794fce5966d [CANDIDATE]: Term 1 election: Requested vote from peers 9c673afa8840482fb8230dcbc8ad342f (127.7.57.65:36013), b1a5267459c1411da5898d2d5ee31879 (127.7.57.66:37277)
I20260709 12:59:45.485351  8518 raft_consensus.cc:3060] T 958267f157c44be58adee120a08f6d2b P 9c673afa8840482fb8230dcbc8ad342f [term 0 FOLLOWER]: Advancing to term 1
I20260709 12:59:45.486614  8881 raft_consensus.cc:493] T 458aa1cab2354c1c9dd984632db21c9d P 9c673afa8840482fb8230dcbc8ad342f [term 0 FOLLOWER]: Starting pre-election (no leader contacted us within the election timeout)
I20260709 12:59:45.487071  8881 raft_consensus.cc:515] T 458aa1cab2354c1c9dd984632db21c9d P 9c673afa8840482fb8230dcbc8ad342f [term 0 FOLLOWER]: Starting pre-election with config: opid_index: -1 OBSOLETE_local: false peers { permanent_uuid: "9c673afa8840482fb8230dcbc8ad342f" member_type: VOTER last_known_addr { host: "127.7.57.65" port: 36013 } } peers { permanent_uuid: "b1a5267459c1411da5898d2d5ee31879" member_type: VOTER last_known_addr { host: "127.7.57.66" port: 37277 } } peers { permanent_uuid: "07d09d7c55344c0ab6635794fce5966d" member_type: VOTER last_known_addr { host: "127.7.57.67" port: 40699 } }
