I20260709 12:59:44.916431  9067 raft_consensus.cc:2749] T 564eb81a064b4088bbeb20fe5e981ab0 P 2eede82d21b64b5e8ff9a8b917856518 [term 0 FOLLOWER]: Leader pre-election lost for term 1. Reason: could not achieve majority
I20260709 12:59:44.921886  8875 raft_consensus.cc:359] T 51a8876ff56e4e529edf7e7384d4d9b3 P 8ef579cddcec4eafa3d9959f5f4ef85e [term 0 FOLLOWER]: Replica starting. Triggering 0 pending ops. Active config: opid_index: -1 OBSOLETE_local: false peers { permanent_uuid: "8ef579cddcec4eafa3d9959f5f4ef85e" member_type: VOTER last_known_addr { host: "127.7.98.65" port: 39599 } } peers { permanent_uuid: "2eede82d21b64b5e8ff9a8b917856518" member_type: VOTER last_known_addr { host: "127.7.98.66" port: 41519 } } peers { permanent_uuid: "74acf936b08546baa1e12de405a99a93" member_type: VOTER last_known_addr { host: "127.7.98.67" port: 33335 } }
I20260709 12:59:44.922595  8875 raft_consensus.cc:385] T 51a8876ff56e4e529edf7e7384d4d9b3 P 8ef579cddcec4eafa3d9959f5f4ef85e [term 0 FOLLOWER]: Consensus starting up: Expiring failure detector timer to make a prompt election more likely
I20260709 12:59:44.922835  8875 raft_consensus.cc:740] T 51a8876ff56e4e529edf7e7384d4d9b3 P 8ef579cddcec4eafa3d9959f5f4ef85e [term 0 FOLLOWER]: Becoming Follower/Learner. State: Replica: 8ef579cddcec4eafa3d9959f5f4ef85e, State: Initialized, Role: FOLLOWER
I20260709 12:59:44.923444  8875 consensus_queue.cc:260] T 51a8876ff56e4e529edf7e7384d4d9b3 P 8ef579cddcec4eafa3d9959f5f4ef85e [NON_LEADER]: Queue going to NON_LEADER mode. State: All replicated index: 0, Majority replicated index: 0, Committed index: 0, Last appended: 0.0, Last appended by leader: 0, Current term: 0, Majority size: -1, State: 0, Mode: NON_LEADER, active raft config: opid_index: -1 OBSOLETE_local: false peers { permanent_uuid: "8ef579cddcec4eafa3d9959f5f4ef85e" member_type: VOTER last_known_addr { host: "127.7.98.65" port: 39599 } } peers { permanent_uuid: "2eede82d21b64b5e8ff9a8b917856518" member_type: VOTER last_known_addr { host: "127.7.98.66" port: 41519 } } peers { permanent_uuid: "74acf936b08546baa1e12de405a99a93" member_type: VOTER last_known_addr { host: "127.7.98.67" port: 33335 } }
I20260709 12:59:44.926469  8875 ts_tablet_manager.cc:1434] T 51a8876ff56e4e529edf7e7384d4d9b3 P 8ef579cddcec4eafa3d9959f5f4ef85e: Time spent starting tablet: real 0.077s	user 0.006s	sys 0.001s
I20260709 12:59:44.927440  8875 tablet_bootstrap.cc:492] T 15a24ab941694c118adc7b4729fc3148 P 8ef579cddcec4eafa3d9959f5f4ef85e: Bootstrap starting.
I20260709 12:59:44.910755  8873 ts_tablet_manager.cc:1434] T d01354a3c7164fd498f06089fe3c47a0 P 2eede82d21b64b5e8ff9a8b917856518: Time spent starting tablet: real 0.028s	user 0.007s	sys 0.000s
I20260709 12:59:44.931784  8873 tablet_bootstrap.cc:492] T c08188e2d62b4c118ac0211c4d32372b P 2eede82d21b64b5e8ff9a8b917856518: Bootstrap starting.
I20260709 12:59:44.939993  8875 tablet_bootstrap.cc:654] T 15a24ab941694c118adc7b4729fc3148 P 8ef579cddcec4eafa3d9959f5f4ef85e: Neither blocks nor log segments found. Creating new log.
I20260709 12:59:44.943888  8873 tablet_bootstrap.cc:654] T c08188e2d62b4c118ac0211c4d32372b P 2eede82d21b64b5e8ff9a8b917856518: Neither blocks nor log segments found. Creating new log.
I20260709 12:59:44.946416  8874 tablet_bootstrap.cc:492] T b92817a0060349e3bc3e8db9947d6c84 P 74acf936b08546baa1e12de405a99a93: No bootstrap required, opened a new log
I20260709 12:59:44.946844  8874 ts_tablet_manager.cc:1403] T b92817a0060349e3bc3e8db9947d6c84 P 74acf936b08546baa1e12de405a99a93: Time spent bootstrapping tablet: real 0.219s	user 0.018s	sys 0.007s
I20260709 12:59:44.942996  8581 catalog_manager.cc:5697] T 89eed01553aa4610827be17e4e1ab625 P 74acf936b08546baa1e12de405a99a93 reported cstate change: term changed from 0 to 1, leader changed from <none> to 74acf936b08546baa1e12de405a99a93 (127.7.98.67). New cstate: current_term: 1 leader_uuid: "74acf936b08546baa1e12de405a99a93" committed_config { opid_index: -1 OBSOLETE_local: false peers { permanent_uuid: "8ef579cddcec4eafa3d9959f5f4ef85e" member_type: VOTER last_known_addr { host: "127.7.98.65" port: 39599 } health_report { overall_health: UNKNOWN } } peers { permanent_uuid: "2eede82d21b64b5e8ff9a8b917856518" member_type: VOTER last_known_addr { host: "127.7.98.66" port: 41519 } health_report { overall_health: UNKNOWN } } peers { permanent_uuid: "74acf936b08546baa1e12de405a99a93" member_type: VOTER last_known_addr { host: "127.7.98.67" port: 33335 } health_report { overall_health: HEALTHY } } }
I20260709 12:59:44.961375  8874 raft_consensus.cc:359] T b92817a0060349e3bc3e8db9947d6c84 P 74acf936b08546baa1e12de405a99a93 [term 0 FOLLOWER]: Replica starting. Triggering 0 pending ops. Active config: opid_index: -1 OBSOLETE_local: false peers { permanent_uuid: "8ef579cddcec4eafa3d9959f5f4ef85e" member_type: VOTER last_known_addr { host: "127.7.98.65" port: 39599 } } peers { permanent_uuid: "2eede82d21b64b5e8ff9a8b917856518" member_type: VOTER last_known_addr { host: "127.7.98.66" port: 41519 } } peers { permanent_uuid: "74acf936b08546baa1e12de405a99a93" member_type: VOTER last_known_addr { host: "127.7.98.67" port: 33335 } }
I20260709 12:59:44.962239  8874 raft_consensus.cc:385] T b92817a0060349e3bc3e8db9947d6c84 P 74acf936b08546baa1e12de405a99a93 [term 0 FOLLOWER]: Consensus starting up: Expiring failure detector timer to make a prompt election more likely
I20260709 12:59:44.962494  8874 raft_consensus.cc:740] T b92817a0060349e3bc3e8db9947d6c84 P 74acf936b08546baa1e12de405a99a93 [term 0 FOLLOWER]: Becoming Follower/Learner. State: Replica: 74acf936b08546baa1e12de405a99a93, State: Initialized, Role: FOLLOWER
I20260709 12:59:44.963064  8874 consensus_queue.cc:260] T b92817a0060349e3bc3e8db9947d6c84 P 74acf936b08546baa1e12de405a99a93 [NON_LEADER]: Queue going to NON_LEADER mode. State: All replicated index: 0, Majority replicated index: 0, Committed index: 0, Last appended: 0.0, Last appended by leader: 0, Current term: 0, Majority size: -1, State: 0, Mode: NON_LEADER, active raft config: opid_index: -1 OBSOLETE_local: false peers { permanent_uuid: "8ef579cddcec4eafa3d9959f5f4ef85e" member_type: VOTER last_known_addr { host: "127.7.98.65" port: 39599 } } peers { permanent_uuid: "2eede82d21b64b5e8ff9a8b917856518" member_type: VOTER last_known_addr { host: "127.7.98.66" port: 41519 } } peers { permanent_uuid: "74acf936b08546baa1e12de405a99a93" member_type: VOTER last_known_addr { host: "127.7.98.67" port: 33335 } }
I20260709 12:59:44.965590  8874 ts_tablet_manager.cc:1434] T b92817a0060349e3bc3e8db9947d6c84 P 74acf936b08546baa1e12de405a99a93: Time spent starting tablet: real 0.019s	user 0.005s	sys 0.000s
I20260709 12:59:44.966476  8874 tablet_bootstrap.cc:492] T c08188e2d62b4c118ac0211c4d32372b P 74acf936b08546baa1e12de405a99a93: Bootstrap starting.
I20260709 12:59:44.969551  8873 tablet_bootstrap.cc:492] T c08188e2d62b4c118ac0211c4d32372b P 2eede82d21b64b5e8ff9a8b917856518: No bootstrap required, opened a new log
I20260709 12:59:44.972072  8874 tablet_bootstrap.cc:654] T c08188e2d62b4c118ac0211c4d32372b P 74acf936b08546baa1e12de405a99a93: Neither blocks nor log segments found. Creating new log.
I20260709 12:59:44.973632  8873 ts_tablet_manager.cc:1403] T c08188e2d62b4c118ac0211c4d32372b P 2eede82d21b64b5e8ff9a8b917856518: Time spent bootstrapping tablet: real 0.042s	user 0.009s	sys 0.003s
I20260709 12:59:44.976189  8873 raft_consensus.cc:359] T c08188e2d62b4c118ac0211c4d32372b P 2eede82d21b64b5e8ff9a8b917856518 [term 0 FOLLOWER]: Replica starting. Triggering 0 pending ops. Active config: opid_index: -1 OBSOLETE_local: false peers { permanent_uuid: "8ef579cddcec4eafa3d9959f5f4ef85e" member_type: VOTER last_known_addr { host: "127.7.98.65" port: 39599 } } peers { permanent_uuid: "2eede82d21b64b5e8ff9a8b917856518" member_type: VOTER last_known_addr { host: "127.7.98.66" port: 41519 } } peers { permanent_uuid: "74acf936b08546baa1e12de405a99a93" member_type: VOTER last_known_addr { host: "127.7.98.67" port: 33335 } }
I20260709 12:59:44.976979  8873 raft_consensus.cc:385] T c08188e2d62b4c118ac0211c4d32372b P 2eede82d21b64b5e8ff9a8b917856518 [term 0 FOLLOWER]: Consensus starting up: Expiring failure detector timer to make a prompt election more likely
I20260709 12:59:44.977366  8873 raft_consensus.cc:740] T c08188e2d62b4c118ac0211c4d32372b P 2eede82d21b64b5e8ff9a8b917856518 [term 0 FOLLOWER]: Becoming Follower/Learner. State: Replica: 2eede82d21b64b5e8ff9a8b917856518, State: Initialized, Role: FOLLOWER
I20260709 12:59:44.978147  8873 consensus_queue.cc:260] T c08188e2d62b4c118ac0211c4d32372b P 2eede82d21b64b5e8ff9a8b917856518 [NON_LEADER]: Queue going to NON_LEADER mode. State: All replicated index: 0, Majority replicated index: 0, Committed index: 0, Last appended: 0.0, Last appended by leader: 0, Current term: 0, Majority size: -1, State: 0, Mode: NON_LEADER, active raft config: opid_index: -1 OBSOLETE_local: false peers { permanent_uuid: "8ef579cddcec4eafa3d9959f5f4ef85e" member_type: VOTER last_known_addr { host: "127.7.98.65" port: 39599 } } peers { permanent_uuid: "2eede82d21b64b5e8ff9a8b917856518" member_type: VOTER last_known_addr { host: "127.7.98.66" port: 41519 } } peers { permanent_uuid: "74acf936b08546baa1e12de405a99a93" member_type: VOTER last_known_addr { host: "127.7.98.67" port: 33335 } }
I20260709 12:59:44.980724  8873 ts_tablet_manager.cc:1434] T c08188e2d62b4c118ac0211c4d32372b P 2eede82d21b64b5e8ff9a8b917856518: Time spent starting tablet: real 0.007s	user 0.005s	sys 0.000s
I20260709 12:59:44.980839  9055 raft_consensus.cc:493] T 0d15d6a33b3d4266b1e9445c1c454019 P 74acf936b08546baa1e12de405a99a93 [term 0 FOLLOWER]: Starting pre-election (no leader contacted us within the election timeout)
I20260709 12:59:44.981280  9055 raft_consensus.cc:515] T 0d15d6a33b3d4266b1e9445c1c454019 P 74acf936b08546baa1e12de405a99a93 [term 0 FOLLOWER]: Starting pre-election with config: opid_index: -1 OBSOLETE_local: false peers { permanent_uuid: "8ef579cddcec4eafa3d9959f5f4ef85e" member_type: VOTER last_known_addr { host: "127.7.98.65" port: 39599 } } peers { permanent_uuid: "2eede82d21b64b5e8ff9a8b917856518" member_type: VOTER last_known_addr { host: "127.7.98.66" port: 41519 } } peers { permanent_uuid: "74acf936b08546baa1e12de405a99a93" member_type: VOTER last_known_addr { host: "127.7.98.67" port: 33335 } }
I20260709 12:59:44.981763  8873 tablet_bootstrap.cc:492] T 8b6f2660f47f4aec9efcebf9a2aec20d P 2eede82d21b64b5e8ff9a8b917856518: Bootstrap starting.
I20260709 12:59:44.983223  9055 leader_election.cc:290] T 0d15d6a33b3d4266b1e9445c1c454019 P 74acf936b08546baa1e12de405a99a93 [CANDIDATE]: Term 1 pre-election: Requested pre-vote from peers 8ef579cddcec4eafa3d9959f5f4ef85e (127.7.98.65:39599), 2eede82d21b64b5e8ff9a8b917856518 (127.7.98.66:41519)
I20260709 12:59:44.984752  8683 tablet_service.cc:1917] Received RequestConsensusVote() RPC: tablet_id: "0d15d6a33b3d4266b1e9445c1c454019" candidate_uuid: "74acf936b08546baa1e12de405a99a93" candidate_term: 1 candidate_status { last_received { term: 0 index: 0 } } ignore_live_leader: false dest_uuid: "8ef579cddcec4eafa3d9959f5f4ef85e" is_pre_election: true
I20260709 12:59:44.985426  8757 tablet_service.cc:1917] Received RequestConsensusVote() RPC: tablet_id: "0d15d6a33b3d4266b1e9445c1c454019" candidate_uuid: "74acf936b08546baa1e12de405a99a93" candidate_term: 1 candidate_status { last_received { term: 0 index: 0 } } ignore_live_leader: false dest_uuid: "2eede82d21b64b5e8ff9a8b917856518" is_pre_election: true
W20260709 12:59:44.986158  8798 leader_election.cc:343] T 0d15d6a33b3d4266b1e9445c1c454019 P 74acf936b08546baa1e12de405a99a93 [CANDIDATE]: Term 1 pre-election: Tablet error from VoteRequest() call to peer 8ef579cddcec4eafa3d9959f5f4ef85e (127.7.98.65:39599): Illegal state: must be running to vote when last-logged opid is not known
W20260709 12:59:44.987226  8799 leader_election.cc:343] T 0d15d6a33b3d4266b1e9445c1c454019 P 74acf936b08546baa1e12de405a99a93 [CANDIDATE]: Term 1 pre-election: Tablet error from VoteRequest() call to peer 2eede82d21b64b5e8ff9a8b917856518 (127.7.98.66:41519): Illegal state: must be running to vote when last-logged opid is not known
I20260709 12:59:44.987584  8799 leader_election.cc:304] T 0d15d6a33b3d4266b1e9445c1c454019 P 74acf936b08546baa1e12de405a99a93 [CANDIDATE]: Term 1 pre-election: Election decided. Result: candidate lost. Election summary: received 3 responses out of 3 voters: 1 yes votes; 2 no votes. yes voters: 74acf936b08546baa1e12de405a99a93; no voters: 2eede82d21b64b5e8ff9a8b917856518, 8ef579cddcec4eafa3d9959f5f4ef85e
I20260709 12:59:44.988967  8873 tablet_bootstrap.cc:654] T 8b6f2660f47f4aec9efcebf9a2aec20d P 2eede82d21b64b5e8ff9a8b917856518: Neither blocks nor log segments found. Creating new log.
I20260709 12:59:44.989077  9200 raft_consensus.cc:2749] T 0d15d6a33b3d4266b1e9445c1c454019 P 74acf936b08546baa1e12de405a99a93 [term 0 FOLLOWER]: Leader pre-election lost for term 1. Reason: could not achieve majority
I20260709 12:59:44.994813  8874 tablet_bootstrap.cc:492] T c08188e2d62b4c118ac0211c4d32372b P 74acf936b08546baa1e12de405a99a93: No bootstrap required, opened a new log
I20260709 12:59:44.996279  8874 ts_tablet_manager.cc:1403] T c08188e2d62b4c118ac0211c4d32372b P 74acf936b08546baa1e12de405a99a93: Time spent bootstrapping tablet: real 0.030s	user 0.007s	sys 0.010s
I20260709 12:59:44.999948  8874 raft_consensus.cc:359] T c08188e2d62b4c118ac0211c4d32372b P 74acf936b08546baa1e12de405a99a93 [term 0 FOLLOWER]: Replica starting. Triggering 0 pending ops. Active config: opid_index: -1 OBSOLETE_local: false peers { permanent_uuid: "8ef579cddcec4eafa3d9959f5f4ef85e" member_type: VOTER last_known_addr { host: "127.7.98.65" port: 39599 } } peers { permanent_uuid: "2eede82d21b64b5e8ff9a8b917856518" member_type: VOTER last_known_addr { host: "127.7.98.66" port: 41519 } } peers { permanent_uuid: "74acf936b08546baa1e12de405a99a93" member_type: VOTER last_known_addr { host: "127.7.98.67" port: 33335 } }
I20260709 12:59:45.000777  8874 raft_consensus.cc:385] T c08188e2d62b4c118ac0211c4d32372b P 74acf936b08546baa1e12de405a99a93 [term 0 FOLLOWER]: Consensus starting up: Expiring failure detector timer to make a prompt election more likely
I20260709 12:59:45.001098  8874 raft_consensus.cc:740] T c08188e2d62b4c118ac0211c4d32372b P 74acf936b08546baa1e12de405a99a93 [term 0 FOLLOWER]: Becoming Follower/Learner. State: Replica: 74acf936b08546baa1e12de405a99a93, State: Initialized, Role: FOLLOWER
I20260709 12:59:45.002208  8874 consensus_queue.cc:260] T c08188e2d62b4c118ac0211c4d32372b P 74acf936b08546baa1e12de405a99a93 [NON_LEADER]: Queue going to NON_LEADER mode. State: All replicated index: 0, Majority replicated index: 0, Committed index: 0, Last appended: 0.0, Last appended by leader: 0, Current term: 0, Majority size: -1, State: 0, Mode: NON_LEADER, active raft config: opid_index: -1 OBSOLETE_local: false peers { permanent_uuid: "8ef579cddcec4eafa3d9959f5f4ef85e" member_type: VOTER last_known_addr { host: "127.7.98.65" port: 39599 } } peers { permanent_uuid: "2eede82d21b64b5e8ff9a8b917856518" member_type: VOTER last_known_addr { host: "127.7.98.66" port: 41519 } } peers { permanent_uuid: "74acf936b08546baa1e12de405a99a93" member_type: VOTER last_known_addr { host: "127.7.98.67" port: 33335 } }
I20260709 12:59:45.005558  9055 raft_consensus.cc:493] T c08188e2d62b4c118ac0211c4d32372b P 74acf936b08546baa1e12de405a99a93 [term 0 FOLLOWER]: Starting pre-election (no leader contacted us within the election timeout)
I20260709 12:59:45.006129  9055 raft_consensus.cc:515] T c08188e2d62b4c118ac0211c4d32372b P 74acf936b08546baa1e12de405a99a93 [term 0 FOLLOWER]: Starting pre-election with config: opid_index: -1 OBSOLETE_local: false peers { permanent_uuid: "8ef579cddcec4eafa3d9959f5f4ef85e" member_type: VOTER last_known_addr { host: "127.7.98.65" port: 39599 } } peers { permanent_uuid: "2eede82d21b64b5e8ff9a8b917856518" member_type: VOTER last_known_addr { host: "127.7.98.66" port: 41519 } } peers { permanent_uuid: "74acf936b08546baa1e12de405a99a93" member_type: VOTER last_known_addr { host: "127.7.98.67" port: 33335 } }
I20260709 12:59:45.012647  8683 tablet_service.cc:1917] Received RequestConsensusVote() RPC: tablet_id: "c08188e2d62b4c118ac0211c4d32372b" candidate_uuid: "74acf936b08546baa1e12de405a99a93" candidate_term: 1 candidate_status { last_received { term: 0 index: 0 } } ignore_live_leader: false dest_uuid: "8ef579cddcec4eafa3d9959f5f4ef85e" is_pre_election: true
W20260709 12:59:45.014276  8798 leader_election.cc:343] T c08188e2d62b4c118ac0211c4d32372b P 74acf936b08546baa1e12de405a99a93 [CANDIDATE]: Term 1 pre-election: Tablet error from VoteRequest() call to peer 8ef579cddcec4eafa3d9959f5f4ef85e (127.7.98.65:39599): Illegal state: must be running to vote when last-logged opid is not known
W20260709 12:59:45.016090  9211 log.cc:927] Time spent T 842474591042449193670ee16f1deb1f P 2eede82d21b64b5e8ff9a8b917856518: Append to log took a long time: real 0.069s	user 0.001s	sys 0.000s
I20260709 12:59:45.016708  8757 tablet_service.cc:1917] Received RequestConsensusVote() RPC: tablet_id: "c08188e2d62b4c118ac0211c4d32372b" candidate_uuid: "74acf936b08546baa1e12de405a99a93" candidate_term: 1 candidate_status { last_received { term: 0 index: 0 } } ignore_live_leader: false dest_uuid: "2eede82d21b64b5e8ff9a8b917856518" is_pre_election: true
I20260709 12:59:45.017467  8757 raft_consensus.cc:2468] T c08188e2d62b4c118ac0211c4d32372b P 2eede82d21b64b5e8ff9a8b917856518 [term 0 FOLLOWER]: Leader pre-election vote request: Granting yes vote for candidate 74acf936b08546baa1e12de405a99a93 in term 0.
I20260709 12:59:45.019078  8799 leader_election.cc:304] T c08188e2d62b4c118ac0211c4d32372b P 74acf936b08546baa1e12de405a99a93 [CANDIDATE]: Term 1 pre-election: Election decided. Result: candidate won. Election summary: received 3 responses out of 3 voters: 2 yes votes; 1 no votes. yes voters: 2eede82d21b64b5e8ff9a8b917856518, 74acf936b08546baa1e12de405a99a93; no voters: 8ef579cddcec4eafa3d9959f5f4ef85e
I20260709 12:59:45.020026  9055 leader_election.cc:290] T c08188e2d62b4c118ac0211c4d32372b P 74acf936b08546baa1e12de405a99a93 [CANDIDATE]: Term 1 pre-election: Requested pre-vote from peers 8ef579cddcec4eafa3d9959f5f4ef85e (127.7.98.65:39599), 2eede82d21b64b5e8ff9a8b917856518 (127.7.98.66:41519)
I20260709 12:59:45.020043  9200 raft_consensus.cc:2804] T c08188e2d62b4c118ac0211c4d32372b P 74acf936b08546baa1e12de405a99a93 [term 0 FOLLOWER]: Leader pre-election won for term 1
I20260709 12:59:45.020738  9200 raft_consensus.cc:493] T c08188e2d62b4c118ac0211c4d32372b P 74acf936b08546baa1e12de405a99a93 [term 0 FOLLOWER]: Starting leader election (no leader contacted us within the election timeout)
I20260709 12:59:45.005260  8874 ts_tablet_manager.cc:1434] T c08188e2d62b4c118ac0211c4d32372b P 74acf936b08546baa1e12de405a99a93: Time spent starting tablet: real 0.009s	user 0.007s	sys 0.000s
I20260709 12:59:45.021181  9200 raft_consensus.cc:3060] T c08188e2d62b4c118ac0211c4d32372b P 74acf936b08546baa1e12de405a99a93 [term 0 FOLLOWER]: Advancing to term 1
I20260709 12:59:45.022275  8874 tablet_bootstrap.cc:492] T d01354a3c7164fd498f06089fe3c47a0 P 74acf936b08546baa1e12de405a99a93: Bootstrap starting.
I20260709 12:59:45.030508  9019 consensus_queue.cc:1048] T b92817a0060349e3bc3e8db9947d6c84 P 8ef579cddcec4eafa3d9959f5f4ef85e [LEADER]: Connected to new peer: Peer: permanent_uuid: "2eede82d21b64b5e8ff9a8b917856518" member_type: VOTER last_known_addr { host: "127.7.98.66" port: 41519 }, Status: LMP_MISMATCH, Last received: 0.0, Next index: 1, Last known committed idx: 0, Time since last communication: 0.001s
I20260709 12:59:45.031631  8873 tablet_bootstrap.cc:492] T 8b6f2660f47f4aec9efcebf9a2aec20d P 2eede82d21b64b5e8ff9a8b917856518: No bootstrap required, opened a new log
I20260709 12:59:45.032199  8873 ts_tablet_manager.cc:1403] T 8b6f2660f47f4aec9efcebf9a2aec20d P 2eede82d21b64b5e8ff9a8b917856518: Time spent bootstrapping tablet: real 0.051s	user 0.033s	sys 0.015s
I20260709 12:59:45.034703  8874 tablet_bootstrap.cc:654] T d01354a3c7164fd498f06089fe3c47a0 P 74acf936b08546baa1e12de405a99a93: Neither blocks nor log segments found. Creating new log.
I20260709 12:59:45.034847  8873 raft_consensus.cc:359] T 8b6f2660f47f4aec9efcebf9a2aec20d P 2eede82d21b64b5e8ff9a8b917856518 [term 0 FOLLOWER]: Replica starting. Triggering 0 pending ops. Active config: opid_index: -1 OBSOLETE_local: false peers { permanent_uuid: "8ef579cddcec4eafa3d9959f5f4ef85e" member_type: VOTER last_known_addr { host: "127.7.98.65" port: 39599 } } peers { permanent_uuid: "2eede82d21b64b5e8ff9a8b917856518" member_type: VOTER last_known_addr { host: "127.7.98.66" port: 41519 } } peers { permanent_uuid: "74acf936b08546baa1e12de405a99a93" member_type: VOTER last_known_addr { host: "127.7.98.67" port: 33335 } }
I20260709 12:59:45.035573  8873 raft_consensus.cc:385] T 8b6f2660f47f4aec9efcebf9a2aec20d P 2eede82d21b64b5e8ff9a8b917856518 [term 0 FOLLOWER]: Consensus starting up: Expiring failure detector timer to make a prompt election more likely
I20260709 12:59:45.035938  8873 raft_consensus.cc:740] T 8b6f2660f47f4aec9efcebf9a2aec20d P 2eede82d21b64b5e8ff9a8b917856518 [term 0 FOLLOWER]: Becoming Follower/Learner. State: Replica: 2eede82d21b64b5e8ff9a8b917856518, State: Initialized, Role: FOLLOWER
I20260709 12:59:45.036715  8873 consensus_queue.cc:260] T 8b6f2660f47f4aec9efcebf9a2aec20d P 2eede82d21b64b5e8ff9a8b917856518 [NON_LEADER]: Queue going to NON_LEADER mode. State: All replicated index: 0, Majority replicated index: 0, Committed index: 0, Last appended: 0.0, Last appended by leader: 0, Current term: 0, Majority size: -1, State: 0, Mode: NON_LEADER, active raft config: opid_index: -1 OBSOLETE_local: false peers { permanent_uuid: "8ef579cddcec4eafa3d9959f5f4ef85e" member_type: VOTER last_known_addr { host: "127.7.98.65" port: 39599 } } peers { permanent_uuid: "2eede82d21b64b5e8ff9a8b917856518" member_type: VOTER last_known_addr { host: "127.7.98.66" port: 41519 } } peers { permanent_uuid: "74acf936b08546baa1e12de405a99a93" member_type: VOTER last_known_addr { host: "127.7.98.67" port: 33335 } }
I20260709 12:59:45.039171  8873 ts_tablet_manager.cc:1434] T 8b6f2660f47f4aec9efcebf9a2aec20d P 2eede82d21b64b5e8ff9a8b917856518: Time spent starting tablet: real 0.007s	user 0.005s	sys 0.000s
I20260709 12:59:45.040131  8873 tablet_bootstrap.cc:492] T 8b273b6f3b834729b9c203a3f2e5a6e0 P 2eede82d21b64b5e8ff9a8b917856518: Bootstrap starting.
I20260709 12:59:45.049898  8914 raft_consensus.cc:493] T d01354a3c7164fd498f06089fe3c47a0 P 2eede82d21b64b5e8ff9a8b917856518 [term 0 FOLLOWER]: Starting pre-election (no leader contacted us within the election timeout)
I20260709 12:59:45.050370  8914 raft_consensus.cc:515] T d01354a3c7164fd498f06089fe3c47a0 P 2eede82d21b64b5e8ff9a8b917856518 [term 0 FOLLOWER]: Starting pre-election with config: opid_index: -1 OBSOLETE_local: false peers { permanent_uuid: "8ef579cddcec4eafa3d9959f5f4ef85e" member_type: VOTER last_known_addr { host: "127.7.98.65" port: 39599 } } peers { permanent_uuid: "2eede82d21b64b5e8ff9a8b917856518" member_type: VOTER last_known_addr { host: "127.7.98.66" port: 41519 } } peers { permanent_uuid: "74acf936b08546baa1e12de405a99a93" member_type: VOTER last_known_addr { host: "127.7.98.67" port: 33335 } }
I20260709 12:59:45.051617  9200 raft_consensus.cc:515] T c08188e2d62b4c118ac0211c4d32372b P 74acf936b08546baa1e12de405a99a93 [term 1 FOLLOWER]: Starting leader election with config: opid_index: -1 OBSOLETE_local: false peers { permanent_uuid: "8ef579cddcec4eafa3d9959f5f4ef85e" member_type: VOTER last_known_addr { host: "127.7.98.65" port: 39599 } } peers { permanent_uuid: "2eede82d21b64b5e8ff9a8b917856518" member_type: VOTER last_known_addr { host: "127.7.98.66" port: 41519 } } peers { permanent_uuid: "74acf936b08546baa1e12de405a99a93" member_type: VOTER last_known_addr { host: "127.7.98.67" port: 33335 } }
I20260709 12:59:45.052899  8683 tablet_service.cc:1917] Received RequestConsensusVote() RPC: tablet_id: "d01354a3c7164fd498f06089fe3c47a0" candidate_uuid: "2eede82d21b64b5e8ff9a8b917856518" candidate_term: 1 candidate_status { last_received { term: 0 index: 0 } } ignore_live_leader: false dest_uuid: "8ef579cddcec4eafa3d9959f5f4ef85e" is_pre_election: true
W20260709 12:59:45.054636  8724 leader_election.cc:343] T d01354a3c7164fd498f06089fe3c47a0 P 2eede82d21b64b5e8ff9a8b917856518 [CANDIDATE]: Term 1 pre-election: Tablet error from VoteRequest() call to peer 8ef579cddcec4eafa3d9959f5f4ef85e (127.7.98.65:39599): Illegal state: must be running to vote when last-logged opid is not known
I20260709 12:59:45.055543  8914 leader_election.cc:290] T d01354a3c7164fd498f06089fe3c47a0 P 2eede82d21b64b5e8ff9a8b917856518 [CANDIDATE]: Term 1 pre-election: Requested pre-vote from peers 8ef579cddcec4eafa3d9959f5f4ef85e (127.7.98.65:39599), 74acf936b08546baa1e12de405a99a93 (127.7.98.67:33335)
I20260709 12:59:45.056182  8873 tablet_bootstrap.cc:654] T 8b273b6f3b834729b9c203a3f2e5a6e0 P 2eede82d21b64b5e8ff9a8b917856518: Neither blocks nor log segments found. Creating new log.
I20260709 12:59:45.056828  8683 raft_consensus.cc:3060] T eabb0e0ab2b74c60a268b0b9ca644e6d P 8ef579cddcec4eafa3d9959f5f4ef85e [term 0 FOLLOWER]: Advancing to term 1
I20260709 12:59:45.057624  8830 tablet_service.cc:1917] Received RequestConsensusVote() RPC: tablet_id: "d01354a3c7164fd498f06089fe3c47a0" candidate_uuid: "2eede82d21b64b5e8ff9a8b917856518" candidate_term: 1 candidate_status { last_received { term: 0 index: 0 } } ignore_live_leader: false dest_uuid: "74acf936b08546baa1e12de405a99a93" is_pre_election: true
I20260709 12:59:45.057499  8681 tablet_service.cc:1917] Received RequestConsensusVote() RPC: tablet_id: "c08188e2d62b4c118ac0211c4d32372b" candidate_uuid: "74acf936b08546baa1e12de405a99a93" candidate_term: 1 candidate_status { last_received { term: 0 index: 0 } } ignore_live_leader: false dest_uuid: "8ef579cddcec4eafa3d9959f5f4ef85e"
I20260709 12:59:45.059082  9200 leader_election.cc:290] T c08188e2d62b4c118ac0211c4d32372b P 74acf936b08546baa1e12de405a99a93 [CANDIDATE]: Term 1 election: Requested vote from peers 8ef579cddcec4eafa3d9959f5f4ef85e (127.7.98.65:39599), 2eede82d21b64b5e8ff9a8b917856518 (127.7.98.66:41519)
W20260709 12:59:45.059340  8723 leader_election.cc:343] T d01354a3c7164fd498f06089fe3c47a0 P 2eede82d21b64b5e8ff9a8b917856518 [CANDIDATE]: Term 1 pre-election: Tablet error from VoteRequest() call to peer 74acf936b08546baa1e12de405a99a93 (127.7.98.67:33335): Illegal state: must be running to vote when last-logged opid is not known
I20260709 12:59:45.059922  8723 leader_election.cc:304] T d01354a3c7164fd498f06089fe3c47a0 P 2eede82d21b64b5e8ff9a8b917856518 [CANDIDATE]: Term 1 pre-election: Election decided. Result: candidate lost. Election summary: received 3 responses out of 3 voters: 1 yes votes; 2 no votes. yes voters: 2eede82d21b64b5e8ff9a8b917856518; no voters: 74acf936b08546baa1e12de405a99a93, 8ef579cddcec4eafa3d9959f5f4ef85e
I20260709 12:59:45.061628  8874 tablet_bootstrap.cc:492] T d01354a3c7164fd498f06089fe3c47a0 P 74acf936b08546baa1e12de405a99a93: No bootstrap required, opened a new log
I20260709 12:59:45.061847  9075 raft_consensus.cc:2749] T d01354a3c7164fd498f06089fe3c47a0 P 2eede82d21b64b5e8ff9a8b917856518 [term 0 FOLLOWER]: Leader pre-election lost for term 1. Reason: could not achieve majority
I20260709 12:59:45.062268  8874 ts_tablet_manager.cc:1403] T d01354a3c7164fd498f06089fe3c47a0 P 74acf936b08546baa1e12de405a99a93: Time spent bootstrapping tablet: real 0.040s	user 0.008s	sys 0.008s
W20260709 12:59:45.062813  8798 leader_election.cc:343] T c08188e2d62b4c118ac0211c4d32372b P 74acf936b08546baa1e12de405a99a93 [CANDIDATE]: Term 1 election: Tablet error from VoteRequest() call to peer 8ef579cddcec4eafa3d9959f5f4ef85e (127.7.98.65:39599): Illegal state: must be running to vote when last-logged opid is not known
I20260709 12:59:45.064788  8874 raft_consensus.cc:359] T d01354a3c7164fd498f06089fe3c47a0 P 74acf936b08546baa1e12de405a99a93 [term 0 FOLLOWER]: Replica starting. Triggering 0 pending ops. Active config: opid_index: -1 OBSOLETE_local: false peers { permanent_uuid: "8ef579cddcec4eafa3d9959f5f4ef85e" member_type: VOTER last_known_addr { host: "127.7.98.65" port: 39599 } } peers { permanent_uuid: "2eede82d21b64b5e8ff9a8b917856518" member_type: VOTER last_known_addr { host: "127.7.98.66" port: 41519 } } peers { permanent_uuid: "74acf936b08546baa1e12de405a99a93" member_type: VOTER last_known_addr { host: "127.7.98.67" port: 33335 } }
I20260709 12:59:45.065362  8874 raft_consensus.cc:385] T d01354a3c7164fd498f06089fe3c47a0 P 74acf936b08546baa1e12de405a99a93 [term 0 FOLLOWER]: Consensus starting up: Expiring failure detector timer to make a prompt election more likely
I20260709 12:59:45.065585  8874 raft_consensus.cc:740] T d01354a3c7164fd498f06089fe3c47a0 P 74acf936b08546baa1e12de405a99a93 [term 0 FOLLOWER]: Becoming Follower/Learner. State: Replica: 74acf936b08546baa1e12de405a99a93, State: Initialized, Role: FOLLOWER
I20260709 12:59:45.066134  8874 consensus_queue.cc:260] T d01354a3c7164fd498f06089fe3c47a0 P 74acf936b08546baa1e12de405a99a93 [NON_LEADER]: Queue going to NON_LEADER mode. State: All replicated index: 0, Majority replicated index: 0, Committed index: 0, Last appended: 0.0, Last appended by leader: 0, Current term: 0, Majority size: -1, State: 0, Mode: NON_LEADER, active raft config: opid_index: -1 OBSOLETE_local: false peers { permanent_uuid: "8ef579cddcec4eafa3d9959f5f4ef85e" member_type: VOTER last_known_addr { host: "127.7.98.65" port: 39599 } } peers { permanent_uuid: "2eede82d21b64b5e8ff9a8b917856518" member_type: VOTER last_known_addr { host: "127.7.98.66" port: 41519 } } peers { permanent_uuid: "74acf936b08546baa1e12de405a99a93" member_type: VOTER last_known_addr { host: "127.7.98.67" port: 33335 } }
I20260709 12:59:45.067456  8874 ts_tablet_manager.cc:1434] T d01354a3c7164fd498f06089fe3c47a0 P 74acf936b08546baa1e12de405a99a93: Time spent starting tablet: real 0.005s	user 0.001s	sys 0.000s
I20260709 12:59:45.068255  8874 tablet_bootstrap.cc:492] T 676880fce6184bf9adda80584702ce0d P 74acf936b08546baa1e12de405a99a93: Bootstrap starting.
I20260709 12:59:45.075448  8833 raft_consensus.cc:3060] T b92817a0060349e3bc3e8db9947d6c84 P 74acf936b08546baa1e12de405a99a93 [term 0 FOLLOWER]: Advancing to term 1
I20260709 12:59:45.078293  8874 tablet_bootstrap.cc:654] T 676880fce6184bf9adda80584702ce0d P 74acf936b08546baa1e12de405a99a93: Neither blocks nor log segments found. Creating new log.
I20260709 12:59:45.082047  9220 raft_consensus.cc:493] T 51a8876ff56e4e529edf7e7384d4d9b3 P 8ef579cddcec4eafa3d9959f5f4ef85e [term 0 FOLLOWER]: Starting pre-election (no leader contacted us within the election timeout)
I20260709 12:59:45.082710  9201 raft_consensus.cc:493] T d01354a3c7164fd498f06089fe3c47a0 P 74acf936b08546baa1e12de405a99a93 [term 0 FOLLOWER]: Starting pre-election (no leader contacted us within the election timeout)
I20260709 12:59:45.082505  9220 raft_consensus.cc:515] T 51a8876ff56e4e529edf7e7384d4d9b3 P 8ef579cddcec4eafa3d9959f5f4ef85e [term 0 FOLLOWER]: Starting pre-election with config: opid_index: -1 OBSOLETE_local: false peers { permanent_uuid: "8ef579cddcec4eafa3d9959f5f4ef85e" member_type: VOTER last_known_addr { host: "127.7.98.65" port: 39599 } } peers { permanent_uuid: "2eede82d21b64b5e8ff9a8b917856518" member_type: VOTER last_known_addr { host: "127.7.98.66" port: 41519 } } peers { permanent_uuid: "74acf936b08546baa1e12de405a99a93" member_type: VOTER last_known_addr { host: "127.7.98.67" port: 33335 } }
I20260709 12:59:45.085006  9220 leader_election.cc:290] T 51a8876ff56e4e529edf7e7384d4d9b3 P 8ef579cddcec4eafa3d9959f5f4ef85e [CANDIDATE]: Term 1 pre-election: Requested pre-vote from peers 2eede82d21b64b5e8ff9a8b917856518 (127.7.98.66:41519), 74acf936b08546baa1e12de405a99a93 (127.7.98.67:33335)
I20260709 12:59:45.083307  9201 raft_consensus.cc:515] T d01354a3c7164fd498f06089fe3c47a0 P 74acf936b08546baa1e12de405a99a93 [term 0 FOLLOWER]: Starting pre-election with config: opid_index: -1 OBSOLETE_local: false peers { permanent_uuid: "8ef579cddcec4eafa3d9959f5f4ef85e" member_type: VOTER last_known_addr { host: "127.7.98.65" port: 39599 } } peers { permanent_uuid: "2eede82d21b64b5e8ff9a8b917856518" member_type: VOTER last_known_addr { host: "127.7.98.66" port: 41519 } } peers { permanent_uuid: "74acf936b08546baa1e12de405a99a93" member_type: VOTER last_known_addr { host: "127.7.98.67" port: 33335 } }
I20260709 12:59:45.087654  8831 tablet_service.cc:1917] Received RequestConsensusVote() RPC: tablet_id: "51a8876ff56e4e529edf7e7384d4d9b3" candidate_uuid: "8ef579cddcec4eafa3d9959f5f4ef85e" candidate_term: 1 candidate_status { last_received { term: 0 index: 0 } } ignore_live_leader: false dest_uuid: "74acf936b08546baa1e12de405a99a93" is_pre_election: true
I20260709 12:59:45.088564  8831 raft_consensus.cc:2393] T 51a8876ff56e4e529edf7e7384d4d9b3 P 74acf936b08546baa1e12de405a99a93 [term 1 FOLLOWER]: Leader pre-election vote request: Denying vote to candidate 8ef579cddcec4eafa3d9959f5f4ef85e in current term 1: Already voted for candidate 2eede82d21b64b5e8ff9a8b917856518 in this term.
I20260709 12:59:45.089560  8758 tablet_service.cc:1917] Received RequestConsensusVote() RPC: tablet_id: "d01354a3c7164fd498f06089fe3c47a0" candidate_uuid: "74acf936b08546baa1e12de405a99a93" candidate_term: 1 candidate_status { last_received { term: 0 index: 0 } } ignore_live_leader: false dest_uuid: "2eede82d21b64b5e8ff9a8b917856518" is_pre_election: true
I20260709 12:59:45.090164  9201 leader_election.cc:290] T d01354a3c7164fd498f06089fe3c47a0 P 74acf936b08546baa1e12de405a99a93 [CANDIDATE]: Term 1 pre-election: Requested pre-vote from peers 8ef579cddcec4eafa3d9959f5f4ef85e (127.7.98.65:39599), 2eede82d21b64b5e8ff9a8b917856518 (127.7.98.66:41519)
I20260709 12:59:45.090355  8758 raft_consensus.cc:2468] T d01354a3c7164fd498f06089fe3c47a0 P 2eede82d21b64b5e8ff9a8b917856518 [term 0 FOLLOWER]: Leader pre-election vote request: Granting yes vote for candidate 74acf936b08546baa1e12de405a99a93 in term 0.
I20260709 12:59:45.092803  8681 tablet_service.cc:1917] Received RequestConsensusVote() RPC: tablet_id: "d01354a3c7164fd498f06089fe3c47a0" candidate_uuid: "74acf936b08546baa1e12de405a99a93" candidate_term: 1 candidate_status { last_received { term: 0 index: 0 } } ignore_live_leader: false dest_uuid: "8ef579cddcec4eafa3d9959f5f4ef85e" is_pre_election: true
I20260709 12:59:45.092953  8799 leader_election.cc:304] T d01354a3c7164fd498f06089fe3c47a0 P 74acf936b08546baa1e12de405a99a93 [CANDIDATE]: Term 1 pre-election: Election decided. Result: candidate won. Election summary: received 2 responses out of 3 voters: 2 yes votes; 0 no votes. yes voters: 2eede82d21b64b5e8ff9a8b917856518, 74acf936b08546baa1e12de405a99a93; no voters: 
W20260709 12:59:45.094813  8798 leader_election.cc:343] T d01354a3c7164fd498f06089fe3c47a0 P 74acf936b08546baa1e12de405a99a93 [CANDIDATE]: Term 1 pre-election: Tablet error from VoteRequest() call to peer 8ef579cddcec4eafa3d9959f5f4ef85e (127.7.98.65:39599): Illegal state: must be running to vote when last-logged opid is not known
I20260709 12:59:45.095280  8758 tablet_service.cc:1917] Received RequestConsensusVote() RPC: tablet_id: "51a8876ff56e4e529edf7e7384d4d9b3" candidate_uuid: "8ef579cddcec4eafa3d9959f5f4ef85e" candidate_term: 1 candidate_status { last_received { term: 0 index: 0 } } ignore_live_leader: false dest_uuid: "2eede82d21b64b5e8ff9a8b917856518" is_pre_election: true
I20260709 12:59:45.098343  9200 raft_consensus.cc:2804] T d01354a3c7164fd498f06089fe3c47a0 P 74acf936b08546baa1e12de405a99a93 [term 0 FOLLOWER]: Leader pre-election won for term 1
I20260709 12:59:45.098805  9200 raft_consensus.cc:493] T d01354a3c7164fd498f06089fe3c47a0 P 74acf936b08546baa1e12de405a99a93 [term 0 FOLLOWER]: Starting leader election (no leader contacted us within the election timeout)
I20260709 12:59:45.099181  9200 raft_consensus.cc:3060] T d01354a3c7164fd498f06089fe3c47a0 P 74acf936b08546baa1e12de405a99a93 [term 0 FOLLOWER]: Advancing to term 1
I20260709 12:59:45.104939  9075 consensus_queue.cc:1048] T eabb0e0ab2b74c60a268b0b9ca644e6d P 2eede82d21b64b5e8ff9a8b917856518 [LEADER]: Connected to new peer: Peer: permanent_uuid: "74acf936b08546baa1e12de405a99a93" member_type: VOTER last_known_addr { host: "127.7.98.67" port: 33335 }, Status: LMP_MISMATCH, Last received: 0.0, Next index: 1, Last known committed idx: 0, Time since last communication: 0.001s
I20260709 12:59:45.109169  8650 leader_election.cc:304] T 51a8876ff56e4e529edf7e7384d4d9b3 P 8ef579cddcec4eafa3d9959f5f4ef85e [CANDIDATE]: Term 1 pre-election: Election decided. Result: candidate lost. Election summary: received 3 responses out of 3 voters: 1 yes votes; 2 no votes. yes voters: 8ef579cddcec4eafa3d9959f5f4ef85e; no voters: 2eede82d21b64b5e8ff9a8b917856518, 74acf936b08546baa1e12de405a99a93
I20260709 12:59:45.110069  9220 raft_consensus.cc:3060] T 51a8876ff56e4e529edf7e7384d4d9b3 P 8ef579cddcec4eafa3d9959f5f4ef85e [term 0 FOLLOWER]: Advancing to term 1
I20260709 12:59:45.118260  9220 raft_consensus.cc:2749] T 51a8876ff56e4e529edf7e7384d4d9b3 P 8ef579cddcec4eafa3d9959f5f4ef85e [term 1 FOLLOWER]: Leader pre-election lost for term 1. Reason: could not achieve majority
I20260709 12:59:45.125077  8759 tablet_service.cc:1917] Received RequestConsensusVote() RPC: tablet_id: "c08188e2d62b4c118ac0211c4d32372b" candidate_uuid: "74acf936b08546baa1e12de405a99a93" candidate_term: 1 candidate_status { last_received { term: 0 index: 0 } } ignore_live_leader: false dest_uuid: "2eede82d21b64b5e8ff9a8b917856518"
I20260709 12:59:45.125816  8759 raft_consensus.cc:3060] T c08188e2d62b4c118ac0211c4d32372b P 2eede82d21b64b5e8ff9a8b917856518 [term 0 FOLLOWER]: Advancing to term 1
I20260709 12:59:45.129935  9220 consensus_queue.cc:1048] T b92817a0060349e3bc3e8db9947d6c84 P 8ef579cddcec4eafa3d9959f5f4ef85e [LEADER]: Connected to new peer: Peer: permanent_uuid: "74acf936b08546baa1e12de405a99a93" member_type: VOTER last_known_addr { host: "127.7.98.67" port: 33335 }, Status: LMP_MISMATCH, Last received: 0.0, Next index: 1, Last known committed idx: 0, Time since last communication: 0.001s
I20260709 12:59:45.133716  9075 consensus_queue.cc:1048] T d766ea8a177442d79f6fc9b5537737ab P 2eede82d21b64b5e8ff9a8b917856518 [LEADER]: Connected to new peer: Peer: permanent_uuid: "8ef579cddcec4eafa3d9959f5f4ef85e" member_type: VOTER last_known_addr { host: "127.7.98.65" port: 39599 }, Status: LMP_MISMATCH, Last received: 0.0, Next index: 1, Last known committed idx: 0, Time since last communication: 0.000s
I20260709 12:59:45.151006  9121 consensus_queue.cc:1048] T d766ea8a177442d79f6fc9b5537737ab P 2eede82d21b64b5e8ff9a8b917856518 [LEADER]: Connected to new peer: Peer: permanent_uuid: "74acf936b08546baa1e12de405a99a93" member_type: VOTER last_known_addr { host: "127.7.98.67" port: 33335 }, Status: LMP_MISMATCH, Last received: 0.0, Next index: 1, Last known committed idx: 0, Time since last communication: 0.000s
I20260709 12:59:45.123327  8581 catalog_manager.cc:5697] T 51a8876ff56e4e529edf7e7384d4d9b3 P 2eede82d21b64b5e8ff9a8b917856518 reported cstate change: term changed from 0 to 1, leader changed from <none> to 2eede82d21b64b5e8ff9a8b917856518 (127.7.98.66). New cstate: current_term: 1 leader_uuid: "2eede82d21b64b5e8ff9a8b917856518" committed_config { opid_index: -1 OBSOLETE_local: false peers { permanent_uuid: "8ef579cddcec4eafa3d9959f5f4ef85e" member_type: VOTER last_known_addr { host: "127.7.98.65" port: 39599 } health_report { overall_health: UNKNOWN } } peers { permanent_uuid: "2eede82d21b64b5e8ff9a8b917856518" member_type: VOTER last_known_addr { host: "127.7.98.66" port: 41519 } health_report { overall_health: HEALTHY } } peers { permanent_uuid: "74acf936b08546baa1e12de405a99a93" member_type: VOTER last_known_addr { host: "127.7.98.67" port: 33335 } health_report { overall_health: UNKNOWN } } }
I20260709 12:59:45.157095  8875 tablet_bootstrap.cc:492] T 15a24ab941694c118adc7b4729fc3148 P 8ef579cddcec4eafa3d9959f5f4ef85e: No bootstrap required, opened a new log
I20260709 12:59:45.157513  8875 ts_tablet_manager.cc:1403] T 15a24ab941694c118adc7b4729fc3148 P 8ef579cddcec4eafa3d9959f5f4ef85e: Time spent bootstrapping tablet: real 0.230s	user 0.066s	sys 0.077s
I20260709 12:59:45.159080  9200 raft_consensus.cc:515] T d01354a3c7164fd498f06089fe3c47a0 P 74acf936b08546baa1e12de405a99a93 [term 1 FOLLOWER]: Starting leader election with config: opid_index: -1 OBSOLETE_local: false peers { permanent_uuid: "8ef579cddcec4eafa3d9959f5f4ef85e" member_type: VOTER last_known_addr { host: "127.7.98.65" port: 39599 } } peers { permanent_uuid: "2eede82d21b64b5e8ff9a8b917856518" member_type: VOTER last_known_addr { host: "127.7.98.66" port: 41519 } } peers { permanent_uuid: "74acf936b08546baa1e12de405a99a93" member_type: VOTER last_known_addr { host: "127.7.98.67" port: 33335 } }
I20260709 12:59:45.160312  8875 raft_consensus.cc:359] T 15a24ab941694c118adc7b4729fc3148 P 8ef579cddcec4eafa3d9959f5f4ef85e [term 0 FOLLOWER]: Replica starting. Triggering 0 pending ops. Active config: opid_index: -1 OBSOLETE_local: false peers { permanent_uuid: "8ef579cddcec4eafa3d9959f5f4ef85e" member_type: VOTER last_known_addr { host: "127.7.98.65" port: 39599 } } peers { permanent_uuid: "2eede82d21b64b5e8ff9a8b917856518" member_type: VOTER last_known_addr { host: "127.7.98.66" port: 41519 } } peers { permanent_uuid: "74acf936b08546baa1e12de405a99a93" member_type: VOTER last_known_addr { host: "127.7.98.67" port: 33335 } }
I20260709 12:59:45.167640  8873 tablet_bootstrap.cc:492] T 8b273b6f3b834729b9c203a3f2e5a6e0 P 2eede82d21b64b5e8ff9a8b917856518: No bootstrap required, opened a new log
I20260709 12:59:45.177956  8875 raft_consensus.cc:385] T 15a24ab941694c118adc7b4729fc3148 P 8ef579cddcec4eafa3d9959f5f4ef85e [term 0 FOLLOWER]: Consensus starting up: Expiring failure detector timer to make a prompt election more likely
I20260709 12:59:45.178186  8873 ts_tablet_manager.cc:1403] T 8b273b6f3b834729b9c203a3f2e5a6e0 P 2eede82d21b64b5e8ff9a8b917856518: Time spent bootstrapping tablet: real 0.138s	user 0.018s	sys 0.039s
I20260709 12:59:45.178395  8875 raft_consensus.cc:740] T 15a24ab941694c118adc7b4729fc3148 P 8ef579cddcec4eafa3d9959f5f4ef85e [term 0 FOLLOWER]: Becoming Follower/Learner. State: Replica: 8ef579cddcec4eafa3d9959f5f4ef85e, State: Initialized, Role: FOLLOWER
I20260709 12:59:45.179627  8875 consensus_queue.cc:260] T 15a24ab941694c118adc7b4729fc3148 P 8ef579cddcec4eafa3d9959f5f4ef85e [NON_LEADER]: Queue going to NON_LEADER mode. State: All replicated index: 0, Majority replicated index: 0, Committed index: 0, Last appended: 0.0, Last appended by leader: 0, Current term: 0, Majority size: -1, State: 0, Mode: NON_LEADER, active raft config: opid_index: -1 OBSOLETE_local: false peers { permanent_uuid: "8ef579cddcec4eafa3d9959f5f4ef85e" member_type: VOTER last_known_addr { host: "127.7.98.65" port: 39599 } } peers { permanent_uuid: "2eede82d21b64b5e8ff9a8b917856518" member_type: VOTER last_known_addr { host: "127.7.98.66" port: 41519 } } peers { permanent_uuid: "74acf936b08546baa1e12de405a99a93" member_type: VOTER last_known_addr { host: "127.7.98.67" port: 33335 } }
I20260709 12:59:45.181187  8873 raft_consensus.cc:359] T 8b273b6f3b834729b9c203a3f2e5a6e0 P 2eede82d21b64b5e8ff9a8b917856518 [term 0 FOLLOWER]: Replica starting. Triggering 0 pending ops. Active config: opid_index: -1 OBSOLETE_local: false peers { permanent_uuid: "8ef579cddcec4eafa3d9959f5f4ef85e" member_type: VOTER last_known_addr { host: "127.7.98.65" port: 39599 } } peers { permanent_uuid: "2eede82d21b64b5e8ff9a8b917856518" member_type: VOTER last_known_addr { host: "127.7.98.66" port: 41519 } } peers { permanent_uuid: "74acf936b08546baa1e12de405a99a93" member_type: VOTER last_known_addr { host: "127.7.98.67" port: 33335 } }
I20260709 12:59:45.181813  8873 raft_consensus.cc:385] T 8b273b6f3b834729b9c203a3f2e5a6e0 P 2eede82d21b64b5e8ff9a8b917856518 [term 0 FOLLOWER]: Consensus starting up: Expiring failure detector timer to make a prompt election more likely
I20260709 12:59:45.182068  8873 raft_consensus.cc:740] T 8b273b6f3b834729b9c203a3f2e5a6e0 P 2eede82d21b64b5e8ff9a8b917856518 [term 0 FOLLOWER]: Becoming Follower/Learner. State: Replica: 2eede82d21b64b5e8ff9a8b917856518, State: Initialized, Role: FOLLOWER
I20260709 12:59:45.182657  8875 ts_tablet_manager.cc:1434] T 15a24ab941694c118adc7b4729fc3148 P 8ef579cddcec4eafa3d9959f5f4ef85e: Time spent starting tablet: real 0.025s	user 0.008s	sys 0.000s
I20260709 12:59:45.184415  8873 consensus_queue.cc:260] T 8b273b6f3b834729b9c203a3f2e5a6e0 P 2eede82d21b64b5e8ff9a8b917856518 [NON_LEADER]: Queue going to NON_LEADER mode. State: All replicated index: 0, Majority replicated index: 0, Committed index: 0, Last appended: 0.0, Last appended by leader: 0, Current term: 0, Majority size: -1, State: 0, Mode: NON_LEADER, active raft config: opid_index: -1 OBSOLETE_local: false peers { permanent_uuid: "8ef579cddcec4eafa3d9959f5f4ef85e" member_type: VOTER last_known_addr { host: "127.7.98.65" port: 39599 } } peers { permanent_uuid: "2eede82d21b64b5e8ff9a8b917856518" member_type: VOTER last_known_addr { host: "127.7.98.66" port: 41519 } } peers { permanent_uuid: "74acf936b08546baa1e12de405a99a93" member_type: VOTER last_known_addr { host: "127.7.98.67" port: 33335 } }
I20260709 12:59:45.188504  8759 raft_consensus.cc:2468] T c08188e2d62b4c118ac0211c4d32372b P 2eede82d21b64b5e8ff9a8b917856518 [term 1 FOLLOWER]: Leader election vote request: Granting yes vote for candidate 74acf936b08546baa1e12de405a99a93 in term 1.
I20260709 12:59:45.190232  8873 ts_tablet_manager.cc:1434] T 8b273b6f3b834729b9c203a3f2e5a6e0 P 2eede82d21b64b5e8ff9a8b917856518: Time spent starting tablet: real 0.012s	user 0.004s	sys 0.002s
I20260709 12:59:45.192217  8873 tablet_bootstrap.cc:492] T cce421afd64641cfba273c7e8aeb8dcd P 2eede82d21b64b5e8ff9a8b917856518: Bootstrap starting.
I20260709 12:59:45.192366  8875 tablet_bootstrap.cc:492] T 0d15d6a33b3d4266b1e9445c1c454019 P 8ef579cddcec4eafa3d9959f5f4ef85e: Bootstrap starting.
I20260709 12:59:45.197784  8970 raft_consensus.cc:493] T eabb0e0ab2b74c60a268b0b9ca644e6d P 8ef579cddcec4eafa3d9959f5f4ef85e [term 1 FOLLOWER]: Starting pre-election (no leader contacted us within the election timeout)
I20260709 12:59:45.198187  8970 raft_consensus.cc:515] T eabb0e0ab2b74c60a268b0b9ca644e6d P 8ef579cddcec4eafa3d9959f5f4ef85e [term 1 FOLLOWER]: Starting pre-election with config: opid_index: -1 OBSOLETE_local: false peers { permanent_uuid: "8ef579cddcec4eafa3d9959f5f4ef85e" member_type: VOTER last_known_addr { host: "127.7.98.65" port: 39599 } } peers { permanent_uuid: "2eede82d21b64b5e8ff9a8b917856518" member_type: VOTER last_known_addr { host: "127.7.98.66" port: 41519 } } peers { permanent_uuid: "74acf936b08546baa1e12de405a99a93" member_type: VOTER last_known_addr { host: "127.7.98.67" port: 33335 } }
I20260709 12:59:45.200888  8799 leader_election.cc:304] T c08188e2d62b4c118ac0211c4d32372b P 74acf936b08546baa1e12de405a99a93 [CANDIDATE]: Term 1 election: Election decided. Result: candidate won. Election summary: received 3 responses out of 3 voters: 2 yes votes; 1 no votes. yes voters: 2eede82d21b64b5e8ff9a8b917856518, 74acf936b08546baa1e12de405a99a93; no voters: 8ef579cddcec4eafa3d9959f5f4ef85e
I20260709 12:59:45.204859  9055 raft_consensus.cc:493] T b92817a0060349e3bc3e8db9947d6c84 P 74acf936b08546baa1e12de405a99a93 [term 1 FOLLOWER]: Starting pre-election (detected failure of leader 8ef579cddcec4eafa3d9959f5f4ef85e)
I20260709 12:59:45.208264  9055 raft_consensus.cc:515] T b92817a0060349e3bc3e8db9947d6c84 P 74acf936b08546baa1e12de405a99a93 [term 1 FOLLOWER]: Starting pre-election with config: opid_index: -1 OBSOLETE_local: false peers { permanent_uuid: "8ef579cddcec4eafa3d9959f5f4ef85e" member_type: VOTER last_known_addr { host: "127.7.98.65" port: 39599 } } peers { permanent_uuid: "2eede82d21b64b5e8ff9a8b917856518" member_type: VOTER last_known_addr { host: "127.7.98.66" port: 41519 } } peers { permanent_uuid: "74acf936b08546baa1e12de405a99a93" member_type: VOTER last_known_addr { host: "127.7.98.67" port: 33335 } }
I20260709 12:59:45.213692  9204 raft_consensus.cc:2804] T c08188e2d62b4c118ac0211c4d32372b P 74acf936b08546baa1e12de405a99a93 [term 1 FOLLOWER]: Leader election won for term 1
I20260709 12:59:45.215516  9204 raft_consensus.cc:697] T c08188e2d62b4c118ac0211c4d32372b P 74acf936b08546baa1e12de405a99a93 [term 1 LEADER]: Becoming Leader. State: Replica: 74acf936b08546baa1e12de405a99a93, State: Running, Role: LEADER
I20260709 12:59:45.221700  9077 consensus_queue.cc:1048] T eabb0e0ab2b74c60a268b0b9ca644e6d P 2eede82d21b64b5e8ff9a8b917856518 [LEADER]: Connected to new peer: Peer: permanent_uuid: "8ef579cddcec4eafa3d9959f5f4ef85e" member_type: VOTER last_known_addr { host: "127.7.98.65" port: 39599 }, Status: LMP_MISMATCH, Last received: 0.0, Next index: 1, Last known committed idx: 0, Time since last communication: 0.000s
I20260709 12:59:45.234160  8970 leader_election.cc:290] T eabb0e0ab2b74c60a268b0b9ca644e6d P 8ef579cddcec4eafa3d9959f5f4ef85e [CANDIDATE]: Term 2 pre-election: Requested pre-vote from peers 2eede82d21b64b5e8ff9a8b917856518 (127.7.98.66:41519), 74acf936b08546baa1e12de405a99a93 (127.7.98.67:33335)
I20260709 12:59:45.235401  8679 tablet_service.cc:1917] Received RequestConsensusVote() RPC: tablet_id: "d01354a3c7164fd498f06089fe3c47a0" candidate_uuid: "74acf936b08546baa1e12de405a99a93" candidate_term: 1 candidate_status { last_received { term: 0 index: 0 } } ignore_live_leader: false dest_uuid: "8ef579cddcec4eafa3d9959f5f4ef85e"
I20260709 12:59:45.236421  8757 tablet_service.cc:1917] Received RequestConsensusVote() RPC: tablet_id: "eabb0e0ab2b74c60a268b0b9ca644e6d" candidate_uuid: "8ef579cddcec4eafa3d9959f5f4ef85e" candidate_term: 2 candidate_status { last_received { term: 0 index: 0 } } ignore_live_leader: false dest_uuid: "2eede82d21b64b5e8ff9a8b917856518" is_pre_election: true
