I20260709 13:00:15.043514   760 raft_consensus.cc:740] T 2d4e88ab70364fabb16659caabfc6bb7 P 9fe07b221f304ed1ac4a53ba51f6285b [term 0 FOLLOWER]: Becoming Follower/Learner. State: Replica: 9fe07b221f304ed1ac4a53ba51f6285b, State: Initialized, Role: FOLLOWER
I20260709 13:00:15.044684   760 consensus_queue.cc:260] T 2d4e88ab70364fabb16659caabfc6bb7 P 9fe07b221f304ed1ac4a53ba51f6285b [NON_LEADER]: Queue going to NON_LEADER mode. State: All replicated index: 0, Majority replicated index: 0, Committed index: 0, Last appended: 0.0, Last appended by leader: 0, Current term: 0, Majority size: -1, State: 0, Mode: NON_LEADER, active raft config: opid_index: -1 OBSOLETE_local: false peers { permanent_uuid: "2ecb644060e84ef5b32b4fdd470200f6" member_type: VOTER last_known_addr { host: "127.0.107.193" port: 36613 } } peers { permanent_uuid: "9fe07b221f304ed1ac4a53ba51f6285b" member_type: VOTER last_known_addr { host: "127.0.107.194" port: 34251 } } peers { permanent_uuid: "449207e0c86e420ab6e1ed5d5f78702e" member_type: VOTER last_known_addr { host: "127.0.107.195" port: 42649 } }
I20260709 13:00:15.050037   760 ts_tablet_manager.cc:1434] T 2d4e88ab70364fabb16659caabfc6bb7 P 9fe07b221f304ed1ac4a53ba51f6285b: Time spent starting tablet: real 0.018s	user 0.008s	sys 0.003s
I20260709 13:00:15.051684   760 tablet_bootstrap.cc:492] T f8f40bec15324be498bd1d7ceea30a33 P 9fe07b221f304ed1ac4a53ba51f6285b: Bootstrap starting.
I20260709 13:00:15.050851   798 raft_consensus.cc:515] T c5b47257091443409545dfd5a0169002 P 449207e0c86e420ab6e1ed5d5f78702e [term 1 FOLLOWER]: Starting leader election with config: opid_index: -1 OBSOLETE_local: false peers { permanent_uuid: "2ecb644060e84ef5b32b4fdd470200f6" member_type: VOTER last_known_addr { host: "127.0.107.193" port: 36613 } } peers { permanent_uuid: "9fe07b221f304ed1ac4a53ba51f6285b" member_type: VOTER last_known_addr { host: "127.0.107.194" port: 34251 } } peers { permanent_uuid: "449207e0c86e420ab6e1ed5d5f78702e" member_type: VOTER last_known_addr { host: "127.0.107.195" port: 42649 } }
I20260709 13:00:15.058295   461 catalog_manager.cc:5697] T d8f0614c8e594993817349c8bbe75a65 P 9fe07b221f304ed1ac4a53ba51f6285b reported cstate change: term changed from 0 to 1, leader changed from <none> to 9fe07b221f304ed1ac4a53ba51f6285b (127.0.107.194). New cstate: current_term: 1 leader_uuid: "9fe07b221f304ed1ac4a53ba51f6285b" committed_config { opid_index: -1 OBSOLETE_local: false peers { permanent_uuid: "2ecb644060e84ef5b32b4fdd470200f6" member_type: VOTER last_known_addr { host: "127.0.107.193" port: 36613 } health_report { overall_health: UNKNOWN } } peers { permanent_uuid: "9fe07b221f304ed1ac4a53ba51f6285b" member_type: VOTER last_known_addr { host: "127.0.107.194" port: 34251 } health_report { overall_health: HEALTHY } } peers { permanent_uuid: "449207e0c86e420ab6e1ed5d5f78702e" member_type: VOTER last_known_addr { host: "127.0.107.195" port: 42649 } health_report { overall_health: UNKNOWN } } }
I20260709 13:00:15.080216   798 leader_election.cc:290] T c5b47257091443409545dfd5a0169002 P 449207e0c86e420ab6e1ed5d5f78702e [CANDIDATE]: Term 1 election: Requested vote from peers 2ecb644060e84ef5b32b4fdd470200f6 (127.0.107.193:36613), 9fe07b221f304ed1ac4a53ba51f6285b (127.0.107.194:34251)
I20260709 13:00:15.084162   639 tablet_service.cc:1917] Received RequestConsensusVote() RPC: tablet_id: "c5b47257091443409545dfd5a0169002" candidate_uuid: "449207e0c86e420ab6e1ed5d5f78702e" candidate_term: 1 candidate_status { last_received { term: 0 index: 0 } } ignore_live_leader: false dest_uuid: "9fe07b221f304ed1ac4a53ba51f6285b"
I20260709 13:00:15.086215   639 raft_consensus.cc:3060] T c5b47257091443409545dfd5a0169002 P 9fe07b221f304ed1ac4a53ba51f6285b [term 0 FOLLOWER]: Advancing to term 1
I20260709 13:00:15.089478   564 tablet_service.cc:1917] Received RequestConsensusVote() RPC: tablet_id: "c5b47257091443409545dfd5a0169002" candidate_uuid: "449207e0c86e420ab6e1ed5d5f78702e" candidate_term: 1 candidate_status { last_received { term: 0 index: 0 } } ignore_live_leader: false dest_uuid: "2ecb644060e84ef5b32b4fdd470200f6"
I20260709 13:00:15.090268   564 raft_consensus.cc:3060] T c5b47257091443409545dfd5a0169002 P 2ecb644060e84ef5b32b4fdd470200f6 [term 0 FOLLOWER]: Advancing to term 1
I20260709 13:00:15.092995   715 tablet_service.cc:1917] Received RequestConsensusVote() RPC: tablet_id: "5da6944d7e7540178df4276919d61a50" candidate_uuid: "2ecb644060e84ef5b32b4fdd470200f6" candidate_term: 1 candidate_status { last_received { term: 0 index: 0 } } ignore_live_leader: false dest_uuid: "449207e0c86e420ab6e1ed5d5f78702e"
I20260709 13:00:15.101468   758 tablet_bootstrap.cc:654] T fff0e3bb765e4a60bbc4505595a11923 P 449207e0c86e420ab6e1ed5d5f78702e: Neither blocks nor log segments found. Creating new log.
I20260709 13:00:15.111052   463 catalog_manager.cc:5697] T 93d0bfc309764e4b9a4dd81be0180776 P 449207e0c86e420ab6e1ed5d5f78702e reported cstate change: term changed from 0 to 1, leader changed from <none> to 449207e0c86e420ab6e1ed5d5f78702e (127.0.107.195). New cstate: current_term: 1 leader_uuid: "449207e0c86e420ab6e1ed5d5f78702e" committed_config { opid_index: -1 OBSOLETE_local: false peers { permanent_uuid: "2ecb644060e84ef5b32b4fdd470200f6" member_type: VOTER last_known_addr { host: "127.0.107.193" port: 36613 } health_report { overall_health: UNKNOWN } } peers { permanent_uuid: "9fe07b221f304ed1ac4a53ba51f6285b" member_type: VOTER last_known_addr { host: "127.0.107.194" port: 34251 } health_report { overall_health: UNKNOWN } } peers { permanent_uuid: "449207e0c86e420ab6e1ed5d5f78702e" member_type: VOTER last_known_addr { host: "127.0.107.195" port: 42649 } health_report { overall_health: HEALTHY } } }
I20260709 13:00:15.115245   564 raft_consensus.cc:2468] T c5b47257091443409545dfd5a0169002 P 2ecb644060e84ef5b32b4fdd470200f6 [term 1 FOLLOWER]: Leader election vote request: Granting yes vote for candidate 449207e0c86e420ab6e1ed5d5f78702e in term 1.
I20260709 13:00:15.115000   780 consensus_queue.cc:1048] T 2b2b40f1cf5a40b8b736f70b16a2a19b P 2ecb644060e84ef5b32b4fdd470200f6 [LEADER]: Connected to new peer: Peer: permanent_uuid: "449207e0c86e420ab6e1ed5d5f78702e" member_type: VOTER last_known_addr { host: "127.0.107.195" port: 42649 }, Status: LMP_MISMATCH, Last received: 0.0, Next index: 1, Last known committed idx: 0, Time since last communication: 0.001s
I20260709 13:00:15.116547   679 leader_election.cc:304] T c5b47257091443409545dfd5a0169002 P 449207e0c86e420ab6e1ed5d5f78702e [CANDIDATE]: Term 1 election: Election decided. Result: candidate won. Election summary: received 2 responses out of 3 voters: 2 yes votes; 0 no votes. yes voters: 2ecb644060e84ef5b32b4fdd470200f6, 449207e0c86e420ab6e1ed5d5f78702e; no voters: 
I20260709 13:00:15.117821   798 raft_consensus.cc:2804] T c5b47257091443409545dfd5a0169002 P 449207e0c86e420ab6e1ed5d5f78702e [term 1 FOLLOWER]: Leader election won for term 1
I20260709 13:00:15.118626   798 raft_consensus.cc:697] T c5b47257091443409545dfd5a0169002 P 449207e0c86e420ab6e1ed5d5f78702e [term 1 LEADER]: Becoming Leader. State: Replica: 449207e0c86e420ab6e1ed5d5f78702e, State: Running, Role: LEADER
I20260709 13:00:15.116763   462 catalog_manager.cc:5697] T f8f40bec15324be498bd1d7ceea30a33 P 2ecb644060e84ef5b32b4fdd470200f6 reported cstate change: term changed from 0 to 1, leader changed from <none> to 2ecb644060e84ef5b32b4fdd470200f6 (127.0.107.193). New cstate: current_term: 1 leader_uuid: "2ecb644060e84ef5b32b4fdd470200f6" committed_config { opid_index: -1 OBSOLETE_local: false peers { permanent_uuid: "2ecb644060e84ef5b32b4fdd470200f6" member_type: VOTER last_known_addr { host: "127.0.107.193" port: 36613 } health_report { overall_health: HEALTHY } } peers { permanent_uuid: "9fe07b221f304ed1ac4a53ba51f6285b" member_type: VOTER last_known_addr { host: "127.0.107.194" port: 34251 } health_report { overall_health: UNKNOWN } } peers { permanent_uuid: "449207e0c86e420ab6e1ed5d5f78702e" member_type: VOTER last_known_addr { host: "127.0.107.195" port: 42649 } health_report { overall_health: UNKNOWN } } }
I20260709 13:00:15.119669   798 consensus_queue.cc:237] T c5b47257091443409545dfd5a0169002 P 449207e0c86e420ab6e1ed5d5f78702e [LEADER]: Queue going to LEADER mode. State: All replicated index: 0, Majority replicated index: 0, Committed index: 0, Last appended: 0.0, Last appended by leader: 0, Current term: 1, Majority size: 2, State: 0, Mode: LEADER, active raft config: opid_index: -1 OBSOLETE_local: false peers { permanent_uuid: "2ecb644060e84ef5b32b4fdd470200f6" member_type: VOTER last_known_addr { host: "127.0.107.193" port: 36613 } } peers { permanent_uuid: "9fe07b221f304ed1ac4a53ba51f6285b" member_type: VOTER last_known_addr { host: "127.0.107.194" port: 34251 } } peers { permanent_uuid: "449207e0c86e420ab6e1ed5d5f78702e" member_type: VOTER last_known_addr { host: "127.0.107.195" port: 42649 } }
I20260709 13:00:15.113304   639 raft_consensus.cc:2468] T c5b47257091443409545dfd5a0169002 P 9fe07b221f304ed1ac4a53ba51f6285b [term 1 FOLLOWER]: Leader election vote request: Granting yes vote for candidate 449207e0c86e420ab6e1ed5d5f78702e in term 1.
I20260709 13:00:15.130264   786 raft_consensus.cc:515] T 5da6944d7e7540178df4276919d61a50 P 449207e0c86e420ab6e1ed5d5f78702e [term 1 FOLLOWER]: Starting leader election with config: opid_index: -1 OBSOLETE_local: false peers { permanent_uuid: "2ecb644060e84ef5b32b4fdd470200f6" member_type: VOTER last_known_addr { host: "127.0.107.193" port: 36613 } } peers { permanent_uuid: "9fe07b221f304ed1ac4a53ba51f6285b" member_type: VOTER last_known_addr { host: "127.0.107.194" port: 34251 } } peers { permanent_uuid: "449207e0c86e420ab6e1ed5d5f78702e" member_type: VOTER last_known_addr { host: "127.0.107.195" port: 42649 } }
I20260709 13:00:15.131721   715 raft_consensus.cc:2393] T 5da6944d7e7540178df4276919d61a50 P 449207e0c86e420ab6e1ed5d5f78702e [term 1 FOLLOWER]: Leader election vote request: Denying vote to candidate 2ecb644060e84ef5b32b4fdd470200f6 in current term 1: Already voted for candidate 449207e0c86e420ab6e1ed5d5f78702e in this term.
I20260709 13:00:15.137988   529 leader_election.cc:304] T 5da6944d7e7540178df4276919d61a50 P 2ecb644060e84ef5b32b4fdd470200f6 [CANDIDATE]: Term 1 election: Election decided. Result: candidate lost. Election summary: received 3 responses out of 3 voters: 1 yes votes; 2 no votes. yes voters: 2ecb644060e84ef5b32b4fdd470200f6; no voters: 449207e0c86e420ab6e1ed5d5f78702e, 9fe07b221f304ed1ac4a53ba51f6285b
I20260709 13:00:15.140954   780 raft_consensus.cc:2749] T 5da6944d7e7540178df4276919d61a50 P 2ecb644060e84ef5b32b4fdd470200f6 [term 1 FOLLOWER]: Leader election lost for term 1. Reason: could not achieve majority
I20260709 13:00:15.143111   786 leader_election.cc:290] T 5da6944d7e7540178df4276919d61a50 P 449207e0c86e420ab6e1ed5d5f78702e [CANDIDATE]: Term 1 election: Requested vote from peers 2ecb644060e84ef5b32b4fdd470200f6 (127.0.107.193:36613), 9fe07b221f304ed1ac4a53ba51f6285b (127.0.107.194:34251)
I20260709 13:00:15.145565   639 tablet_service.cc:1917] Received RequestConsensusVote() RPC: tablet_id: "5da6944d7e7540178df4276919d61a50" candidate_uuid: "449207e0c86e420ab6e1ed5d5f78702e" candidate_term: 1 candidate_status { last_received { term: 0 index: 0 } } ignore_live_leader: false dest_uuid: "9fe07b221f304ed1ac4a53ba51f6285b"
W20260709 13:00:15.147691   681 leader_election.cc:343] T 5da6944d7e7540178df4276919d61a50 P 449207e0c86e420ab6e1ed5d5f78702e [CANDIDATE]: Term 1 election: Tablet error from VoteRequest() call to peer 9fe07b221f304ed1ac4a53ba51f6285b (127.0.107.194:34251): Illegal state: must be running to vote when last-logged opid is not known
I20260709 13:00:15.160503   564 tablet_service.cc:1917] Received RequestConsensusVote() RPC: tablet_id: "5da6944d7e7540178df4276919d61a50" candidate_uuid: "449207e0c86e420ab6e1ed5d5f78702e" candidate_term: 1 candidate_status { last_received { term: 0 index: 0 } } ignore_live_leader: false dest_uuid: "2ecb644060e84ef5b32b4fdd470200f6"
I20260709 13:00:15.179683   758 tablet_bootstrap.cc:492] T fff0e3bb765e4a60bbc4505595a11923 P 449207e0c86e420ab6e1ed5d5f78702e: No bootstrap required, opened a new log
I20260709 13:00:15.181790   758 ts_tablet_manager.cc:1403] T fff0e3bb765e4a60bbc4505595a11923 P 449207e0c86e420ab6e1ed5d5f78702e: Time spent bootstrapping tablet: real 0.224s	user 0.021s	sys 0.004s
I20260709 13:00:15.184679   758 raft_consensus.cc:359] T fff0e3bb765e4a60bbc4505595a11923 P 449207e0c86e420ab6e1ed5d5f78702e [term 0 FOLLOWER]: Replica starting. Triggering 0 pending ops. Active config: opid_index: -1 OBSOLETE_local: false peers { permanent_uuid: "2ecb644060e84ef5b32b4fdd470200f6" member_type: VOTER last_known_addr { host: "127.0.107.193" port: 36613 } } peers { permanent_uuid: "9fe07b221f304ed1ac4a53ba51f6285b" member_type: VOTER last_known_addr { host: "127.0.107.194" port: 34251 } } peers { permanent_uuid: "449207e0c86e420ab6e1ed5d5f78702e" member_type: VOTER last_known_addr { host: "127.0.107.195" port: 42649 } }
I20260709 13:00:15.185271   758 raft_consensus.cc:385] T fff0e3bb765e4a60bbc4505595a11923 P 449207e0c86e420ab6e1ed5d5f78702e [term 0 FOLLOWER]: Consensus starting up: Expiring failure detector timer to make a prompt election more likely
I20260709 13:00:15.180917   760 tablet_bootstrap.cc:654] T f8f40bec15324be498bd1d7ceea30a33 P 9fe07b221f304ed1ac4a53ba51f6285b: Neither blocks nor log segments found. Creating new log.
I20260709 13:00:15.185611   758 raft_consensus.cc:740] T fff0e3bb765e4a60bbc4505595a11923 P 449207e0c86e420ab6e1ed5d5f78702e [term 0 FOLLOWER]: Becoming Follower/Learner. State: Replica: 449207e0c86e420ab6e1ed5d5f78702e, State: Initialized, Role: FOLLOWER
I20260709 13:00:15.194972   758 consensus_queue.cc:260] T fff0e3bb765e4a60bbc4505595a11923 P 449207e0c86e420ab6e1ed5d5f78702e [NON_LEADER]: Queue going to NON_LEADER mode. State: All replicated index: 0, Majority replicated index: 0, Committed index: 0, Last appended: 0.0, Last appended by leader: 0, Current term: 0, Majority size: -1, State: 0, Mode: NON_LEADER, active raft config: opid_index: -1 OBSOLETE_local: false peers { permanent_uuid: "2ecb644060e84ef5b32b4fdd470200f6" member_type: VOTER last_known_addr { host: "127.0.107.193" port: 36613 } } peers { permanent_uuid: "9fe07b221f304ed1ac4a53ba51f6285b" member_type: VOTER last_known_addr { host: "127.0.107.194" port: 34251 } } peers { permanent_uuid: "449207e0c86e420ab6e1ed5d5f78702e" member_type: VOTER last_known_addr { host: "127.0.107.195" port: 42649 } }
I20260709 13:00:15.191804   564 raft_consensus.cc:2393] T 5da6944d7e7540178df4276919d61a50 P 2ecb644060e84ef5b32b4fdd470200f6 [term 1 FOLLOWER]: Leader election vote request: Denying vote to candidate 449207e0c86e420ab6e1ed5d5f78702e in current term 1: Already voted for candidate 2ecb644060e84ef5b32b4fdd470200f6 in this term.
I20260709 13:00:15.200534   679 leader_election.cc:304] T 5da6944d7e7540178df4276919d61a50 P 449207e0c86e420ab6e1ed5d5f78702e [CANDIDATE]: Term 1 election: Election decided. Result: candidate lost. Election summary: received 3 responses out of 3 voters: 1 yes votes; 2 no votes. yes voters: 449207e0c86e420ab6e1ed5d5f78702e; no voters: 2ecb644060e84ef5b32b4fdd470200f6, 9fe07b221f304ed1ac4a53ba51f6285b
I20260709 13:00:15.206606   798 raft_consensus.cc:2749] T 5da6944d7e7540178df4276919d61a50 P 449207e0c86e420ab6e1ed5d5f78702e [term 1 FOLLOWER]: Leader election lost for term 1. Reason: could not achieve majority
I20260709 13:00:15.209255   759 tablet_bootstrap.cc:492] T d8f0614c8e594993817349c8bbe75a65 P 2ecb644060e84ef5b32b4fdd470200f6: No bootstrap required, opened a new log
I20260709 13:00:15.210305   759 ts_tablet_manager.cc:1403] T d8f0614c8e594993817349c8bbe75a65 P 2ecb644060e84ef5b32b4fdd470200f6: Time spent bootstrapping tablet: real 0.354s	user 0.021s	sys 0.044s
I20260709 13:00:15.211676   758 ts_tablet_manager.cc:1434] T fff0e3bb765e4a60bbc4505595a11923 P 449207e0c86e420ab6e1ed5d5f78702e: Time spent starting tablet: real 0.029s	user 0.007s	sys 0.000s
I20260709 13:00:15.213454   758 tablet_bootstrap.cc:492] T 2d4e88ab70364fabb16659caabfc6bb7 P 449207e0c86e420ab6e1ed5d5f78702e: Bootstrap starting.
I20260709 13:00:15.215457   463 catalog_manager.cc:5697] T c5b47257091443409545dfd5a0169002 P 449207e0c86e420ab6e1ed5d5f78702e reported cstate change: term changed from 0 to 1, leader changed from <none> to 449207e0c86e420ab6e1ed5d5f78702e (127.0.107.195). New cstate: current_term: 1 leader_uuid: "449207e0c86e420ab6e1ed5d5f78702e" committed_config { opid_index: -1 OBSOLETE_local: false peers { permanent_uuid: "2ecb644060e84ef5b32b4fdd470200f6" member_type: VOTER last_known_addr { host: "127.0.107.193" port: 36613 } health_report { overall_health: UNKNOWN } } peers { permanent_uuid: "9fe07b221f304ed1ac4a53ba51f6285b" member_type: VOTER last_known_addr { host: "127.0.107.194" port: 34251 } health_report { overall_health: UNKNOWN } } peers { permanent_uuid: "449207e0c86e420ab6e1ed5d5f78702e" member_type: VOTER last_known_addr { host: "127.0.107.195" port: 42649 } health_report { overall_health: HEALTHY } } }
I20260709 13:00:15.216424   759 raft_consensus.cc:359] T d8f0614c8e594993817349c8bbe75a65 P 2ecb644060e84ef5b32b4fdd470200f6 [term 0 FOLLOWER]: Replica starting. Triggering 0 pending ops. Active config: opid_index: -1 OBSOLETE_local: false peers { permanent_uuid: "2ecb644060e84ef5b32b4fdd470200f6" member_type: VOTER last_known_addr { host: "127.0.107.193" port: 36613 } } peers { permanent_uuid: "9fe07b221f304ed1ac4a53ba51f6285b" member_type: VOTER last_known_addr { host: "127.0.107.194" port: 34251 } } peers { permanent_uuid: "449207e0c86e420ab6e1ed5d5f78702e" member_type: VOTER last_known_addr { host: "127.0.107.195" port: 42649 } }
I20260709 13:00:15.217342   759 raft_consensus.cc:385] T d8f0614c8e594993817349c8bbe75a65 P 2ecb644060e84ef5b32b4fdd470200f6 [term 0 FOLLOWER]: Consensus starting up: Expiring failure detector timer to make a prompt election more likely
I20260709 13:00:15.217746   759 raft_consensus.cc:740] T d8f0614c8e594993817349c8bbe75a65 P 2ecb644060e84ef5b32b4fdd470200f6 [term 0 FOLLOWER]: Becoming Follower/Learner. State: Replica: 2ecb644060e84ef5b32b4fdd470200f6, State: Initialized, Role: FOLLOWER
I20260709 13:00:15.219611   759 consensus_queue.cc:260] T d8f0614c8e594993817349c8bbe75a65 P 2ecb644060e84ef5b32b4fdd470200f6 [NON_LEADER]: Queue going to NON_LEADER mode. State: All replicated index: 0, Majority replicated index: 0, Committed index: 0, Last appended: 0.0, Last appended by leader: 0, Current term: 0, Majority size: -1, State: 0, Mode: NON_LEADER, active raft config: opid_index: -1 OBSOLETE_local: false peers { permanent_uuid: "2ecb644060e84ef5b32b4fdd470200f6" member_type: VOTER last_known_addr { host: "127.0.107.193" port: 36613 } } peers { permanent_uuid: "9fe07b221f304ed1ac4a53ba51f6285b" member_type: VOTER last_known_addr { host: "127.0.107.194" port: 34251 } } peers { permanent_uuid: "449207e0c86e420ab6e1ed5d5f78702e" member_type: VOTER last_known_addr { host: "127.0.107.195" port: 42649 } }
I20260709 13:00:15.226541   760 tablet_bootstrap.cc:492] T f8f40bec15324be498bd1d7ceea30a33 P 9fe07b221f304ed1ac4a53ba51f6285b: No bootstrap required, opened a new log
I20260709 13:00:15.227380   760 ts_tablet_manager.cc:1403] T f8f40bec15324be498bd1d7ceea30a33 P 9fe07b221f304ed1ac4a53ba51f6285b: Time spent bootstrapping tablet: real 0.176s	user 0.017s	sys 0.020s
I20260709 13:00:15.231488   759 ts_tablet_manager.cc:1434] T d8f0614c8e594993817349c8bbe75a65 P 2ecb644060e84ef5b32b4fdd470200f6: Time spent starting tablet: real 0.021s	user 0.010s	sys 0.001s
I20260709 13:00:15.233482   759 tablet_bootstrap.cc:492] T fff0e3bb765e4a60bbc4505595a11923 P 2ecb644060e84ef5b32b4fdd470200f6: Bootstrap starting.
I20260709 13:00:15.238708   758 tablet_bootstrap.cc:654] T 2d4e88ab70364fabb16659caabfc6bb7 P 449207e0c86e420ab6e1ed5d5f78702e: Neither blocks nor log segments found. Creating new log.
I20260709 13:00:15.240582   760 raft_consensus.cc:359] T f8f40bec15324be498bd1d7ceea30a33 P 9fe07b221f304ed1ac4a53ba51f6285b [term 0 FOLLOWER]: Replica starting. Triggering 0 pending ops. Active config: opid_index: -1 OBSOLETE_local: false peers { permanent_uuid: "2ecb644060e84ef5b32b4fdd470200f6" member_type: VOTER last_known_addr { host: "127.0.107.193" port: 36613 } } peers { permanent_uuid: "9fe07b221f304ed1ac4a53ba51f6285b" member_type: VOTER last_known_addr { host: "127.0.107.194" port: 34251 } } peers { permanent_uuid: "449207e0c86e420ab6e1ed5d5f78702e" member_type: VOTER last_known_addr { host: "127.0.107.195" port: 42649 } }
I20260709 13:00:15.241494   760 raft_consensus.cc:385] T f8f40bec15324be498bd1d7ceea30a33 P 9fe07b221f304ed1ac4a53ba51f6285b [term 0 FOLLOWER]: Consensus starting up: Expiring failure detector timer to make a prompt election more likely
I20260709 13:00:15.244560   760 raft_consensus.cc:740] T f8f40bec15324be498bd1d7ceea30a33 P 9fe07b221f304ed1ac4a53ba51f6285b [term 0 FOLLOWER]: Becoming Follower/Learner. State: Replica: 9fe07b221f304ed1ac4a53ba51f6285b, State: Initialized, Role: FOLLOWER
I20260709 13:00:15.251641   759 tablet_bootstrap.cc:654] T fff0e3bb765e4a60bbc4505595a11923 P 2ecb644060e84ef5b32b4fdd470200f6: Neither blocks nor log segments found. Creating new log.
I20260709 13:00:15.253818   760 consensus_queue.cc:260] T f8f40bec15324be498bd1d7ceea30a33 P 9fe07b221f304ed1ac4a53ba51f6285b [NON_LEADER]: Queue going to NON_LEADER mode. State: All replicated index: 0, Majority replicated index: 0, Committed index: 0, Last appended: 0.0, Last appended by leader: 0, Current term: 0, Majority size: -1, State: 0, Mode: NON_LEADER, active raft config: opid_index: -1 OBSOLETE_local: false peers { permanent_uuid: "2ecb644060e84ef5b32b4fdd470200f6" member_type: VOTER last_known_addr { host: "127.0.107.193" port: 36613 } } peers { permanent_uuid: "9fe07b221f304ed1ac4a53ba51f6285b" member_type: VOTER last_known_addr { host: "127.0.107.194" port: 34251 } } peers { permanent_uuid: "449207e0c86e420ab6e1ed5d5f78702e" member_type: VOTER last_known_addr { host: "127.0.107.195" port: 42649 } }
I20260709 13:00:15.260213   760 ts_tablet_manager.cc:1434] T f8f40bec15324be498bd1d7ceea30a33 P 9fe07b221f304ed1ac4a53ba51f6285b: Time spent starting tablet: real 0.032s	user 0.008s	sys 0.000s
I20260709 13:00:15.261337   760 tablet_bootstrap.cc:492] T 5da6944d7e7540178df4276919d61a50 P 9fe07b221f304ed1ac4a53ba51f6285b: Bootstrap starting.
I20260709 13:00:15.267302   758 tablet_bootstrap.cc:492] T 2d4e88ab70364fabb16659caabfc6bb7 P 449207e0c86e420ab6e1ed5d5f78702e: No bootstrap required, opened a new log
I20260709 13:00:15.267926   758 ts_tablet_manager.cc:1403] T 2d4e88ab70364fabb16659caabfc6bb7 P 449207e0c86e420ab6e1ed5d5f78702e: Time spent bootstrapping tablet: real 0.055s	user 0.027s	sys 0.007s
I20260709 13:00:15.268277   759 tablet_bootstrap.cc:492] T fff0e3bb765e4a60bbc4505595a11923 P 2ecb644060e84ef5b32b4fdd470200f6: No bootstrap required, opened a new log
I20260709 13:00:15.269793   759 ts_tablet_manager.cc:1403] T fff0e3bb765e4a60bbc4505595a11923 P 2ecb644060e84ef5b32b4fdd470200f6: Time spent bootstrapping tablet: real 0.037s	user 0.018s	sys 0.003s
I20260709 13:00:15.274274   759 raft_consensus.cc:359] T fff0e3bb765e4a60bbc4505595a11923 P 2ecb644060e84ef5b32b4fdd470200f6 [term 0 FOLLOWER]: Replica starting. Triggering 0 pending ops. Active config: opid_index: -1 OBSOLETE_local: false peers { permanent_uuid: "2ecb644060e84ef5b32b4fdd470200f6" member_type: VOTER last_known_addr { host: "127.0.107.193" port: 36613 } } peers { permanent_uuid: "9fe07b221f304ed1ac4a53ba51f6285b" member_type: VOTER last_known_addr { host: "127.0.107.194" port: 34251 } } peers { permanent_uuid: "449207e0c86e420ab6e1ed5d5f78702e" member_type: VOTER last_known_addr { host: "127.0.107.195" port: 42649 } }
I20260709 13:00:15.275803   759 raft_consensus.cc:385] T fff0e3bb765e4a60bbc4505595a11923 P 2ecb644060e84ef5b32b4fdd470200f6 [term 0 FOLLOWER]: Consensus starting up: Expiring failure detector timer to make a prompt election more likely
I20260709 13:00:15.276180   759 raft_consensus.cc:740] T fff0e3bb765e4a60bbc4505595a11923 P 2ecb644060e84ef5b32b4fdd470200f6 [term 0 FOLLOWER]: Becoming Follower/Learner. State: Replica: 2ecb644060e84ef5b32b4fdd470200f6, State: Initialized, Role: FOLLOWER
I20260709 13:00:15.276984   759 consensus_queue.cc:260] T fff0e3bb765e4a60bbc4505595a11923 P 2ecb644060e84ef5b32b4fdd470200f6 [NON_LEADER]: Queue going to NON_LEADER mode. State: All replicated index: 0, Majority replicated index: 0, Committed index: 0, Last appended: 0.0, Last appended by leader: 0, Current term: 0, Majority size: -1, State: 0, Mode: NON_LEADER, active raft config: opid_index: -1 OBSOLETE_local: false peers { permanent_uuid: "2ecb644060e84ef5b32b4fdd470200f6" member_type: VOTER last_known_addr { host: "127.0.107.193" port: 36613 } } peers { permanent_uuid: "9fe07b221f304ed1ac4a53ba51f6285b" member_type: VOTER last_known_addr { host: "127.0.107.194" port: 34251 } } peers { permanent_uuid: "449207e0c86e420ab6e1ed5d5f78702e" member_type: VOTER last_known_addr { host: "127.0.107.195" port: 42649 } }
I20260709 13:00:15.279776   760 tablet_bootstrap.cc:654] T 5da6944d7e7540178df4276919d61a50 P 9fe07b221f304ed1ac4a53ba51f6285b: Neither blocks nor log segments found. Creating new log.
I20260709 13:00:15.279911   759 ts_tablet_manager.cc:1434] T fff0e3bb765e4a60bbc4505595a11923 P 2ecb644060e84ef5b32b4fdd470200f6: Time spent starting tablet: real 0.010s	user 0.008s	sys 0.000s
I20260709 13:00:15.277568   758 raft_consensus.cc:359] T 2d4e88ab70364fabb16659caabfc6bb7 P 449207e0c86e420ab6e1ed5d5f78702e [term 0 FOLLOWER]: Replica starting. Triggering 0 pending ops. Active config: opid_index: -1 OBSOLETE_local: false peers { permanent_uuid: "2ecb644060e84ef5b32b4fdd470200f6" member_type: VOTER last_known_addr { host: "127.0.107.193" port: 36613 } } peers { permanent_uuid: "9fe07b221f304ed1ac4a53ba51f6285b" member_type: VOTER last_known_addr { host: "127.0.107.194" port: 34251 } } peers { permanent_uuid: "449207e0c86e420ab6e1ed5d5f78702e" member_type: VOTER last_known_addr { host: "127.0.107.195" port: 42649 } }
I20260709 13:00:15.281004   759 tablet_bootstrap.cc:492] T cfb29ed2c45c42f6ac9794da45f1d54d P 2ecb644060e84ef5b32b4fdd470200f6: Bootstrap starting.
I20260709 13:00:15.280938   758 raft_consensus.cc:385] T 2d4e88ab70364fabb16659caabfc6bb7 P 449207e0c86e420ab6e1ed5d5f78702e [term 0 FOLLOWER]: Consensus starting up: Expiring failure detector timer to make a prompt election more likely
I20260709 13:00:15.282545   758 raft_consensus.cc:740] T 2d4e88ab70364fabb16659caabfc6bb7 P 449207e0c86e420ab6e1ed5d5f78702e [term 0 FOLLOWER]: Becoming Follower/Learner. State: Replica: 449207e0c86e420ab6e1ed5d5f78702e, State: Initialized, Role: FOLLOWER
I20260709 13:00:15.283695   758 consensus_queue.cc:260] T 2d4e88ab70364fabb16659caabfc6bb7 P 449207e0c86e420ab6e1ed5d5f78702e [NON_LEADER]: Queue going to NON_LEADER mode. State: All replicated index: 0, Majority replicated index: 0, Committed index: 0, Last appended: 0.0, Last appended by leader: 0, Current term: 0, Majority size: -1, State: 0, Mode: NON_LEADER, active raft config: opid_index: -1 OBSOLETE_local: false peers { permanent_uuid: "2ecb644060e84ef5b32b4fdd470200f6" member_type: VOTER last_known_addr { host: "127.0.107.193" port: 36613 } } peers { permanent_uuid: "9fe07b221f304ed1ac4a53ba51f6285b" member_type: VOTER last_known_addr { host: "127.0.107.194" port: 34251 } } peers { permanent_uuid: "449207e0c86e420ab6e1ed5d5f78702e" member_type: VOTER last_known_addr { host: "127.0.107.195" port: 42649 } }
I20260709 13:00:15.286690   758 ts_tablet_manager.cc:1434] T 2d4e88ab70364fabb16659caabfc6bb7 P 449207e0c86e420ab6e1ed5d5f78702e: Time spent starting tablet: real 0.018s	user 0.009s	sys 0.000s
I20260709 13:00:15.287878   758 tablet_bootstrap.cc:492] T cfb29ed2c45c42f6ac9794da45f1d54d P 449207e0c86e420ab6e1ed5d5f78702e: Bootstrap starting.
I20260709 13:00:15.290596   798 raft_consensus.cc:493] T 2d4e88ab70364fabb16659caabfc6bb7 P 449207e0c86e420ab6e1ed5d5f78702e [term 0 FOLLOWER]: Starting pre-election (no leader contacted us within the election timeout)
I20260709 13:00:15.291149   798 raft_consensus.cc:515] T 2d4e88ab70364fabb16659caabfc6bb7 P 449207e0c86e420ab6e1ed5d5f78702e [term 0 FOLLOWER]: Starting pre-election with config: opid_index: -1 OBSOLETE_local: false peers { permanent_uuid: "2ecb644060e84ef5b32b4fdd470200f6" member_type: VOTER last_known_addr { host: "127.0.107.193" port: 36613 } } peers { permanent_uuid: "9fe07b221f304ed1ac4a53ba51f6285b" member_type: VOTER last_known_addr { host: "127.0.107.194" port: 34251 } } peers { permanent_uuid: "449207e0c86e420ab6e1ed5d5f78702e" member_type: VOTER last_known_addr { host: "127.0.107.195" port: 42649 } }
I20260709 13:00:15.293439   798 leader_election.cc:290] T 2d4e88ab70364fabb16659caabfc6bb7 P 449207e0c86e420ab6e1ed5d5f78702e [CANDIDATE]: Term 1 pre-election: Requested pre-vote from peers 2ecb644060e84ef5b32b4fdd470200f6 (127.0.107.193:36613), 9fe07b221f304ed1ac4a53ba51f6285b (127.0.107.194:34251)
I20260709 13:00:15.294734   639 tablet_service.cc:1917] Received RequestConsensusVote() RPC: tablet_id: "2d4e88ab70364fabb16659caabfc6bb7" candidate_uuid: "449207e0c86e420ab6e1ed5d5f78702e" candidate_term: 1 candidate_status { last_received { term: 0 index: 0 } } ignore_live_leader: false dest_uuid: "9fe07b221f304ed1ac4a53ba51f6285b" is_pre_election: true
I20260709 13:00:15.295447   564 tablet_service.cc:1917] Received RequestConsensusVote() RPC: tablet_id: "2d4e88ab70364fabb16659caabfc6bb7" candidate_uuid: "449207e0c86e420ab6e1ed5d5f78702e" candidate_term: 1 candidate_status { last_received { term: 0 index: 0 } } ignore_live_leader: false dest_uuid: "2ecb644060e84ef5b32b4fdd470200f6" is_pre_election: true
I20260709 13:00:15.295441   639 raft_consensus.cc:2468] T 2d4e88ab70364fabb16659caabfc6bb7 P 9fe07b221f304ed1ac4a53ba51f6285b [term 0 FOLLOWER]: Leader pre-election vote request: Granting yes vote for candidate 449207e0c86e420ab6e1ed5d5f78702e in term 0.
I20260709 13:00:15.296301   564 raft_consensus.cc:2468] T 2d4e88ab70364fabb16659caabfc6bb7 P 2ecb644060e84ef5b32b4fdd470200f6 [term 0 FOLLOWER]: Leader pre-election vote request: Granting yes vote for candidate 449207e0c86e420ab6e1ed5d5f78702e in term 0.
I20260709 13:00:15.297986   681 leader_election.cc:304] T 2d4e88ab70364fabb16659caabfc6bb7 P 449207e0c86e420ab6e1ed5d5f78702e [CANDIDATE]: Term 1 pre-election: Election decided. Result: candidate won. Election summary: received 2 responses out of 3 voters: 2 yes votes; 0 no votes. yes voters: 449207e0c86e420ab6e1ed5d5f78702e, 9fe07b221f304ed1ac4a53ba51f6285b; no voters: 
I20260709 13:00:15.299736   798 raft_consensus.cc:2804] T 2d4e88ab70364fabb16659caabfc6bb7 P 449207e0c86e420ab6e1ed5d5f78702e [term 0 FOLLOWER]: Leader pre-election won for term 1
I20260709 13:00:15.300309   798 raft_consensus.cc:493] T 2d4e88ab70364fabb16659caabfc6bb7 P 449207e0c86e420ab6e1ed5d5f78702e [term 0 FOLLOWER]: Starting leader election (no leader contacted us within the election timeout)
I20260709 13:00:15.301628   798 raft_consensus.cc:3060] T 2d4e88ab70364fabb16659caabfc6bb7 P 449207e0c86e420ab6e1ed5d5f78702e [term 0 FOLLOWER]: Advancing to term 1
I20260709 13:00:15.314035   758 tablet_bootstrap.cc:654] T cfb29ed2c45c42f6ac9794da45f1d54d P 449207e0c86e420ab6e1ed5d5f78702e: Neither blocks nor log segments found. Creating new log.
I20260709 13:00:15.317220   759 tablet_bootstrap.cc:654] T cfb29ed2c45c42f6ac9794da45f1d54d P 2ecb644060e84ef5b32b4fdd470200f6: Neither blocks nor log segments found. Creating new log.
I20260709 13:00:15.312801   798 raft_consensus.cc:515] T 2d4e88ab70364fabb16659caabfc6bb7 P 449207e0c86e420ab6e1ed5d5f78702e [term 1 FOLLOWER]: Starting leader election with config: opid_index: -1 OBSOLETE_local: false peers { permanent_uuid: "2ecb644060e84ef5b32b4fdd470200f6" member_type: VOTER last_known_addr { host: "127.0.107.193" port: 36613 } } peers { permanent_uuid: "9fe07b221f304ed1ac4a53ba51f6285b" member_type: VOTER last_known_addr { host: "127.0.107.194" port: 34251 } } peers { permanent_uuid: "449207e0c86e420ab6e1ed5d5f78702e" member_type: VOTER last_known_addr { host: "127.0.107.195" port: 42649 } }
I20260709 13:00:15.327616   798 leader_election.cc:290] T 2d4e88ab70364fabb16659caabfc6bb7 P 449207e0c86e420ab6e1ed5d5f78702e [CANDIDATE]: Term 1 election: Requested vote from peers 2ecb644060e84ef5b32b4fdd470200f6 (127.0.107.193:36613), 9fe07b221f304ed1ac4a53ba51f6285b (127.0.107.194:34251)
I20260709 13:00:15.328985   639 tablet_service.cc:1917] Received RequestConsensusVote() RPC: tablet_id: "2d4e88ab70364fabb16659caabfc6bb7" candidate_uuid: "449207e0c86e420ab6e1ed5d5f78702e" candidate_term: 1 candidate_status { last_received { term: 0 index: 0 } } ignore_live_leader: false dest_uuid: "9fe07b221f304ed1ac4a53ba51f6285b"
I20260709 13:00:15.330041   639 raft_consensus.cc:3060] T 2d4e88ab70364fabb16659caabfc6bb7 P 9fe07b221f304ed1ac4a53ba51f6285b [term 0 FOLLOWER]: Advancing to term 1
I20260709 13:00:15.329922   564 tablet_service.cc:1917] Received RequestConsensusVote() RPC: tablet_id: "2d4e88ab70364fabb16659caabfc6bb7" candidate_uuid: "449207e0c86e420ab6e1ed5d5f78702e" candidate_term: 1 candidate_status { last_received { term: 0 index: 0 } } ignore_live_leader: false dest_uuid: "2ecb644060e84ef5b32b4fdd470200f6"
I20260709 13:00:15.330576   758 tablet_bootstrap.cc:492] T cfb29ed2c45c42f6ac9794da45f1d54d P 449207e0c86e420ab6e1ed5d5f78702e: No bootstrap required, opened a new log
I20260709 13:00:15.330698   564 raft_consensus.cc:3060] T 2d4e88ab70364fabb16659caabfc6bb7 P 2ecb644060e84ef5b32b4fdd470200f6 [term 0 FOLLOWER]: Advancing to term 1
I20260709 13:00:15.331710   758 ts_tablet_manager.cc:1403] T cfb29ed2c45c42f6ac9794da45f1d54d P 449207e0c86e420ab6e1ed5d5f78702e: Time spent bootstrapping tablet: real 0.044s	user 0.017s	sys 0.004s
I20260709 13:00:15.334578   759 tablet_bootstrap.cc:492] T cfb29ed2c45c42f6ac9794da45f1d54d P 2ecb644060e84ef5b32b4fdd470200f6: No bootstrap required, opened a new log
I20260709 13:00:15.335119   759 ts_tablet_manager.cc:1403] T cfb29ed2c45c42f6ac9794da45f1d54d P 2ecb644060e84ef5b32b4fdd470200f6: Time spent bootstrapping tablet: real 0.054s	user 0.009s	sys 0.005s
I20260709 13:00:15.334753   758 raft_consensus.cc:359] T cfb29ed2c45c42f6ac9794da45f1d54d P 449207e0c86e420ab6e1ed5d5f78702e [term 0 FOLLOWER]: Replica starting. Triggering 0 pending ops. Active config: opid_index: -1 OBSOLETE_local: false peers { permanent_uuid: "2ecb644060e84ef5b32b4fdd470200f6" member_type: VOTER last_known_addr { host: "127.0.107.193" port: 36613 } } peers { permanent_uuid: "9fe07b221f304ed1ac4a53ba51f6285b" member_type: VOTER last_known_addr { host: "127.0.107.194" port: 34251 } } peers { permanent_uuid: "449207e0c86e420ab6e1ed5d5f78702e" member_type: VOTER last_known_addr { host: "127.0.107.195" port: 42649 } }
I20260709 13:00:15.335813   758 raft_consensus.cc:385] T cfb29ed2c45c42f6ac9794da45f1d54d P 449207e0c86e420ab6e1ed5d5f78702e [term 0 FOLLOWER]: Consensus starting up: Expiring failure detector timer to make a prompt election more likely
I20260709 13:00:15.336194   758 raft_consensus.cc:740] T cfb29ed2c45c42f6ac9794da45f1d54d P 449207e0c86e420ab6e1ed5d5f78702e [term 0 FOLLOWER]: Becoming Follower/Learner. State: Replica: 449207e0c86e420ab6e1ed5d5f78702e, State: Initialized, Role: FOLLOWER
I20260709 13:00:15.337015   758 consensus_queue.cc:260] T cfb29ed2c45c42f6ac9794da45f1d54d P 449207e0c86e420ab6e1ed5d5f78702e [NON_LEADER]: Queue going to NON_LEADER mode. State: All replicated index: 0, Majority replicated index: 0, Committed index: 0, Last appended: 0.0, Last appended by leader: 0, Current term: 0, Majority size: -1, State: 0, Mode: NON_LEADER, active raft config: opid_index: -1 OBSOLETE_local: false peers { permanent_uuid: "2ecb644060e84ef5b32b4fdd470200f6" member_type: VOTER last_known_addr { host: "127.0.107.193" port: 36613 } } peers { permanent_uuid: "9fe07b221f304ed1ac4a53ba51f6285b" member_type: VOTER last_known_addr { host: "127.0.107.194" port: 34251 } } peers { permanent_uuid: "449207e0c86e420ab6e1ed5d5f78702e" member_type: VOTER last_known_addr { host: "127.0.107.195" port: 42649 } }
I20260709 13:00:15.338091   759 raft_consensus.cc:359] T cfb29ed2c45c42f6ac9794da45f1d54d P 2ecb644060e84ef5b32b4fdd470200f6 [term 0 FOLLOWER]: Replica starting. Triggering 0 pending ops. Active config: opid_index: -1 OBSOLETE_local: false peers { permanent_uuid: "2ecb644060e84ef5b32b4fdd470200f6" member_type: VOTER last_known_addr { host: "127.0.107.193" port: 36613 } } peers { permanent_uuid: "9fe07b221f304ed1ac4a53ba51f6285b" member_type: VOTER last_known_addr { host: "127.0.107.194" port: 34251 } } peers { permanent_uuid: "449207e0c86e420ab6e1ed5d5f78702e" member_type: VOTER last_known_addr { host: "127.0.107.195" port: 42649 } }
I20260709 13:00:15.339592   758 ts_tablet_manager.cc:1434] T cfb29ed2c45c42f6ac9794da45f1d54d P 449207e0c86e420ab6e1ed5d5f78702e: Time spent starting tablet: real 0.007s	user 0.006s	sys 0.000s
I20260709 13:00:15.340126   564 raft_consensus.cc:2468] T 2d4e88ab70364fabb16659caabfc6bb7 P 2ecb644060e84ef5b32b4fdd470200f6 [term 1 FOLLOWER]: Leader election vote request: Granting yes vote for candidate 449207e0c86e420ab6e1ed5d5f78702e in term 1.
I20260709 13:00:15.342202   679 leader_election.cc:304] T 2d4e88ab70364fabb16659caabfc6bb7 P 449207e0c86e420ab6e1ed5d5f78702e [CANDIDATE]: Term 1 election: Election decided. Result: candidate won. Election summary: received 2 responses out of 3 voters: 2 yes votes; 0 no votes. yes voters: 2ecb644060e84ef5b32b4fdd470200f6, 449207e0c86e420ab6e1ed5d5f78702e; no voters: 
I20260709 13:00:15.338742   759 raft_consensus.cc:385] T cfb29ed2c45c42f6ac9794da45f1d54d P 2ecb644060e84ef5b32b4fdd470200f6 [term 0 FOLLOWER]: Consensus starting up: Expiring failure detector timer to make a prompt election more likely
I20260709 13:00:15.343003   798 raft_consensus.cc:2804] T 2d4e88ab70364fabb16659caabfc6bb7 P 449207e0c86e420ab6e1ed5d5f78702e [term 1 FOLLOWER]: Leader election won for term 1
I20260709 13:00:15.345688   798 raft_consensus.cc:697] T 2d4e88ab70364fabb16659caabfc6bb7 P 449207e0c86e420ab6e1ed5d5f78702e [term 1 LEADER]: Becoming Leader. State: Replica: 449207e0c86e420ab6e1ed5d5f78702e, State: Running, Role: LEADER
I20260709 13:00:15.346627   798 consensus_queue.cc:237] T 2d4e88ab70364fabb16659caabfc6bb7 P 449207e0c86e420ab6e1ed5d5f78702e [LEADER]: Queue going to LEADER mode. State: All replicated index: 0, Majority replicated index: 0, Committed index: 0, Last appended: 0.0, Last appended by leader: 0, Current term: 1, Majority size: 2, State: 0, Mode: LEADER, active raft config: opid_index: -1 OBSOLETE_local: false peers { permanent_uuid: "2ecb644060e84ef5b32b4fdd470200f6" member_type: VOTER last_known_addr { host: "127.0.107.193" port: 36613 } } peers { permanent_uuid: "9fe07b221f304ed1ac4a53ba51f6285b" member_type: VOTER last_known_addr { host: "127.0.107.194" port: 34251 } } peers { permanent_uuid: "449207e0c86e420ab6e1ed5d5f78702e" member_type: VOTER last_known_addr { host: "127.0.107.195" port: 42649 } }
I20260709 13:00:15.343231   759 raft_consensus.cc:740] T cfb29ed2c45c42f6ac9794da45f1d54d P 2ecb644060e84ef5b32b4fdd470200f6 [term 0 FOLLOWER]: Becoming Follower/Learner. State: Replica: 2ecb644060e84ef5b32b4fdd470200f6, State: Initialized, Role: FOLLOWER
I20260709 13:00:15.348632   760 tablet_bootstrap.cc:492] T 5da6944d7e7540178df4276919d61a50 P 9fe07b221f304ed1ac4a53ba51f6285b: No bootstrap required, opened a new log
I20260709 13:00:15.352790   760 ts_tablet_manager.cc:1403] T 5da6944d7e7540178df4276919d61a50 P 9fe07b221f304ed1ac4a53ba51f6285b: Time spent bootstrapping tablet: real 0.092s	user 0.018s	sys 0.033s
I20260709 13:00:15.351933   639 raft_consensus.cc:2468] T 2d4e88ab70364fabb16659caabfc6bb7 P 9fe07b221f304ed1ac4a53ba51f6285b [term 1 FOLLOWER]: Leader election vote request: Granting yes vote for candidate 449207e0c86e420ab6e1ed5d5f78702e in term 1.
I20260709 13:00:15.355151   759 consensus_queue.cc:260] T cfb29ed2c45c42f6ac9794da45f1d54d P 2ecb644060e84ef5b32b4fdd470200f6 [NON_LEADER]: Queue going to NON_LEADER mode. State: All replicated index: 0, Majority replicated index: 0, Committed index: 0, Last appended: 0.0, Last appended by leader: 0, Current term: 0, Majority size: -1, State: 0, Mode: NON_LEADER, active raft config: opid_index: -1 OBSOLETE_local: false peers { permanent_uuid: "2ecb644060e84ef5b32b4fdd470200f6" member_type: VOTER last_known_addr { host: "127.0.107.193" port: 36613 } } peers { permanent_uuid: "9fe07b221f304ed1ac4a53ba51f6285b" member_type: VOTER last_known_addr { host: "127.0.107.194" port: 34251 } } peers { permanent_uuid: "449207e0c86e420ab6e1ed5d5f78702e" member_type: VOTER last_known_addr { host: "127.0.107.195" port: 42649 } }
I20260709 13:00:15.358214   759 ts_tablet_manager.cc:1434] T cfb29ed2c45c42f6ac9794da45f1d54d P 2ecb644060e84ef5b32b4fdd470200f6: Time spent starting tablet: real 0.023s	user 0.008s	sys 0.000s
I20260709 13:00:15.358013   760 raft_consensus.cc:359] T 5da6944d7e7540178df4276919d61a50 P 9fe07b221f304ed1ac4a53ba51f6285b [term 0 FOLLOWER]: Replica starting. Triggering 0 pending ops. Active config: opid_index: -1 OBSOLETE_local: false peers { permanent_uuid: "2ecb644060e84ef5b32b4fdd470200f6" member_type: VOTER last_known_addr { host: "127.0.107.193" port: 36613 } } peers { permanent_uuid: "9fe07b221f304ed1ac4a53ba51f6285b" member_type: VOTER last_known_addr { host: "127.0.107.194" port: 34251 } } peers { permanent_uuid: "449207e0c86e420ab6e1ed5d5f78702e" member_type: VOTER last_known_addr { host: "127.0.107.195" port: 42649 } }
I20260709 13:00:15.358937   760 raft_consensus.cc:385] T 5da6944d7e7540178df4276919d61a50 P 9fe07b221f304ed1ac4a53ba51f6285b [term 0 FOLLOWER]: Consensus starting up: Expiring failure detector timer to make a prompt election more likely
I20260709 13:00:15.359308   760 raft_consensus.cc:740] T 5da6944d7e7540178df4276919d61a50 P 9fe07b221f304ed1ac4a53ba51f6285b [term 0 FOLLOWER]: Becoming Follower/Learner. State: Replica: 9fe07b221f304ed1ac4a53ba51f6285b, State: Initialized, Role: FOLLOWER
I20260709 13:00:15.359751   463 catalog_manager.cc:5697] T 2d4e88ab70364fabb16659caabfc6bb7 P 449207e0c86e420ab6e1ed5d5f78702e reported cstate change: term changed from 0 to 1, leader changed from <none> to 449207e0c86e420ab6e1ed5d5f78702e (127.0.107.195). New cstate: current_term: 1 leader_uuid: "449207e0c86e420ab6e1ed5d5f78702e" committed_config { opid_index: -1 OBSOLETE_local: false peers { permanent_uuid: "2ecb644060e84ef5b32b4fdd470200f6" member_type: VOTER last_known_addr { host: "127.0.107.193" port: 36613 } health_report { overall_health: UNKNOWN } } peers { permanent_uuid: "9fe07b221f304ed1ac4a53ba51f6285b" member_type: VOTER last_known_addr { host: "127.0.107.194" port: 34251 } health_report { overall_health: UNKNOWN } } peers { permanent_uuid: "449207e0c86e420ab6e1ed5d5f78702e" member_type: VOTER last_known_addr { host: "127.0.107.195" port: 42649 } health_report { overall_health: HEALTHY } } }
I20260709 13:00:15.360168   760 consensus_queue.cc:260] T 5da6944d7e7540178df4276919d61a50 P 9fe07b221f304ed1ac4a53ba51f6285b [NON_LEADER]: Queue going to NON_LEADER mode. State: All replicated index: 0, Majority replicated index: 0, Committed index: 0, Last appended: 0.0, Last appended by leader: 0, Current term: 0, Majority size: -1, State: 0, Mode: NON_LEADER, active raft config: opid_index: -1 OBSOLETE_local: false peers { permanent_uuid: "2ecb644060e84ef5b32b4fdd470200f6" member_type: VOTER last_known_addr { host: "127.0.107.193" port: 36613 } } peers { permanent_uuid: "9fe07b221f304ed1ac4a53ba51f6285b" member_type: VOTER last_known_addr { host: "127.0.107.194" port: 34251 } } peers { permanent_uuid: "449207e0c86e420ab6e1ed5d5f78702e" member_type: VOTER last_known_addr { host: "127.0.107.195" port: 42649 } }
I20260709 13:00:15.362910   760 ts_tablet_manager.cc:1434] T 5da6944d7e7540178df4276919d61a50 P 9fe07b221f304ed1ac4a53ba51f6285b: Time spent starting tablet: real 0.010s	user 0.008s	sys 0.000s
I20260709 13:00:15.366364   760 tablet_bootstrap.cc:492] T fff0e3bb765e4a60bbc4505595a11923 P 9fe07b221f304ed1ac4a53ba51f6285b: Bootstrap starting.
I20260709 13:00:15.376044   760 tablet_bootstrap.cc:654] T fff0e3bb765e4a60bbc4505595a11923 P 9fe07b221f304ed1ac4a53ba51f6285b: Neither blocks nor log segments found. Creating new log.
I20260709 13:00:15.389318   760 tablet_bootstrap.cc:492] T fff0e3bb765e4a60bbc4505595a11923 P 9fe07b221f304ed1ac4a53ba51f6285b: No bootstrap required, opened a new log
I20260709 13:00:15.389909   760 ts_tablet_manager.cc:1403] T fff0e3bb765e4a60bbc4505595a11923 P 9fe07b221f304ed1ac4a53ba51f6285b: Time spent bootstrapping tablet: real 0.024s	user 0.006s	sys 0.014s
I20260709 13:00:15.395589   760 raft_consensus.cc:359] T fff0e3bb765e4a60bbc4505595a11923 P 9fe07b221f304ed1ac4a53ba51f6285b [term 0 FOLLOWER]: Replica starting. Triggering 0 pending ops. Active config: opid_index: -1 OBSOLETE_local: false peers { permanent_uuid: "2ecb644060e84ef5b32b4fdd470200f6" member_type: VOTER last_known_addr { host: "127.0.107.193" port: 36613 } } peers { permanent_uuid: "9fe07b221f304ed1ac4a53ba51f6285b" member_type: VOTER last_known_addr { host: "127.0.107.194" port: 34251 } } peers { permanent_uuid: "449207e0c86e420ab6e1ed5d5f78702e" member_type: VOTER last_known_addr { host: "127.0.107.195" port: 42649 } }
I20260709 13:00:15.396384   760 raft_consensus.cc:385] T fff0e3bb765e4a60bbc4505595a11923 P 9fe07b221f304ed1ac4a53ba51f6285b [term 0 FOLLOWER]: Consensus starting up: Expiring failure detector timer to make a prompt election more likely
I20260709 13:00:15.396791   760 raft_consensus.cc:740] T fff0e3bb765e4a60bbc4505595a11923 P 9fe07b221f304ed1ac4a53ba51f6285b [term 0 FOLLOWER]: Becoming Follower/Learner. State: Replica: 9fe07b221f304ed1ac4a53ba51f6285b, State: Initialized, Role: FOLLOWER
I20260709 13:00:15.397619   760 consensus_queue.cc:260] T fff0e3bb765e4a60bbc4505595a11923 P 9fe07b221f304ed1ac4a53ba51f6285b [NON_LEADER]: Queue going to NON_LEADER mode. State: All replicated index: 0, Majority replicated index: 0, Committed index: 0, Last appended: 0.0, Last appended by leader: 0, Current term: 0, Majority size: -1, State: 0, Mode: NON_LEADER, active raft config: opid_index: -1 OBSOLETE_local: false peers { permanent_uuid: "2ecb644060e84ef5b32b4fdd470200f6" member_type: VOTER last_known_addr { host: "127.0.107.193" port: 36613 } } peers { permanent_uuid: "9fe07b221f304ed1ac4a53ba51f6285b" member_type: VOTER last_known_addr { host: "127.0.107.194" port: 34251 } } peers { permanent_uuid: "449207e0c86e420ab6e1ed5d5f78702e" member_type: VOTER last_known_addr { host: "127.0.107.195" port: 42649 } }
W20260709 13:00:15.399137   509 auto_rebalancer.cc:288] Could not retrieve cluster info: Service unavailable: Tablet not running
I20260709 13:00:15.399783   760 ts_tablet_manager.cc:1434] T fff0e3bb765e4a60bbc4505595a11923 P 9fe07b221f304ed1ac4a53ba51f6285b: Time spent starting tablet: real 0.010s	user 0.006s	sys 0.000s
I20260709 13:00:15.400763   760 tablet_bootstrap.cc:492] T cfb29ed2c45c42f6ac9794da45f1d54d P 9fe07b221f304ed1ac4a53ba51f6285b: Bootstrap starting.
I20260709 13:00:15.408041   760 tablet_bootstrap.cc:654] T cfb29ed2c45c42f6ac9794da45f1d54d P 9fe07b221f304ed1ac4a53ba51f6285b: Neither blocks nor log segments found. Creating new log.
I20260709 13:00:15.408591   798 raft_consensus.cc:493] T fff0e3bb765e4a60bbc4505595a11923 P 449207e0c86e420ab6e1ed5d5f78702e [term 0 FOLLOWER]: Starting pre-election (no leader contacted us within the election timeout)
I20260709 13:00:15.409089   798 raft_consensus.cc:515] T fff0e3bb765e4a60bbc4505595a11923 P 449207e0c86e420ab6e1ed5d5f78702e [term 0 FOLLOWER]: Starting pre-election with config: opid_index: -1 OBSOLETE_local: false peers { permanent_uuid: "2ecb644060e84ef5b32b4fdd470200f6" member_type: VOTER last_known_addr { host: "127.0.107.193" port: 36613 } } peers { permanent_uuid: "9fe07b221f304ed1ac4a53ba51f6285b" member_type: VOTER last_known_addr { host: "127.0.107.194" port: 34251 } } peers { permanent_uuid: "449207e0c86e420ab6e1ed5d5f78702e" member_type: VOTER last_known_addr { host: "127.0.107.195" port: 42649 } }
I20260709 13:00:15.411288   798 leader_election.cc:290] T fff0e3bb765e4a60bbc4505595a11923 P 449207e0c86e420ab6e1ed5d5f78702e [CANDIDATE]: Term 1 pre-election: Requested pre-vote from peers 2ecb644060e84ef5b32b4fdd470200f6 (127.0.107.193:36613), 9fe07b221f304ed1ac4a53ba51f6285b (127.0.107.194:34251)
I20260709 13:00:15.412832   564 tablet_service.cc:1917] Received RequestConsensusVote() RPC: tablet_id: "fff0e3bb765e4a60bbc4505595a11923" candidate_uuid: "449207e0c86e420ab6e1ed5d5f78702e" candidate_term: 1 candidate_status { last_received { term: 0 index: 0 } } ignore_live_leader: false dest_uuid: "2ecb644060e84ef5b32b4fdd470200f6" is_pre_election: true
I20260709 13:00:15.412832   639 tablet_service.cc:1917] Received RequestConsensusVote() RPC: tablet_id: "fff0e3bb765e4a60bbc4505595a11923" candidate_uuid: "449207e0c86e420ab6e1ed5d5f78702e" candidate_term: 1 candidate_status { last_received { term: 0 index: 0 } } ignore_live_leader: false dest_uuid: "9fe07b221f304ed1ac4a53ba51f6285b" is_pre_election: true
I20260709 13:00:15.413579   564 raft_consensus.cc:2468] T fff0e3bb765e4a60bbc4505595a11923 P 2ecb644060e84ef5b32b4fdd470200f6 [term 0 FOLLOWER]: Leader pre-election vote request: Granting yes vote for candidate 449207e0c86e420ab6e1ed5d5f78702e in term 0.
I20260709 13:00:15.414171   639 raft_consensus.cc:2468] T fff0e3bb765e4a60bbc4505595a11923 P 9fe07b221f304ed1ac4a53ba51f6285b [term 0 FOLLOWER]: Leader pre-election vote request: Granting yes vote for candidate 449207e0c86e420ab6e1ed5d5f78702e in term 0.
