I20260709 12:59:36.491137  8649 raft_consensus.cc:359] T 9aac4589364a4d0aaa78458982dc7ff0 P 8da48bb172214326ac4d106cb7bf50ce [term 0 FOLLOWER]: Replica starting. Triggering 0 pending ops. Active config: opid_index: -1 OBSOLETE_local: false peers { permanent_uuid: "8da48bb172214326ac4d106cb7bf50ce" member_type: VOTER last_known_addr { host: "127.7.37.129" port: 39901 } } peers { permanent_uuid: "3d6881314d704c9daf651daf781be2bb" member_type: VOTER last_known_addr { host: "127.7.37.130" port: 36279 } } peers { permanent_uuid: "32bb6d78d7464387a5aafb7adff62be1" member_type: VOTER last_known_addr { host: "127.7.37.131" port: 39151 } }
I20260709 12:59:36.492769  8649 raft_consensus.cc:385] T 9aac4589364a4d0aaa78458982dc7ff0 P 8da48bb172214326ac4d106cb7bf50ce [term 0 FOLLOWER]: Consensus starting up: Expiring failure detector timer to make a prompt election more likely
I20260709 12:59:36.491933  8647 consensus_queue.cc:260] T e894bef98cf84f6988e6ee4a762595d1 P 32bb6d78d7464387a5aafb7adff62be1 [NON_LEADER]: Queue going to NON_LEADER mode. State: All replicated index: 0, Majority replicated index: 0, Committed index: 0, Last appended: 0.0, Last appended by leader: 0, Current term: 0, Majority size: -1, State: 0, Mode: NON_LEADER, active raft config: opid_index: -1 OBSOLETE_local: false peers { permanent_uuid: "8da48bb172214326ac4d106cb7bf50ce" member_type: VOTER last_known_addr { host: "127.7.37.129" port: 39901 } } peers { permanent_uuid: "3d6881314d704c9daf651daf781be2bb" member_type: VOTER last_known_addr { host: "127.7.37.130" port: 36279 } } peers { permanent_uuid: "32bb6d78d7464387a5aafb7adff62be1" member_type: VOTER last_known_addr { host: "127.7.37.131" port: 39151 } }
I20260709 12:59:36.493083  8649 raft_consensus.cc:740] T 9aac4589364a4d0aaa78458982dc7ff0 P 8da48bb172214326ac4d106cb7bf50ce [term 0 FOLLOWER]: Becoming Follower/Learner. State: Replica: 8da48bb172214326ac4d106cb7bf50ce, State: Initialized, Role: FOLLOWER
I20260709 12:59:36.499233  8653 leader_election.cc:290] T 2c4ed379c83e46a396dbe33d42a3c50b P 8da48bb172214326ac4d106cb7bf50ce [CANDIDATE]: Term 1 election: Requested vote from peers 3d6881314d704c9daf651daf781be2bb (127.7.37.130:36279), 32bb6d78d7464387a5aafb7adff62be1 (127.7.37.131:39151)
I20260709 12:59:36.500020  8457 raft_consensus.cc:2468] T e894bef98cf84f6988e6ee4a762595d1 P 8da48bb172214326ac4d106cb7bf50ce [term 0 FOLLOWER]: Leader pre-election vote request: Granting yes vote for candidate 3d6881314d704c9daf651daf781be2bb in term 0.
I20260709 12:59:36.501549  8531 tablet_service.cc:1917] Received RequestConsensusVote() RPC: tablet_id: "2c4ed379c83e46a396dbe33d42a3c50b" candidate_uuid: "8da48bb172214326ac4d106cb7bf50ce" candidate_term: 1 candidate_status { last_received { term: 0 index: 0 } } ignore_live_leader: false dest_uuid: "3d6881314d704c9daf651daf781be2bb"
I20260709 12:59:36.502451  8496 leader_election.cc:304] T e894bef98cf84f6988e6ee4a762595d1 P 3d6881314d704c9daf651daf781be2bb [CANDIDATE]: Term 1 pre-election: Election decided. Result: candidate won. Election summary: received 2 responses out of 3 voters: 2 yes votes; 0 no votes. yes voters: 3d6881314d704c9daf651daf781be2bb, 8da48bb172214326ac4d106cb7bf50ce; no voters: 
W20260709 12:59:36.503038  8420 leader_election.cc:343] T 2c4ed379c83e46a396dbe33d42a3c50b P 8da48bb172214326ac4d106cb7bf50ce [CANDIDATE]: Term 1 election: Tablet error from VoteRequest() call to peer 3d6881314d704c9daf651daf781be2bb (127.7.37.130:36279): Illegal state: must be running to vote when last-logged opid is not known
I20260709 12:59:36.499596  8647 ts_tablet_manager.cc:1434] T e894bef98cf84f6988e6ee4a762595d1 P 32bb6d78d7464387a5aafb7adff62be1: Time spent starting tablet: real 0.017s	user 0.008s	sys 0.000s
I20260709 12:59:36.503578  8456 tablet_service.cc:1917] Received RequestConsensusVote() RPC: tablet_id: "2c4ed379c83e46a396dbe33d42a3c50b" candidate_uuid: "32bb6d78d7464387a5aafb7adff62be1" candidate_term: 1 candidate_status { last_received { term: 0 index: 0 } } ignore_live_leader: false dest_uuid: "8da48bb172214326ac4d106cb7bf50ce"
I20260709 12:59:36.500087  8649 consensus_queue.cc:260] T 9aac4589364a4d0aaa78458982dc7ff0 P 8da48bb172214326ac4d106cb7bf50ce [NON_LEADER]: Queue going to NON_LEADER mode. State: All replicated index: 0, Majority replicated index: 0, Committed index: 0, Last appended: 0.0, Last appended by leader: 0, Current term: 0, Majority size: -1, State: 0, Mode: NON_LEADER, active raft config: opid_index: -1 OBSOLETE_local: false peers { permanent_uuid: "8da48bb172214326ac4d106cb7bf50ce" member_type: VOTER last_known_addr { host: "127.7.37.129" port: 39901 } } peers { permanent_uuid: "3d6881314d704c9daf651daf781be2bb" member_type: VOTER last_known_addr { host: "127.7.37.130" port: 36279 } } peers { permanent_uuid: "32bb6d78d7464387a5aafb7adff62be1" member_type: VOTER last_known_addr { host: "127.7.37.131" port: 39151 } }
I20260709 12:59:36.504910  8456 raft_consensus.cc:2393] T 2c4ed379c83e46a396dbe33d42a3c50b P 8da48bb172214326ac4d106cb7bf50ce [term 1 FOLLOWER]: Leader election vote request: Denying vote to candidate 32bb6d78d7464387a5aafb7adff62be1 in current term 1: Already voted for candidate 8da48bb172214326ac4d106cb7bf50ce in this term.
I20260709 12:59:36.503583  8691 raft_consensus.cc:2804] T e894bef98cf84f6988e6ee4a762595d1 P 3d6881314d704c9daf651daf781be2bb [term 0 FOLLOWER]: Leader pre-election won for term 1
I20260709 12:59:36.506948  8691 raft_consensus.cc:493] T e894bef98cf84f6988e6ee4a762595d1 P 3d6881314d704c9daf651daf781be2bb [term 0 FOLLOWER]: Starting leader election (no leader contacted us within the election timeout)
I20260709 12:59:36.507694  8691 raft_consensus.cc:3060] T e894bef98cf84f6988e6ee4a762595d1 P 3d6881314d704c9daf651daf781be2bb [term 0 FOLLOWER]: Advancing to term 1
I20260709 12:59:36.501019  8646 tablet_bootstrap.cc:654] T fc9b2d7bb0da4443b3c4d87665021694 P 3d6881314d704c9daf651daf781be2bb: Neither blocks nor log segments found. Creating new log.
I20260709 12:59:36.512074  8649 ts_tablet_manager.cc:1434] T 9aac4589364a4d0aaa78458982dc7ff0 P 8da48bb172214326ac4d106cb7bf50ce: Time spent starting tablet: real 0.036s	user 0.007s	sys 0.002s
I20260709 12:59:36.514496  8649 tablet_bootstrap.cc:492] T e5ef0bf0ccf54f4ba85b4cfc4dfe1a50 P 8da48bb172214326ac4d106cb7bf50ce: Bootstrap starting.
I20260709 12:59:36.516389  8603 tablet_service.cc:1917] Received RequestConsensusVote() RPC: tablet_id: "ff6ebbbeb32c4ec49e6f6d0618c9702c" candidate_uuid: "3d6881314d704c9daf651daf781be2bb" candidate_term: 1 candidate_status { last_received { term: 0 index: 0 } } ignore_live_leader: false dest_uuid: "32bb6d78d7464387a5aafb7adff62be1"
I20260709 12:59:36.506546  8647 tablet_bootstrap.cc:492] T 9aac4589364a4d0aaa78458982dc7ff0 P 32bb6d78d7464387a5aafb7adff62be1: Bootstrap starting.
I20260709 12:59:36.517014  8603 raft_consensus.cc:3060] T ff6ebbbeb32c4ec49e6f6d0618c9702c P 32bb6d78d7464387a5aafb7adff62be1 [term 0 FOLLOWER]: Advancing to term 1
I20260709 12:59:36.523716  8647 tablet_bootstrap.cc:654] T 9aac4589364a4d0aaa78458982dc7ff0 P 32bb6d78d7464387a5aafb7adff62be1: Neither blocks nor log segments found. Creating new log.
I20260709 12:59:36.526147  8653 raft_consensus.cc:493] T 9aac4589364a4d0aaa78458982dc7ff0 P 8da48bb172214326ac4d106cb7bf50ce [term 0 FOLLOWER]: Starting pre-election (no leader contacted us within the election timeout)
I20260709 12:59:36.528092  8653 raft_consensus.cc:515] T 9aac4589364a4d0aaa78458982dc7ff0 P 8da48bb172214326ac4d106cb7bf50ce [term 0 FOLLOWER]: Starting pre-election with config: opid_index: -1 OBSOLETE_local: false peers { permanent_uuid: "8da48bb172214326ac4d106cb7bf50ce" member_type: VOTER last_known_addr { host: "127.7.37.129" port: 39901 } } peers { permanent_uuid: "3d6881314d704c9daf651daf781be2bb" member_type: VOTER last_known_addr { host: "127.7.37.130" port: 36279 } } peers { permanent_uuid: "32bb6d78d7464387a5aafb7adff62be1" member_type: VOTER last_known_addr { host: "127.7.37.131" port: 39151 } }
I20260709 12:59:36.528445  8606 tablet_service.cc:1917] Received RequestConsensusVote() RPC: tablet_id: "e894bef98cf84f6988e6ee4a762595d1" candidate_uuid: "3d6881314d704c9daf651daf781be2bb" candidate_term: 1 candidate_status { last_received { term: 0 index: 0 } } ignore_live_leader: false dest_uuid: "32bb6d78d7464387a5aafb7adff62be1" is_pre_election: true
I20260709 12:59:36.530648  8606 raft_consensus.cc:2468] T e894bef98cf84f6988e6ee4a762595d1 P 32bb6d78d7464387a5aafb7adff62be1 [term 0 FOLLOWER]: Leader pre-election vote request: Granting yes vote for candidate 3d6881314d704c9daf651daf781be2bb in term 0.
I20260709 12:59:36.529786  8605 tablet_service.cc:1917] Received RequestConsensusVote() RPC: tablet_id: "2c4ed379c83e46a396dbe33d42a3c50b" candidate_uuid: "8da48bb172214326ac4d106cb7bf50ce" candidate_term: 1 candidate_status { last_received { term: 0 index: 0 } } ignore_live_leader: false dest_uuid: "32bb6d78d7464387a5aafb7adff62be1"
I20260709 12:59:36.530999  8650 consensus_queue.cc:1048] T 3f8833259ddf45d08e7b9f741ccfc474 P 3d6881314d704c9daf651daf781be2bb [LEADER]: Connected to new peer: Peer: permanent_uuid: "32bb6d78d7464387a5aafb7adff62be1" member_type: VOTER last_known_addr { host: "127.7.37.131" port: 39151 }, Status: LMP_MISMATCH, Last received: 0.0, Next index: 1, Last known committed idx: 0, Time since last communication: 0.000s
I20260709 12:59:36.531863  8605 raft_consensus.cc:2393] T 2c4ed379c83e46a396dbe33d42a3c50b P 32bb6d78d7464387a5aafb7adff62be1 [term 1 FOLLOWER]: Leader election vote request: Denying vote to candidate 8da48bb172214326ac4d106cb7bf50ce in current term 1: Already voted for candidate 32bb6d78d7464387a5aafb7adff62be1 in this term.
I20260709 12:59:36.515703  8705 leader_election.cc:290] T 2c4ed379c83e46a396dbe33d42a3c50b P 32bb6d78d7464387a5aafb7adff62be1 [CANDIDATE]: Term 1 election: Requested vote from peers 8da48bb172214326ac4d106cb7bf50ce (127.7.37.129:39901), 3d6881314d704c9daf651daf781be2bb (127.7.37.130:36279)
I20260709 12:59:36.532984  8603 raft_consensus.cc:2468] T ff6ebbbeb32c4ec49e6f6d0618c9702c P 32bb6d78d7464387a5aafb7adff62be1 [term 1 FOLLOWER]: Leader election vote request: Granting yes vote for candidate 3d6881314d704c9daf651daf781be2bb in term 1.
I20260709 12:59:36.537312  8570 leader_election.cc:304] T 2c4ed379c83e46a396dbe33d42a3c50b P 32bb6d78d7464387a5aafb7adff62be1 [CANDIDATE]: Term 1 election: Election decided. Result: candidate lost. Election summary: received 3 responses out of 3 voters: 1 yes votes; 2 no votes. yes voters: 32bb6d78d7464387a5aafb7adff62be1; no voters: 3d6881314d704c9daf651daf781be2bb, 8da48bb172214326ac4d106cb7bf50ce
I20260709 12:59:36.533468  8354 catalog_manager.cc:5697] T ff6ebbbeb32c4ec49e6f6d0618c9702c P 3d6881314d704c9daf651daf781be2bb reported cstate change: term changed from 0 to 1, leader changed from <none> to 3d6881314d704c9daf651daf781be2bb (127.7.37.130). New cstate: current_term: 1 leader_uuid: "3d6881314d704c9daf651daf781be2bb" committed_config { opid_index: -1 OBSOLETE_local: false peers { permanent_uuid: "8da48bb172214326ac4d106cb7bf50ce" member_type: VOTER last_known_addr { host: "127.7.37.129" port: 39901 } health_report { overall_health: UNKNOWN } } peers { permanent_uuid: "3d6881314d704c9daf651daf781be2bb" member_type: VOTER last_known_addr { host: "127.7.37.130" port: 36279 } health_report { overall_health: HEALTHY } } peers { permanent_uuid: "32bb6d78d7464387a5aafb7adff62be1" member_type: VOTER last_known_addr { host: "127.7.37.131" port: 39151 } health_report { overall_health: UNKNOWN } } }
I20260709 12:59:36.543211  8531 tablet_service.cc:1917] Received RequestConsensusVote() RPC: tablet_id: "9aac4589364a4d0aaa78458982dc7ff0" candidate_uuid: "8da48bb172214326ac4d106cb7bf50ce" candidate_term: 1 candidate_status { last_received { term: 0 index: 0 } } ignore_live_leader: false dest_uuid: "3d6881314d704c9daf651daf781be2bb" is_pre_election: true
I20260709 12:59:36.543587  8421 leader_election.cc:304] T 2c4ed379c83e46a396dbe33d42a3c50b P 8da48bb172214326ac4d106cb7bf50ce [CANDIDATE]: Term 1 election: Election decided. Result: candidate lost. Election summary: received 3 responses out of 3 voters: 1 yes votes; 2 no votes. yes voters: 8da48bb172214326ac4d106cb7bf50ce; no voters: 32bb6d78d7464387a5aafb7adff62be1, 3d6881314d704c9daf651daf781be2bb
I20260709 12:59:36.544176  8531 raft_consensus.cc:2468] T 9aac4589364a4d0aaa78458982dc7ff0 P 3d6881314d704c9daf651daf781be2bb [term 0 FOLLOWER]: Leader pre-election vote request: Granting yes vote for candidate 8da48bb172214326ac4d106cb7bf50ce in term 0.
I20260709 12:59:36.544472  8653 leader_election.cc:290] T 9aac4589364a4d0aaa78458982dc7ff0 P 8da48bb172214326ac4d106cb7bf50ce [CANDIDATE]: Term 1 pre-election: Requested pre-vote from peers 3d6881314d704c9daf651daf781be2bb (127.7.37.130:36279), 32bb6d78d7464387a5aafb7adff62be1 (127.7.37.131:39151)
I20260709 12:59:36.545235  8653 raft_consensus.cc:2749] T 2c4ed379c83e46a396dbe33d42a3c50b P 8da48bb172214326ac4d106cb7bf50ce [term 1 FOLLOWER]: Leader election lost for term 1. Reason: could not achieve majority
I20260709 12:59:36.545987  8420 leader_election.cc:304] T 9aac4589364a4d0aaa78458982dc7ff0 P 8da48bb172214326ac4d106cb7bf50ce [CANDIDATE]: Term 1 pre-election: Election decided. Result: candidate won. Election summary: received 2 responses out of 3 voters: 2 yes votes; 0 no votes. yes voters: 3d6881314d704c9daf651daf781be2bb, 8da48bb172214326ac4d106cb7bf50ce; no voters: 
I20260709 12:59:36.547250  8653 raft_consensus.cc:2804] T 9aac4589364a4d0aaa78458982dc7ff0 P 8da48bb172214326ac4d106cb7bf50ce [term 0 FOLLOWER]: Leader pre-election won for term 1
I20260709 12:59:36.547781  8653 raft_consensus.cc:493] T 9aac4589364a4d0aaa78458982dc7ff0 P 8da48bb172214326ac4d106cb7bf50ce [term 0 FOLLOWER]: Starting leader election (no leader contacted us within the election timeout)
I20260709 12:59:36.548218  8653 raft_consensus.cc:3060] T 9aac4589364a4d0aaa78458982dc7ff0 P 8da48bb172214326ac4d106cb7bf50ce [term 0 FOLLOWER]: Advancing to term 1
I20260709 12:59:36.551688  8705 raft_consensus.cc:2749] T 2c4ed379c83e46a396dbe33d42a3c50b P 32bb6d78d7464387a5aafb7adff62be1 [term 1 FOLLOWER]: Leader election lost for term 1. Reason: could not achieve majority
I20260709 12:59:36.552675  8605 tablet_service.cc:1917] Received RequestConsensusVote() RPC: tablet_id: "9aac4589364a4d0aaa78458982dc7ff0" candidate_uuid: "8da48bb172214326ac4d106cb7bf50ce" candidate_term: 1 candidate_status { last_received { term: 0 index: 0 } } ignore_live_leader: false dest_uuid: "32bb6d78d7464387a5aafb7adff62be1" is_pre_election: true
W20260709 12:59:36.557798  8421 leader_election.cc:343] T 9aac4589364a4d0aaa78458982dc7ff0 P 8da48bb172214326ac4d106cb7bf50ce [CANDIDATE]: Term 1 pre-election: Tablet error from VoteRequest() call to peer 32bb6d78d7464387a5aafb7adff62be1 (127.7.37.131:39151): Illegal state: must be running to vote when last-logged opid is not known
I20260709 12:59:36.557030  8691 raft_consensus.cc:515] T e894bef98cf84f6988e6ee4a762595d1 P 3d6881314d704c9daf651daf781be2bb [term 1 FOLLOWER]: Starting leader election with config: opid_index: -1 OBSOLETE_local: false peers { permanent_uuid: "8da48bb172214326ac4d106cb7bf50ce" member_type: VOTER last_known_addr { host: "127.7.37.129" port: 39901 } } peers { permanent_uuid: "3d6881314d704c9daf651daf781be2bb" member_type: VOTER last_known_addr { host: "127.7.37.130" port: 36279 } } peers { permanent_uuid: "32bb6d78d7464387a5aafb7adff62be1" member_type: VOTER last_known_addr { host: "127.7.37.131" port: 39151 } }
I20260709 12:59:36.554878  8715 consensus_queue.cc:1048] T 3f8833259ddf45d08e7b9f741ccfc474 P 3d6881314d704c9daf651daf781be2bb [LEADER]: Connected to new peer: Peer: permanent_uuid: "8da48bb172214326ac4d106cb7bf50ce" member_type: VOTER last_known_addr { host: "127.7.37.129" port: 39901 }, Status: LMP_MISMATCH, Last received: 0.0, Next index: 1, Last known committed idx: 0, Time since last communication: 0.004s
I20260709 12:59:36.560276  8691 leader_election.cc:290] T e894bef98cf84f6988e6ee4a762595d1 P 3d6881314d704c9daf651daf781be2bb [CANDIDATE]: Term 1 election: Requested vote from peers 8da48bb172214326ac4d106cb7bf50ce (127.7.37.129:39901), 32bb6d78d7464387a5aafb7adff62be1 (127.7.37.131:39151)
I20260709 12:59:36.563000  8605 tablet_service.cc:1917] Received RequestConsensusVote() RPC: tablet_id: "e894bef98cf84f6988e6ee4a762595d1" candidate_uuid: "3d6881314d704c9daf651daf781be2bb" candidate_term: 1 candidate_status { last_received { term: 0 index: 0 } } ignore_live_leader: false dest_uuid: "32bb6d78d7464387a5aafb7adff62be1"
I20260709 12:59:36.563643  8605 raft_consensus.cc:3060] T e894bef98cf84f6988e6ee4a762595d1 P 32bb6d78d7464387a5aafb7adff62be1 [term 0 FOLLOWER]: Advancing to term 1
I20260709 12:59:36.564706  8456 tablet_service.cc:1917] Received RequestConsensusVote() RPC: tablet_id: "e894bef98cf84f6988e6ee4a762595d1" candidate_uuid: "3d6881314d704c9daf651daf781be2bb" candidate_term: 1 candidate_status { last_received { term: 0 index: 0 } } ignore_live_leader: false dest_uuid: "8da48bb172214326ac4d106cb7bf50ce"
I20260709 12:59:36.565327  8456 raft_consensus.cc:3060] T e894bef98cf84f6988e6ee4a762595d1 P 8da48bb172214326ac4d106cb7bf50ce [term 0 FOLLOWER]: Advancing to term 1
I20260709 12:59:36.568279  8649 tablet_bootstrap.cc:654] T e5ef0bf0ccf54f4ba85b4cfc4dfe1a50 P 8da48bb172214326ac4d106cb7bf50ce: Neither blocks nor log segments found. Creating new log.
I20260709 12:59:36.573902  8456 raft_consensus.cc:2468] T e894bef98cf84f6988e6ee4a762595d1 P 8da48bb172214326ac4d106cb7bf50ce [term 1 FOLLOWER]: Leader election vote request: Granting yes vote for candidate 3d6881314d704c9daf651daf781be2bb in term 1.
I20260709 12:59:36.576007  8705 consensus_queue.cc:1048] T aa795d1505d94c6785925e4f52d40859 P 32bb6d78d7464387a5aafb7adff62be1 [LEADER]: Connected to new peer: Peer: permanent_uuid: "3d6881314d704c9daf651daf781be2bb" member_type: VOTER last_known_addr { host: "127.7.37.130" port: 36279 }, Status: LMP_MISMATCH, Last received: 0.0, Next index: 1, Last known committed idx: 0, Time since last communication: 0.001s
I20260709 12:59:36.576725  8496 leader_election.cc:304] T e894bef98cf84f6988e6ee4a762595d1 P 3d6881314d704c9daf651daf781be2bb [CANDIDATE]: Term 1 election: Election decided. Result: candidate won. Election summary: received 2 responses out of 3 voters: 2 yes votes; 0 no votes. yes voters: 3d6881314d704c9daf651daf781be2bb, 8da48bb172214326ac4d106cb7bf50ce; no voters: 
I20260709 12:59:36.577828  8715 raft_consensus.cc:2804] T e894bef98cf84f6988e6ee4a762595d1 P 3d6881314d704c9daf651daf781be2bb [term 1 FOLLOWER]: Leader election won for term 1
I20260709 12:59:36.578438  8715 raft_consensus.cc:697] T e894bef98cf84f6988e6ee4a762595d1 P 3d6881314d704c9daf651daf781be2bb [term 1 LEADER]: Becoming Leader. State: Replica: 3d6881314d704c9daf651daf781be2bb, State: Running, Role: LEADER
I20260709 12:59:36.578383  8653 raft_consensus.cc:515] T 9aac4589364a4d0aaa78458982dc7ff0 P 8da48bb172214326ac4d106cb7bf50ce [term 1 FOLLOWER]: Starting leader election with config: opid_index: -1 OBSOLETE_local: false peers { permanent_uuid: "8da48bb172214326ac4d106cb7bf50ce" member_type: VOTER last_known_addr { host: "127.7.37.129" port: 39901 } } peers { permanent_uuid: "3d6881314d704c9daf651daf781be2bb" member_type: VOTER last_known_addr { host: "127.7.37.130" port: 36279 } } peers { permanent_uuid: "32bb6d78d7464387a5aafb7adff62be1" member_type: VOTER last_known_addr { host: "127.7.37.131" port: 39151 } }
I20260709 12:59:36.579581  8715 consensus_queue.cc:237] T e894bef98cf84f6988e6ee4a762595d1 P 3d6881314d704c9daf651daf781be2bb [LEADER]: Queue going to LEADER mode. State: All replicated index: 0, Majority replicated index: 0, Committed index: 0, Last appended: 0.0, Last appended by leader: 0, Current term: 1, Majority size: 2, State: 0, Mode: LEADER, active raft config: opid_index: -1 OBSOLETE_local: false peers { permanent_uuid: "8da48bb172214326ac4d106cb7bf50ce" member_type: VOTER last_known_addr { host: "127.7.37.129" port: 39901 } } peers { permanent_uuid: "3d6881314d704c9daf651daf781be2bb" member_type: VOTER last_known_addr { host: "127.7.37.130" port: 36279 } } peers { permanent_uuid: "32bb6d78d7464387a5aafb7adff62be1" member_type: VOTER last_known_addr { host: "127.7.37.131" port: 39151 } }
I20260709 12:59:36.581419  8532 tablet_service.cc:1917] Received RequestConsensusVote() RPC: tablet_id: "9aac4589364a4d0aaa78458982dc7ff0" candidate_uuid: "8da48bb172214326ac4d106cb7bf50ce" candidate_term: 1 candidate_status { last_received { term: 0 index: 0 } } ignore_live_leader: false dest_uuid: "3d6881314d704c9daf651daf781be2bb"
I20260709 12:59:36.582185  8532 raft_consensus.cc:3060] T 9aac4589364a4d0aaa78458982dc7ff0 P 3d6881314d704c9daf651daf781be2bb [term 0 FOLLOWER]: Advancing to term 1
I20260709 12:59:36.574589  8605 raft_consensus.cc:2468] T e894bef98cf84f6988e6ee4a762595d1 P 32bb6d78d7464387a5aafb7adff62be1 [term 1 FOLLOWER]: Leader election vote request: Granting yes vote for candidate 3d6881314d704c9daf651daf781be2bb in term 1.
I20260709 12:59:36.591285  8646 tablet_bootstrap.cc:492] T fc9b2d7bb0da4443b3c4d87665021694 P 3d6881314d704c9daf651daf781be2bb: No bootstrap required, opened a new log
I20260709 12:59:36.591842  8646 ts_tablet_manager.cc:1403] T fc9b2d7bb0da4443b3c4d87665021694 P 3d6881314d704c9daf651daf781be2bb: Time spent bootstrapping tablet: real 0.109s	user 0.006s	sys 0.023s
I20260709 12:59:36.594574  8647 tablet_bootstrap.cc:492] T 9aac4589364a4d0aaa78458982dc7ff0 P 32bb6d78d7464387a5aafb7adff62be1: No bootstrap required, opened a new log
I20260709 12:59:36.595090  8647 ts_tablet_manager.cc:1403] T 9aac4589364a4d0aaa78458982dc7ff0 P 32bb6d78d7464387a5aafb7adff62be1: Time spent bootstrapping tablet: real 0.089s	user 0.013s	sys 0.000s
I20260709 12:59:36.594688  8603 tablet_service.cc:1917] Received RequestConsensusVote() RPC: tablet_id: "9aac4589364a4d0aaa78458982dc7ff0" candidate_uuid: "8da48bb172214326ac4d106cb7bf50ce" candidate_term: 1 candidate_status { last_received { term: 0 index: 0 } } ignore_live_leader: false dest_uuid: "32bb6d78d7464387a5aafb7adff62be1"
W20260709 12:59:36.600752  8421 leader_election.cc:343] T 9aac4589364a4d0aaa78458982dc7ff0 P 8da48bb172214326ac4d106cb7bf50ce [CANDIDATE]: Term 1 election: Tablet error from VoteRequest() call to peer 32bb6d78d7464387a5aafb7adff62be1 (127.7.37.131:39151): Illegal state: must be running to vote when last-logged opid is not known
I20260709 12:59:36.603574  8532 raft_consensus.cc:2468] T 9aac4589364a4d0aaa78458982dc7ff0 P 3d6881314d704c9daf651daf781be2bb [term 1 FOLLOWER]: Leader election vote request: Granting yes vote for candidate 8da48bb172214326ac4d106cb7bf50ce in term 1.
I20260709 12:59:36.604342  8673 consensus_queue.cc:1048] T 25766f230fc8471f976132f5156ec168 P 3d6881314d704c9daf651daf781be2bb [LEADER]: Connected to new peer: Peer: permanent_uuid: "8da48bb172214326ac4d106cb7bf50ce" member_type: VOTER last_known_addr { host: "127.7.37.129" port: 39901 }, Status: LMP_MISMATCH, Last received: 0.0, Next index: 1, Last known committed idx: 0, Time since last communication: 0.001s
I20260709 12:59:36.607156  8420 leader_election.cc:304] T 9aac4589364a4d0aaa78458982dc7ff0 P 8da48bb172214326ac4d106cb7bf50ce [CANDIDATE]: Term 1 election: Election decided. Result: candidate won. Election summary: received 3 responses out of 3 voters: 2 yes votes; 1 no votes. yes voters: 3d6881314d704c9daf651daf781be2bb, 8da48bb172214326ac4d106cb7bf50ce; no voters: 32bb6d78d7464387a5aafb7adff62be1
I20260709 12:59:36.611452  8679 raft_consensus.cc:2804] T 9aac4589364a4d0aaa78458982dc7ff0 P 8da48bb172214326ac4d106cb7bf50ce [term 1 FOLLOWER]: Leader election won for term 1
I20260709 12:59:36.611997  8679 raft_consensus.cc:697] T 9aac4589364a4d0aaa78458982dc7ff0 P 8da48bb172214326ac4d106cb7bf50ce [term 1 LEADER]: Becoming Leader. State: Replica: 8da48bb172214326ac4d106cb7bf50ce, State: Running, Role: LEADER
I20260709 12:59:36.612941  8679 consensus_queue.cc:237] T 9aac4589364a4d0aaa78458982dc7ff0 P 8da48bb172214326ac4d106cb7bf50ce [LEADER]: Queue going to LEADER mode. State: All replicated index: 0, Majority replicated index: 0, Committed index: 0, Last appended: 0.0, Last appended by leader: 0, Current term: 1, Majority size: 2, State: 0, Mode: LEADER, active raft config: opid_index: -1 OBSOLETE_local: false peers { permanent_uuid: "8da48bb172214326ac4d106cb7bf50ce" member_type: VOTER last_known_addr { host: "127.7.37.129" port: 39901 } } peers { permanent_uuid: "3d6881314d704c9daf651daf781be2bb" member_type: VOTER last_known_addr { host: "127.7.37.130" port: 36279 } } peers { permanent_uuid: "32bb6d78d7464387a5aafb7adff62be1" member_type: VOTER last_known_addr { host: "127.7.37.131" port: 39151 } }
I20260709 12:59:36.615809  8646 raft_consensus.cc:359] T fc9b2d7bb0da4443b3c4d87665021694 P 3d6881314d704c9daf651daf781be2bb [term 0 FOLLOWER]: Replica starting. Triggering 0 pending ops. Active config: opid_index: -1 OBSOLETE_local: false peers { permanent_uuid: "8da48bb172214326ac4d106cb7bf50ce" member_type: VOTER last_known_addr { host: "127.7.37.129" port: 39901 } } peers { permanent_uuid: "3d6881314d704c9daf651daf781be2bb" member_type: VOTER last_known_addr { host: "127.7.37.130" port: 36279 } } peers { permanent_uuid: "32bb6d78d7464387a5aafb7adff62be1" member_type: VOTER last_known_addr { host: "127.7.37.131" port: 39151 } }
I20260709 12:59:36.616215  8705 consensus_queue.cc:1048] T aa795d1505d94c6785925e4f52d40859 P 32bb6d78d7464387a5aafb7adff62be1 [LEADER]: Connected to new peer: Peer: permanent_uuid: "8da48bb172214326ac4d106cb7bf50ce" member_type: VOTER last_known_addr { host: "127.7.37.129" port: 39901 }, Status: LMP_MISMATCH, Last received: 0.0, Next index: 1, Last known committed idx: 0, Time since last communication: 0.000s
I20260709 12:59:36.616597  8646 raft_consensus.cc:385] T fc9b2d7bb0da4443b3c4d87665021694 P 3d6881314d704c9daf651daf781be2bb [term 0 FOLLOWER]: Consensus starting up: Expiring failure detector timer to make a prompt election more likely
I20260709 12:59:36.616914  8646 raft_consensus.cc:740] T fc9b2d7bb0da4443b3c4d87665021694 P 3d6881314d704c9daf651daf781be2bb [term 0 FOLLOWER]: Becoming Follower/Learner. State: Replica: 3d6881314d704c9daf651daf781be2bb, State: Initialized, Role: FOLLOWER
I20260709 12:59:36.612958  8653 leader_election.cc:290] T 9aac4589364a4d0aaa78458982dc7ff0 P 8da48bb172214326ac4d106cb7bf50ce [CANDIDATE]: Term 1 election: Requested vote from peers 3d6881314d704c9daf651daf781be2bb (127.7.37.130:36279), 32bb6d78d7464387a5aafb7adff62be1 (127.7.37.131:39151)
I20260709 12:59:36.619009  8353 catalog_manager.cc:5697] T e894bef98cf84f6988e6ee4a762595d1 P 3d6881314d704c9daf651daf781be2bb reported cstate change: term changed from 0 to 1, leader changed from <none> to 3d6881314d704c9daf651daf781be2bb (127.7.37.130). New cstate: current_term: 1 leader_uuid: "3d6881314d704c9daf651daf781be2bb" committed_config { opid_index: -1 OBSOLETE_local: false peers { permanent_uuid: "8da48bb172214326ac4d106cb7bf50ce" member_type: VOTER last_known_addr { host: "127.7.37.129" port: 39901 } health_report { overall_health: UNKNOWN } } peers { permanent_uuid: "3d6881314d704c9daf651daf781be2bb" member_type: VOTER last_known_addr { host: "127.7.37.130" port: 36279 } health_report { overall_health: HEALTHY } } peers { permanent_uuid: "32bb6d78d7464387a5aafb7adff62be1" member_type: VOTER last_known_addr { host: "127.7.37.131" port: 39151 } health_report { overall_health: UNKNOWN } } }
I20260709 12:59:36.623811  8647 raft_consensus.cc:359] T 9aac4589364a4d0aaa78458982dc7ff0 P 32bb6d78d7464387a5aafb7adff62be1 [term 0 FOLLOWER]: Replica starting. Triggering 0 pending ops. Active config: opid_index: -1 OBSOLETE_local: false peers { permanent_uuid: "8da48bb172214326ac4d106cb7bf50ce" member_type: VOTER last_known_addr { host: "127.7.37.129" port: 39901 } } peers { permanent_uuid: "3d6881314d704c9daf651daf781be2bb" member_type: VOTER last_known_addr { host: "127.7.37.130" port: 36279 } } peers { permanent_uuid: "32bb6d78d7464387a5aafb7adff62be1" member_type: VOTER last_known_addr { host: "127.7.37.131" port: 39151 } }
I20260709 12:59:36.625051  8647 raft_consensus.cc:385] T 9aac4589364a4d0aaa78458982dc7ff0 P 32bb6d78d7464387a5aafb7adff62be1 [term 0 FOLLOWER]: Consensus starting up: Expiring failure detector timer to make a prompt election more likely
I20260709 12:59:36.625520  8647 raft_consensus.cc:740] T 9aac4589364a4d0aaa78458982dc7ff0 P 32bb6d78d7464387a5aafb7adff62be1 [term 0 FOLLOWER]: Becoming Follower/Learner. State: Replica: 32bb6d78d7464387a5aafb7adff62be1, State: Initialized, Role: FOLLOWER
I20260709 12:59:36.635392  8647 consensus_queue.cc:260] T 9aac4589364a4d0aaa78458982dc7ff0 P 32bb6d78d7464387a5aafb7adff62be1 [NON_LEADER]: Queue going to NON_LEADER mode. State: All replicated index: 0, Majority replicated index: 0, Committed index: 0, Last appended: 0.0, Last appended by leader: 0, Current term: 0, Majority size: -1, State: 0, Mode: NON_LEADER, active raft config: opid_index: -1 OBSOLETE_local: false peers { permanent_uuid: "8da48bb172214326ac4d106cb7bf50ce" member_type: VOTER last_known_addr { host: "127.7.37.129" port: 39901 } } peers { permanent_uuid: "3d6881314d704c9daf651daf781be2bb" member_type: VOTER last_known_addr { host: "127.7.37.130" port: 36279 } } peers { permanent_uuid: "32bb6d78d7464387a5aafb7adff62be1" member_type: VOTER last_known_addr { host: "127.7.37.131" port: 39151 } }
I20260709 12:59:36.637586  8705 raft_consensus.cc:493] T 9aac4589364a4d0aaa78458982dc7ff0 P 32bb6d78d7464387a5aafb7adff62be1 [term 0 FOLLOWER]: Starting pre-election (no leader contacted us within the election timeout)
I20260709 12:59:36.638234  8705 raft_consensus.cc:515] T 9aac4589364a4d0aaa78458982dc7ff0 P 32bb6d78d7464387a5aafb7adff62be1 [term 0 FOLLOWER]: Starting pre-election with config: opid_index: -1 OBSOLETE_local: false peers { permanent_uuid: "8da48bb172214326ac4d106cb7bf50ce" member_type: VOTER last_known_addr { host: "127.7.37.129" port: 39901 } } peers { permanent_uuid: "3d6881314d704c9daf651daf781be2bb" member_type: VOTER last_known_addr { host: "127.7.37.130" port: 36279 } } peers { permanent_uuid: "32bb6d78d7464387a5aafb7adff62be1" member_type: VOTER last_known_addr { host: "127.7.37.131" port: 39151 } }
I20260709 12:59:36.628396  8649 tablet_bootstrap.cc:492] T e5ef0bf0ccf54f4ba85b4cfc4dfe1a50 P 8da48bb172214326ac4d106cb7bf50ce: No bootstrap required, opened a new log
I20260709 12:59:36.641315  8649 ts_tablet_manager.cc:1403] T e5ef0bf0ccf54f4ba85b4cfc4dfe1a50 P 8da48bb172214326ac4d106cb7bf50ce: Time spent bootstrapping tablet: real 0.127s	user 0.013s	sys 0.000s
I20260709 12:59:36.628877  8646 consensus_queue.cc:260] T fc9b2d7bb0da4443b3c4d87665021694 P 3d6881314d704c9daf651daf781be2bb [NON_LEADER]: Queue going to NON_LEADER mode. State: All replicated index: 0, Majority replicated index: 0, Committed index: 0, Last appended: 0.0, Last appended by leader: 0, Current term: 0, Majority size: -1, State: 0, Mode: NON_LEADER, active raft config: opid_index: -1 OBSOLETE_local: false peers { permanent_uuid: "8da48bb172214326ac4d106cb7bf50ce" member_type: VOTER last_known_addr { host: "127.7.37.129" port: 39901 } } peers { permanent_uuid: "3d6881314d704c9daf651daf781be2bb" member_type: VOTER last_known_addr { host: "127.7.37.130" port: 36279 } } peers { permanent_uuid: "32bb6d78d7464387a5aafb7adff62be1" member_type: VOTER last_known_addr { host: "127.7.37.131" port: 39151 } }
I20260709 12:59:36.643961  8705 leader_election.cc:290] T 9aac4589364a4d0aaa78458982dc7ff0 P 32bb6d78d7464387a5aafb7adff62be1 [CANDIDATE]: Term 1 pre-election: Requested pre-vote from peers 8da48bb172214326ac4d106cb7bf50ce (127.7.37.129:39901), 3d6881314d704c9daf651daf781be2bb (127.7.37.130:36279)
I20260709 12:59:36.644164  8649 raft_consensus.cc:359] T e5ef0bf0ccf54f4ba85b4cfc4dfe1a50 P 8da48bb172214326ac4d106cb7bf50ce [term 0 FOLLOWER]: Replica starting. Triggering 0 pending ops. Active config: opid_index: -1 OBSOLETE_local: false peers { permanent_uuid: "8da48bb172214326ac4d106cb7bf50ce" member_type: VOTER last_known_addr { host: "127.7.37.129" port: 39901 } } peers { permanent_uuid: "3d6881314d704c9daf651daf781be2bb" member_type: VOTER last_known_addr { host: "127.7.37.130" port: 36279 } } peers { permanent_uuid: "32bb6d78d7464387a5aafb7adff62be1" member_type: VOTER last_known_addr { host: "127.7.37.131" port: 39151 } }
I20260709 12:59:36.645309  8646 ts_tablet_manager.cc:1434] T fc9b2d7bb0da4443b3c4d87665021694 P 3d6881314d704c9daf651daf781be2bb: Time spent starting tablet: real 0.053s	user 0.005s	sys 0.002s
I20260709 12:59:36.646364  8647 ts_tablet_manager.cc:1434] T 9aac4589364a4d0aaa78458982dc7ff0 P 32bb6d78d7464387a5aafb7adff62be1: Time spent starting tablet: real 0.051s	user 0.009s	sys 0.000s
I20260709 12:59:36.645407  8531 tablet_service.cc:1917] Received RequestConsensusVote() RPC: tablet_id: "9aac4589364a4d0aaa78458982dc7ff0" candidate_uuid: "32bb6d78d7464387a5aafb7adff62be1" candidate_term: 1 candidate_status { last_received { term: 0 index: 0 } } ignore_live_leader: false dest_uuid: "3d6881314d704c9daf651daf781be2bb" is_pre_election: true
I20260709 12:59:36.649497  8650 consensus_queue.cc:1048] T 25766f230fc8471f976132f5156ec168 P 3d6881314d704c9daf651daf781be2bb [LEADER]: Connected to new peer: Peer: permanent_uuid: "32bb6d78d7464387a5aafb7adff62be1" member_type: VOTER last_known_addr { host: "127.7.37.131" port: 39151 }, Status: LMP_MISMATCH, Last received: 0.0, Next index: 1, Last known committed idx: 0, Time since last communication: 0.020s
I20260709 12:59:36.669363  8649 raft_consensus.cc:385] T e5ef0bf0ccf54f4ba85b4cfc4dfe1a50 P 8da48bb172214326ac4d106cb7bf50ce [term 0 FOLLOWER]: Consensus starting up: Expiring failure detector timer to make a prompt election more likely
I20260709 12:59:36.669806  8531 raft_consensus.cc:2393] T 9aac4589364a4d0aaa78458982dc7ff0 P 3d6881314d704c9daf651daf781be2bb [term 1 FOLLOWER]: Leader pre-election vote request: Denying vote to candidate 32bb6d78d7464387a5aafb7adff62be1 in current term 1: Already voted for candidate 8da48bb172214326ac4d106cb7bf50ce in this term.
I20260709 12:59:36.670060  8647 tablet_bootstrap.cc:492] T 443aead2ea124fdaba81fcef95c96f3a P 32bb6d78d7464387a5aafb7adff62be1: Bootstrap starting.
I20260709 12:59:36.669888  8649 raft_consensus.cc:740] T e5ef0bf0ccf54f4ba85b4cfc4dfe1a50 P 8da48bb172214326ac4d106cb7bf50ce [term 0 FOLLOWER]: Becoming Follower/Learner. State: Replica: 8da48bb172214326ac4d106cb7bf50ce, State: Initialized, Role: FOLLOWER
I20260709 12:59:36.671150  8649 consensus_queue.cc:260] T e5ef0bf0ccf54f4ba85b4cfc4dfe1a50 P 8da48bb172214326ac4d106cb7bf50ce [NON_LEADER]: Queue going to NON_LEADER mode. State: All replicated index: 0, Majority replicated index: 0, Committed index: 0, Last appended: 0.0, Last appended by leader: 0, Current term: 0, Majority size: -1, State: 0, Mode: NON_LEADER, active raft config: opid_index: -1 OBSOLETE_local: false peers { permanent_uuid: "8da48bb172214326ac4d106cb7bf50ce" member_type: VOTER last_known_addr { host: "127.7.37.129" port: 39901 } } peers { permanent_uuid: "3d6881314d704c9daf651daf781be2bb" member_type: VOTER last_known_addr { host: "127.7.37.130" port: 36279 } } peers { permanent_uuid: "32bb6d78d7464387a5aafb7adff62be1" member_type: VOTER last_known_addr { host: "127.7.37.131" port: 39151 } }
I20260709 12:59:36.673533  8649 ts_tablet_manager.cc:1434] T e5ef0bf0ccf54f4ba85b4cfc4dfe1a50 P 8da48bb172214326ac4d106cb7bf50ce: Time spent starting tablet: real 0.032s	user 0.007s	sys 0.003s
I20260709 12:59:36.653699  8355 catalog_manager.cc:5697] T 9aac4589364a4d0aaa78458982dc7ff0 P 8da48bb172214326ac4d106cb7bf50ce reported cstate change: term changed from 0 to 1, leader changed from <none> to 8da48bb172214326ac4d106cb7bf50ce (127.7.37.129). New cstate: current_term: 1 leader_uuid: "8da48bb172214326ac4d106cb7bf50ce" committed_config { opid_index: -1 OBSOLETE_local: false peers { permanent_uuid: "8da48bb172214326ac4d106cb7bf50ce" member_type: VOTER last_known_addr { host: "127.7.37.129" port: 39901 } health_report { overall_health: HEALTHY } } peers { permanent_uuid: "3d6881314d704c9daf651daf781be2bb" member_type: VOTER last_known_addr { host: "127.7.37.130" port: 36279 } health_report { overall_health: UNKNOWN } } peers { permanent_uuid: "32bb6d78d7464387a5aafb7adff62be1" member_type: VOTER last_known_addr { host: "127.7.37.131" port: 39151 } health_report { overall_health: UNKNOWN } } }
I20260709 12:59:36.674836  8649 tablet_bootstrap.cc:492] T 97ffabb0bcf041159907082dbc335326 P 8da48bb172214326ac4d106cb7bf50ce: Bootstrap starting.
I20260709 12:59:36.679430  8646 tablet_bootstrap.cc:492] T 2c4ed379c83e46a396dbe33d42a3c50b P 3d6881314d704c9daf651daf781be2bb: Bootstrap starting.
I20260709 12:59:36.681686  8649 tablet_bootstrap.cc:654] T 97ffabb0bcf041159907082dbc335326 P 8da48bb172214326ac4d106cb7bf50ce: Neither blocks nor log segments found. Creating new log.
I20260709 12:59:36.648419  8455 tablet_service.cc:1917] Received RequestConsensusVote() RPC: tablet_id: "9aac4589364a4d0aaa78458982dc7ff0" candidate_uuid: "32bb6d78d7464387a5aafb7adff62be1" candidate_term: 1 candidate_status { last_received { term: 0 index: 0 } } ignore_live_leader: false dest_uuid: "8da48bb172214326ac4d106cb7bf50ce" is_pre_election: true
I20260709 12:59:36.685200  8570 leader_election.cc:304] T 9aac4589364a4d0aaa78458982dc7ff0 P 32bb6d78d7464387a5aafb7adff62be1 [CANDIDATE]: Term 1 pre-election: Election decided. Result: candidate lost. Election summary: received 3 responses out of 3 voters: 1 yes votes; 2 no votes. yes voters: 32bb6d78d7464387a5aafb7adff62be1; no voters: 3d6881314d704c9daf651daf781be2bb, 8da48bb172214326ac4d106cb7bf50ce
I20260709 12:59:36.686417  8705 raft_consensus.cc:3060] T 9aac4589364a4d0aaa78458982dc7ff0 P 32bb6d78d7464387a5aafb7adff62be1 [term 0 FOLLOWER]: Advancing to term 1
I20260709 12:59:36.693778  8679 raft_consensus.cc:493] T 746042082f7c4400af4ed2b3d4085468 P 8da48bb172214326ac4d106cb7bf50ce [term 0 FOLLOWER]: Starting pre-election (no leader contacted us within the election timeout)
I20260709 12:59:36.694362  8679 raft_consensus.cc:515] T 746042082f7c4400af4ed2b3d4085468 P 8da48bb172214326ac4d106cb7bf50ce [term 0 FOLLOWER]: Starting pre-election with config: opid_index: -1 OBSOLETE_local: false peers { permanent_uuid: "8da48bb172214326ac4d106cb7bf50ce" member_type: VOTER last_known_addr { host: "127.7.37.129" port: 39901 } } peers { permanent_uuid: "3d6881314d704c9daf651daf781be2bb" member_type: VOTER last_known_addr { host: "127.7.37.130" port: 36279 } } peers { permanent_uuid: "32bb6d78d7464387a5aafb7adff62be1" member_type: VOTER last_known_addr { host: "127.7.37.131" port: 39151 } }
I20260709 12:59:36.695708  8647 tablet_bootstrap.cc:654] T 443aead2ea124fdaba81fcef95c96f3a P 32bb6d78d7464387a5aafb7adff62be1: Neither blocks nor log segments found. Creating new log.
I20260709 12:59:36.698204  8531 tablet_service.cc:1917] Received RequestConsensusVote() RPC: tablet_id: "746042082f7c4400af4ed2b3d4085468" candidate_uuid: "8da48bb172214326ac4d106cb7bf50ce" candidate_term: 1 candidate_status { last_received { term: 0 index: 0 } } ignore_live_leader: false dest_uuid: "3d6881314d704c9daf651daf781be2bb" is_pre_election: true
W20260709 12:59:36.700362  8420 leader_election.cc:343] T 746042082f7c4400af4ed2b3d4085468 P 8da48bb172214326ac4d106cb7bf50ce [CANDIDATE]: Term 1 pre-election: Tablet error from VoteRequest() call to peer 3d6881314d704c9daf651daf781be2bb (127.7.37.130:36279): Illegal state: must be running to vote when last-logged opid is not known
I20260709 12:59:36.701314  8679 leader_election.cc:290] T 746042082f7c4400af4ed2b3d4085468 P 8da48bb172214326ac4d106cb7bf50ce [CANDIDATE]: Term 1 pre-election: Requested pre-vote from peers 3d6881314d704c9daf651daf781be2bb (127.7.37.130:36279), 32bb6d78d7464387a5aafb7adff62be1 (127.7.37.131:39151)
I20260709 12:59:36.708777  8649 tablet_bootstrap.cc:492] T 97ffabb0bcf041159907082dbc335326 P 8da48bb172214326ac4d106cb7bf50ce: No bootstrap required, opened a new log
I20260709 12:59:36.709666  8649 ts_tablet_manager.cc:1403] T 97ffabb0bcf041159907082dbc335326 P 8da48bb172214326ac4d106cb7bf50ce: Time spent bootstrapping tablet: real 0.035s	user 0.009s	sys 0.010s
I20260709 12:59:36.711736  8604 tablet_service.cc:1917] Received RequestConsensusVote() RPC: tablet_id: "746042082f7c4400af4ed2b3d4085468" candidate_uuid: "8da48bb172214326ac4d106cb7bf50ce" candidate_term: 1 candidate_status { last_received { term: 0 index: 0 } } ignore_live_leader: false dest_uuid: "32bb6d78d7464387a5aafb7adff62be1" is_pre_election: true
I20260709 12:59:36.713795  8650 consensus_queue.cc:1048] T bab0608faa25407386427c5f75a1d327 P 3d6881314d704c9daf651daf781be2bb [LEADER]: Connected to new peer: Peer: permanent_uuid: "32bb6d78d7464387a5aafb7adff62be1" member_type: VOTER last_known_addr { host: "127.7.37.131" port: 39151 }, Status: LMP_MISMATCH, Last received: 0.0, Next index: 1, Last known committed idx: 0, Time since last communication: 0.001s
I20260709 12:59:36.713881  8649 raft_consensus.cc:359] T 97ffabb0bcf041159907082dbc335326 P 8da48bb172214326ac4d106cb7bf50ce [term 0 FOLLOWER]: Replica starting. Triggering 0 pending ops. Active config: opid_index: -1 OBSOLETE_local: false peers { permanent_uuid: "8da48bb172214326ac4d106cb7bf50ce" member_type: VOTER last_known_addr { host: "127.7.37.129" port: 39901 } } peers { permanent_uuid: "3d6881314d704c9daf651daf781be2bb" member_type: VOTER last_known_addr { host: "127.7.37.130" port: 36279 } } peers { permanent_uuid: "32bb6d78d7464387a5aafb7adff62be1" member_type: VOTER last_known_addr { host: "127.7.37.131" port: 39151 } }
I20260709 12:59:36.715282  8649 raft_consensus.cc:385] T 97ffabb0bcf041159907082dbc335326 P 8da48bb172214326ac4d106cb7bf50ce [term 0 FOLLOWER]: Consensus starting up: Expiring failure detector timer to make a prompt election more likely
I20260709 12:59:36.715821  8649 raft_consensus.cc:740] T 97ffabb0bcf041159907082dbc335326 P 8da48bb172214326ac4d106cb7bf50ce [term 0 FOLLOWER]: Becoming Follower/Learner. State: Replica: 8da48bb172214326ac4d106cb7bf50ce, State: Initialized, Role: FOLLOWER
W20260709 12:59:36.717211  8421 leader_election.cc:343] T 746042082f7c4400af4ed2b3d4085468 P 8da48bb172214326ac4d106cb7bf50ce [CANDIDATE]: Term 1 pre-election: Tablet error from VoteRequest() call to peer 32bb6d78d7464387a5aafb7adff62be1 (127.7.37.131:39151): Illegal state: must be running to vote when last-logged opid is not known
I20260709 12:59:36.717118  8649 consensus_queue.cc:260] T 97ffabb0bcf041159907082dbc335326 P 8da48bb172214326ac4d106cb7bf50ce [NON_LEADER]: Queue going to NON_LEADER mode. State: All replicated index: 0, Majority replicated index: 0, Committed index: 0, Last appended: 0.0, Last appended by leader: 0, Current term: 0, Majority size: -1, State: 0, Mode: NON_LEADER, active raft config: opid_index: -1 OBSOLETE_local: false peers { permanent_uuid: "8da48bb172214326ac4d106cb7bf50ce" member_type: VOTER last_known_addr { host: "127.7.37.129" port: 39901 } } peers { permanent_uuid: "3d6881314d704c9daf651daf781be2bb" member_type: VOTER last_known_addr { host: "127.7.37.130" port: 36279 } } peers { permanent_uuid: "32bb6d78d7464387a5aafb7adff62be1" member_type: VOTER last_known_addr { host: "127.7.37.131" port: 39151 } }
I20260709 12:59:36.718132  8421 leader_election.cc:304] T 746042082f7c4400af4ed2b3d4085468 P 8da48bb172214326ac4d106cb7bf50ce [CANDIDATE]: Term 1 pre-election: Election decided. Result: candidate lost. Election summary: received 3 responses out of 3 voters: 1 yes votes; 2 no votes. yes voters: 8da48bb172214326ac4d106cb7bf50ce; no voters: 32bb6d78d7464387a5aafb7adff62be1, 3d6881314d704c9daf651daf781be2bb
I20260709 12:59:36.719345  8653 raft_consensus.cc:2749] T 746042082f7c4400af4ed2b3d4085468 P 8da48bb172214326ac4d106cb7bf50ce [term 0 FOLLOWER]: Leader pre-election lost for term 1. Reason: could not achieve majority
I20260709 12:59:36.721295  8649 ts_tablet_manager.cc:1434] T 97ffabb0bcf041159907082dbc335326 P 8da48bb172214326ac4d106cb7bf50ce: Time spent starting tablet: real 0.011s	user 0.008s	sys 0.000s
I20260709 12:59:36.722916  8649 tablet_bootstrap.cc:492] T 443aead2ea124fdaba81fcef95c96f3a P 8da48bb172214326ac4d106cb7bf50ce: Bootstrap starting.
I20260709 12:59:36.729904  8649 tablet_bootstrap.cc:654] T 443aead2ea124fdaba81fcef95c96f3a P 8da48bb172214326ac4d106cb7bf50ce: Neither blocks nor log segments found. Creating new log.
I20260709 12:59:36.737679  8687 consensus_queue.cc:1048] T bab0608faa25407386427c5f75a1d327 P 3d6881314d704c9daf651daf781be2bb [LEADER]: Connected to new peer: Peer: permanent_uuid: "8da48bb172214326ac4d106cb7bf50ce" member_type: VOTER last_known_addr { host: "127.7.37.129" port: 39901 }, Status: LMP_MISMATCH, Last received: 0.0, Next index: 1, Last known committed idx: 0, Time since last communication: 0.001s
I20260709 12:59:36.752787  8679 raft_consensus.cc:493] T 97ffabb0bcf041159907082dbc335326 P 8da48bb172214326ac4d106cb7bf50ce [term 0 FOLLOWER]: Starting pre-election (no leader contacted us within the election timeout)
I20260709 12:59:36.753331  8679 raft_consensus.cc:515] T 97ffabb0bcf041159907082dbc335326 P 8da48bb172214326ac4d106cb7bf50ce [term 0 FOLLOWER]: Starting pre-election with config: opid_index: -1 OBSOLETE_local: false peers { permanent_uuid: "8da48bb172214326ac4d106cb7bf50ce" member_type: VOTER last_known_addr { host: "127.7.37.129" port: 39901 } } peers { permanent_uuid: "3d6881314d704c9daf651daf781be2bb" member_type: VOTER last_known_addr { host: "127.7.37.130" port: 36279 } } peers { permanent_uuid: "32bb6d78d7464387a5aafb7adff62be1" member_type: VOTER last_known_addr { host: "127.7.37.131" port: 39151 } }
I20260709 12:59:36.755618  8679 leader_election.cc:290] T 97ffabb0bcf041159907082dbc335326 P 8da48bb172214326ac4d106cb7bf50ce [CANDIDATE]: Term 1 pre-election: Requested pre-vote from peers 3d6881314d704c9daf651daf781be2bb (127.7.37.130:36279), 32bb6d78d7464387a5aafb7adff62be1 (127.7.37.131:39151)
I20260709 12:59:36.757696  8531 tablet_service.cc:1917] Received RequestConsensusVote() RPC: tablet_id: "97ffabb0bcf041159907082dbc335326" candidate_uuid: "8da48bb172214326ac4d106cb7bf50ce" candidate_term: 1 candidate_status { last_received { term: 0 index: 0 } } ignore_live_leader: false dest_uuid: "3d6881314d704c9daf651daf781be2bb" is_pre_election: true
W20260709 12:59:36.760113  8420 leader_election.cc:343] T 97ffabb0bcf041159907082dbc335326 P 8da48bb172214326ac4d106cb7bf50ce [CANDIDATE]: Term 1 pre-election: Tablet error from VoteRequest() call to peer 3d6881314d704c9daf651daf781be2bb (127.7.37.130:36279): Illegal state: must be running to vote when last-logged opid is not known
I20260709 12:59:36.761749  8604 tablet_service.cc:1917] Received RequestConsensusVote() RPC: tablet_id: "97ffabb0bcf041159907082dbc335326" candidate_uuid: "8da48bb172214326ac4d106cb7bf50ce" candidate_term: 1 candidate_status { last_received { term: 0 index: 0 } } ignore_live_leader: false dest_uuid: "32bb6d78d7464387a5aafb7adff62be1" is_pre_election: true
W20260709 12:59:36.763578  8421 leader_election.cc:343] T 97ffabb0bcf041159907082dbc335326 P 8da48bb172214326ac4d106cb7bf50ce [CANDIDATE]: Term 1 pre-election: Tablet error from VoteRequest() call to peer 32bb6d78d7464387a5aafb7adff62be1 (127.7.37.131:39151): Illegal state: must be running to vote when last-logged opid is not known
I20260709 12:59:36.764246  8421 leader_election.cc:304] T 97ffabb0bcf041159907082dbc335326 P 8da48bb172214326ac4d106cb7bf50ce [CANDIDATE]: Term 1 pre-election: Election decided. Result: candidate lost. Election summary: received 3 responses out of 3 voters: 1 yes votes; 2 no votes. yes voters: 8da48bb172214326ac4d106cb7bf50ce; no voters: 32bb6d78d7464387a5aafb7adff62be1, 3d6881314d704c9daf651daf781be2bb
I20260709 12:59:36.765699  8679 raft_consensus.cc:2749] T 97ffabb0bcf041159907082dbc335326 P 8da48bb172214326ac4d106cb7bf50ce [term 0 FOLLOWER]: Leader pre-election lost for term 1. Reason: could not achieve majority
I20260709 12:59:36.774153  8705 raft_consensus.cc:2749] T 9aac4589364a4d0aaa78458982dc7ff0 P 32bb6d78d7464387a5aafb7adff62be1 [term 1 FOLLOWER]: Leader pre-election lost for term 1. Reason: could not achieve majority
I20260709 12:59:36.781471  8646 tablet_bootstrap.cc:654] T 2c4ed379c83e46a396dbe33d42a3c50b P 3d6881314d704c9daf651daf781be2bb: Neither blocks nor log segments found. Creating new log.
I20260709 12:59:36.796308  8647 tablet_bootstrap.cc:492] T 443aead2ea124fdaba81fcef95c96f3a P 32bb6d78d7464387a5aafb7adff62be1: No bootstrap required, opened a new log
I20260709 12:59:36.796790  8647 ts_tablet_manager.cc:1403] T 443aead2ea124fdaba81fcef95c96f3a P 32bb6d78d7464387a5aafb7adff62be1: Time spent bootstrapping tablet: real 0.127s	user 0.034s	sys 0.038s
I20260709 12:59:36.797549  8646 tablet_bootstrap.cc:492] T 2c4ed379c83e46a396dbe33d42a3c50b P 3d6881314d704c9daf651daf781be2bb: No bootstrap required, opened a new log
I20260709 12:59:36.798095  8646 ts_tablet_manager.cc:1403] T 2c4ed379c83e46a396dbe33d42a3c50b P 3d6881314d704c9daf651daf781be2bb: Time spent bootstrapping tablet: real 0.119s	user 0.013s	sys 0.000s
I20260709 12:59:36.798724  8649 tablet_bootstrap.cc:492] T 443aead2ea124fdaba81fcef95c96f3a P 8da48bb172214326ac4d106cb7bf50ce: No bootstrap required, opened a new log
I20260709 12:59:36.799170  8649 ts_tablet_manager.cc:1403] T 443aead2ea124fdaba81fcef95c96f3a P 8da48bb172214326ac4d106cb7bf50ce: Time spent bootstrapping tablet: real 0.077s	user 0.034s	sys 0.022s
