I20260709 12:59:55.171238   566 raft_consensus.cc:2468] T 127dcc2fe6564cbd9948c77292e81fdd P 6b5ec02afcb8499eb3060d1ed4bc490b [term 2 FOLLOWER]: Leader election vote request: Granting yes vote for candidate d7b54d47bc814c7a9eed3bb3741e8f13 in term 2.
I20260709 12:59:55.172345   681 leader_election.cc:304] T 127dcc2fe6564cbd9948c77292e81fdd P d7b54d47bc814c7a9eed3bb3741e8f13 [CANDIDATE]: Term 2 election: Election decided. Result: candidate won. Election summary: received 2 responses out of 3 voters: 2 yes votes; 0 no votes. yes voters: 6b5ec02afcb8499eb3060d1ed4bc490b, d7b54d47bc814c7a9eed3bb3741e8f13; no voters: 
I20260709 12:59:55.173141   858 raft_consensus.cc:2804] T 127dcc2fe6564cbd9948c77292e81fdd P d7b54d47bc814c7a9eed3bb3741e8f13 [term 2 FOLLOWER]: Leader election won for term 2
I20260709 12:59:55.173257   641 raft_consensus.cc:2468] T 127dcc2fe6564cbd9948c77292e81fdd P a19d69f2e4c2468baecff3e27de28565 [term 2 FOLLOWER]: Leader election vote request: Granting yes vote for candidate d7b54d47bc814c7a9eed3bb3741e8f13 in term 2.
I20260709 12:59:55.174539   858 raft_consensus.cc:697] T 127dcc2fe6564cbd9948c77292e81fdd P d7b54d47bc814c7a9eed3bb3741e8f13 [term 2 LEADER]: Becoming Leader. State: Replica: d7b54d47bc814c7a9eed3bb3741e8f13, State: Running, Role: LEADER
I20260709 12:59:55.175357   858 consensus_queue.cc:237] T 127dcc2fe6564cbd9948c77292e81fdd P d7b54d47bc814c7a9eed3bb3741e8f13 [LEADER]: Queue going to LEADER mode. State: All replicated index: 0, Majority replicated index: 1, Committed index: 1, Last appended: 1.1, Last appended by leader: 1, Current term: 2, Majority size: 2, State: 0, Mode: LEADER, active raft config: opid_index: -1 OBSOLETE_local: false peers { permanent_uuid: "6b5ec02afcb8499eb3060d1ed4bc490b" member_type: VOTER last_known_addr { host: "127.0.107.193" port: 36483 } } peers { permanent_uuid: "a19d69f2e4c2468baecff3e27de28565" member_type: VOTER last_known_addr { host: "127.0.107.194" port: 37585 } } peers { permanent_uuid: "d7b54d47bc814c7a9eed3bb3741e8f13" member_type: VOTER last_known_addr { host: "127.0.107.195" port: 41579 } }
I20260709 12:59:55.182211   460 catalog_manager.cc:5697] T 127dcc2fe6564cbd9948c77292e81fdd P d7b54d47bc814c7a9eed3bb3741e8f13 reported cstate change: term changed from 1 to 2, leader changed from a19d69f2e4c2468baecff3e27de28565 (127.0.107.194) to d7b54d47bc814c7a9eed3bb3741e8f13 (127.0.107.195). New cstate: current_term: 2 leader_uuid: "d7b54d47bc814c7a9eed3bb3741e8f13" committed_config { opid_index: -1 OBSOLETE_local: false peers { permanent_uuid: "6b5ec02afcb8499eb3060d1ed4bc490b" member_type: VOTER last_known_addr { host: "127.0.107.193" port: 36483 } health_report { overall_health: UNKNOWN } } peers { permanent_uuid: "a19d69f2e4c2468baecff3e27de28565" member_type: VOTER last_known_addr { host: "127.0.107.194" port: 37585 } health_report { overall_health: UNKNOWN } } peers { permanent_uuid: "d7b54d47bc814c7a9eed3bb3741e8f13" member_type: VOTER last_known_addr { host: "127.0.107.195" port: 41579 } health_report { overall_health: HEALTHY } } }
I20260709 12:59:55.691174   641 raft_consensus.cc:1275] T 127dcc2fe6564cbd9948c77292e81fdd P a19d69f2e4c2468baecff3e27de28565 [term 2 FOLLOWER]: Refusing update from remote peer d7b54d47bc814c7a9eed3bb3741e8f13: Log matching property violated. Preceding OpId in replica: term: 1 index: 1. Preceding OpId from leader: term: 2 index: 2. (index mismatch)
I20260709 12:59:55.692576   858 consensus_queue.cc:1048] T 127dcc2fe6564cbd9948c77292e81fdd P d7b54d47bc814c7a9eed3bb3741e8f13 [LEADER]: Connected to new peer: Peer: permanent_uuid: "a19d69f2e4c2468baecff3e27de28565" member_type: VOTER last_known_addr { host: "127.0.107.194" port: 37585 }, Status: LMP_MISMATCH, Last received: 0.0, Next index: 2, Last known committed idx: 1, Time since last communication: 0.001s
I20260709 12:59:55.702333   566 raft_consensus.cc:1275] T 127dcc2fe6564cbd9948c77292e81fdd P 6b5ec02afcb8499eb3060d1ed4bc490b [term 2 FOLLOWER]: Refusing update from remote peer d7b54d47bc814c7a9eed3bb3741e8f13: Log matching property violated. Preceding OpId in replica: term: 1 index: 1. Preceding OpId from leader: term: 2 index: 2. (index mismatch)
I20260709 12:59:55.705107   870 consensus_queue.cc:1048] T 127dcc2fe6564cbd9948c77292e81fdd P d7b54d47bc814c7a9eed3bb3741e8f13 [LEADER]: Connected to new peer: Peer: permanent_uuid: "6b5ec02afcb8499eb3060d1ed4bc490b" member_type: VOTER last_known_addr { host: "127.0.107.193" port: 36483 }, Status: LMP_MISMATCH, Last received: 0.0, Next index: 2, Last known committed idx: 1, Time since last communication: 0.000s
I20260709 12:59:55.729492   876 raft_consensus.cc:993] T aa476c0bb21243b0a797a20a42428479 P 6b5ec02afcb8499eb3060d1ed4bc490b: : Instructing follower d7b54d47bc814c7a9eed3bb3741e8f13 to start an election
I20260709 12:59:55.729940   859 raft_consensus.cc:1081] T aa476c0bb21243b0a797a20a42428479 P 6b5ec02afcb8499eb3060d1ed4bc490b [term 1 LEADER]: Signalling peer d7b54d47bc814c7a9eed3bb3741e8f13 to start an election
I20260709 12:59:55.731292   714 tablet_service.cc:2044] Received Run Leader Election RPC: tablet_id: "aa476c0bb21243b0a797a20a42428479"
dest_uuid: "d7b54d47bc814c7a9eed3bb3741e8f13"
 from {username='slave'} at 127.0.0.1:49096
I20260709 12:59:55.731705   714 raft_consensus.cc:493] T aa476c0bb21243b0a797a20a42428479 P d7b54d47bc814c7a9eed3bb3741e8f13 [term 1 FOLLOWER]: Starting forced leader election (received explicit request)
I20260709 12:59:55.732046   714 raft_consensus.cc:3060] T aa476c0bb21243b0a797a20a42428479 P d7b54d47bc814c7a9eed3bb3741e8f13 [term 1 FOLLOWER]: Advancing to term 2
I20260709 12:59:55.736749   714 raft_consensus.cc:515] T aa476c0bb21243b0a797a20a42428479 P d7b54d47bc814c7a9eed3bb3741e8f13 [term 2 FOLLOWER]: Starting forced leader election with config: opid_index: -1 OBSOLETE_local: false peers { permanent_uuid: "6b5ec02afcb8499eb3060d1ed4bc490b" member_type: VOTER last_known_addr { host: "127.0.107.193" port: 36483 } } peers { permanent_uuid: "a19d69f2e4c2468baecff3e27de28565" member_type: VOTER last_known_addr { host: "127.0.107.194" port: 37585 } } peers { permanent_uuid: "d7b54d47bc814c7a9eed3bb3741e8f13" member_type: VOTER last_known_addr { host: "127.0.107.195" port: 41579 } }
I20260709 12:59:55.738229   714 leader_election.cc:290] T aa476c0bb21243b0a797a20a42428479 P d7b54d47bc814c7a9eed3bb3741e8f13 [CANDIDATE]: Term 2 election: Requested vote from peers 6b5ec02afcb8499eb3060d1ed4bc490b (127.0.107.193:36483), a19d69f2e4c2468baecff3e27de28565 (127.0.107.194:37585)
I20260709 12:59:55.739054   566 tablet_service.cc:1917] Received RequestConsensusVote() RPC: tablet_id: "aa476c0bb21243b0a797a20a42428479" candidate_uuid: "d7b54d47bc814c7a9eed3bb3741e8f13" candidate_term: 2 candidate_status { last_received { term: 1 index: 1 } } ignore_live_leader: true dest_uuid: "6b5ec02afcb8499eb3060d1ed4bc490b"
I20260709 12:59:55.739209   641 tablet_service.cc:1917] Received RequestConsensusVote() RPC: tablet_id: "aa476c0bb21243b0a797a20a42428479" candidate_uuid: "d7b54d47bc814c7a9eed3bb3741e8f13" candidate_term: 2 candidate_status { last_received { term: 1 index: 1 } } ignore_live_leader: true dest_uuid: "a19d69f2e4c2468baecff3e27de28565"
I20260709 12:59:55.739639   566 raft_consensus.cc:3055] T aa476c0bb21243b0a797a20a42428479 P 6b5ec02afcb8499eb3060d1ed4bc490b [term 1 LEADER]: Stepping down as leader of term 1
I20260709 12:59:55.739723   641 raft_consensus.cc:3060] T aa476c0bb21243b0a797a20a42428479 P a19d69f2e4c2468baecff3e27de28565 [term 1 FOLLOWER]: Advancing to term 2
I20260709 12:59:55.739952   566 raft_consensus.cc:740] T aa476c0bb21243b0a797a20a42428479 P 6b5ec02afcb8499eb3060d1ed4bc490b [term 1 LEADER]: Becoming Follower/Learner. State: Replica: 6b5ec02afcb8499eb3060d1ed4bc490b, State: Running, Role: LEADER
I20260709 12:59:55.740753   566 consensus_queue.cc:260] T aa476c0bb21243b0a797a20a42428479 P 6b5ec02afcb8499eb3060d1ed4bc490b [NON_LEADER]: Queue going to NON_LEADER mode. State: All replicated index: 0, Majority replicated index: 1, Committed index: 1, Last appended: 1.1, Last appended by leader: 1, Current term: 1, Majority size: -1, State: 0, Mode: NON_LEADER, active raft config: opid_index: -1 OBSOLETE_local: false peers { permanent_uuid: "6b5ec02afcb8499eb3060d1ed4bc490b" member_type: VOTER last_known_addr { host: "127.0.107.193" port: 36483 } } peers { permanent_uuid: "a19d69f2e4c2468baecff3e27de28565" member_type: VOTER last_known_addr { host: "127.0.107.194" port: 37585 } } peers { permanent_uuid: "d7b54d47bc814c7a9eed3bb3741e8f13" member_type: VOTER last_known_addr { host: "127.0.107.195" port: 41579 } }
I20260709 12:59:55.741896   566 raft_consensus.cc:3060] T aa476c0bb21243b0a797a20a42428479 P 6b5ec02afcb8499eb3060d1ed4bc490b [term 1 FOLLOWER]: Advancing to term 2
I20260709 12:59:55.744856   641 raft_consensus.cc:2468] T aa476c0bb21243b0a797a20a42428479 P a19d69f2e4c2468baecff3e27de28565 [term 2 FOLLOWER]: Leader election vote request: Granting yes vote for candidate d7b54d47bc814c7a9eed3bb3741e8f13 in term 2.
I20260709 12:59:55.745774   680 leader_election.cc:304] T aa476c0bb21243b0a797a20a42428479 P d7b54d47bc814c7a9eed3bb3741e8f13 [CANDIDATE]: Term 2 election: Election decided. Result: candidate won. Election summary: received 2 responses out of 3 voters: 2 yes votes; 0 no votes. yes voters: a19d69f2e4c2468baecff3e27de28565, d7b54d47bc814c7a9eed3bb3741e8f13; no voters: 
I20260709 12:59:55.746472   870 raft_consensus.cc:2804] T aa476c0bb21243b0a797a20a42428479 P d7b54d47bc814c7a9eed3bb3741e8f13 [term 2 FOLLOWER]: Leader election won for term 2
I20260709 12:59:55.746696   566 raft_consensus.cc:2468] T aa476c0bb21243b0a797a20a42428479 P 6b5ec02afcb8499eb3060d1ed4bc490b [term 2 FOLLOWER]: Leader election vote request: Granting yes vote for candidate d7b54d47bc814c7a9eed3bb3741e8f13 in term 2.
I20260709 12:59:55.746950   870 raft_consensus.cc:697] T aa476c0bb21243b0a797a20a42428479 P d7b54d47bc814c7a9eed3bb3741e8f13 [term 2 LEADER]: Becoming Leader. State: Replica: d7b54d47bc814c7a9eed3bb3741e8f13, State: Running, Role: LEADER
I20260709 12:59:55.747689   870 consensus_queue.cc:237] T aa476c0bb21243b0a797a20a42428479 P d7b54d47bc814c7a9eed3bb3741e8f13 [LEADER]: Queue going to LEADER mode. State: All replicated index: 0, Majority replicated index: 1, Committed index: 1, Last appended: 1.1, Last appended by leader: 1, Current term: 2, Majority size: 2, State: 0, Mode: LEADER, active raft config: opid_index: -1 OBSOLETE_local: false peers { permanent_uuid: "6b5ec02afcb8499eb3060d1ed4bc490b" member_type: VOTER last_known_addr { host: "127.0.107.193" port: 36483 } } peers { permanent_uuid: "a19d69f2e4c2468baecff3e27de28565" member_type: VOTER last_known_addr { host: "127.0.107.194" port: 37585 } } peers { permanent_uuid: "d7b54d47bc814c7a9eed3bb3741e8f13" member_type: VOTER last_known_addr { host: "127.0.107.195" port: 41579 } }
I20260709 12:59:55.754267   461 catalog_manager.cc:5697] T aa476c0bb21243b0a797a20a42428479 P d7b54d47bc814c7a9eed3bb3741e8f13 reported cstate change: term changed from 1 to 2, leader changed from 6b5ec02afcb8499eb3060d1ed4bc490b (127.0.107.193) to d7b54d47bc814c7a9eed3bb3741e8f13 (127.0.107.195). New cstate: current_term: 2 leader_uuid: "d7b54d47bc814c7a9eed3bb3741e8f13" committed_config { opid_index: -1 OBSOLETE_local: false peers { permanent_uuid: "6b5ec02afcb8499eb3060d1ed4bc490b" member_type: VOTER last_known_addr { host: "127.0.107.193" port: 36483 } health_report { overall_health: UNKNOWN } } peers { permanent_uuid: "a19d69f2e4c2468baecff3e27de28565" member_type: VOTER last_known_addr { host: "127.0.107.194" port: 37585 } health_report { overall_health: UNKNOWN } } peers { permanent_uuid: "d7b54d47bc814c7a9eed3bb3741e8f13" member_type: VOTER last_known_addr { host: "127.0.107.195" port: 41579 } health_report { overall_health: HEALTHY } } }
I20260709 12:59:56.137856   431 auto_leader_rebalancer.cc:141] leader rebalance for table test-workload
I20260709 12:59:56.157047   566 tablet_service.cc:2072] Received LeaderStepDown RPC: tablet_id: "c6d18af84b57400bbb2285a58aa02468"
dest_uuid: "6b5ec02afcb8499eb3060d1ed4bc490b"
mode: GRACEFUL
new_leader_uuid: "a19d69f2e4c2468baecff3e27de28565"
 from {username='slave'} at 127.0.0.1:51868
I20260709 12:59:56.157588   566 raft_consensus.cc:606] T c6d18af84b57400bbb2285a58aa02468 P 6b5ec02afcb8499eb3060d1ed4bc490b [term 1 LEADER]: Received request to transfer leadership to TS a19d69f2e4c2468baecff3e27de28565
I20260709 12:59:56.162779   714 tablet_service.cc:2072] Received LeaderStepDown RPC: tablet_id: "aa476c0bb21243b0a797a20a42428479"
dest_uuid: "d7b54d47bc814c7a9eed3bb3741e8f13"
mode: GRACEFUL
new_leader_uuid: "a19d69f2e4c2468baecff3e27de28565"
 from {username='slave'} at 127.0.0.1:49124
I20260709 12:59:56.163465   714 raft_consensus.cc:606] T aa476c0bb21243b0a797a20a42428479 P d7b54d47bc814c7a9eed3bb3741e8f13 [term 2 LEADER]: Received request to transfer leadership to TS a19d69f2e4c2468baecff3e27de28565
I20260709 12:59:56.168946   566 raft_consensus.cc:1275] T aa476c0bb21243b0a797a20a42428479 P 6b5ec02afcb8499eb3060d1ed4bc490b [term 2 FOLLOWER]: Refusing update from remote peer d7b54d47bc814c7a9eed3bb3741e8f13: Log matching property violated. Preceding OpId in replica: term: 1 index: 1. Preceding OpId from leader: term: 2 index: 2. (index mismatch)
I20260709 12:59:56.168907   565 tablet_service.cc:2072] Received LeaderStepDown RPC: tablet_id: "c5313999fb7f4344ac604fc2bdd78083"
dest_uuid: "6b5ec02afcb8499eb3060d1ed4bc490b"
mode: GRACEFUL
new_leader_uuid: "a19d69f2e4c2468baecff3e27de28565"
 from {username='slave'} at 127.0.0.1:51868
I20260709 12:59:56.169582   565 raft_consensus.cc:606] T c5313999fb7f4344ac604fc2bdd78083 P 6b5ec02afcb8499eb3060d1ed4bc490b [term 1 LEADER]: Received request to transfer leadership to TS a19d69f2e4c2468baecff3e27de28565
I20260709 12:59:56.170704   870 consensus_queue.cc:1048] T aa476c0bb21243b0a797a20a42428479 P d7b54d47bc814c7a9eed3bb3741e8f13 [LEADER]: Connected to new peer: Peer: permanent_uuid: "6b5ec02afcb8499eb3060d1ed4bc490b" member_type: VOTER last_known_addr { host: "127.0.107.193" port: 36483 }, Status: LMP_MISMATCH, Last received: 0.0, Next index: 2, Last known committed idx: 1, Time since last communication: 0.000s
I20260709 12:59:56.174505   566 tablet_service.cc:2072] Received LeaderStepDown RPC: tablet_id: "a6fdc173ca184bf993904ffdb2e339fd"
dest_uuid: "6b5ec02afcb8499eb3060d1ed4bc490b"
mode: GRACEFUL
new_leader_uuid: "a19d69f2e4c2468baecff3e27de28565"
 from {username='slave'} at 127.0.0.1:51868
I20260709 12:59:56.175082   566 raft_consensus.cc:606] T a6fdc173ca184bf993904ffdb2e339fd P 6b5ec02afcb8499eb3060d1ed4bc490b [term 1 LEADER]: Received request to transfer leadership to TS a19d69f2e4c2468baecff3e27de28565
I20260709 12:59:56.186733   641 raft_consensus.cc:1275] T aa476c0bb21243b0a797a20a42428479 P a19d69f2e4c2468baecff3e27de28565 [term 2 FOLLOWER]: Refusing update from remote peer d7b54d47bc814c7a9eed3bb3741e8f13: Log matching property violated. Preceding OpId in replica: term: 1 index: 1. Preceding OpId from leader: term: 2 index: 2. (index mismatch)
I20260709 12:59:56.188550   885 consensus_queue.cc:1048] T aa476c0bb21243b0a797a20a42428479 P d7b54d47bc814c7a9eed3bb3741e8f13 [LEADER]: Connected to new peer: Peer: permanent_uuid: "a19d69f2e4c2468baecff3e27de28565" member_type: VOTER last_known_addr { host: "127.0.107.194" port: 37585 }, Status: LMP_MISMATCH, Last received: 0.0, Next index: 2, Last known committed idx: 1, Time since last communication: 0.000s
I20260709 12:59:56.190030   714 tablet_service.cc:2072] Received LeaderStepDown RPC: tablet_id: "127dcc2fe6564cbd9948c77292e81fdd"
dest_uuid: "d7b54d47bc814c7a9eed3bb3741e8f13"
mode: GRACEFUL
new_leader_uuid: "a19d69f2e4c2468baecff3e27de28565"
 from {username='slave'} at 127.0.0.1:49124
I20260709 12:59:56.190745   714 raft_consensus.cc:606] T 127dcc2fe6564cbd9948c77292e81fdd P d7b54d47bc814c7a9eed3bb3741e8f13 [term 2 LEADER]: Received request to transfer leadership to TS a19d69f2e4c2468baecff3e27de28565
I20260709 12:59:56.197746   876 raft_consensus.cc:993] T a6fdc173ca184bf993904ffdb2e339fd P 6b5ec02afcb8499eb3060d1ed4bc490b: : Instructing follower a19d69f2e4c2468baecff3e27de28565 to start an election
I20260709 12:59:56.198200   876 raft_consensus.cc:1081] T a6fdc173ca184bf993904ffdb2e339fd P 6b5ec02afcb8499eb3060d1ed4bc490b [term 1 LEADER]: Signalling peer a19d69f2e4c2468baecff3e27de28565 to start an election
I20260709 12:59:56.200688   640 tablet_service.cc:2044] Received Run Leader Election RPC: tablet_id: "a6fdc173ca184bf993904ffdb2e339fd"
dest_uuid: "a19d69f2e4c2468baecff3e27de28565"
 from {username='slave'} at 127.0.0.1:58946
I20260709 12:59:56.201229   640 raft_consensus.cc:493] T a6fdc173ca184bf993904ffdb2e339fd P a19d69f2e4c2468baecff3e27de28565 [term 1 FOLLOWER]: Starting forced leader election (received explicit request)
I20260709 12:59:56.201599   640 raft_consensus.cc:3060] T a6fdc173ca184bf993904ffdb2e339fd P a19d69f2e4c2468baecff3e27de28565 [term 1 FOLLOWER]: Advancing to term 2
I20260709 12:59:56.203714   885 raft_consensus.cc:993] T aa476c0bb21243b0a797a20a42428479 P d7b54d47bc814c7a9eed3bb3741e8f13: : Instructing follower a19d69f2e4c2468baecff3e27de28565 to start an election
I20260709 12:59:56.204169   885 raft_consensus.cc:1081] T aa476c0bb21243b0a797a20a42428479 P d7b54d47bc814c7a9eed3bb3741e8f13 [term 2 LEADER]: Signalling peer a19d69f2e4c2468baecff3e27de28565 to start an election
I20260709 12:59:56.206194   641 tablet_service.cc:2044] Received Run Leader Election RPC: tablet_id: "aa476c0bb21243b0a797a20a42428479"
dest_uuid: "a19d69f2e4c2468baecff3e27de28565"
 from {username='slave'} at 127.0.0.1:58938
I20260709 12:59:56.206808   641 raft_consensus.cc:493] T aa476c0bb21243b0a797a20a42428479 P a19d69f2e4c2468baecff3e27de28565 [term 2 FOLLOWER]: Starting forced leader election (received explicit request)
I20260709 12:59:56.207916   641 raft_consensus.cc:3060] T aa476c0bb21243b0a797a20a42428479 P a19d69f2e4c2468baecff3e27de28565 [term 2 FOLLOWER]: Advancing to term 3
I20260709 12:59:56.210502   876 raft_consensus.cc:993] T c5313999fb7f4344ac604fc2bdd78083 P 6b5ec02afcb8499eb3060d1ed4bc490b: : Instructing follower a19d69f2e4c2468baecff3e27de28565 to start an election
I20260709 12:59:56.211010   859 raft_consensus.cc:1081] T c5313999fb7f4344ac604fc2bdd78083 P 6b5ec02afcb8499eb3060d1ed4bc490b [term 1 LEADER]: Signalling peer a19d69f2e4c2468baecff3e27de28565 to start an election
I20260709 12:59:56.210543   640 raft_consensus.cc:515] T a6fdc173ca184bf993904ffdb2e339fd P a19d69f2e4c2468baecff3e27de28565 [term 2 FOLLOWER]: Starting forced leader election with config: opid_index: -1 OBSOLETE_local: false peers { permanent_uuid: "6b5ec02afcb8499eb3060d1ed4bc490b" member_type: VOTER last_known_addr { host: "127.0.107.193" port: 36483 } } peers { permanent_uuid: "a19d69f2e4c2468baecff3e27de28565" member_type: VOTER last_known_addr { host: "127.0.107.194" port: 37585 } } peers { permanent_uuid: "d7b54d47bc814c7a9eed3bb3741e8f13" member_type: VOTER last_known_addr { host: "127.0.107.195" port: 41579 } }
I20260709 12:59:56.213001   639 tablet_service.cc:2044] Received Run Leader Election RPC: tablet_id: "c5313999fb7f4344ac604fc2bdd78083"
dest_uuid: "a19d69f2e4c2468baecff3e27de28565"
 from {username='slave'} at 127.0.0.1:58946
I20260709 12:59:56.213438   639 raft_consensus.cc:493] T c5313999fb7f4344ac604fc2bdd78083 P a19d69f2e4c2468baecff3e27de28565 [term 1 FOLLOWER]: Starting forced leader election (received explicit request)
I20260709 12:59:56.213807   639 raft_consensus.cc:3060] T c5313999fb7f4344ac604fc2bdd78083 P a19d69f2e4c2468baecff3e27de28565 [term 1 FOLLOWER]: Advancing to term 2
I20260709 12:59:56.213886   640 leader_election.cc:290] T a6fdc173ca184bf993904ffdb2e339fd P a19d69f2e4c2468baecff3e27de28565 [CANDIDATE]: Term 2 election: Requested vote from peers 6b5ec02afcb8499eb3060d1ed4bc490b (127.0.107.193:36483), d7b54d47bc814c7a9eed3bb3741e8f13 (127.0.107.195:41579)
I20260709 12:59:56.214905   565 tablet_service.cc:1917] Received RequestConsensusVote() RPC: tablet_id: "a6fdc173ca184bf993904ffdb2e339fd" candidate_uuid: "a19d69f2e4c2468baecff3e27de28565" candidate_term: 2 candidate_status { last_received { term: 1 index: 1 } } ignore_live_leader: true dest_uuid: "6b5ec02afcb8499eb3060d1ed4bc490b"
I20260709 12:59:56.215198   713 tablet_service.cc:1917] Received RequestConsensusVote() RPC: tablet_id: "a6fdc173ca184bf993904ffdb2e339fd" candidate_uuid: "a19d69f2e4c2468baecff3e27de28565" candidate_term: 2 candidate_status { last_received { term: 1 index: 1 } } ignore_live_leader: true dest_uuid: "d7b54d47bc814c7a9eed3bb3741e8f13"
I20260709 12:59:56.215483   565 raft_consensus.cc:3055] T a6fdc173ca184bf993904ffdb2e339fd P 6b5ec02afcb8499eb3060d1ed4bc490b [term 1 LEADER]: Stepping down as leader of term 1
I20260709 12:59:56.215773   713 raft_consensus.cc:3060] T a6fdc173ca184bf993904ffdb2e339fd P d7b54d47bc814c7a9eed3bb3741e8f13 [term 1 FOLLOWER]: Advancing to term 2
I20260709 12:59:56.215823   565 raft_consensus.cc:740] T a6fdc173ca184bf993904ffdb2e339fd P 6b5ec02afcb8499eb3060d1ed4bc490b [term 1 LEADER]: Becoming Follower/Learner. State: Replica: 6b5ec02afcb8499eb3060d1ed4bc490b, State: Running, Role: LEADER
I20260709 12:59:56.216745   565 consensus_queue.cc:260] T a6fdc173ca184bf993904ffdb2e339fd P 6b5ec02afcb8499eb3060d1ed4bc490b [NON_LEADER]: Queue going to NON_LEADER mode. State: All replicated index: 0, Majority replicated index: 1, Committed index: 1, Last appended: 1.1, Last appended by leader: 1, Current term: 1, Majority size: -1, State: 0, Mode: NON_LEADER, active raft config: opid_index: -1 OBSOLETE_local: false peers { permanent_uuid: "6b5ec02afcb8499eb3060d1ed4bc490b" member_type: VOTER last_known_addr { host: "127.0.107.193" port: 36483 } } peers { permanent_uuid: "a19d69f2e4c2468baecff3e27de28565" member_type: VOTER last_known_addr { host: "127.0.107.194" port: 37585 } } peers { permanent_uuid: "d7b54d47bc814c7a9eed3bb3741e8f13" member_type: VOTER last_known_addr { host: "127.0.107.195" port: 41579 } }
I20260709 12:59:56.217849   565 raft_consensus.cc:3060] T a6fdc173ca184bf993904ffdb2e339fd P 6b5ec02afcb8499eb3060d1ed4bc490b [term 1 FOLLOWER]: Advancing to term 2
I20260709 12:59:56.217967   641 raft_consensus.cc:515] T aa476c0bb21243b0a797a20a42428479 P a19d69f2e4c2468baecff3e27de28565 [term 3 FOLLOWER]: Starting forced leader election with config: opid_index: -1 OBSOLETE_local: false peers { permanent_uuid: "6b5ec02afcb8499eb3060d1ed4bc490b" member_type: VOTER last_known_addr { host: "127.0.107.193" port: 36483 } } peers { permanent_uuid: "a19d69f2e4c2468baecff3e27de28565" member_type: VOTER last_known_addr { host: "127.0.107.194" port: 37585 } } peers { permanent_uuid: "d7b54d47bc814c7a9eed3bb3741e8f13" member_type: VOTER last_known_addr { host: "127.0.107.195" port: 41579 } }
I20260709 12:59:56.220774   639 raft_consensus.cc:515] T c5313999fb7f4344ac604fc2bdd78083 P a19d69f2e4c2468baecff3e27de28565 [term 2 FOLLOWER]: Starting forced leader election with config: opid_index: -1 OBSOLETE_local: false peers { permanent_uuid: "6b5ec02afcb8499eb3060d1ed4bc490b" member_type: VOTER last_known_addr { host: "127.0.107.193" port: 36483 } } peers { permanent_uuid: "a19d69f2e4c2468baecff3e27de28565" member_type: VOTER last_known_addr { host: "127.0.107.194" port: 37585 } } peers { permanent_uuid: "d7b54d47bc814c7a9eed3bb3741e8f13" member_type: VOTER last_known_addr { host: "127.0.107.195" port: 41579 } }
I20260709 12:59:56.223009   713 raft_consensus.cc:2468] T a6fdc173ca184bf993904ffdb2e339fd P d7b54d47bc814c7a9eed3bb3741e8f13 [term 2 FOLLOWER]: Leader election vote request: Granting yes vote for candidate a19d69f2e4c2468baecff3e27de28565 in term 2.
I20260709 12:59:56.223420   641 leader_election.cc:290] T aa476c0bb21243b0a797a20a42428479 P a19d69f2e4c2468baecff3e27de28565 [CANDIDATE]: Term 3 election: Requested vote from peers 6b5ec02afcb8499eb3060d1ed4bc490b (127.0.107.193:36483), d7b54d47bc814c7a9eed3bb3741e8f13 (127.0.107.195:41579)
I20260709 12:59:56.224157   639 leader_election.cc:290] T c5313999fb7f4344ac604fc2bdd78083 P a19d69f2e4c2468baecff3e27de28565 [CANDIDATE]: Term 2 election: Requested vote from peers 6b5ec02afcb8499eb3060d1ed4bc490b (127.0.107.193:36483), d7b54d47bc814c7a9eed3bb3741e8f13 (127.0.107.195:41579)
I20260709 12:59:56.224794   714 tablet_service.cc:1917] Received RequestConsensusVote() RPC: tablet_id: "c5313999fb7f4344ac604fc2bdd78083" candidate_uuid: "a19d69f2e4c2468baecff3e27de28565" candidate_term: 2 candidate_status { last_received { term: 1 index: 1 } } ignore_live_leader: true dest_uuid: "d7b54d47bc814c7a9eed3bb3741e8f13"
I20260709 12:59:56.225369   714 raft_consensus.cc:3060] T c5313999fb7f4344ac604fc2bdd78083 P d7b54d47bc814c7a9eed3bb3741e8f13 [term 1 FOLLOWER]: Advancing to term 2
I20260709 12:59:56.227617   565 raft_consensus.cc:2468] T a6fdc173ca184bf993904ffdb2e339fd P 6b5ec02afcb8499eb3060d1ed4bc490b [term 2 FOLLOWER]: Leader election vote request: Granting yes vote for candidate a19d69f2e4c2468baecff3e27de28565 in term 2.
I20260709 12:59:56.228686   607 leader_election.cc:304] T a6fdc173ca184bf993904ffdb2e339fd P a19d69f2e4c2468baecff3e27de28565 [CANDIDATE]: Term 2 election: Election decided. Result: candidate won. Election summary: received 2 responses out of 3 voters: 2 yes votes; 0 no votes. yes voters: 6b5ec02afcb8499eb3060d1ed4bc490b, a19d69f2e4c2468baecff3e27de28565; no voters: 
I20260709 12:59:56.229346   765 raft_consensus.cc:2804] T a6fdc173ca184bf993904ffdb2e339fd P a19d69f2e4c2468baecff3e27de28565 [term 2 FOLLOWER]: Leader election won for term 2
I20260709 12:59:56.230504   765 raft_consensus.cc:697] T a6fdc173ca184bf993904ffdb2e339fd P a19d69f2e4c2468baecff3e27de28565 [term 2 LEADER]: Becoming Leader. State: Replica: a19d69f2e4c2468baecff3e27de28565, State: Running, Role: LEADER
I20260709 12:59:56.230684   712 tablet_service.cc:1917] Received RequestConsensusVote() RPC: tablet_id: "aa476c0bb21243b0a797a20a42428479" candidate_uuid: "a19d69f2e4c2468baecff3e27de28565" candidate_term: 3 candidate_status { last_received { term: 2 index: 2 } } ignore_live_leader: true dest_uuid: "d7b54d47bc814c7a9eed3bb3741e8f13"
I20260709 12:59:56.231377   712 raft_consensus.cc:3055] T aa476c0bb21243b0a797a20a42428479 P d7b54d47bc814c7a9eed3bb3741e8f13 [term 2 LEADER]: Stepping down as leader of term 2
I20260709 12:59:56.230788   564 tablet_service.cc:1917] Received RequestConsensusVote() RPC: tablet_id: "c5313999fb7f4344ac604fc2bdd78083" candidate_uuid: "a19d69f2e4c2468baecff3e27de28565" candidate_term: 2 candidate_status { last_received { term: 1 index: 1 } } ignore_live_leader: true dest_uuid: "6b5ec02afcb8499eb3060d1ed4bc490b"
I20260709 12:59:56.231709   712 raft_consensus.cc:740] T aa476c0bb21243b0a797a20a42428479 P d7b54d47bc814c7a9eed3bb3741e8f13 [term 2 LEADER]: Becoming Follower/Learner. State: Replica: d7b54d47bc814c7a9eed3bb3741e8f13, State: Running, Role: LEADER
I20260709 12:59:56.231921   564 raft_consensus.cc:3055] T c5313999fb7f4344ac604fc2bdd78083 P 6b5ec02afcb8499eb3060d1ed4bc490b [term 1 LEADER]: Stepping down as leader of term 1
I20260709 12:59:56.232295   564 raft_consensus.cc:740] T c5313999fb7f4344ac604fc2bdd78083 P 6b5ec02afcb8499eb3060d1ed4bc490b [term 1 LEADER]: Becoming Follower/Learner. State: Replica: 6b5ec02afcb8499eb3060d1ed4bc490b, State: Running, Role: LEADER
I20260709 12:59:56.231802   765 consensus_queue.cc:237] T a6fdc173ca184bf993904ffdb2e339fd P a19d69f2e4c2468baecff3e27de28565 [LEADER]: Queue going to LEADER mode. State: All replicated index: 0, Majority replicated index: 1, Committed index: 1, Last appended: 1.1, Last appended by leader: 1, Current term: 2, Majority size: 2, State: 0, Mode: LEADER, active raft config: opid_index: -1 OBSOLETE_local: false peers { permanent_uuid: "6b5ec02afcb8499eb3060d1ed4bc490b" member_type: VOTER last_known_addr { host: "127.0.107.193" port: 36483 } } peers { permanent_uuid: "a19d69f2e4c2468baecff3e27de28565" member_type: VOTER last_known_addr { host: "127.0.107.194" port: 37585 } } peers { permanent_uuid: "d7b54d47bc814c7a9eed3bb3741e8f13" member_type: VOTER last_known_addr { host: "127.0.107.195" port: 41579 } }
I20260709 12:59:56.232497   712 consensus_queue.cc:260] T aa476c0bb21243b0a797a20a42428479 P d7b54d47bc814c7a9eed3bb3741e8f13 [NON_LEADER]: Queue going to NON_LEADER mode. State: All replicated index: 0, Majority replicated index: 2, Committed index: 2, Last appended: 2.2, Last appended by leader: 2, Current term: 2, Majority size: -1, State: 0, Mode: NON_LEADER, active raft config: opid_index: -1 OBSOLETE_local: false peers { permanent_uuid: "6b5ec02afcb8499eb3060d1ed4bc490b" member_type: VOTER last_known_addr { host: "127.0.107.193" port: 36483 } } peers { permanent_uuid: "a19d69f2e4c2468baecff3e27de28565" member_type: VOTER last_known_addr { host: "127.0.107.194" port: 37585 } } peers { permanent_uuid: "d7b54d47bc814c7a9eed3bb3741e8f13" member_type: VOTER last_known_addr { host: "127.0.107.195" port: 41579 } }
I20260709 12:59:56.233008   564 consensus_queue.cc:260] T c5313999fb7f4344ac604fc2bdd78083 P 6b5ec02afcb8499eb3060d1ed4bc490b [NON_LEADER]: Queue going to NON_LEADER mode. State: All replicated index: 0, Majority replicated index: 1, Committed index: 1, Last appended: 1.1, Last appended by leader: 1, Current term: 1, Majority size: -1, State: 0, Mode: NON_LEADER, active raft config: opid_index: -1 OBSOLETE_local: false peers { permanent_uuid: "6b5ec02afcb8499eb3060d1ed4bc490b" member_type: VOTER last_known_addr { host: "127.0.107.193" port: 36483 } } peers { permanent_uuid: "a19d69f2e4c2468baecff3e27de28565" member_type: VOTER last_known_addr { host: "127.0.107.194" port: 37585 } } peers { permanent_uuid: "d7b54d47bc814c7a9eed3bb3741e8f13" member_type: VOTER last_known_addr { host: "127.0.107.195" port: 41579 } }
I20260709 12:59:56.233655   712 raft_consensus.cc:3060] T aa476c0bb21243b0a797a20a42428479 P d7b54d47bc814c7a9eed3bb3741e8f13 [term 2 FOLLOWER]: Advancing to term 3
I20260709 12:59:56.234277   564 raft_consensus.cc:3060] T c5313999fb7f4344ac604fc2bdd78083 P 6b5ec02afcb8499eb3060d1ed4bc490b [term 1 FOLLOWER]: Advancing to term 2
I20260709 12:59:56.234728   566 tablet_service.cc:1917] Received RequestConsensusVote() RPC: tablet_id: "aa476c0bb21243b0a797a20a42428479" candidate_uuid: "a19d69f2e4c2468baecff3e27de28565" candidate_term: 3 candidate_status { last_received { term: 2 index: 2 } } ignore_live_leader: true dest_uuid: "6b5ec02afcb8499eb3060d1ed4bc490b"
I20260709 12:59:56.235390   566 raft_consensus.cc:3060] T aa476c0bb21243b0a797a20a42428479 P 6b5ec02afcb8499eb3060d1ed4bc490b [term 2 FOLLOWER]: Advancing to term 3
I20260709 12:59:56.236701   714 raft_consensus.cc:2468] T c5313999fb7f4344ac604fc2bdd78083 P d7b54d47bc814c7a9eed3bb3741e8f13 [term 2 FOLLOWER]: Leader election vote request: Granting yes vote for candidate a19d69f2e4c2468baecff3e27de28565 in term 2.
I20260709 12:59:56.238353   605 leader_election.cc:304] T c5313999fb7f4344ac604fc2bdd78083 P a19d69f2e4c2468baecff3e27de28565 [CANDIDATE]: Term 2 election: Election decided. Result: candidate won. Election summary: received 2 responses out of 3 voters: 2 yes votes; 0 no votes. yes voters: a19d69f2e4c2468baecff3e27de28565, d7b54d47bc814c7a9eed3bb3741e8f13; no voters: 
I20260709 12:59:56.243637   564 raft_consensus.cc:2468] T c5313999fb7f4344ac604fc2bdd78083 P 6b5ec02afcb8499eb3060d1ed4bc490b [term 2 FOLLOWER]: Leader election vote request: Granting yes vote for candidate a19d69f2e4c2468baecff3e27de28565 in term 2.
I20260709 12:59:56.244457   887 raft_consensus.cc:2804] T c5313999fb7f4344ac604fc2bdd78083 P a19d69f2e4c2468baecff3e27de28565 [term 2 FOLLOWER]: Leader election won for term 2
I20260709 12:59:56.243973   566 raft_consensus.cc:2468] T aa476c0bb21243b0a797a20a42428479 P 6b5ec02afcb8499eb3060d1ed4bc490b [term 3 FOLLOWER]: Leader election vote request: Granting yes vote for candidate a19d69f2e4c2468baecff3e27de28565 in term 3.
I20260709 12:59:56.246366   607 leader_election.cc:304] T aa476c0bb21243b0a797a20a42428479 P a19d69f2e4c2468baecff3e27de28565 [CANDIDATE]: Term 3 election: Election decided. Result: candidate won. Election summary: received 2 responses out of 3 voters: 2 yes votes; 0 no votes. yes voters: 6b5ec02afcb8499eb3060d1ed4bc490b, a19d69f2e4c2468baecff3e27de28565; no voters: 
I20260709 12:59:56.247125   765 raft_consensus.cc:2804] T aa476c0bb21243b0a797a20a42428479 P a19d69f2e4c2468baecff3e27de28565 [term 3 FOLLOWER]: Leader election won for term 3
I20260709 12:59:56.247530   765 raft_consensus.cc:697] T aa476c0bb21243b0a797a20a42428479 P a19d69f2e4c2468baecff3e27de28565 [term 3 LEADER]: Becoming Leader. State: Replica: a19d69f2e4c2468baecff3e27de28565, State: Running, Role: LEADER
I20260709 12:59:56.245908   712 raft_consensus.cc:2468] T aa476c0bb21243b0a797a20a42428479 P d7b54d47bc814c7a9eed3bb3741e8f13 [term 3 FOLLOWER]: Leader election vote request: Granting yes vote for candidate a19d69f2e4c2468baecff3e27de28565 in term 3.
I20260709 12:59:56.248288   765 consensus_queue.cc:237] T aa476c0bb21243b0a797a20a42428479 P a19d69f2e4c2468baecff3e27de28565 [LEADER]: Queue going to LEADER mode. State: All replicated index: 0, Majority replicated index: 2, Committed index: 2, Last appended: 2.2, Last appended by leader: 2, Current term: 3, Majority size: 2, State: 0, Mode: LEADER, active raft config: opid_index: -1 OBSOLETE_local: false peers { permanent_uuid: "6b5ec02afcb8499eb3060d1ed4bc490b" member_type: VOTER last_known_addr { host: "127.0.107.193" port: 36483 } } peers { permanent_uuid: "a19d69f2e4c2468baecff3e27de28565" member_type: VOTER last_known_addr { host: "127.0.107.194" port: 37585 } } peers { permanent_uuid: "d7b54d47bc814c7a9eed3bb3741e8f13" member_type: VOTER last_known_addr { host: "127.0.107.195" port: 41579 } }
I20260709 12:59:56.248216   887 raft_consensus.cc:697] T c5313999fb7f4344ac604fc2bdd78083 P a19d69f2e4c2468baecff3e27de28565 [term 2 LEADER]: Becoming Leader. State: Replica: a19d69f2e4c2468baecff3e27de28565, State: Running, Role: LEADER
I20260709 12:59:56.250955   887 consensus_queue.cc:237] T c5313999fb7f4344ac604fc2bdd78083 P a19d69f2e4c2468baecff3e27de28565 [LEADER]: Queue going to LEADER mode. State: All replicated index: 0, Majority replicated index: 1, Committed index: 1, Last appended: 1.1, Last appended by leader: 1, Current term: 2, Majority size: 2, State: 0, Mode: LEADER, active raft config: opid_index: -1 OBSOLETE_local: false peers { permanent_uuid: "6b5ec02afcb8499eb3060d1ed4bc490b" member_type: VOTER last_known_addr { host: "127.0.107.193" port: 36483 } } peers { permanent_uuid: "a19d69f2e4c2468baecff3e27de28565" member_type: VOTER last_known_addr { host: "127.0.107.194" port: 37585 } } peers { permanent_uuid: "d7b54d47bc814c7a9eed3bb3741e8f13" member_type: VOTER last_known_addr { host: "127.0.107.195" port: 41579 } }
I20260709 12:59:56.251483   460 catalog_manager.cc:5697] T a6fdc173ca184bf993904ffdb2e339fd P a19d69f2e4c2468baecff3e27de28565 reported cstate change: term changed from 1 to 2, leader changed from 6b5ec02afcb8499eb3060d1ed4bc490b (127.0.107.193) to a19d69f2e4c2468baecff3e27de28565 (127.0.107.194). New cstate: current_term: 2 leader_uuid: "a19d69f2e4c2468baecff3e27de28565" committed_config { opid_index: -1 OBSOLETE_local: false peers { permanent_uuid: "6b5ec02afcb8499eb3060d1ed4bc490b" member_type: VOTER last_known_addr { host: "127.0.107.193" port: 36483 } health_report { overall_health: UNKNOWN } } peers { permanent_uuid: "a19d69f2e4c2468baecff3e27de28565" member_type: VOTER last_known_addr { host: "127.0.107.194" port: 37585 } health_report { overall_health: HEALTHY } } peers { permanent_uuid: "d7b54d47bc814c7a9eed3bb3741e8f13" member_type: VOTER last_known_addr { host: "127.0.107.195" port: 41579 } health_report { overall_health: UNKNOWN } } }
I20260709 12:59:56.267482   460 catalog_manager.cc:5697] T aa476c0bb21243b0a797a20a42428479 P a19d69f2e4c2468baecff3e27de28565 reported cstate change: term changed from 2 to 3, leader changed from d7b54d47bc814c7a9eed3bb3741e8f13 (127.0.107.195) to a19d69f2e4c2468baecff3e27de28565 (127.0.107.194). New cstate: current_term: 3 leader_uuid: "a19d69f2e4c2468baecff3e27de28565" committed_config { opid_index: -1 OBSOLETE_local: false peers { permanent_uuid: "6b5ec02afcb8499eb3060d1ed4bc490b" member_type: VOTER last_known_addr { host: "127.0.107.193" port: 36483 } health_report { overall_health: UNKNOWN } } peers { permanent_uuid: "a19d69f2e4c2468baecff3e27de28565" member_type: VOTER last_known_addr { host: "127.0.107.194" port: 37585 } health_report { overall_health: HEALTHY } } peers { permanent_uuid: "d7b54d47bc814c7a9eed3bb3741e8f13" member_type: VOTER last_known_addr { host: "127.0.107.195" port: 41579 } health_report { overall_health: UNKNOWN } } }
I20260709 12:59:56.269227   460 catalog_manager.cc:5697] T c5313999fb7f4344ac604fc2bdd78083 P a19d69f2e4c2468baecff3e27de28565 reported cstate change: term changed from 1 to 2, leader changed from 6b5ec02afcb8499eb3060d1ed4bc490b (127.0.107.193) to a19d69f2e4c2468baecff3e27de28565 (127.0.107.194). New cstate: current_term: 2 leader_uuid: "a19d69f2e4c2468baecff3e27de28565" committed_config { opid_index: -1 OBSOLETE_local: false peers { permanent_uuid: "6b5ec02afcb8499eb3060d1ed4bc490b" member_type: VOTER last_known_addr { host: "127.0.107.193" port: 36483 } health_report { overall_health: UNKNOWN } } peers { permanent_uuid: "a19d69f2e4c2468baecff3e27de28565" member_type: VOTER last_known_addr { host: "127.0.107.194" port: 37585 } health_report { overall_health: HEALTHY } } peers { permanent_uuid: "d7b54d47bc814c7a9eed3bb3741e8f13" member_type: VOTER last_known_addr { host: "127.0.107.195" port: 41579 } health_report { overall_health: UNKNOWN } } }
I20260709 12:59:56.313161   876 raft_consensus.cc:993] T c6d18af84b57400bbb2285a58aa02468 P 6b5ec02afcb8499eb3060d1ed4bc490b: : Instructing follower a19d69f2e4c2468baecff3e27de28565 to start an election
I20260709 12:59:56.313570   859 raft_consensus.cc:1081] T c6d18af84b57400bbb2285a58aa02468 P 6b5ec02afcb8499eb3060d1ed4bc490b [term 1 LEADER]: Signalling peer a19d69f2e4c2468baecff3e27de28565 to start an election
I20260709 12:59:56.314960   640 tablet_service.cc:2044] Received Run Leader Election RPC: tablet_id: "c6d18af84b57400bbb2285a58aa02468"
dest_uuid: "a19d69f2e4c2468baecff3e27de28565"
 from {username='slave'} at 127.0.0.1:58946
I20260709 12:59:56.315389   640 raft_consensus.cc:493] T c6d18af84b57400bbb2285a58aa02468 P a19d69f2e4c2468baecff3e27de28565 [term 1 FOLLOWER]: Starting forced leader election (received explicit request)
I20260709 12:59:56.315639   640 raft_consensus.cc:3060] T c6d18af84b57400bbb2285a58aa02468 P a19d69f2e4c2468baecff3e27de28565 [term 1 FOLLOWER]: Advancing to term 2
I20260709 12:59:56.320098   640 raft_consensus.cc:515] T c6d18af84b57400bbb2285a58aa02468 P a19d69f2e4c2468baecff3e27de28565 [term 2 FOLLOWER]: Starting forced leader election with config: opid_index: -1 OBSOLETE_local: false peers { permanent_uuid: "d7b54d47bc814c7a9eed3bb3741e8f13" member_type: VOTER last_known_addr { host: "127.0.107.195" port: 41579 } } peers { permanent_uuid: "6b5ec02afcb8499eb3060d1ed4bc490b" member_type: VOTER last_known_addr { host: "127.0.107.193" port: 36483 } } peers { permanent_uuid: "a19d69f2e4c2468baecff3e27de28565" member_type: VOTER last_known_addr { host: "127.0.107.194" port: 37585 } }
I20260709 12:59:56.321743   640 leader_election.cc:290] T c6d18af84b57400bbb2285a58aa02468 P a19d69f2e4c2468baecff3e27de28565 [CANDIDATE]: Term 2 election: Requested vote from peers d7b54d47bc814c7a9eed3bb3741e8f13 (127.0.107.195:41579), 6b5ec02afcb8499eb3060d1ed4bc490b (127.0.107.193:36483)
I20260709 12:59:56.322599   712 tablet_service.cc:1917] Received RequestConsensusVote() RPC: tablet_id: "c6d18af84b57400bbb2285a58aa02468" candidate_uuid: "a19d69f2e4c2468baecff3e27de28565" candidate_term: 2 candidate_status { last_received { term: 1 index: 1 } } ignore_live_leader: true dest_uuid: "d7b54d47bc814c7a9eed3bb3741e8f13"
I20260709 12:59:56.322815   564 tablet_service.cc:1917] Received RequestConsensusVote() RPC: tablet_id: "c6d18af84b57400bbb2285a58aa02468" candidate_uuid: "a19d69f2e4c2468baecff3e27de28565" candidate_term: 2 candidate_status { last_received { term: 1 index: 1 } } ignore_live_leader: true dest_uuid: "6b5ec02afcb8499eb3060d1ed4bc490b"
I20260709 12:59:56.323117   712 raft_consensus.cc:3060] T c6d18af84b57400bbb2285a58aa02468 P d7b54d47bc814c7a9eed3bb3741e8f13 [term 1 FOLLOWER]: Advancing to term 2
I20260709 12:59:56.323367   564 raft_consensus.cc:3055] T c6d18af84b57400bbb2285a58aa02468 P 6b5ec02afcb8499eb3060d1ed4bc490b [term 1 LEADER]: Stepping down as leader of term 1
I20260709 12:59:56.323685   564 raft_consensus.cc:740] T c6d18af84b57400bbb2285a58aa02468 P 6b5ec02afcb8499eb3060d1ed4bc490b [term 1 LEADER]: Becoming Follower/Learner. State: Replica: 6b5ec02afcb8499eb3060d1ed4bc490b, State: Running, Role: LEADER
I20260709 12:59:56.324357   564 consensus_queue.cc:260] T c6d18af84b57400bbb2285a58aa02468 P 6b5ec02afcb8499eb3060d1ed4bc490b [NON_LEADER]: Queue going to NON_LEADER mode. State: All replicated index: 0, Majority replicated index: 1, Committed index: 1, Last appended: 1.1, Last appended by leader: 1, Current term: 1, Majority size: -1, State: 0, Mode: NON_LEADER, active raft config: opid_index: -1 OBSOLETE_local: false peers { permanent_uuid: "d7b54d47bc814c7a9eed3bb3741e8f13" member_type: VOTER last_known_addr { host: "127.0.107.195" port: 41579 } } peers { permanent_uuid: "6b5ec02afcb8499eb3060d1ed4bc490b" member_type: VOTER last_known_addr { host: "127.0.107.193" port: 36483 } } peers { permanent_uuid: "a19d69f2e4c2468baecff3e27de28565" member_type: VOTER last_known_addr { host: "127.0.107.194" port: 37585 } }
I20260709 12:59:56.325219   564 raft_consensus.cc:3060] T c6d18af84b57400bbb2285a58aa02468 P 6b5ec02afcb8499eb3060d1ed4bc490b [term 1 FOLLOWER]: Advancing to term 2
I20260709 12:59:56.328146   712 raft_consensus.cc:2468] T c6d18af84b57400bbb2285a58aa02468 P d7b54d47bc814c7a9eed3bb3741e8f13 [term 2 FOLLOWER]: Leader election vote request: Granting yes vote for candidate a19d69f2e4c2468baecff3e27de28565 in term 2.
I20260709 12:59:56.329610   605 leader_election.cc:304] T c6d18af84b57400bbb2285a58aa02468 P a19d69f2e4c2468baecff3e27de28565 [CANDIDATE]: Term 2 election: Election decided. Result: candidate won. Election summary: received 2 responses out of 3 voters: 2 yes votes; 0 no votes. yes voters: a19d69f2e4c2468baecff3e27de28565, d7b54d47bc814c7a9eed3bb3741e8f13; no voters: 
I20260709 12:59:56.330327   564 raft_consensus.cc:2468] T c6d18af84b57400bbb2285a58aa02468 P 6b5ec02afcb8499eb3060d1ed4bc490b [term 2 FOLLOWER]: Leader election vote request: Granting yes vote for candidate a19d69f2e4c2468baecff3e27de28565 in term 2.
I20260709 12:59:56.330461   887 raft_consensus.cc:2804] T c6d18af84b57400bbb2285a58aa02468 P a19d69f2e4c2468baecff3e27de28565 [term 2 FOLLOWER]: Leader election won for term 2
I20260709 12:59:56.330940   887 raft_consensus.cc:697] T c6d18af84b57400bbb2285a58aa02468 P a19d69f2e4c2468baecff3e27de28565 [term 2 LEADER]: Becoming Leader. State: Replica: a19d69f2e4c2468baecff3e27de28565, State: Running, Role: LEADER
I20260709 12:59:56.332041   887 consensus_queue.cc:237] T c6d18af84b57400bbb2285a58aa02468 P a19d69f2e4c2468baecff3e27de28565 [LEADER]: Queue going to LEADER mode. State: All replicated index: 0, Majority replicated index: 1, Committed index: 1, Last appended: 1.1, Last appended by leader: 1, Current term: 2, Majority size: 2, State: 0, Mode: LEADER, active raft config: opid_index: -1 OBSOLETE_local: false peers { permanent_uuid: "d7b54d47bc814c7a9eed3bb3741e8f13" member_type: VOTER last_known_addr { host: "127.0.107.195" port: 41579 } } peers { permanent_uuid: "6b5ec02afcb8499eb3060d1ed4bc490b" member_type: VOTER last_known_addr { host: "127.0.107.193" port: 36483 } } peers { permanent_uuid: "a19d69f2e4c2468baecff3e27de28565" member_type: VOTER last_known_addr { host: "127.0.107.194" port: 37585 } }
I20260709 12:59:56.339524   460 catalog_manager.cc:5697] T c6d18af84b57400bbb2285a58aa02468 P a19d69f2e4c2468baecff3e27de28565 reported cstate change: term changed from 1 to 2, leader changed from 6b5ec02afcb8499eb3060d1ed4bc490b (127.0.107.193) to a19d69f2e4c2468baecff3e27de28565 (127.0.107.194). New cstate: current_term: 2 leader_uuid: "a19d69f2e4c2468baecff3e27de28565" committed_config { opid_index: -1 OBSOLETE_local: false peers { permanent_uuid: "d7b54d47bc814c7a9eed3bb3741e8f13" member_type: VOTER last_known_addr { host: "127.0.107.195" port: 41579 } health_report { overall_health: UNKNOWN } } peers { permanent_uuid: "6b5ec02afcb8499eb3060d1ed4bc490b" member_type: VOTER last_known_addr { host: "127.0.107.193" port: 36483 } health_report { overall_health: UNKNOWN } } peers { permanent_uuid: "a19d69f2e4c2468baecff3e27de28565" member_type: VOTER last_known_addr { host: "127.0.107.194" port: 37585 } health_report { overall_health: HEALTHY } } }
I20260709 12:59:56.604991   884 raft_consensus.cc:993] T 127dcc2fe6564cbd9948c77292e81fdd P d7b54d47bc814c7a9eed3bb3741e8f13: : Instructing follower a19d69f2e4c2468baecff3e27de28565 to start an election
I20260709 12:59:56.605396   885 raft_consensus.cc:1081] T 127dcc2fe6564cbd9948c77292e81fdd P d7b54d47bc814c7a9eed3bb3741e8f13 [term 2 LEADER]: Signalling peer a19d69f2e4c2468baecff3e27de28565 to start an election
I20260709 12:59:56.607023   640 tablet_service.cc:2044] Received Run Leader Election RPC: tablet_id: "127dcc2fe6564cbd9948c77292e81fdd"
dest_uuid: "a19d69f2e4c2468baecff3e27de28565"
 from {username='slave'} at 127.0.0.1:58938
I20260709 12:59:56.607488   640 raft_consensus.cc:493] T 127dcc2fe6564cbd9948c77292e81fdd P a19d69f2e4c2468baecff3e27de28565 [term 2 FOLLOWER]: Starting forced leader election (received explicit request)
I20260709 12:59:56.608189   640 raft_consensus.cc:3060] T 127dcc2fe6564cbd9948c77292e81fdd P a19d69f2e4c2468baecff3e27de28565 [term 2 FOLLOWER]: Advancing to term 3
I20260709 12:59:56.612637   640 raft_consensus.cc:515] T 127dcc2fe6564cbd9948c77292e81fdd P a19d69f2e4c2468baecff3e27de28565 [term 3 FOLLOWER]: Starting forced leader election with config: opid_index: -1 OBSOLETE_local: false peers { permanent_uuid: "6b5ec02afcb8499eb3060d1ed4bc490b" member_type: VOTER last_known_addr { host: "127.0.107.193" port: 36483 } } peers { permanent_uuid: "a19d69f2e4c2468baecff3e27de28565" member_type: VOTER last_known_addr { host: "127.0.107.194" port: 37585 } } peers { permanent_uuid: "d7b54d47bc814c7a9eed3bb3741e8f13" member_type: VOTER last_known_addr { host: "127.0.107.195" port: 41579 } }
I20260709 12:59:56.614331   640 leader_election.cc:290] T 127dcc2fe6564cbd9948c77292e81fdd P a19d69f2e4c2468baecff3e27de28565 [CANDIDATE]: Term 3 election: Requested vote from peers 6b5ec02afcb8499eb3060d1ed4bc490b (127.0.107.193:36483), d7b54d47bc814c7a9eed3bb3741e8f13 (127.0.107.195:41579)
I20260709 12:59:56.615108   564 tablet_service.cc:1917] Received RequestConsensusVote() RPC: tablet_id: "127dcc2fe6564cbd9948c77292e81fdd" candidate_uuid: "a19d69f2e4c2468baecff3e27de28565" candidate_term: 3 candidate_status { last_received { term: 2 index: 2 } } ignore_live_leader: true dest_uuid: "6b5ec02afcb8499eb3060d1ed4bc490b"
I20260709 12:59:56.615381   712 tablet_service.cc:1917] Received RequestConsensusVote() RPC: tablet_id: "127dcc2fe6564cbd9948c77292e81fdd" candidate_uuid: "a19d69f2e4c2468baecff3e27de28565" candidate_term: 3 candidate_status { last_received { term: 2 index: 2 } } ignore_live_leader: true dest_uuid: "d7b54d47bc814c7a9eed3bb3741e8f13"
I20260709 12:59:56.615636   564 raft_consensus.cc:3060] T 127dcc2fe6564cbd9948c77292e81fdd P 6b5ec02afcb8499eb3060d1ed4bc490b [term 2 FOLLOWER]: Advancing to term 3
I20260709 12:59:56.615952   712 raft_consensus.cc:3055] T 127dcc2fe6564cbd9948c77292e81fdd P d7b54d47bc814c7a9eed3bb3741e8f13 [term 2 LEADER]: Stepping down as leader of term 2
I20260709 12:59:56.616261   712 raft_consensus.cc:740] T 127dcc2fe6564cbd9948c77292e81fdd P d7b54d47bc814c7a9eed3bb3741e8f13 [term 2 LEADER]: Becoming Follower/Learner. State: Replica: d7b54d47bc814c7a9eed3bb3741e8f13, State: Running, Role: LEADER
I20260709 12:59:56.616957   712 consensus_queue.cc:260] T 127dcc2fe6564cbd9948c77292e81fdd P d7b54d47bc814c7a9eed3bb3741e8f13 [NON_LEADER]: Queue going to NON_LEADER mode. State: All replicated index: 0, Majority replicated index: 2, Committed index: 2, Last appended: 2.2, Last appended by leader: 2, Current term: 2, Majority size: -1, State: 0, Mode: NON_LEADER, active raft config: opid_index: -1 OBSOLETE_local: false peers { permanent_uuid: "6b5ec02afcb8499eb3060d1ed4bc490b" member_type: VOTER last_known_addr { host: "127.0.107.193" port: 36483 } } peers { permanent_uuid: "a19d69f2e4c2468baecff3e27de28565" member_type: VOTER last_known_addr { host: "127.0.107.194" port: 37585 } } peers { permanent_uuid: "d7b54d47bc814c7a9eed3bb3741e8f13" member_type: VOTER last_known_addr { host: "127.0.107.195" port: 41579 } }
I20260709 12:59:56.617839   712 raft_consensus.cc:3060] T 127dcc2fe6564cbd9948c77292e81fdd P d7b54d47bc814c7a9eed3bb3741e8f13 [term 2 FOLLOWER]: Advancing to term 3
I20260709 12:59:56.621173   564 raft_consensus.cc:2468] T 127dcc2fe6564cbd9948c77292e81fdd P 6b5ec02afcb8499eb3060d1ed4bc490b [term 3 FOLLOWER]: Leader election vote request: Granting yes vote for candidate a19d69f2e4c2468baecff3e27de28565 in term 3.
I20260709 12:59:56.622231   607 leader_election.cc:304] T 127dcc2fe6564cbd9948c77292e81fdd P a19d69f2e4c2468baecff3e27de28565 [CANDIDATE]: Term 3 election: Election decided. Result: candidate won. Election summary: received 2 responses out of 3 voters: 2 yes votes; 0 no votes. yes voters: 6b5ec02afcb8499eb3060d1ed4bc490b, a19d69f2e4c2468baecff3e27de28565; no voters: 
