I20260709 12:59:11.944330  8116 ts_tablet_manager.cc:1403] T 37d616e640094f98a8726b823c9e1b00 P c418f64341a748b1afb615a1f1f9097e: Time spent bootstrapping tablet: real 0.030s	user 0.013s	sys 0.015s
I20260709 12:59:11.946859  8114 tablet_bootstrap.cc:492] T 734f7b45e19d49978c8457de78242878 P 610a4b12c1a04eed9f29495a3aee7dd3: Bootstrap starting.
I20260709 12:59:11.948113  8116 raft_consensus.cc:359] T 37d616e640094f98a8726b823c9e1b00 P c418f64341a748b1afb615a1f1f9097e [term 0 FOLLOWER]: Replica starting. Triggering 0 pending ops. Active config: opid_index: -1 OBSOLETE_local: false peers { permanent_uuid: "610a4b12c1a04eed9f29495a3aee7dd3" member_type: VOTER last_known_addr { host: "127.7.33.193" port: 41873 } } peers { permanent_uuid: "e4f71218cba548968e4103c8868a40d2" member_type: VOTER last_known_addr { host: "127.7.33.194" port: 33397 } } peers { permanent_uuid: "c418f64341a748b1afb615a1f1f9097e" member_type: VOTER last_known_addr { host: "127.7.33.195" port: 45873 } }
I20260709 12:59:11.948993  8116 raft_consensus.cc:385] T 37d616e640094f98a8726b823c9e1b00 P c418f64341a748b1afb615a1f1f9097e [term 0 FOLLOWER]: Consensus starting up: Expiring failure detector timer to make a prompt election more likely
I20260709 12:59:11.949383  8116 raft_consensus.cc:740] T 37d616e640094f98a8726b823c9e1b00 P c418f64341a748b1afb615a1f1f9097e [term 0 FOLLOWER]: Becoming Follower/Learner. State: Replica: c418f64341a748b1afb615a1f1f9097e, State: Initialized, Role: FOLLOWER
I20260709 12:59:11.950443  8116 consensus_queue.cc:260] T 37d616e640094f98a8726b823c9e1b00 P c418f64341a748b1afb615a1f1f9097e [NON_LEADER]: Queue going to NON_LEADER mode. State: All replicated index: 0, Majority replicated index: 0, Committed index: 0, Last appended: 0.0, Last appended by leader: 0, Current term: 0, Majority size: -1, State: 0, Mode: NON_LEADER, active raft config: opid_index: -1 OBSOLETE_local: false peers { permanent_uuid: "610a4b12c1a04eed9f29495a3aee7dd3" member_type: VOTER last_known_addr { host: "127.7.33.193" port: 41873 } } peers { permanent_uuid: "e4f71218cba548968e4103c8868a40d2" member_type: VOTER last_known_addr { host: "127.7.33.194" port: 33397 } } peers { permanent_uuid: "c418f64341a748b1afb615a1f1f9097e" member_type: VOTER last_known_addr { host: "127.7.33.195" port: 45873 } }
I20260709 12:59:11.953329  8116 ts_tablet_manager.cc:1434] T 37d616e640094f98a8726b823c9e1b00 P c418f64341a748b1afb615a1f1f9097e: Time spent starting tablet: real 0.009s	user 0.004s	sys 0.002s
I20260709 12:59:11.954243  8114 tablet_bootstrap.cc:654] T 734f7b45e19d49978c8457de78242878 P 610a4b12c1a04eed9f29495a3aee7dd3: Neither blocks nor log segments found. Creating new log.
I20260709 12:59:11.954538  8116 tablet_bootstrap.cc:492] T 3d01be5b9cc341e698c4ed795e9a3de2 P c418f64341a748b1afb615a1f1f9097e: Bootstrap starting.
I20260709 12:59:11.958280  8115 ts_tablet_manager.cc:1434] T d5e3dea7a5fd495f81e61c63801ca02b P e4f71218cba548968e4103c8868a40d2: Time spent starting tablet: real 0.048s	user 0.023s	sys 0.008s
I20260709 12:59:11.959419  8115 tablet_bootstrap.cc:492] T 952cc20cff65434ca1b99014b531421b P e4f71218cba548968e4103c8868a40d2: Bootstrap starting.
I20260709 12:59:11.963330  8116 tablet_bootstrap.cc:654] T 3d01be5b9cc341e698c4ed795e9a3de2 P c418f64341a748b1afb615a1f1f9097e: Neither blocks nor log segments found. Creating new log.
I20260709 12:59:11.965865  8114 tablet_bootstrap.cc:492] T 734f7b45e19d49978c8457de78242878 P 610a4b12c1a04eed9f29495a3aee7dd3: No bootstrap required, opened a new log
I20260709 12:59:11.966333  8115 tablet_bootstrap.cc:654] T 952cc20cff65434ca1b99014b531421b P e4f71218cba548968e4103c8868a40d2: Neither blocks nor log segments found. Creating new log.
I20260709 12:59:11.966661  8114 ts_tablet_manager.cc:1403] T 734f7b45e19d49978c8457de78242878 P 610a4b12c1a04eed9f29495a3aee7dd3: Time spent bootstrapping tablet: real 0.020s	user 0.017s	sys 0.002s
I20260709 12:59:11.970881  8114 raft_consensus.cc:359] T 734f7b45e19d49978c8457de78242878 P 610a4b12c1a04eed9f29495a3aee7dd3 [term 0 FOLLOWER]: Replica starting. Triggering 0 pending ops. Active config: opid_index: -1 OBSOLETE_local: false peers { permanent_uuid: "610a4b12c1a04eed9f29495a3aee7dd3" member_type: VOTER last_known_addr { host: "127.7.33.193" port: 41873 } } peers { permanent_uuid: "e4f71218cba548968e4103c8868a40d2" member_type: VOTER last_known_addr { host: "127.7.33.194" port: 33397 } } peers { permanent_uuid: "c418f64341a748b1afb615a1f1f9097e" member_type: VOTER last_known_addr { host: "127.7.33.195" port: 45873 } }
I20260709 12:59:11.972041  8114 raft_consensus.cc:385] T 734f7b45e19d49978c8457de78242878 P 610a4b12c1a04eed9f29495a3aee7dd3 [term 0 FOLLOWER]: Consensus starting up: Expiring failure detector timer to make a prompt election more likely
I20260709 12:59:11.972436  8114 raft_consensus.cc:740] T 734f7b45e19d49978c8457de78242878 P 610a4b12c1a04eed9f29495a3aee7dd3 [term 0 FOLLOWER]: Becoming Follower/Learner. State: Replica: 610a4b12c1a04eed9f29495a3aee7dd3, State: Initialized, Role: FOLLOWER
I20260709 12:59:11.973493  8114 consensus_queue.cc:260] T 734f7b45e19d49978c8457de78242878 P 610a4b12c1a04eed9f29495a3aee7dd3 [NON_LEADER]: Queue going to NON_LEADER mode. State: All replicated index: 0, Majority replicated index: 0, Committed index: 0, Last appended: 0.0, Last appended by leader: 0, Current term: 0, Majority size: -1, State: 0, Mode: NON_LEADER, active raft config: opid_index: -1 OBSOLETE_local: false peers { permanent_uuid: "610a4b12c1a04eed9f29495a3aee7dd3" member_type: VOTER last_known_addr { host: "127.7.33.193" port: 41873 } } peers { permanent_uuid: "e4f71218cba548968e4103c8868a40d2" member_type: VOTER last_known_addr { host: "127.7.33.194" port: 33397 } } peers { permanent_uuid: "c418f64341a748b1afb615a1f1f9097e" member_type: VOTER last_known_addr { host: "127.7.33.195" port: 45873 } }
I20260709 12:59:11.976156  8114 ts_tablet_manager.cc:1434] T 734f7b45e19d49978c8457de78242878 P 610a4b12c1a04eed9f29495a3aee7dd3: Time spent starting tablet: real 0.009s	user 0.006s	sys 0.001s
I20260709 12:59:11.977221  8114 tablet_bootstrap.cc:492] T cd76467e717241ceb41029e8f4922156 P 610a4b12c1a04eed9f29495a3aee7dd3: Bootstrap starting.
I20260709 12:59:11.977401  8116 tablet_bootstrap.cc:492] T 3d01be5b9cc341e698c4ed795e9a3de2 P c418f64341a748b1afb615a1f1f9097e: No bootstrap required, opened a new log
I20260709 12:59:11.977869  8116 ts_tablet_manager.cc:1403] T 3d01be5b9cc341e698c4ed795e9a3de2 P c418f64341a748b1afb615a1f1f9097e: Time spent bootstrapping tablet: real 0.024s	user 0.011s	sys 0.007s
I20260709 12:59:11.980913  8116 raft_consensus.cc:359] T 3d01be5b9cc341e698c4ed795e9a3de2 P c418f64341a748b1afb615a1f1f9097e [term 0 FOLLOWER]: Replica starting. Triggering 0 pending ops. Active config: opid_index: -1 OBSOLETE_local: false peers { permanent_uuid: "610a4b12c1a04eed9f29495a3aee7dd3" member_type: VOTER last_known_addr { host: "127.7.33.193" port: 41873 } } peers { permanent_uuid: "e4f71218cba548968e4103c8868a40d2" member_type: VOTER last_known_addr { host: "127.7.33.194" port: 33397 } } peers { permanent_uuid: "c418f64341a748b1afb615a1f1f9097e" member_type: VOTER last_known_addr { host: "127.7.33.195" port: 45873 } }
I20260709 12:59:11.981781  8116 raft_consensus.cc:385] T 3d01be5b9cc341e698c4ed795e9a3de2 P c418f64341a748b1afb615a1f1f9097e [term 0 FOLLOWER]: Consensus starting up: Expiring failure detector timer to make a prompt election more likely
I20260709 12:59:11.982098  8116 raft_consensus.cc:740] T 3d01be5b9cc341e698c4ed795e9a3de2 P c418f64341a748b1afb615a1f1f9097e [term 0 FOLLOWER]: Becoming Follower/Learner. State: Replica: c418f64341a748b1afb615a1f1f9097e, State: Initialized, Role: FOLLOWER
I20260709 12:59:11.982940  8116 consensus_queue.cc:260] T 3d01be5b9cc341e698c4ed795e9a3de2 P c418f64341a748b1afb615a1f1f9097e [NON_LEADER]: Queue going to NON_LEADER mode. State: All replicated index: 0, Majority replicated index: 0, Committed index: 0, Last appended: 0.0, Last appended by leader: 0, Current term: 0, Majority size: -1, State: 0, Mode: NON_LEADER, active raft config: opid_index: -1 OBSOLETE_local: false peers { permanent_uuid: "610a4b12c1a04eed9f29495a3aee7dd3" member_type: VOTER last_known_addr { host: "127.7.33.193" port: 41873 } } peers { permanent_uuid: "e4f71218cba548968e4103c8868a40d2" member_type: VOTER last_known_addr { host: "127.7.33.194" port: 33397 } } peers { permanent_uuid: "c418f64341a748b1afb615a1f1f9097e" member_type: VOTER last_known_addr { host: "127.7.33.195" port: 45873 } }
I20260709 12:59:11.985087  8114 tablet_bootstrap.cc:654] T cd76467e717241ceb41029e8f4922156 P 610a4b12c1a04eed9f29495a3aee7dd3: Neither blocks nor log segments found. Creating new log.
I20260709 12:59:11.985594  8116 ts_tablet_manager.cc:1434] T 3d01be5b9cc341e698c4ed795e9a3de2 P c418f64341a748b1afb615a1f1f9097e: Time spent starting tablet: real 0.007s	user 0.004s	sys 0.004s
I20260709 12:59:11.986698  8116 tablet_bootstrap.cc:492] T 734f7b45e19d49978c8457de78242878 P c418f64341a748b1afb615a1f1f9097e: Bootstrap starting.
I20260709 12:59:11.993659  8116 tablet_bootstrap.cc:654] T 734f7b45e19d49978c8457de78242878 P c418f64341a748b1afb615a1f1f9097e: Neither blocks nor log segments found. Creating new log.
I20260709 12:59:12.004397  8116 tablet_bootstrap.cc:492] T 734f7b45e19d49978c8457de78242878 P c418f64341a748b1afb615a1f1f9097e: No bootstrap required, opened a new log
I20260709 12:59:12.004909  8116 ts_tablet_manager.cc:1403] T 734f7b45e19d49978c8457de78242878 P c418f64341a748b1afb615a1f1f9097e: Time spent bootstrapping tablet: real 0.018s	user 0.002s	sys 0.012s
I20260709 12:59:12.004997  8115 tablet_bootstrap.cc:492] T 952cc20cff65434ca1b99014b531421b P e4f71218cba548968e4103c8868a40d2: No bootstrap required, opened a new log
I20260709 12:59:12.005599  8115 ts_tablet_manager.cc:1403] T 952cc20cff65434ca1b99014b531421b P e4f71218cba548968e4103c8868a40d2: Time spent bootstrapping tablet: real 0.046s	user 0.015s	sys 0.025s
I20260709 12:59:12.007537  8114 tablet_bootstrap.cc:492] T cd76467e717241ceb41029e8f4922156 P 610a4b12c1a04eed9f29495a3aee7dd3: No bootstrap required, opened a new log
I20260709 12:59:12.008028  8114 ts_tablet_manager.cc:1403] T cd76467e717241ceb41029e8f4922156 P 610a4b12c1a04eed9f29495a3aee7dd3: Time spent bootstrapping tablet: real 0.031s	user 0.005s	sys 0.013s
I20260709 12:59:12.008018  8116 raft_consensus.cc:359] T 734f7b45e19d49978c8457de78242878 P c418f64341a748b1afb615a1f1f9097e [term 0 FOLLOWER]: Replica starting. Triggering 0 pending ops. Active config: opid_index: -1 OBSOLETE_local: false peers { permanent_uuid: "610a4b12c1a04eed9f29495a3aee7dd3" member_type: VOTER last_known_addr { host: "127.7.33.193" port: 41873 } } peers { permanent_uuid: "e4f71218cba548968e4103c8868a40d2" member_type: VOTER last_known_addr { host: "127.7.33.194" port: 33397 } } peers { permanent_uuid: "c418f64341a748b1afb615a1f1f9097e" member_type: VOTER last_known_addr { host: "127.7.33.195" port: 45873 } }
I20260709 12:59:12.008849  8116 raft_consensus.cc:385] T 734f7b45e19d49978c8457de78242878 P c418f64341a748b1afb615a1f1f9097e [term 0 FOLLOWER]: Consensus starting up: Expiring failure detector timer to make a prompt election more likely
I20260709 12:59:12.009244  8116 raft_consensus.cc:740] T 734f7b45e19d49978c8457de78242878 P c418f64341a748b1afb615a1f1f9097e [term 0 FOLLOWER]: Becoming Follower/Learner. State: Replica: c418f64341a748b1afb615a1f1f9097e, State: Initialized, Role: FOLLOWER
I20260709 12:59:12.008697  8115 raft_consensus.cc:359] T 952cc20cff65434ca1b99014b531421b P e4f71218cba548968e4103c8868a40d2 [term 0 FOLLOWER]: Replica starting. Triggering 0 pending ops. Active config: opid_index: -1 OBSOLETE_local: false peers { permanent_uuid: "610a4b12c1a04eed9f29495a3aee7dd3" member_type: VOTER last_known_addr { host: "127.7.33.193" port: 41873 } } peers { permanent_uuid: "c418f64341a748b1afb615a1f1f9097e" member_type: VOTER last_known_addr { host: "127.7.33.195" port: 45873 } } peers { permanent_uuid: "e4f71218cba548968e4103c8868a40d2" member_type: VOTER last_known_addr { host: "127.7.33.194" port: 33397 } }
I20260709 12:59:12.009759  8115 raft_consensus.cc:385] T 952cc20cff65434ca1b99014b531421b P e4f71218cba548968e4103c8868a40d2 [term 0 FOLLOWER]: Consensus starting up: Expiring failure detector timer to make a prompt election more likely
I20260709 12:59:12.010075  8115 raft_consensus.cc:740] T 952cc20cff65434ca1b99014b531421b P e4f71218cba548968e4103c8868a40d2 [term 0 FOLLOWER]: Becoming Follower/Learner. State: Replica: e4f71218cba548968e4103c8868a40d2, State: Initialized, Role: FOLLOWER
I20260709 12:59:12.010047  8116 consensus_queue.cc:260] T 734f7b45e19d49978c8457de78242878 P c418f64341a748b1afb615a1f1f9097e [NON_LEADER]: Queue going to NON_LEADER mode. State: All replicated index: 0, Majority replicated index: 0, Committed index: 0, Last appended: 0.0, Last appended by leader: 0, Current term: 0, Majority size: -1, State: 0, Mode: NON_LEADER, active raft config: opid_index: -1 OBSOLETE_local: false peers { permanent_uuid: "610a4b12c1a04eed9f29495a3aee7dd3" member_type: VOTER last_known_addr { host: "127.7.33.193" port: 41873 } } peers { permanent_uuid: "e4f71218cba548968e4103c8868a40d2" member_type: VOTER last_known_addr { host: "127.7.33.194" port: 33397 } } peers { permanent_uuid: "c418f64341a748b1afb615a1f1f9097e" member_type: VOTER last_known_addr { host: "127.7.33.195" port: 45873 } }
I20260709 12:59:12.010974  8115 consensus_queue.cc:260] T 952cc20cff65434ca1b99014b531421b P e4f71218cba548968e4103c8868a40d2 [NON_LEADER]: Queue going to NON_LEADER mode. State: All replicated index: 0, Majority replicated index: 0, Committed index: 0, Last appended: 0.0, Last appended by leader: 0, Current term: 0, Majority size: -1, State: 0, Mode: NON_LEADER, active raft config: opid_index: -1 OBSOLETE_local: false peers { permanent_uuid: "610a4b12c1a04eed9f29495a3aee7dd3" member_type: VOTER last_known_addr { host: "127.7.33.193" port: 41873 } } peers { permanent_uuid: "c418f64341a748b1afb615a1f1f9097e" member_type: VOTER last_known_addr { host: "127.7.33.195" port: 45873 } } peers { permanent_uuid: "e4f71218cba548968e4103c8868a40d2" member_type: VOTER last_known_addr { host: "127.7.33.194" port: 33397 } }
I20260709 12:59:12.011179  8114 raft_consensus.cc:359] T cd76467e717241ceb41029e8f4922156 P 610a4b12c1a04eed9f29495a3aee7dd3 [term 0 FOLLOWER]: Replica starting. Triggering 0 pending ops. Active config: opid_index: -1 OBSOLETE_local: false peers { permanent_uuid: "610a4b12c1a04eed9f29495a3aee7dd3" member_type: VOTER last_known_addr { host: "127.7.33.193" port: 41873 } } peers { permanent_uuid: "e4f71218cba548968e4103c8868a40d2" member_type: VOTER last_known_addr { host: "127.7.33.194" port: 33397 } } peers { permanent_uuid: "c418f64341a748b1afb615a1f1f9097e" member_type: VOTER last_known_addr { host: "127.7.33.195" port: 45873 } }
I20260709 12:59:12.011905  8114 raft_consensus.cc:385] T cd76467e717241ceb41029e8f4922156 P 610a4b12c1a04eed9f29495a3aee7dd3 [term 0 FOLLOWER]: Consensus starting up: Expiring failure detector timer to make a prompt election more likely
I20260709 12:59:12.012219  8114 raft_consensus.cc:740] T cd76467e717241ceb41029e8f4922156 P 610a4b12c1a04eed9f29495a3aee7dd3 [term 0 FOLLOWER]: Becoming Follower/Learner. State: Replica: 610a4b12c1a04eed9f29495a3aee7dd3, State: Initialized, Role: FOLLOWER
I20260709 12:59:12.012945  8114 consensus_queue.cc:260] T cd76467e717241ceb41029e8f4922156 P 610a4b12c1a04eed9f29495a3aee7dd3 [NON_LEADER]: Queue going to NON_LEADER mode. State: All replicated index: 0, Majority replicated index: 0, Committed index: 0, Last appended: 0.0, Last appended by leader: 0, Current term: 0, Majority size: -1, State: 0, Mode: NON_LEADER, active raft config: opid_index: -1 OBSOLETE_local: false peers { permanent_uuid: "610a4b12c1a04eed9f29495a3aee7dd3" member_type: VOTER last_known_addr { host: "127.7.33.193" port: 41873 } } peers { permanent_uuid: "e4f71218cba548968e4103c8868a40d2" member_type: VOTER last_known_addr { host: "127.7.33.194" port: 33397 } } peers { permanent_uuid: "c418f64341a748b1afb615a1f1f9097e" member_type: VOTER last_known_addr { host: "127.7.33.195" port: 45873 } }
I20260709 12:59:12.014494  8116 ts_tablet_manager.cc:1434] T 734f7b45e19d49978c8457de78242878 P c418f64341a748b1afb615a1f1f9097e: Time spent starting tablet: real 0.009s	user 0.010s	sys 0.000s
I20260709 12:59:12.015177  8114 ts_tablet_manager.cc:1434] T cd76467e717241ceb41029e8f4922156 P 610a4b12c1a04eed9f29495a3aee7dd3: Time spent starting tablet: real 0.007s	user 0.002s	sys 0.004s
I20260709 12:59:12.015529  8116 tablet_bootstrap.cc:492] T 952cc20cff65434ca1b99014b531421b P c418f64341a748b1afb615a1f1f9097e: Bootstrap starting.
I20260709 12:59:12.016178  8114 tablet_bootstrap.cc:492] T 4299b6dbd82343ab87d55e0bf1abc3f2 P 610a4b12c1a04eed9f29495a3aee7dd3: Bootstrap starting.
I20260709 12:59:12.016832  8115 ts_tablet_manager.cc:1434] T 952cc20cff65434ca1b99014b531421b P e4f71218cba548968e4103c8868a40d2: Time spent starting tablet: real 0.011s	user 0.003s	sys 0.003s
I20260709 12:59:12.017782  8115 tablet_bootstrap.cc:492] T cd76467e717241ceb41029e8f4922156 P e4f71218cba548968e4103c8868a40d2: Bootstrap starting.
I20260709 12:59:12.020202  8120 raft_consensus.cc:493] T 37d616e640094f98a8726b823c9e1b00 P c418f64341a748b1afb615a1f1f9097e [term 0 FOLLOWER]: Starting pre-election (no leader contacted us within the election timeout)
I20260709 12:59:12.020769  8120 raft_consensus.cc:515] T 37d616e640094f98a8726b823c9e1b00 P c418f64341a748b1afb615a1f1f9097e [term 0 FOLLOWER]: Starting pre-election with config: opid_index: -1 OBSOLETE_local: false peers { permanent_uuid: "610a4b12c1a04eed9f29495a3aee7dd3" member_type: VOTER last_known_addr { host: "127.7.33.193" port: 41873 } } peers { permanent_uuid: "e4f71218cba548968e4103c8868a40d2" member_type: VOTER last_known_addr { host: "127.7.33.194" port: 33397 } } peers { permanent_uuid: "c418f64341a748b1afb615a1f1f9097e" member_type: VOTER last_known_addr { host: "127.7.33.195" port: 45873 } }
I20260709 12:59:12.022794  8116 tablet_bootstrap.cc:654] T 952cc20cff65434ca1b99014b531421b P c418f64341a748b1afb615a1f1f9097e: Neither blocks nor log segments found. Creating new log.
I20260709 12:59:12.023394  8114 tablet_bootstrap.cc:654] T 4299b6dbd82343ab87d55e0bf1abc3f2 P 610a4b12c1a04eed9f29495a3aee7dd3: Neither blocks nor log segments found. Creating new log.
I20260709 12:59:12.024976  8115 tablet_bootstrap.cc:654] T cd76467e717241ceb41029e8f4922156 P e4f71218cba548968e4103c8868a40d2: Neither blocks nor log segments found. Creating new log.
I20260709 12:59:12.026183  8120 leader_election.cc:290] T 37d616e640094f98a8726b823c9e1b00 P c418f64341a748b1afb615a1f1f9097e [CANDIDATE]: Term 1 pre-election: Requested pre-vote from peers 610a4b12c1a04eed9f29495a3aee7dd3 (127.7.33.193:41873), e4f71218cba548968e4103c8868a40d2 (127.7.33.194:33397)
I20260709 12:59:12.055019  8116 tablet_bootstrap.cc:492] T 952cc20cff65434ca1b99014b531421b P c418f64341a748b1afb615a1f1f9097e: No bootstrap required, opened a new log
I20260709 12:59:12.055563  8116 ts_tablet_manager.cc:1403] T 952cc20cff65434ca1b99014b531421b P c418f64341a748b1afb615a1f1f9097e: Time spent bootstrapping tablet: real 0.040s	user 0.015s	sys 0.020s
I20260709 12:59:12.056537  8115 tablet_bootstrap.cc:492] T cd76467e717241ceb41029e8f4922156 P e4f71218cba548968e4103c8868a40d2: No bootstrap required, opened a new log
I20260709 12:59:12.056905  8114 tablet_bootstrap.cc:492] T 4299b6dbd82343ab87d55e0bf1abc3f2 P 610a4b12c1a04eed9f29495a3aee7dd3: No bootstrap required, opened a new log
I20260709 12:59:12.057164  8115 ts_tablet_manager.cc:1403] T cd76467e717241ceb41029e8f4922156 P e4f71218cba548968e4103c8868a40d2: Time spent bootstrapping tablet: real 0.040s	user 0.018s	sys 0.002s
I20260709 12:59:12.057363  8114 ts_tablet_manager.cc:1403] T 4299b6dbd82343ab87d55e0bf1abc3f2 P 610a4b12c1a04eed9f29495a3aee7dd3: Time spent bootstrapping tablet: real 0.041s	user 0.010s	sys 0.018s
I20260709 12:59:12.058634  8116 raft_consensus.cc:359] T 952cc20cff65434ca1b99014b531421b P c418f64341a748b1afb615a1f1f9097e [term 0 FOLLOWER]: Replica starting. Triggering 0 pending ops. Active config: opid_index: -1 OBSOLETE_local: false peers { permanent_uuid: "610a4b12c1a04eed9f29495a3aee7dd3" member_type: VOTER last_known_addr { host: "127.7.33.193" port: 41873 } } peers { permanent_uuid: "c418f64341a748b1afb615a1f1f9097e" member_type: VOTER last_known_addr { host: "127.7.33.195" port: 45873 } } peers { permanent_uuid: "e4f71218cba548968e4103c8868a40d2" member_type: VOTER last_known_addr { host: "127.7.33.194" port: 33397 } }
I20260709 12:59:12.059444  8116 raft_consensus.cc:385] T 952cc20cff65434ca1b99014b531421b P c418f64341a748b1afb615a1f1f9097e [term 0 FOLLOWER]: Consensus starting up: Expiring failure detector timer to make a prompt election more likely
I20260709 12:59:12.059391  8000 tablet_service.cc:1917] Received RequestConsensusVote() RPC: tablet_id: "37d616e640094f98a8726b823c9e1b00" candidate_uuid: "c418f64341a748b1afb615a1f1f9097e" candidate_term: 1 candidate_status { last_received { term: 0 index: 0 } } ignore_live_leader: false dest_uuid: "e4f71218cba548968e4103c8868a40d2" is_pre_election: true
I20260709 12:59:12.059911  8116 raft_consensus.cc:740] T 952cc20cff65434ca1b99014b531421b P c418f64341a748b1afb615a1f1f9097e [term 0 FOLLOWER]: Becoming Follower/Learner. State: Replica: c418f64341a748b1afb615a1f1f9097e, State: Initialized, Role: FOLLOWER
I20260709 12:59:12.060534  8115 raft_consensus.cc:359] T cd76467e717241ceb41029e8f4922156 P e4f71218cba548968e4103c8868a40d2 [term 0 FOLLOWER]: Replica starting. Triggering 0 pending ops. Active config: opid_index: -1 OBSOLETE_local: false peers { permanent_uuid: "610a4b12c1a04eed9f29495a3aee7dd3" member_type: VOTER last_known_addr { host: "127.7.33.193" port: 41873 } } peers { permanent_uuid: "e4f71218cba548968e4103c8868a40d2" member_type: VOTER last_known_addr { host: "127.7.33.194" port: 33397 } } peers { permanent_uuid: "c418f64341a748b1afb615a1f1f9097e" member_type: VOTER last_known_addr { host: "127.7.33.195" port: 45873 } }
W20260709 12:59:12.061141  8037 leader_election.cc:343] T 37d616e640094f98a8726b823c9e1b00 P c418f64341a748b1afb615a1f1f9097e [CANDIDATE]: Term 1 pre-election: Tablet error from VoteRequest() call to peer e4f71218cba548968e4103c8868a40d2 (127.7.33.194:33397): Illegal state: must be running to vote when last-logged opid is not known
I20260709 12:59:12.061563  8116 consensus_queue.cc:260] T 952cc20cff65434ca1b99014b531421b P c418f64341a748b1afb615a1f1f9097e [NON_LEADER]: Queue going to NON_LEADER mode. State: All replicated index: 0, Majority replicated index: 0, Committed index: 0, Last appended: 0.0, Last appended by leader: 0, Current term: 0, Majority size: -1, State: 0, Mode: NON_LEADER, active raft config: opid_index: -1 OBSOLETE_local: false peers { permanent_uuid: "610a4b12c1a04eed9f29495a3aee7dd3" member_type: VOTER last_known_addr { host: "127.7.33.193" port: 41873 } } peers { permanent_uuid: "c418f64341a748b1afb615a1f1f9097e" member_type: VOTER last_known_addr { host: "127.7.33.195" port: 45873 } } peers { permanent_uuid: "e4f71218cba548968e4103c8868a40d2" member_type: VOTER last_known_addr { host: "127.7.33.194" port: 33397 } }
I20260709 12:59:12.062814  8114 raft_consensus.cc:359] T 4299b6dbd82343ab87d55e0bf1abc3f2 P 610a4b12c1a04eed9f29495a3aee7dd3 [term 0 FOLLOWER]: Replica starting. Triggering 0 pending ops. Active config: opid_index: -1 OBSOLETE_local: false peers { permanent_uuid: "610a4b12c1a04eed9f29495a3aee7dd3" member_type: VOTER last_known_addr { host: "127.7.33.193" port: 41873 } } peers { permanent_uuid: "e4f71218cba548968e4103c8868a40d2" member_type: VOTER last_known_addr { host: "127.7.33.194" port: 33397 } } peers { permanent_uuid: "c418f64341a748b1afb615a1f1f9097e" member_type: VOTER last_known_addr { host: "127.7.33.195" port: 45873 } }
I20260709 12:59:12.064484  8114 raft_consensus.cc:385] T 4299b6dbd82343ab87d55e0bf1abc3f2 P 610a4b12c1a04eed9f29495a3aee7dd3 [term 0 FOLLOWER]: Consensus starting up: Expiring failure detector timer to make a prompt election more likely
I20260709 12:59:12.064831  8114 raft_consensus.cc:740] T 4299b6dbd82343ab87d55e0bf1abc3f2 P 610a4b12c1a04eed9f29495a3aee7dd3 [term 0 FOLLOWER]: Becoming Follower/Learner. State: Replica: 610a4b12c1a04eed9f29495a3aee7dd3, State: Initialized, Role: FOLLOWER
I20260709 12:59:12.063689  8115 raft_consensus.cc:385] T cd76467e717241ceb41029e8f4922156 P e4f71218cba548968e4103c8868a40d2 [term 0 FOLLOWER]: Consensus starting up: Expiring failure detector timer to make a prompt election more likely
I20260709 12:59:12.065672  8116 ts_tablet_manager.cc:1434] T 952cc20cff65434ca1b99014b531421b P c418f64341a748b1afb615a1f1f9097e: Time spent starting tablet: real 0.010s	user 0.008s	sys 0.000s
I20260709 12:59:12.066201  8114 consensus_queue.cc:260] T 4299b6dbd82343ab87d55e0bf1abc3f2 P 610a4b12c1a04eed9f29495a3aee7dd3 [NON_LEADER]: Queue going to NON_LEADER mode. State: All replicated index: 0, Majority replicated index: 0, Committed index: 0, Last appended: 0.0, Last appended by leader: 0, Current term: 0, Majority size: -1, State: 0, Mode: NON_LEADER, active raft config: opid_index: -1 OBSOLETE_local: false peers { permanent_uuid: "610a4b12c1a04eed9f29495a3aee7dd3" member_type: VOTER last_known_addr { host: "127.7.33.193" port: 41873 } } peers { permanent_uuid: "e4f71218cba548968e4103c8868a40d2" member_type: VOTER last_known_addr { host: "127.7.33.194" port: 33397 } } peers { permanent_uuid: "c418f64341a748b1afb615a1f1f9097e" member_type: VOTER last_known_addr { host: "127.7.33.195" port: 45873 } }
I20260709 12:59:12.068581  8114 ts_tablet_manager.cc:1434] T 4299b6dbd82343ab87d55e0bf1abc3f2 P 610a4b12c1a04eed9f29495a3aee7dd3: Time spent starting tablet: real 0.011s	user 0.006s	sys 0.000s
I20260709 12:59:12.068890  8116 tablet_bootstrap.cc:492] T d5e3dea7a5fd495f81e61c63801ca02b P c418f64341a748b1afb615a1f1f9097e: Bootstrap starting.
I20260709 12:59:12.069594  8114 tablet_bootstrap.cc:492] T 37d616e640094f98a8726b823c9e1b00 P 610a4b12c1a04eed9f29495a3aee7dd3: Bootstrap starting.
I20260709 12:59:12.070415  7925 tablet_service.cc:1917] Received RequestConsensusVote() RPC: tablet_id: "37d616e640094f98a8726b823c9e1b00" candidate_uuid: "c418f64341a748b1afb615a1f1f9097e" candidate_term: 1 candidate_status { last_received { term: 0 index: 0 } } ignore_live_leader: false dest_uuid: "610a4b12c1a04eed9f29495a3aee7dd3" is_pre_election: true
W20260709 12:59:12.071988  8039 leader_election.cc:343] T 37d616e640094f98a8726b823c9e1b00 P c418f64341a748b1afb615a1f1f9097e [CANDIDATE]: Term 1 pre-election: Tablet error from VoteRequest() call to peer 610a4b12c1a04eed9f29495a3aee7dd3 (127.7.33.193:41873): Illegal state: must be running to vote when last-logged opid is not known
I20260709 12:59:12.072549  8039 leader_election.cc:304] T 37d616e640094f98a8726b823c9e1b00 P c418f64341a748b1afb615a1f1f9097e [CANDIDATE]: Term 1 pre-election: Election decided. Result: candidate lost. Election summary: received 3 responses out of 3 voters: 1 yes votes; 2 no votes. yes voters: c418f64341a748b1afb615a1f1f9097e; no voters: 610a4b12c1a04eed9f29495a3aee7dd3, e4f71218cba548968e4103c8868a40d2
I20260709 12:59:12.073449  8120 raft_consensus.cc:2749] T 37d616e640094f98a8726b823c9e1b00 P c418f64341a748b1afb615a1f1f9097e [term 0 FOLLOWER]: Leader pre-election lost for term 1. Reason: could not achieve majority
I20260709 12:59:12.065606  8115 raft_consensus.cc:740] T cd76467e717241ceb41029e8f4922156 P e4f71218cba548968e4103c8868a40d2 [term 0 FOLLOWER]: Becoming Follower/Learner. State: Replica: e4f71218cba548968e4103c8868a40d2, State: Initialized, Role: FOLLOWER
I20260709 12:59:12.075608  8115 consensus_queue.cc:260] T cd76467e717241ceb41029e8f4922156 P e4f71218cba548968e4103c8868a40d2 [NON_LEADER]: Queue going to NON_LEADER mode. State: All replicated index: 0, Majority replicated index: 0, Committed index: 0, Last appended: 0.0, Last appended by leader: 0, Current term: 0, Majority size: -1, State: 0, Mode: NON_LEADER, active raft config: opid_index: -1 OBSOLETE_local: false peers { permanent_uuid: "610a4b12c1a04eed9f29495a3aee7dd3" member_type: VOTER last_known_addr { host: "127.7.33.193" port: 41873 } } peers { permanent_uuid: "e4f71218cba548968e4103c8868a40d2" member_type: VOTER last_known_addr { host: "127.7.33.194" port: 33397 } } peers { permanent_uuid: "c418f64341a748b1afb615a1f1f9097e" member_type: VOTER last_known_addr { host: "127.7.33.195" port: 45873 } }
I20260709 12:59:12.077474  8116 tablet_bootstrap.cc:654] T d5e3dea7a5fd495f81e61c63801ca02b P c418f64341a748b1afb615a1f1f9097e: Neither blocks nor log segments found. Creating new log.
I20260709 12:59:12.077924  8115 ts_tablet_manager.cc:1434] T cd76467e717241ceb41029e8f4922156 P e4f71218cba548968e4103c8868a40d2: Time spent starting tablet: real 0.020s	user 0.004s	sys 0.000s
I20260709 12:59:12.079013  8115 tablet_bootstrap.cc:492] T 37d616e640094f98a8726b823c9e1b00 P e4f71218cba548968e4103c8868a40d2: Bootstrap starting.
I20260709 12:59:12.084422  8116 tablet_bootstrap.cc:492] T d5e3dea7a5fd495f81e61c63801ca02b P c418f64341a748b1afb615a1f1f9097e: No bootstrap required, opened a new log
I20260709 12:59:12.085041  8116 ts_tablet_manager.cc:1403] T d5e3dea7a5fd495f81e61c63801ca02b P c418f64341a748b1afb615a1f1f9097e: Time spent bootstrapping tablet: real 0.016s	user 0.010s	sys 0.004s
I20260709 12:59:12.085508  8114 tablet_bootstrap.cc:654] T 37d616e640094f98a8726b823c9e1b00 P 610a4b12c1a04eed9f29495a3aee7dd3: Neither blocks nor log segments found. Creating new log.
I20260709 12:59:12.085917  8115 tablet_bootstrap.cc:654] T 37d616e640094f98a8726b823c9e1b00 P e4f71218cba548968e4103c8868a40d2: Neither blocks nor log segments found. Creating new log.
I20260709 12:59:12.088320  8116 raft_consensus.cc:359] T d5e3dea7a5fd495f81e61c63801ca02b P c418f64341a748b1afb615a1f1f9097e [term 0 FOLLOWER]: Replica starting. Triggering 0 pending ops. Active config: opid_index: -1 OBSOLETE_local: false peers { permanent_uuid: "610a4b12c1a04eed9f29495a3aee7dd3" member_type: VOTER last_known_addr { host: "127.7.33.193" port: 41873 } } peers { permanent_uuid: "e4f71218cba548968e4103c8868a40d2" member_type: VOTER last_known_addr { host: "127.7.33.194" port: 33397 } } peers { permanent_uuid: "c418f64341a748b1afb615a1f1f9097e" member_type: VOTER last_known_addr { host: "127.7.33.195" port: 45873 } }
I20260709 12:59:12.089184  8116 raft_consensus.cc:385] T d5e3dea7a5fd495f81e61c63801ca02b P c418f64341a748b1afb615a1f1f9097e [term 0 FOLLOWER]: Consensus starting up: Expiring failure detector timer to make a prompt election more likely
I20260709 12:59:12.089563  8116 raft_consensus.cc:740] T d5e3dea7a5fd495f81e61c63801ca02b P c418f64341a748b1afb615a1f1f9097e [term 0 FOLLOWER]: Becoming Follower/Learner. State: Replica: c418f64341a748b1afb615a1f1f9097e, State: Initialized, Role: FOLLOWER
I20260709 12:59:12.090553  8116 consensus_queue.cc:260] T d5e3dea7a5fd495f81e61c63801ca02b P c418f64341a748b1afb615a1f1f9097e [NON_LEADER]: Queue going to NON_LEADER mode. State: All replicated index: 0, Majority replicated index: 0, Committed index: 0, Last appended: 0.0, Last appended by leader: 0, Current term: 0, Majority size: -1, State: 0, Mode: NON_LEADER, active raft config: opid_index: -1 OBSOLETE_local: false peers { permanent_uuid: "610a4b12c1a04eed9f29495a3aee7dd3" member_type: VOTER last_known_addr { host: "127.7.33.193" port: 41873 } } peers { permanent_uuid: "e4f71218cba548968e4103c8868a40d2" member_type: VOTER last_known_addr { host: "127.7.33.194" port: 33397 } } peers { permanent_uuid: "c418f64341a748b1afb615a1f1f9097e" member_type: VOTER last_known_addr { host: "127.7.33.195" port: 45873 } }
I20260709 12:59:12.092823  8116 ts_tablet_manager.cc:1434] T d5e3dea7a5fd495f81e61c63801ca02b P c418f64341a748b1afb615a1f1f9097e: Time spent starting tablet: real 0.007s	user 0.005s	sys 0.001s
I20260709 12:59:12.093832  8116 tablet_bootstrap.cc:492] T 4299b6dbd82343ab87d55e0bf1abc3f2 P c418f64341a748b1afb615a1f1f9097e: Bootstrap starting.
I20260709 12:59:12.100443  8116 tablet_bootstrap.cc:654] T 4299b6dbd82343ab87d55e0bf1abc3f2 P c418f64341a748b1afb615a1f1f9097e: Neither blocks nor log segments found. Creating new log.
I20260709 12:59:12.119022  8114 tablet_bootstrap.cc:492] T 37d616e640094f98a8726b823c9e1b00 P 610a4b12c1a04eed9f29495a3aee7dd3: No bootstrap required, opened a new log
I20260709 12:59:12.119542  8114 ts_tablet_manager.cc:1403] T 37d616e640094f98a8726b823c9e1b00 P 610a4b12c1a04eed9f29495a3aee7dd3: Time spent bootstrapping tablet: real 0.050s	user 0.011s	sys 0.029s
I20260709 12:59:12.119951  8116 tablet_bootstrap.cc:492] T 4299b6dbd82343ab87d55e0bf1abc3f2 P c418f64341a748b1afb615a1f1f9097e: No bootstrap required, opened a new log
I20260709 12:59:12.120162  8115 tablet_bootstrap.cc:492] T 37d616e640094f98a8726b823c9e1b00 P e4f71218cba548968e4103c8868a40d2: No bootstrap required, opened a new log
I20260709 12:59:12.120378  8116 ts_tablet_manager.cc:1403] T 4299b6dbd82343ab87d55e0bf1abc3f2 P c418f64341a748b1afb615a1f1f9097e: Time spent bootstrapping tablet: real 0.027s	user 0.012s	sys 0.012s
I20260709 12:59:12.120643  8115 ts_tablet_manager.cc:1403] T 37d616e640094f98a8726b823c9e1b00 P e4f71218cba548968e4103c8868a40d2: Time spent bootstrapping tablet: real 0.042s	user 0.010s	sys 0.029s
I20260709 12:59:12.122504  8114 raft_consensus.cc:359] T 37d616e640094f98a8726b823c9e1b00 P 610a4b12c1a04eed9f29495a3aee7dd3 [term 0 FOLLOWER]: Replica starting. Triggering 0 pending ops. Active config: opid_index: -1 OBSOLETE_local: false peers { permanent_uuid: "610a4b12c1a04eed9f29495a3aee7dd3" member_type: VOTER last_known_addr { host: "127.7.33.193" port: 41873 } } peers { permanent_uuid: "e4f71218cba548968e4103c8868a40d2" member_type: VOTER last_known_addr { host: "127.7.33.194" port: 33397 } } peers { permanent_uuid: "c418f64341a748b1afb615a1f1f9097e" member_type: VOTER last_known_addr { host: "127.7.33.195" port: 45873 } }
I20260709 12:59:12.122748  8116 raft_consensus.cc:359] T 4299b6dbd82343ab87d55e0bf1abc3f2 P c418f64341a748b1afb615a1f1f9097e [term 0 FOLLOWER]: Replica starting. Triggering 0 pending ops. Active config: opid_index: -1 OBSOLETE_local: false peers { permanent_uuid: "610a4b12c1a04eed9f29495a3aee7dd3" member_type: VOTER last_known_addr { host: "127.7.33.193" port: 41873 } } peers { permanent_uuid: "e4f71218cba548968e4103c8868a40d2" member_type: VOTER last_known_addr { host: "127.7.33.194" port: 33397 } } peers { permanent_uuid: "c418f64341a748b1afb615a1f1f9097e" member_type: VOTER last_known_addr { host: "127.7.33.195" port: 45873 } }
I20260709 12:59:12.123364  8114 raft_consensus.cc:385] T 37d616e640094f98a8726b823c9e1b00 P 610a4b12c1a04eed9f29495a3aee7dd3 [term 0 FOLLOWER]: Consensus starting up: Expiring failure detector timer to make a prompt election more likely
I20260709 12:59:12.123474  8116 raft_consensus.cc:385] T 4299b6dbd82343ab87d55e0bf1abc3f2 P c418f64341a748b1afb615a1f1f9097e [term 0 FOLLOWER]: Consensus starting up: Expiring failure detector timer to make a prompt election more likely
I20260709 12:59:12.123772  8114 raft_consensus.cc:740] T 37d616e640094f98a8726b823c9e1b00 P 610a4b12c1a04eed9f29495a3aee7dd3 [term 0 FOLLOWER]: Becoming Follower/Learner. State: Replica: 610a4b12c1a04eed9f29495a3aee7dd3, State: Initialized, Role: FOLLOWER
I20260709 12:59:12.123924  8116 raft_consensus.cc:740] T 4299b6dbd82343ab87d55e0bf1abc3f2 P c418f64341a748b1afb615a1f1f9097e [term 0 FOLLOWER]: Becoming Follower/Learner. State: Replica: c418f64341a748b1afb615a1f1f9097e, State: Initialized, Role: FOLLOWER
I20260709 12:59:12.123548  8115 raft_consensus.cc:359] T 37d616e640094f98a8726b823c9e1b00 P e4f71218cba548968e4103c8868a40d2 [term 0 FOLLOWER]: Replica starting. Triggering 0 pending ops. Active config: opid_index: -1 OBSOLETE_local: false peers { permanent_uuid: "610a4b12c1a04eed9f29495a3aee7dd3" member_type: VOTER last_known_addr { host: "127.7.33.193" port: 41873 } } peers { permanent_uuid: "e4f71218cba548968e4103c8868a40d2" member_type: VOTER last_known_addr { host: "127.7.33.194" port: 33397 } } peers { permanent_uuid: "c418f64341a748b1afb615a1f1f9097e" member_type: VOTER last_known_addr { host: "127.7.33.195" port: 45873 } }
I20260709 12:59:12.124570  8115 raft_consensus.cc:385] T 37d616e640094f98a8726b823c9e1b00 P e4f71218cba548968e4103c8868a40d2 [term 0 FOLLOWER]: Consensus starting up: Expiring failure detector timer to make a prompt election more likely
I20260709 12:59:12.124954  8115 raft_consensus.cc:740] T 37d616e640094f98a8726b823c9e1b00 P e4f71218cba548968e4103c8868a40d2 [term 0 FOLLOWER]: Becoming Follower/Learner. State: Replica: e4f71218cba548968e4103c8868a40d2, State: Initialized, Role: FOLLOWER
I20260709 12:59:12.124740  8116 consensus_queue.cc:260] T 4299b6dbd82343ab87d55e0bf1abc3f2 P c418f64341a748b1afb615a1f1f9097e [NON_LEADER]: Queue going to NON_LEADER mode. State: All replicated index: 0, Majority replicated index: 0, Committed index: 0, Last appended: 0.0, Last appended by leader: 0, Current term: 0, Majority size: -1, State: 0, Mode: NON_LEADER, active raft config: opid_index: -1 OBSOLETE_local: false peers { permanent_uuid: "610a4b12c1a04eed9f29495a3aee7dd3" member_type: VOTER last_known_addr { host: "127.7.33.193" port: 41873 } } peers { permanent_uuid: "e4f71218cba548968e4103c8868a40d2" member_type: VOTER last_known_addr { host: "127.7.33.194" port: 33397 } } peers { permanent_uuid: "c418f64341a748b1afb615a1f1f9097e" member_type: VOTER last_known_addr { host: "127.7.33.195" port: 45873 } }
I20260709 12:59:12.124639  8114 consensus_queue.cc:260] T 37d616e640094f98a8726b823c9e1b00 P 610a4b12c1a04eed9f29495a3aee7dd3 [NON_LEADER]: Queue going to NON_LEADER mode. State: All replicated index: 0, Majority replicated index: 0, Committed index: 0, Last appended: 0.0, Last appended by leader: 0, Current term: 0, Majority size: -1, State: 0, Mode: NON_LEADER, active raft config: opid_index: -1 OBSOLETE_local: false peers { permanent_uuid: "610a4b12c1a04eed9f29495a3aee7dd3" member_type: VOTER last_known_addr { host: "127.7.33.193" port: 41873 } } peers { permanent_uuid: "e4f71218cba548968e4103c8868a40d2" member_type: VOTER last_known_addr { host: "127.7.33.194" port: 33397 } } peers { permanent_uuid: "c418f64341a748b1afb615a1f1f9097e" member_type: VOTER last_known_addr { host: "127.7.33.195" port: 45873 } }
I20260709 12:59:12.125712  8115 consensus_queue.cc:260] T 37d616e640094f98a8726b823c9e1b00 P e4f71218cba548968e4103c8868a40d2 [NON_LEADER]: Queue going to NON_LEADER mode. State: All replicated index: 0, Majority replicated index: 0, Committed index: 0, Last appended: 0.0, Last appended by leader: 0, Current term: 0, Majority size: -1, State: 0, Mode: NON_LEADER, active raft config: opid_index: -1 OBSOLETE_local: false peers { permanent_uuid: "610a4b12c1a04eed9f29495a3aee7dd3" member_type: VOTER last_known_addr { host: "127.7.33.193" port: 41873 } } peers { permanent_uuid: "e4f71218cba548968e4103c8868a40d2" member_type: VOTER last_known_addr { host: "127.7.33.194" port: 33397 } } peers { permanent_uuid: "c418f64341a748b1afb615a1f1f9097e" member_type: VOTER last_known_addr { host: "127.7.33.195" port: 45873 } }
I20260709 12:59:12.127131  8114 ts_tablet_manager.cc:1434] T 37d616e640094f98a8726b823c9e1b00 P 610a4b12c1a04eed9f29495a3aee7dd3: Time spent starting tablet: real 0.007s	user 0.007s	sys 0.001s
I20260709 12:59:12.127187  8116 ts_tablet_manager.cc:1434] T 4299b6dbd82343ab87d55e0bf1abc3f2 P c418f64341a748b1afb615a1f1f9097e: Time spent starting tablet: real 0.006s	user 0.006s	sys 0.001s
I20260709 12:59:12.128188  8114 tablet_bootstrap.cc:492] T c299a990a15d4f008f64296db64e2ab2 P 610a4b12c1a04eed9f29495a3aee7dd3: Bootstrap starting.
I20260709 12:59:12.128293  8116 tablet_bootstrap.cc:492] T c299a990a15d4f008f64296db64e2ab2 P c418f64341a748b1afb615a1f1f9097e: Bootstrap starting.
I20260709 12:59:12.130765  8115 ts_tablet_manager.cc:1434] T 37d616e640094f98a8726b823c9e1b00 P e4f71218cba548968e4103c8868a40d2: Time spent starting tablet: real 0.010s	user 0.009s	sys 0.000s
I20260709 12:59:12.131837  8115 tablet_bootstrap.cc:492] T 4299b6dbd82343ab87d55e0bf1abc3f2 P e4f71218cba548968e4103c8868a40d2: Bootstrap starting.
I20260709 12:59:12.135166  8116 tablet_bootstrap.cc:654] T c299a990a15d4f008f64296db64e2ab2 P c418f64341a748b1afb615a1f1f9097e: Neither blocks nor log segments found. Creating new log.
I20260709 12:59:12.135280  8114 tablet_bootstrap.cc:654] T c299a990a15d4f008f64296db64e2ab2 P 610a4b12c1a04eed9f29495a3aee7dd3: Neither blocks nor log segments found. Creating new log.
I20260709 12:59:12.138779  8115 tablet_bootstrap.cc:654] T 4299b6dbd82343ab87d55e0bf1abc3f2 P e4f71218cba548968e4103c8868a40d2: Neither blocks nor log segments found. Creating new log.
I20260709 12:59:12.144975  8121 raft_consensus.cc:493] T 952cc20cff65434ca1b99014b531421b P 610a4b12c1a04eed9f29495a3aee7dd3 [term 0 FOLLOWER]: Starting pre-election (no leader contacted us within the election timeout)
I20260709 12:59:12.145676  8121 raft_consensus.cc:515] T 952cc20cff65434ca1b99014b531421b P 610a4b12c1a04eed9f29495a3aee7dd3 [term 0 FOLLOWER]: Starting pre-election with config: opid_index: -1 OBSOLETE_local: false peers { permanent_uuid: "610a4b12c1a04eed9f29495a3aee7dd3" member_type: VOTER last_known_addr { host: "127.7.33.193" port: 41873 } } peers { permanent_uuid: "c418f64341a748b1afb615a1f1f9097e" member_type: VOTER last_known_addr { host: "127.7.33.195" port: 45873 } } peers { permanent_uuid: "e4f71218cba548968e4103c8868a40d2" member_type: VOTER last_known_addr { host: "127.7.33.194" port: 33397 } }
I20260709 12:59:12.147607  8114 tablet_bootstrap.cc:492] T c299a990a15d4f008f64296db64e2ab2 P 610a4b12c1a04eed9f29495a3aee7dd3: No bootstrap required, opened a new log
W20260709 12:59:12.148211  7871 auto_rebalancer.cc:288] Could not retrieve cluster info: Service unavailable: Tablet not running
I20260709 12:59:12.148213  8114 ts_tablet_manager.cc:1403] T c299a990a15d4f008f64296db64e2ab2 P 610a4b12c1a04eed9f29495a3aee7dd3: Time spent bootstrapping tablet: real 0.020s	user 0.015s	sys 0.004s
I20260709 12:59:12.152062  8115 tablet_bootstrap.cc:492] T 4299b6dbd82343ab87d55e0bf1abc3f2 P e4f71218cba548968e4103c8868a40d2: No bootstrap required, opened a new log
I20260709 12:59:12.152652  8115 ts_tablet_manager.cc:1403] T 4299b6dbd82343ab87d55e0bf1abc3f2 P e4f71218cba548968e4103c8868a40d2: Time spent bootstrapping tablet: real 0.021s	user 0.011s	sys 0.007s
I20260709 12:59:12.152516  8114 raft_consensus.cc:359] T c299a990a15d4f008f64296db64e2ab2 P 610a4b12c1a04eed9f29495a3aee7dd3 [term 0 FOLLOWER]: Replica starting. Triggering 0 pending ops. Active config: opid_index: -1 OBSOLETE_local: false peers { permanent_uuid: "610a4b12c1a04eed9f29495a3aee7dd3" member_type: VOTER last_known_addr { host: "127.7.33.193" port: 41873 } } peers { permanent_uuid: "e4f71218cba548968e4103c8868a40d2" member_type: VOTER last_known_addr { host: "127.7.33.194" port: 33397 } } peers { permanent_uuid: "c418f64341a748b1afb615a1f1f9097e" member_type: VOTER last_known_addr { host: "127.7.33.195" port: 45873 } }
I20260709 12:59:12.153709  8114 raft_consensus.cc:385] T c299a990a15d4f008f64296db64e2ab2 P 610a4b12c1a04eed9f29495a3aee7dd3 [term 0 FOLLOWER]: Consensus starting up: Expiring failure detector timer to make a prompt election more likely
I20260709 12:59:12.154111  8114 raft_consensus.cc:740] T c299a990a15d4f008f64296db64e2ab2 P 610a4b12c1a04eed9f29495a3aee7dd3 [term 0 FOLLOWER]: Becoming Follower/Learner. State: Replica: 610a4b12c1a04eed9f29495a3aee7dd3, State: Initialized, Role: FOLLOWER
I20260709 12:59:12.155298  8114 consensus_queue.cc:260] T c299a990a15d4f008f64296db64e2ab2 P 610a4b12c1a04eed9f29495a3aee7dd3 [NON_LEADER]: Queue going to NON_LEADER mode. State: All replicated index: 0, Majority replicated index: 0, Committed index: 0, Last appended: 0.0, Last appended by leader: 0, Current term: 0, Majority size: -1, State: 0, Mode: NON_LEADER, active raft config: opid_index: -1 OBSOLETE_local: false peers { permanent_uuid: "610a4b12c1a04eed9f29495a3aee7dd3" member_type: VOTER last_known_addr { host: "127.7.33.193" port: 41873 } } peers { permanent_uuid: "e4f71218cba548968e4103c8868a40d2" member_type: VOTER last_known_addr { host: "127.7.33.194" port: 33397 } } peers { permanent_uuid: "c418f64341a748b1afb615a1f1f9097e" member_type: VOTER last_known_addr { host: "127.7.33.195" port: 45873 } }
I20260709 12:59:12.155988  8115 raft_consensus.cc:359] T 4299b6dbd82343ab87d55e0bf1abc3f2 P e4f71218cba548968e4103c8868a40d2 [term 0 FOLLOWER]: Replica starting. Triggering 0 pending ops. Active config: opid_index: -1 OBSOLETE_local: false peers { permanent_uuid: "610a4b12c1a04eed9f29495a3aee7dd3" member_type: VOTER last_known_addr { host: "127.7.33.193" port: 41873 } } peers { permanent_uuid: "e4f71218cba548968e4103c8868a40d2" member_type: VOTER last_known_addr { host: "127.7.33.194" port: 33397 } } peers { permanent_uuid: "c418f64341a748b1afb615a1f1f9097e" member_type: VOTER last_known_addr { host: "127.7.33.195" port: 45873 } }
I20260709 12:59:12.156773  8115 raft_consensus.cc:385] T 4299b6dbd82343ab87d55e0bf1abc3f2 P e4f71218cba548968e4103c8868a40d2 [term 0 FOLLOWER]: Consensus starting up: Expiring failure detector timer to make a prompt election more likely
I20260709 12:59:12.157076  8115 raft_consensus.cc:740] T 4299b6dbd82343ab87d55e0bf1abc3f2 P e4f71218cba548968e4103c8868a40d2 [term 0 FOLLOWER]: Becoming Follower/Learner. State: Replica: e4f71218cba548968e4103c8868a40d2, State: Initialized, Role: FOLLOWER
I20260709 12:59:12.157912  8115 consensus_queue.cc:260] T 4299b6dbd82343ab87d55e0bf1abc3f2 P e4f71218cba548968e4103c8868a40d2 [NON_LEADER]: Queue going to NON_LEADER mode. State: All replicated index: 0, Majority replicated index: 0, Committed index: 0, Last appended: 0.0, Last appended by leader: 0, Current term: 0, Majority size: -1, State: 0, Mode: NON_LEADER, active raft config: opid_index: -1 OBSOLETE_local: false peers { permanent_uuid: "610a4b12c1a04eed9f29495a3aee7dd3" member_type: VOTER last_known_addr { host: "127.7.33.193" port: 41873 } } peers { permanent_uuid: "e4f71218cba548968e4103c8868a40d2" member_type: VOTER last_known_addr { host: "127.7.33.194" port: 33397 } } peers { permanent_uuid: "c418f64341a748b1afb615a1f1f9097e" member_type: VOTER last_known_addr { host: "127.7.33.195" port: 45873 } }
I20260709 12:59:12.160405  8115 ts_tablet_manager.cc:1434] T 4299b6dbd82343ab87d55e0bf1abc3f2 P e4f71218cba548968e4103c8868a40d2: Time spent starting tablet: real 0.007s	user 0.006s	sys 0.001s
I20260709 12:59:12.161464  8115 tablet_bootstrap.cc:492] T 734f7b45e19d49978c8457de78242878 P e4f71218cba548968e4103c8868a40d2: Bootstrap starting.
I20260709 12:59:12.161355  8121 leader_election.cc:290] T 952cc20cff65434ca1b99014b531421b P 610a4b12c1a04eed9f29495a3aee7dd3 [CANDIDATE]: Term 1 pre-election: Requested pre-vote from peers c418f64341a748b1afb615a1f1f9097e (127.7.33.195:45873), e4f71218cba548968e4103c8868a40d2 (127.7.33.194:33397)
I20260709 12:59:12.172031  8115 tablet_bootstrap.cc:654] T 734f7b45e19d49978c8457de78242878 P e4f71218cba548968e4103c8868a40d2: Neither blocks nor log segments found. Creating new log.
I20260709 12:59:12.172417  8114 ts_tablet_manager.cc:1434] T c299a990a15d4f008f64296db64e2ab2 P 610a4b12c1a04eed9f29495a3aee7dd3: Time spent starting tablet: real 0.024s	user 0.015s	sys 0.006s
I20260709 12:59:12.173949  8114 tablet_bootstrap.cc:492] T d5e3dea7a5fd495f81e61c63801ca02b P 610a4b12c1a04eed9f29495a3aee7dd3: Bootstrap starting.
I20260709 12:59:12.183245  8120 raft_consensus.cc:493] T d5e3dea7a5fd495f81e61c63801ca02b P c418f64341a748b1afb615a1f1f9097e [term 0 FOLLOWER]: Starting pre-election (no leader contacted us within the election timeout)
I20260709 12:59:12.183990  8120 raft_consensus.cc:515] T d5e3dea7a5fd495f81e61c63801ca02b P c418f64341a748b1afb615a1f1f9097e [term 0 FOLLOWER]: Starting pre-election with config: opid_index: -1 OBSOLETE_local: false peers { permanent_uuid: "610a4b12c1a04eed9f29495a3aee7dd3" member_type: VOTER last_known_addr { host: "127.7.33.193" port: 41873 } } peers { permanent_uuid: "e4f71218cba548968e4103c8868a40d2" member_type: VOTER last_known_addr { host: "127.7.33.194" port: 33397 } } peers { permanent_uuid: "c418f64341a748b1afb615a1f1f9097e" member_type: VOTER last_known_addr { host: "127.7.33.195" port: 45873 } }
I20260709 12:59:12.188100  8000 tablet_service.cc:1917] Received RequestConsensusVote() RPC: tablet_id: "d5e3dea7a5fd495f81e61c63801ca02b" candidate_uuid: "c418f64341a748b1afb615a1f1f9097e" candidate_term: 1 candidate_status { last_received { term: 0 index: 0 } } ignore_live_leader: false dest_uuid: "e4f71218cba548968e4103c8868a40d2" is_pre_election: true
I20260709 12:59:12.189908  7925 tablet_service.cc:1917] Received RequestConsensusVote() RPC: tablet_id: "d5e3dea7a5fd495f81e61c63801ca02b" candidate_uuid: "c418f64341a748b1afb615a1f1f9097e" candidate_term: 1 candidate_status { last_received { term: 0 index: 0 } } ignore_live_leader: false dest_uuid: "610a4b12c1a04eed9f29495a3aee7dd3" is_pre_election: true
I20260709 12:59:12.190279  8000 raft_consensus.cc:2468] T d5e3dea7a5fd495f81e61c63801ca02b P e4f71218cba548968e4103c8868a40d2 [term 0 FOLLOWER]: Leader pre-election vote request: Granting yes vote for candidate c418f64341a748b1afb615a1f1f9097e in term 0.
W20260709 12:59:12.191694  8039 leader_election.cc:343] T d5e3dea7a5fd495f81e61c63801ca02b P c418f64341a748b1afb615a1f1f9097e [CANDIDATE]: Term 1 pre-election: Tablet error from VoteRequest() call to peer 610a4b12c1a04eed9f29495a3aee7dd3 (127.7.33.193:41873): Illegal state: must be running to vote when last-logged opid is not known
I20260709 12:59:12.186836  8114 tablet_bootstrap.cc:654] T d5e3dea7a5fd495f81e61c63801ca02b P 610a4b12c1a04eed9f29495a3aee7dd3: Neither blocks nor log segments found. Creating new log.
