I20260709 12:59:19.945588  8487 tablet_service.cc:1917] Received RequestConsensusVote() RPC: tablet_id: "669f7bcd33714dcc8c71ded8af98b09b" candidate_uuid: "f0dd768675b44ad39b8759c854f177c7" candidate_term: 1 candidate_status { last_received { term: 0 index: 0 } } ignore_live_leader: false dest_uuid: "ddc41f662e65490eace3db87dd558cb3" is_pre_election: true
I20260709 12:59:19.943964  8564 tablet_service.cc:1917] Received RequestConsensusVote() RPC: tablet_id: "669f7bcd33714dcc8c71ded8af98b09b" candidate_uuid: "f0dd768675b44ad39b8759c854f177c7" candidate_term: 1 candidate_status { last_received { term: 0 index: 0 } } ignore_live_leader: false dest_uuid: "9fed69a3314446edb7aa73870291b6c7" is_pre_election: true
I20260709 12:59:19.946617  8564 raft_consensus.cc:2468] T 669f7bcd33714dcc8c71ded8af98b09b P 9fed69a3314446edb7aa73870291b6c7 [term 0 FOLLOWER]: Leader pre-election vote request: Granting yes vote for candidate f0dd768675b44ad39b8759c854f177c7 in term 0.
W20260709 12:59:19.946789  8380 leader_election.cc:343] T 669f7bcd33714dcc8c71ded8af98b09b P f0dd768675b44ad39b8759c854f177c7 [CANDIDATE]: Term 1 pre-election: Tablet error from VoteRequest() call to peer ddc41f662e65490eace3db87dd558cb3 (127.7.35.194:35211): Illegal state: must be running to vote when last-logged opid is not known
I20260709 12:59:19.947649  8380 leader_election.cc:304] T 669f7bcd33714dcc8c71ded8af98b09b P f0dd768675b44ad39b8759c854f177c7 [CANDIDATE]: Term 1 pre-election: Election decided. Result: candidate won. Election summary: received 3 responses out of 3 voters: 2 yes votes; 1 no votes. yes voters: 9fed69a3314446edb7aa73870291b6c7, f0dd768675b44ad39b8759c854f177c7; no voters: ddc41f662e65490eace3db87dd558cb3
I20260709 12:59:19.948441  8607 tablet_bootstrap.cc:654] T 9ab0343bbe24419f97b55cfdb2760b30 P 9fed69a3314446edb7aa73870291b6c7: Neither blocks nor log segments found. Creating new log.
I20260709 12:59:19.953568  8310 catalog_manager.cc:5697] T 6979ec34837045489a5ba2247cff6620 P f0dd768675b44ad39b8759c854f177c7 reported cstate change: term changed from 0 to 1, leader changed from <none> to f0dd768675b44ad39b8759c854f177c7 (127.7.35.193). New cstate: current_term: 1 leader_uuid: "f0dd768675b44ad39b8759c854f177c7" committed_config { opid_index: -1 OBSOLETE_local: false peers { permanent_uuid: "f0dd768675b44ad39b8759c854f177c7" member_type: VOTER last_known_addr { host: "127.7.35.193" port: 40111 } health_report { overall_health: HEALTHY } } peers { permanent_uuid: "ddc41f662e65490eace3db87dd558cb3" member_type: VOTER last_known_addr { host: "127.7.35.194" port: 35211 } health_report { overall_health: UNKNOWN } } peers { permanent_uuid: "9fed69a3314446edb7aa73870291b6c7" member_type: VOTER last_known_addr { host: "127.7.35.195" port: 39229 } health_report { overall_health: UNKNOWN } } }
I20260709 12:59:19.954317  8630 raft_consensus.cc:2804] T 669f7bcd33714dcc8c71ded8af98b09b P f0dd768675b44ad39b8759c854f177c7 [term 0 FOLLOWER]: Leader pre-election won for term 1
I20260709 12:59:19.954954  8630 raft_consensus.cc:493] T 669f7bcd33714dcc8c71ded8af98b09b P f0dd768675b44ad39b8759c854f177c7 [term 0 FOLLOWER]: Starting leader election (no leader contacted us within the election timeout)
I20260709 12:59:19.955272  8630 raft_consensus.cc:3060] T 669f7bcd33714dcc8c71ded8af98b09b P f0dd768675b44ad39b8759c854f177c7 [term 0 FOLLOWER]: Advancing to term 1
I20260709 12:59:19.958670  8607 tablet_bootstrap.cc:492] T 9ab0343bbe24419f97b55cfdb2760b30 P 9fed69a3314446edb7aa73870291b6c7: No bootstrap required, opened a new log
I20260709 12:59:19.959060  8607 ts_tablet_manager.cc:1403] T 9ab0343bbe24419f97b55cfdb2760b30 P 9fed69a3314446edb7aa73870291b6c7: Time spent bootstrapping tablet: real 0.064s	user 0.006s	sys 0.003s
I20260709 12:59:19.960430  8487 raft_consensus.cc:3060] T 558b36fa0c3149b99aa3e70f789f952a P ddc41f662e65490eace3db87dd558cb3 [term 0 FOLLOWER]: Advancing to term 1
I20260709 12:59:19.967720  8671 consensus_queue.cc:1048] T 8f1cf1ee1f9241e9954dd136125c84ed P f0dd768675b44ad39b8759c854f177c7 [LEADER]: Connected to new peer: Peer: permanent_uuid: "ddc41f662e65490eace3db87dd558cb3" member_type: VOTER last_known_addr { host: "127.7.35.194" port: 35211 }, Status: LMP_MISMATCH, Last received: 0.0, Next index: 1, Last known committed idx: 0, Time since last communication: 0.000s
I20260709 12:59:19.969996  8564 raft_consensus.cc:3060] T f2c8b2f074bd49f8ba8e80554f82fb16 P 9fed69a3314446edb7aa73870291b6c7 [term 0 FOLLOWER]: Advancing to term 1
I20260709 12:59:19.977294  8604 tablet_bootstrap.cc:492] T e33409a10ff64fddab42ff6288596f3d P f0dd768675b44ad39b8759c854f177c7: No bootstrap required, opened a new log
I20260709 12:59:19.977774  8604 ts_tablet_manager.cc:1403] T e33409a10ff64fddab42ff6288596f3d P f0dd768675b44ad39b8759c854f177c7: Time spent bootstrapping tablet: real 0.106s	user 0.024s	sys 0.010s
I20260709 12:59:19.984282  8605 tablet_bootstrap.cc:492] T e178f64043b8464f89c7b00a47382627 P ddc41f662e65490eace3db87dd558cb3: No bootstrap required, opened a new log
I20260709 12:59:19.984707  8605 ts_tablet_manager.cc:1403] T e178f64043b8464f89c7b00a47382627 P ddc41f662e65490eace3db87dd558cb3: Time spent bootstrapping tablet: real 0.121s	user 0.016s	sys 0.005s
I20260709 12:59:19.987192  8630 raft_consensus.cc:515] T 669f7bcd33714dcc8c71ded8af98b09b P f0dd768675b44ad39b8759c854f177c7 [term 1 FOLLOWER]: Starting leader election with config: opid_index: -1 OBSOLETE_local: false peers { permanent_uuid: "f0dd768675b44ad39b8759c854f177c7" member_type: VOTER last_known_addr { host: "127.7.35.193" port: 40111 } } peers { permanent_uuid: "ddc41f662e65490eace3db87dd558cb3" member_type: VOTER last_known_addr { host: "127.7.35.194" port: 35211 } } peers { permanent_uuid: "9fed69a3314446edb7aa73870291b6c7" member_type: VOTER last_known_addr { host: "127.7.35.195" port: 39229 } }
I20260709 12:59:19.988885  8605 raft_consensus.cc:359] T e178f64043b8464f89c7b00a47382627 P ddc41f662e65490eace3db87dd558cb3 [term 0 FOLLOWER]: Replica starting. Triggering 0 pending ops. Active config: opid_index: -1 OBSOLETE_local: false peers { permanent_uuid: "f0dd768675b44ad39b8759c854f177c7" member_type: VOTER last_known_addr { host: "127.7.35.193" port: 40111 } } peers { permanent_uuid: "ddc41f662e65490eace3db87dd558cb3" member_type: VOTER last_known_addr { host: "127.7.35.194" port: 35211 } } peers { permanent_uuid: "9fed69a3314446edb7aa73870291b6c7" member_type: VOTER last_known_addr { host: "127.7.35.195" port: 39229 } }
I20260709 12:59:19.989594  8605 raft_consensus.cc:385] T e178f64043b8464f89c7b00a47382627 P ddc41f662e65490eace3db87dd558cb3 [term 0 FOLLOWER]: Consensus starting up: Expiring failure detector timer to make a prompt election more likely
I20260709 12:59:19.989985  8488 tablet_service.cc:1917] Received RequestConsensusVote() RPC: tablet_id: "669f7bcd33714dcc8c71ded8af98b09b" candidate_uuid: "f0dd768675b44ad39b8759c854f177c7" candidate_term: 1 candidate_status { last_received { term: 0 index: 0 } } ignore_live_leader: false dest_uuid: "ddc41f662e65490eace3db87dd558cb3"
I20260709 12:59:19.990619  8605 raft_consensus.cc:740] T e178f64043b8464f89c7b00a47382627 P ddc41f662e65490eace3db87dd558cb3 [term 0 FOLLOWER]: Becoming Follower/Learner. State: Replica: ddc41f662e65490eace3db87dd558cb3, State: Initialized, Role: FOLLOWER
W20260709 12:59:19.991346  8380 leader_election.cc:343] T 669f7bcd33714dcc8c71ded8af98b09b P f0dd768675b44ad39b8759c854f177c7 [CANDIDATE]: Term 1 election: Tablet error from VoteRequest() call to peer ddc41f662e65490eace3db87dd558cb3 (127.7.35.194:35211): Illegal state: must be running to vote when last-logged opid is not known
I20260709 12:59:19.990163  8630 leader_election.cc:290] T 669f7bcd33714dcc8c71ded8af98b09b P f0dd768675b44ad39b8759c854f177c7 [CANDIDATE]: Term 1 election: Requested vote from peers ddc41f662e65490eace3db87dd558cb3 (127.7.35.194:35211), 9fed69a3314446edb7aa73870291b6c7 (127.7.35.195:39229)
I20260709 12:59:19.991312  8605 consensus_queue.cc:260] T e178f64043b8464f89c7b00a47382627 P ddc41f662e65490eace3db87dd558cb3 [NON_LEADER]: Queue going to NON_LEADER mode. State: All replicated index: 0, Majority replicated index: 0, Committed index: 0, Last appended: 0.0, Last appended by leader: 0, Current term: 0, Majority size: -1, State: 0, Mode: NON_LEADER, active raft config: opid_index: -1 OBSOLETE_local: false peers { permanent_uuid: "f0dd768675b44ad39b8759c854f177c7" member_type: VOTER last_known_addr { host: "127.7.35.193" port: 40111 } } peers { permanent_uuid: "ddc41f662e65490eace3db87dd558cb3" member_type: VOTER last_known_addr { host: "127.7.35.194" port: 35211 } } peers { permanent_uuid: "9fed69a3314446edb7aa73870291b6c7" member_type: VOTER last_known_addr { host: "127.7.35.195" port: 39229 } }
I20260709 12:59:19.992942  8839 raft_consensus.cc:493] T edf61f330e7149f4ac1e30348c0da5aa P f0dd768675b44ad39b8759c854f177c7 [term 0 FOLLOWER]: Starting pre-election (no leader contacted us within the election timeout)
I20260709 12:59:19.993076  8719 consensus_queue.cc:1048] T edf61f330e7149f4ac1e30348c0da5aa P ddc41f662e65490eace3db87dd558cb3 [LEADER]: Connected to new peer: Peer: permanent_uuid: "9fed69a3314446edb7aa73870291b6c7" member_type: VOTER last_known_addr { host: "127.7.35.195" port: 39229 }, Status: LMP_MISMATCH, Last received: 0.0, Next index: 1, Last known committed idx: 0, Time since last communication: 0.000s
I20260709 12:59:19.993429  8839 raft_consensus.cc:515] T edf61f330e7149f4ac1e30348c0da5aa P f0dd768675b44ad39b8759c854f177c7 [term 0 FOLLOWER]: Starting pre-election with config: opid_index: -1 OBSOLETE_local: false peers { permanent_uuid: "f0dd768675b44ad39b8759c854f177c7" member_type: VOTER last_known_addr { host: "127.7.35.193" port: 40111 } } peers { permanent_uuid: "ddc41f662e65490eace3db87dd558cb3" member_type: VOTER last_known_addr { host: "127.7.35.194" port: 35211 } } peers { permanent_uuid: "9fed69a3314446edb7aa73870291b6c7" member_type: VOTER last_known_addr { host: "127.7.35.195" port: 39229 } }
I20260709 12:59:19.996595  8839 leader_election.cc:290] T edf61f330e7149f4ac1e30348c0da5aa P f0dd768675b44ad39b8759c854f177c7 [CANDIDATE]: Term 1 pre-election: Requested pre-vote from peers ddc41f662e65490eace3db87dd558cb3 (127.7.35.194:35211), 9fed69a3314446edb7aa73870291b6c7 (127.7.35.195:39229)
I20260709 12:59:19.997430  8563 tablet_service.cc:1917] Received RequestConsensusVote() RPC: tablet_id: "669f7bcd33714dcc8c71ded8af98b09b" candidate_uuid: "f0dd768675b44ad39b8759c854f177c7" candidate_term: 1 candidate_status { last_received { term: 0 index: 0 } } ignore_live_leader: false dest_uuid: "9fed69a3314446edb7aa73870291b6c7"
I20260709 12:59:19.997558  8488 tablet_service.cc:1917] Received RequestConsensusVote() RPC: tablet_id: "edf61f330e7149f4ac1e30348c0da5aa" candidate_uuid: "f0dd768675b44ad39b8759c854f177c7" candidate_term: 1 candidate_status { last_received { term: 0 index: 0 } } ignore_live_leader: false dest_uuid: "ddc41f662e65490eace3db87dd558cb3" is_pre_election: true
I20260709 12:59:19.997944  8563 raft_consensus.cc:3060] T 669f7bcd33714dcc8c71ded8af98b09b P 9fed69a3314446edb7aa73870291b6c7 [term 0 FOLLOWER]: Advancing to term 1
I20260709 12:59:19.998674  8561 tablet_service.cc:1917] Received RequestConsensusVote() RPC: tablet_id: "edf61f330e7149f4ac1e30348c0da5aa" candidate_uuid: "f0dd768675b44ad39b8759c854f177c7" candidate_term: 1 candidate_status { last_received { term: 0 index: 0 } } ignore_live_leader: false dest_uuid: "9fed69a3314446edb7aa73870291b6c7" is_pre_election: true
I20260709 12:59:20.000898  8380 leader_election.cc:304] T edf61f330e7149f4ac1e30348c0da5aa P f0dd768675b44ad39b8759c854f177c7 [CANDIDATE]: Term 1 pre-election: Election decided. Result: candidate lost. Election summary: received 3 responses out of 3 voters: 1 yes votes; 2 no votes. yes voters: f0dd768675b44ad39b8759c854f177c7; no voters: 9fed69a3314446edb7aa73870291b6c7, ddc41f662e65490eace3db87dd558cb3
I20260709 12:59:20.001277  8839 raft_consensus.cc:493] T 743006f2627d41788f450de03c3a6c70 P f0dd768675b44ad39b8759c854f177c7 [term 0 FOLLOWER]: Starting pre-election (no leader contacted us within the election timeout)
I20260709 12:59:20.001751  8839 raft_consensus.cc:515] T 743006f2627d41788f450de03c3a6c70 P f0dd768675b44ad39b8759c854f177c7 [term 0 FOLLOWER]: Starting pre-election with config: opid_index: -1 OBSOLETE_local: false peers { permanent_uuid: "f0dd768675b44ad39b8759c854f177c7" member_type: VOTER last_known_addr { host: "127.7.35.193" port: 40111 } } peers { permanent_uuid: "ddc41f662e65490eace3db87dd558cb3" member_type: VOTER last_known_addr { host: "127.7.35.194" port: 35211 } } peers { permanent_uuid: "9fed69a3314446edb7aa73870291b6c7" member_type: VOTER last_known_addr { host: "127.7.35.195" port: 39229 } }
I20260709 12:59:20.002732  8415 raft_consensus.cc:3060] T edf61f330e7149f4ac1e30348c0da5aa P f0dd768675b44ad39b8759c854f177c7 [term 0 FOLLOWER]: Advancing to term 1
I20260709 12:59:20.003630  8839 leader_election.cc:290] T 743006f2627d41788f450de03c3a6c70 P f0dd768675b44ad39b8759c854f177c7 [CANDIDATE]: Term 1 pre-election: Requested pre-vote from peers ddc41f662e65490eace3db87dd558cb3 (127.7.35.194:35211), 9fed69a3314446edb7aa73870291b6c7 (127.7.35.195:39229)
I20260709 12:59:20.007951  8488 tablet_service.cc:1917] Received RequestConsensusVote() RPC: tablet_id: "743006f2627d41788f450de03c3a6c70" candidate_uuid: "f0dd768675b44ad39b8759c854f177c7" candidate_term: 1 candidate_status { last_received { term: 0 index: 0 } } ignore_live_leader: false dest_uuid: "ddc41f662e65490eace3db87dd558cb3" is_pre_election: true
I20260709 12:59:20.009013  8563 raft_consensus.cc:2468] T 669f7bcd33714dcc8c71ded8af98b09b P 9fed69a3314446edb7aa73870291b6c7 [term 1 FOLLOWER]: Leader election vote request: Granting yes vote for candidate f0dd768675b44ad39b8759c854f177c7 in term 1.
W20260709 12:59:20.009217  8380 leader_election.cc:343] T 743006f2627d41788f450de03c3a6c70 P f0dd768675b44ad39b8759c854f177c7 [CANDIDATE]: Term 1 pre-election: Tablet error from VoteRequest() call to peer ddc41f662e65490eace3db87dd558cb3 (127.7.35.194:35211): Illegal state: must be running to vote when last-logged opid is not known
I20260709 12:59:20.013535  8380 leader_election.cc:304] T 669f7bcd33714dcc8c71ded8af98b09b P f0dd768675b44ad39b8759c854f177c7 [CANDIDATE]: Term 1 election: Election decided. Result: candidate won. Election summary: received 3 responses out of 3 voters: 2 yes votes; 1 no votes. yes voters: 9fed69a3314446edb7aa73870291b6c7, f0dd768675b44ad39b8759c854f177c7; no voters: ddc41f662e65490eace3db87dd558cb3
I20260709 12:59:20.016069  8605 ts_tablet_manager.cc:1434] T e178f64043b8464f89c7b00a47382627 P ddc41f662e65490eace3db87dd558cb3: Time spent starting tablet: real 0.031s	user 0.006s	sys 0.001s
I20260709 12:59:20.017855  8839 raft_consensus.cc:2749] T edf61f330e7149f4ac1e30348c0da5aa P f0dd768675b44ad39b8759c854f177c7 [term 1 FOLLOWER]: Leader pre-election lost for term 1. Reason: could not achieve majority
I20260709 12:59:20.014775  8630 raft_consensus.cc:2804] T 669f7bcd33714dcc8c71ded8af98b09b P f0dd768675b44ad39b8759c854f177c7 [term 1 FOLLOWER]: Leader election won for term 1
I20260709 12:59:20.018883  8563 tablet_service.cc:1917] Received RequestConsensusVote() RPC: tablet_id: "743006f2627d41788f450de03c3a6c70" candidate_uuid: "f0dd768675b44ad39b8759c854f177c7" candidate_term: 1 candidate_status { last_received { term: 0 index: 0 } } ignore_live_leader: false dest_uuid: "9fed69a3314446edb7aa73870291b6c7" is_pre_election: true
I20260709 12:59:20.019479  8695 consensus_queue.cc:1048] T 558b36fa0c3149b99aa3e70f789f952a P 9fed69a3314446edb7aa73870291b6c7 [LEADER]: Connected to new peer: Peer: permanent_uuid: "ddc41f662e65490eace3db87dd558cb3" member_type: VOTER last_known_addr { host: "127.7.35.194" port: 35211 }, Status: LMP_MISMATCH, Last received: 0.0, Next index: 1, Last known committed idx: 0, Time since last communication: 0.000s
I20260709 12:59:20.019899  8563 raft_consensus.cc:2468] T 743006f2627d41788f450de03c3a6c70 P 9fed69a3314446edb7aa73870291b6c7 [term 0 FOLLOWER]: Leader pre-election vote request: Granting yes vote for candidate f0dd768675b44ad39b8759c854f177c7 in term 0.
I20260709 12:59:20.020902  8380 leader_election.cc:304] T 743006f2627d41788f450de03c3a6c70 P f0dd768675b44ad39b8759c854f177c7 [CANDIDATE]: Term 1 pre-election: Election decided. Result: candidate won. Election summary: received 3 responses out of 3 voters: 2 yes votes; 1 no votes. yes voters: 9fed69a3314446edb7aa73870291b6c7, f0dd768675b44ad39b8759c854f177c7; no voters: ddc41f662e65490eace3db87dd558cb3
I20260709 12:59:20.021809  8716 consensus_queue.cc:1048] T edf61f330e7149f4ac1e30348c0da5aa P ddc41f662e65490eace3db87dd558cb3 [LEADER]: Connected to new peer: Peer: permanent_uuid: "f0dd768675b44ad39b8759c854f177c7" member_type: VOTER last_known_addr { host: "127.7.35.193" port: 40111 }, Status: LMP_MISMATCH, Last received: 0.0, Next index: 1, Last known committed idx: 0, Time since last communication: 0.000s
I20260709 12:59:20.022673  8607 raft_consensus.cc:359] T 9ab0343bbe24419f97b55cfdb2760b30 P 9fed69a3314446edb7aa73870291b6c7 [term 0 FOLLOWER]: Replica starting. Triggering 0 pending ops. Active config: opid_index: -1 OBSOLETE_local: false peers { permanent_uuid: "f0dd768675b44ad39b8759c854f177c7" member_type: VOTER last_known_addr { host: "127.7.35.193" port: 40111 } } peers { permanent_uuid: "ddc41f662e65490eace3db87dd558cb3" member_type: VOTER last_known_addr { host: "127.7.35.194" port: 35211 } } peers { permanent_uuid: "9fed69a3314446edb7aa73870291b6c7" member_type: VOTER last_known_addr { host: "127.7.35.195" port: 39229 } }
I20260709 12:59:20.022068  8630 raft_consensus.cc:697] T 669f7bcd33714dcc8c71ded8af98b09b P f0dd768675b44ad39b8759c854f177c7 [term 1 LEADER]: Becoming Leader. State: Replica: f0dd768675b44ad39b8759c854f177c7, State: Running, Role: LEADER
I20260709 12:59:20.023281  8607 raft_consensus.cc:385] T 9ab0343bbe24419f97b55cfdb2760b30 P 9fed69a3314446edb7aa73870291b6c7 [term 0 FOLLOWER]: Consensus starting up: Expiring failure detector timer to make a prompt election more likely
I20260709 12:59:20.023579  8607 raft_consensus.cc:740] T 9ab0343bbe24419f97b55cfdb2760b30 P 9fed69a3314446edb7aa73870291b6c7 [term 0 FOLLOWER]: Becoming Follower/Learner. State: Replica: 9fed69a3314446edb7aa73870291b6c7, State: Initialized, Role: FOLLOWER
I20260709 12:59:20.024171  8607 consensus_queue.cc:260] T 9ab0343bbe24419f97b55cfdb2760b30 P 9fed69a3314446edb7aa73870291b6c7 [NON_LEADER]: Queue going to NON_LEADER mode. State: All replicated index: 0, Majority replicated index: 0, Committed index: 0, Last appended: 0.0, Last appended by leader: 0, Current term: 0, Majority size: -1, State: 0, Mode: NON_LEADER, active raft config: opid_index: -1 OBSOLETE_local: false peers { permanent_uuid: "f0dd768675b44ad39b8759c854f177c7" member_type: VOTER last_known_addr { host: "127.7.35.193" port: 40111 } } peers { permanent_uuid: "ddc41f662e65490eace3db87dd558cb3" member_type: VOTER last_known_addr { host: "127.7.35.194" port: 35211 } } peers { permanent_uuid: "9fed69a3314446edb7aa73870291b6c7" member_type: VOTER last_known_addr { host: "127.7.35.195" port: 39229 } }
I20260709 12:59:20.027307  8605 tablet_bootstrap.cc:492] T 0d2d16bdcd224c29b37a08fdd346260b P ddc41f662e65490eace3db87dd558cb3: Bootstrap starting.
I20260709 12:59:20.027674  8727 raft_consensus.cc:2804] T 743006f2627d41788f450de03c3a6c70 P f0dd768675b44ad39b8759c854f177c7 [term 0 FOLLOWER]: Leader pre-election won for term 1
I20260709 12:59:20.028038  8727 raft_consensus.cc:493] T 743006f2627d41788f450de03c3a6c70 P f0dd768675b44ad39b8759c854f177c7 [term 0 FOLLOWER]: Starting leader election (no leader contacted us within the election timeout)
I20260709 12:59:20.028354  8727 raft_consensus.cc:3060] T 743006f2627d41788f450de03c3a6c70 P f0dd768675b44ad39b8759c854f177c7 [term 0 FOLLOWER]: Advancing to term 1
I20260709 12:59:20.018471  8604 raft_consensus.cc:359] T e33409a10ff64fddab42ff6288596f3d P f0dd768675b44ad39b8759c854f177c7 [term 0 FOLLOWER]: Replica starting. Triggering 0 pending ops. Active config: opid_index: -1 OBSOLETE_local: false peers { permanent_uuid: "f0dd768675b44ad39b8759c854f177c7" member_type: VOTER last_known_addr { host: "127.7.35.193" port: 40111 } } peers { permanent_uuid: "ddc41f662e65490eace3db87dd558cb3" member_type: VOTER last_known_addr { host: "127.7.35.194" port: 35211 } } peers { permanent_uuid: "9fed69a3314446edb7aa73870291b6c7" member_type: VOTER last_known_addr { host: "127.7.35.195" port: 39229 } }
I20260709 12:59:20.029592  8604 raft_consensus.cc:385] T e33409a10ff64fddab42ff6288596f3d P f0dd768675b44ad39b8759c854f177c7 [term 0 FOLLOWER]: Consensus starting up: Expiring failure detector timer to make a prompt election more likely
I20260709 12:59:20.029881  8604 raft_consensus.cc:740] T e33409a10ff64fddab42ff6288596f3d P f0dd768675b44ad39b8759c854f177c7 [term 0 FOLLOWER]: Becoming Follower/Learner. State: Replica: f0dd768675b44ad39b8759c854f177c7, State: Initialized, Role: FOLLOWER
I20260709 12:59:20.033897  8671 consensus_queue.cc:1048] T f2c8b2f074bd49f8ba8e80554f82fb16 P f0dd768675b44ad39b8759c854f177c7 [LEADER]: Connected to new peer: Peer: permanent_uuid: "9fed69a3314446edb7aa73870291b6c7" member_type: VOTER last_known_addr { host: "127.7.35.195" port: 39229 }, Status: LMP_MISMATCH, Last received: 0.0, Next index: 1, Last known committed idx: 0, Time since last communication: 0.000s
I20260709 12:59:20.034788  8605 tablet_bootstrap.cc:654] T 0d2d16bdcd224c29b37a08fdd346260b P ddc41f662e65490eace3db87dd558cb3: Neither blocks nor log segments found. Creating new log.
I20260709 12:59:20.039312  8604 consensus_queue.cc:260] T e33409a10ff64fddab42ff6288596f3d P f0dd768675b44ad39b8759c854f177c7 [NON_LEADER]: Queue going to NON_LEADER mode. State: All replicated index: 0, Majority replicated index: 0, Committed index: 0, Last appended: 0.0, Last appended by leader: 0, Current term: 0, Majority size: -1, State: 0, Mode: NON_LEADER, active raft config: opid_index: -1 OBSOLETE_local: false peers { permanent_uuid: "f0dd768675b44ad39b8759c854f177c7" member_type: VOTER last_known_addr { host: "127.7.35.193" port: 40111 } } peers { permanent_uuid: "ddc41f662e65490eace3db87dd558cb3" member_type: VOTER last_known_addr { host: "127.7.35.194" port: 35211 } } peers { permanent_uuid: "9fed69a3314446edb7aa73870291b6c7" member_type: VOTER last_known_addr { host: "127.7.35.195" port: 39229 } }
I20260709 12:59:20.041978  8727 raft_consensus.cc:515] T 743006f2627d41788f450de03c3a6c70 P f0dd768675b44ad39b8759c854f177c7 [term 1 FOLLOWER]: Starting leader election with config: opid_index: -1 OBSOLETE_local: false peers { permanent_uuid: "f0dd768675b44ad39b8759c854f177c7" member_type: VOTER last_known_addr { host: "127.7.35.193" port: 40111 } } peers { permanent_uuid: "ddc41f662e65490eace3db87dd558cb3" member_type: VOTER last_known_addr { host: "127.7.35.194" port: 35211 } } peers { permanent_uuid: "9fed69a3314446edb7aa73870291b6c7" member_type: VOTER last_known_addr { host: "127.7.35.195" port: 39229 } }
I20260709 12:59:20.042550  8604 ts_tablet_manager.cc:1434] T e33409a10ff64fddab42ff6288596f3d P f0dd768675b44ad39b8759c854f177c7: Time spent starting tablet: real 0.065s	user 0.003s	sys 0.003s
I20260709 12:59:20.043515  8604 tablet_bootstrap.cc:492] T 9ab0343bbe24419f97b55cfdb2760b30 P f0dd768675b44ad39b8759c854f177c7: Bootstrap starting.
I20260709 12:59:20.044548  8490 tablet_service.cc:1917] Received RequestConsensusVote() RPC: tablet_id: "743006f2627d41788f450de03c3a6c70" candidate_uuid: "f0dd768675b44ad39b8759c854f177c7" candidate_term: 1 candidate_status { last_received { term: 0 index: 0 } } ignore_live_leader: false dest_uuid: "ddc41f662e65490eace3db87dd558cb3"
I20260709 12:59:20.024217  8630 consensus_queue.cc:237] T 669f7bcd33714dcc8c71ded8af98b09b P f0dd768675b44ad39b8759c854f177c7 [LEADER]: Queue going to LEADER mode. State: All replicated index: 0, Majority replicated index: 0, Committed index: 0, Last appended: 0.0, Last appended by leader: 0, Current term: 1, Majority size: 2, State: 0, Mode: LEADER, active raft config: opid_index: -1 OBSOLETE_local: false peers { permanent_uuid: "f0dd768675b44ad39b8759c854f177c7" member_type: VOTER last_known_addr { host: "127.7.35.193" port: 40111 } } peers { permanent_uuid: "ddc41f662e65490eace3db87dd558cb3" member_type: VOTER last_known_addr { host: "127.7.35.194" port: 35211 } } peers { permanent_uuid: "9fed69a3314446edb7aa73870291b6c7" member_type: VOTER last_known_addr { host: "127.7.35.195" port: 39229 } }
I20260709 12:59:20.046419  8561 tablet_service.cc:1917] Received RequestConsensusVote() RPC: tablet_id: "743006f2627d41788f450de03c3a6c70" candidate_uuid: "f0dd768675b44ad39b8759c854f177c7" candidate_term: 1 candidate_status { last_received { term: 0 index: 0 } } ignore_live_leader: false dest_uuid: "9fed69a3314446edb7aa73870291b6c7"
I20260709 12:59:20.060235  8561 raft_consensus.cc:3060] T 743006f2627d41788f450de03c3a6c70 P 9fed69a3314446edb7aa73870291b6c7 [term 0 FOLLOWER]: Advancing to term 1
I20260709 12:59:20.047483  8727 leader_election.cc:290] T 743006f2627d41788f450de03c3a6c70 P f0dd768675b44ad39b8759c854f177c7 [CANDIDATE]: Term 1 election: Requested vote from peers ddc41f662e65490eace3db87dd558cb3 (127.7.35.194:35211), 9fed69a3314446edb7aa73870291b6c7 (127.7.35.195:39229)
I20260709 12:59:20.048949  8839 consensus_queue.cc:1048] T 8f1cf1ee1f9241e9954dd136125c84ed P f0dd768675b44ad39b8759c854f177c7 [LEADER]: Connected to new peer: Peer: permanent_uuid: "9fed69a3314446edb7aa73870291b6c7" member_type: VOTER last_known_addr { host: "127.7.35.195" port: 39229 }, Status: LMP_MISMATCH, Last received: 0.0, Next index: 1, Last known committed idx: 0, Time since last communication: 0.001s
W20260709 12:59:20.065147  8380 leader_election.cc:343] T 743006f2627d41788f450de03c3a6c70 P f0dd768675b44ad39b8759c854f177c7 [CANDIDATE]: Term 1 election: Tablet error from VoteRequest() call to peer ddc41f662e65490eace3db87dd558cb3 (127.7.35.194:35211): Illegal state: must be running to vote when last-logged opid is not known
I20260709 12:59:20.065407  8607 ts_tablet_manager.cc:1434] T 9ab0343bbe24419f97b55cfdb2760b30 P 9fed69a3314446edb7aa73870291b6c7: Time spent starting tablet: real 0.106s	user 0.006s	sys 0.001s
I20260709 12:59:20.065524  8604 tablet_bootstrap.cc:654] T 9ab0343bbe24419f97b55cfdb2760b30 P f0dd768675b44ad39b8759c854f177c7: Neither blocks nor log segments found. Creating new log.
I20260709 12:59:20.057653  8605 tablet_bootstrap.cc:492] T 0d2d16bdcd224c29b37a08fdd346260b P ddc41f662e65490eace3db87dd558cb3: No bootstrap required, opened a new log
I20260709 12:59:20.066340  8607 tablet_bootstrap.cc:492] T 4b7e8e3028034f3cbae0f9e163f76eee P 9fed69a3314446edb7aa73870291b6c7: Bootstrap starting.
I20260709 12:59:20.071553  8727 raft_consensus.cc:493] T e1d3b1ab57df4d82bda248614cefcf96 P f0dd768675b44ad39b8759c854f177c7 [term 0 FOLLOWER]: Starting pre-election (no leader contacted us within the election timeout)
I20260709 12:59:20.095705  8727 raft_consensus.cc:515] T e1d3b1ab57df4d82bda248614cefcf96 P f0dd768675b44ad39b8759c854f177c7 [term 0 FOLLOWER]: Starting pre-election with config: opid_index: -1 OBSOLETE_local: false peers { permanent_uuid: "f0dd768675b44ad39b8759c854f177c7" member_type: VOTER last_known_addr { host: "127.7.35.193" port: 40111 } } peers { permanent_uuid: "ddc41f662e65490eace3db87dd558cb3" member_type: VOTER last_known_addr { host: "127.7.35.194" port: 35211 } } peers { permanent_uuid: "9fed69a3314446edb7aa73870291b6c7" member_type: VOTER last_known_addr { host: "127.7.35.195" port: 39229 } }
I20260709 12:59:20.097757  8727 leader_election.cc:290] T e1d3b1ab57df4d82bda248614cefcf96 P f0dd768675b44ad39b8759c854f177c7 [CANDIDATE]: Term 1 pre-election: Requested pre-vote from peers ddc41f662e65490eace3db87dd558cb3 (127.7.35.194:35211), 9fed69a3314446edb7aa73870291b6c7 (127.7.35.195:39229)
I20260709 12:59:20.072805  8561 raft_consensus.cc:2468] T 743006f2627d41788f450de03c3a6c70 P 9fed69a3314446edb7aa73870291b6c7 [term 1 FOLLOWER]: Leader election vote request: Granting yes vote for candidate f0dd768675b44ad39b8759c854f177c7 in term 1.
I20260709 12:59:20.103281  8380 leader_election.cc:304] T 743006f2627d41788f450de03c3a6c70 P f0dd768675b44ad39b8759c854f177c7 [CANDIDATE]: Term 1 election: Election decided. Result: candidate won. Election summary: received 3 responses out of 3 voters: 2 yes votes; 1 no votes. yes voters: 9fed69a3314446edb7aa73870291b6c7, f0dd768675b44ad39b8759c854f177c7; no voters: ddc41f662e65490eace3db87dd558cb3
I20260709 12:59:20.104828  8561 tablet_service.cc:1917] Received RequestConsensusVote() RPC: tablet_id: "e1d3b1ab57df4d82bda248614cefcf96" candidate_uuid: "f0dd768675b44ad39b8759c854f177c7" candidate_term: 1 candidate_status { last_received { term: 0 index: 0 } } ignore_live_leader: false dest_uuid: "9fed69a3314446edb7aa73870291b6c7" is_pre_election: true
W20260709 12:59:20.106088  8380 leader_election.cc:343] T e1d3b1ab57df4d82bda248614cefcf96 P f0dd768675b44ad39b8759c854f177c7 [CANDIDATE]: Term 1 pre-election: Tablet error from VoteRequest() call to peer 9fed69a3314446edb7aa73870291b6c7 (127.7.35.195:39229): Illegal state: must be running to vote when last-logged opid is not known
I20260709 12:59:20.106911  8727 raft_consensus.cc:2804] T 743006f2627d41788f450de03c3a6c70 P f0dd768675b44ad39b8759c854f177c7 [term 1 FOLLOWER]: Leader election won for term 1
I20260709 12:59:20.107544  8727 raft_consensus.cc:697] T 743006f2627d41788f450de03c3a6c70 P f0dd768675b44ad39b8759c854f177c7 [term 1 LEADER]: Becoming Leader. State: Replica: f0dd768675b44ad39b8759c854f177c7, State: Running, Role: LEADER
I20260709 12:59:20.076758  8605 ts_tablet_manager.cc:1403] T 0d2d16bdcd224c29b37a08fdd346260b P ddc41f662e65490eace3db87dd558cb3: Time spent bootstrapping tablet: real 0.050s	user 0.013s	sys 0.011s
I20260709 12:59:20.108316  8727 consensus_queue.cc:237] T 743006f2627d41788f450de03c3a6c70 P f0dd768675b44ad39b8759c854f177c7 [LEADER]: Queue going to LEADER mode. State: All replicated index: 0, Majority replicated index: 0, Committed index: 0, Last appended: 0.0, Last appended by leader: 0, Current term: 1, Majority size: 2, State: 0, Mode: LEADER, active raft config: opid_index: -1 OBSOLETE_local: false peers { permanent_uuid: "f0dd768675b44ad39b8759c854f177c7" member_type: VOTER last_known_addr { host: "127.7.35.193" port: 40111 } } peers { permanent_uuid: "ddc41f662e65490eace3db87dd558cb3" member_type: VOTER last_known_addr { host: "127.7.35.194" port: 35211 } } peers { permanent_uuid: "9fed69a3314446edb7aa73870291b6c7" member_type: VOTER last_known_addr { host: "127.7.35.195" port: 39229 } }
I20260709 12:59:20.110883  8605 raft_consensus.cc:359] T 0d2d16bdcd224c29b37a08fdd346260b P ddc41f662e65490eace3db87dd558cb3 [term 0 FOLLOWER]: Replica starting. Triggering 0 pending ops. Active config: opid_index: -1 OBSOLETE_local: false peers { permanent_uuid: "f0dd768675b44ad39b8759c854f177c7" member_type: VOTER last_known_addr { host: "127.7.35.193" port: 40111 } } peers { permanent_uuid: "ddc41f662e65490eace3db87dd558cb3" member_type: VOTER last_known_addr { host: "127.7.35.194" port: 35211 } } peers { permanent_uuid: "9fed69a3314446edb7aa73870291b6c7" member_type: VOTER last_known_addr { host: "127.7.35.195" port: 39229 } }
I20260709 12:59:20.111523  8605 raft_consensus.cc:385] T 0d2d16bdcd224c29b37a08fdd346260b P ddc41f662e65490eace3db87dd558cb3 [term 0 FOLLOWER]: Consensus starting up: Expiring failure detector timer to make a prompt election more likely
I20260709 12:59:20.088943  8695 raft_consensus.cc:493] T 0d2d16bdcd224c29b37a08fdd346260b P 9fed69a3314446edb7aa73870291b6c7 [term 0 FOLLOWER]: Starting pre-election (no leader contacted us within the election timeout)
I20260709 12:59:20.112591  8695 raft_consensus.cc:515] T 0d2d16bdcd224c29b37a08fdd346260b P 9fed69a3314446edb7aa73870291b6c7 [term 0 FOLLOWER]: Starting pre-election with config: opid_index: -1 OBSOLETE_local: false peers { permanent_uuid: "f0dd768675b44ad39b8759c854f177c7" member_type: VOTER last_known_addr { host: "127.7.35.193" port: 40111 } } peers { permanent_uuid: "ddc41f662e65490eace3db87dd558cb3" member_type: VOTER last_known_addr { host: "127.7.35.194" port: 35211 } } peers { permanent_uuid: "9fed69a3314446edb7aa73870291b6c7" member_type: VOTER last_known_addr { host: "127.7.35.195" port: 39229 } }
I20260709 12:59:20.113195  8607 tablet_bootstrap.cc:654] T 4b7e8e3028034f3cbae0f9e163f76eee P 9fed69a3314446edb7aa73870291b6c7: Neither blocks nor log segments found. Creating new log.
I20260709 12:59:20.114492  8695 leader_election.cc:290] T 0d2d16bdcd224c29b37a08fdd346260b P 9fed69a3314446edb7aa73870291b6c7 [CANDIDATE]: Term 1 pre-election: Requested pre-vote from peers f0dd768675b44ad39b8759c854f177c7 (127.7.35.193:40111), ddc41f662e65490eace3db87dd558cb3 (127.7.35.194:35211)
I20260709 12:59:20.108222  8490 tablet_service.cc:1917] Received RequestConsensusVote() RPC: tablet_id: "e1d3b1ab57df4d82bda248614cefcf96" candidate_uuid: "f0dd768675b44ad39b8759c854f177c7" candidate_term: 1 candidate_status { last_received { term: 0 index: 0 } } ignore_live_leader: false dest_uuid: "ddc41f662e65490eace3db87dd558cb3" is_pre_election: true
I20260709 12:59:20.116608  8487 tablet_service.cc:1917] Received RequestConsensusVote() RPC: tablet_id: "0d2d16bdcd224c29b37a08fdd346260b" candidate_uuid: "9fed69a3314446edb7aa73870291b6c7" candidate_term: 1 candidate_status { last_received { term: 0 index: 0 } } ignore_live_leader: false dest_uuid: "ddc41f662e65490eace3db87dd558cb3" is_pre_election: true
I20260709 12:59:20.117323  8411 tablet_service.cc:1917] Received RequestConsensusVote() RPC: tablet_id: "0d2d16bdcd224c29b37a08fdd346260b" candidate_uuid: "9fed69a3314446edb7aa73870291b6c7" candidate_term: 1 candidate_status { last_received { term: 0 index: 0 } } ignore_live_leader: false dest_uuid: "f0dd768675b44ad39b8759c854f177c7" is_pre_election: true
I20260709 12:59:20.111775  8605 raft_consensus.cc:740] T 0d2d16bdcd224c29b37a08fdd346260b P ddc41f662e65490eace3db87dd558cb3 [term 0 FOLLOWER]: Becoming Follower/Learner. State: Replica: ddc41f662e65490eace3db87dd558cb3, State: Initialized, Role: FOLLOWER
W20260709 12:59:20.118376  8530 leader_election.cc:343] T 0d2d16bdcd224c29b37a08fdd346260b P 9fed69a3314446edb7aa73870291b6c7 [CANDIDATE]: Term 1 pre-election: Tablet error from VoteRequest() call to peer f0dd768675b44ad39b8759c854f177c7 (127.7.35.193:40111): Illegal state: must be running to vote when last-logged opid is not known
I20260709 12:59:20.118260  8605 consensus_queue.cc:260] T 0d2d16bdcd224c29b37a08fdd346260b P ddc41f662e65490eace3db87dd558cb3 [NON_LEADER]: Queue going to NON_LEADER mode. State: All replicated index: 0, Majority replicated index: 0, Committed index: 0, Last appended: 0.0, Last appended by leader: 0, Current term: 0, Majority size: -1, State: 0, Mode: NON_LEADER, active raft config: opid_index: -1 OBSOLETE_local: false peers { permanent_uuid: "f0dd768675b44ad39b8759c854f177c7" member_type: VOTER last_known_addr { host: "127.7.35.193" port: 40111 } } peers { permanent_uuid: "ddc41f662e65490eace3db87dd558cb3" member_type: VOTER last_known_addr { host: "127.7.35.194" port: 35211 } } peers { permanent_uuid: "9fed69a3314446edb7aa73870291b6c7" member_type: VOTER last_known_addr { host: "127.7.35.195" port: 39229 } }
I20260709 12:59:20.119181  8487 raft_consensus.cc:2468] T 0d2d16bdcd224c29b37a08fdd346260b P ddc41f662e65490eace3db87dd558cb3 [term 0 FOLLOWER]: Leader pre-election vote request: Granting yes vote for candidate 9fed69a3314446edb7aa73870291b6c7 in term 0.
W20260709 12:59:20.119832  8380 leader_election.cc:343] T e1d3b1ab57df4d82bda248614cefcf96 P f0dd768675b44ad39b8759c854f177c7 [CANDIDATE]: Term 1 pre-election: Tablet error from VoteRequest() call to peer ddc41f662e65490eace3db87dd558cb3 (127.7.35.194:35211): Illegal state: must be running to vote when last-logged opid is not known
I20260709 12:59:20.120234  8380 leader_election.cc:304] T e1d3b1ab57df4d82bda248614cefcf96 P f0dd768675b44ad39b8759c854f177c7 [CANDIDATE]: Term 1 pre-election: Election decided. Result: candidate lost. Election summary: received 3 responses out of 3 voters: 1 yes votes; 2 no votes. yes voters: f0dd768675b44ad39b8759c854f177c7; no voters: 9fed69a3314446edb7aa73870291b6c7, ddc41f662e65490eace3db87dd558cb3
I20260709 12:59:20.121142  8839 raft_consensus.cc:2749] T e1d3b1ab57df4d82bda248614cefcf96 P f0dd768675b44ad39b8759c854f177c7 [term 0 FOLLOWER]: Leader pre-election lost for term 1. Reason: could not achieve majority
I20260709 12:59:20.121758  8605 ts_tablet_manager.cc:1434] T 0d2d16bdcd224c29b37a08fdd346260b P ddc41f662e65490eace3db87dd558cb3: Time spent starting tablet: real 0.013s	user 0.005s	sys 0.001s
I20260709 12:59:20.122418  8529 leader_election.cc:304] T 0d2d16bdcd224c29b37a08fdd346260b P 9fed69a3314446edb7aa73870291b6c7 [CANDIDATE]: Term 1 pre-election: Election decided. Result: candidate won. Election summary: received 3 responses out of 3 voters: 2 yes votes; 1 no votes. yes voters: 9fed69a3314446edb7aa73870291b6c7, ddc41f662e65490eace3db87dd558cb3; no voters: f0dd768675b44ad39b8759c854f177c7
I20260709 12:59:20.122776  8605 tablet_bootstrap.cc:492] T 669f7bcd33714dcc8c71ded8af98b09b P ddc41f662e65490eace3db87dd558cb3: Bootstrap starting.
I20260709 12:59:20.126396  8692 raft_consensus.cc:2804] T 0d2d16bdcd224c29b37a08fdd346260b P 9fed69a3314446edb7aa73870291b6c7 [term 0 FOLLOWER]: Leader pre-election won for term 1
I20260709 12:59:20.126786  8692 raft_consensus.cc:493] T 0d2d16bdcd224c29b37a08fdd346260b P 9fed69a3314446edb7aa73870291b6c7 [term 0 FOLLOWER]: Starting leader election (no leader contacted us within the election timeout)
I20260709 12:59:20.127125  8692 raft_consensus.cc:3060] T 0d2d16bdcd224c29b37a08fdd346260b P 9fed69a3314446edb7aa73870291b6c7 [term 0 FOLLOWER]: Advancing to term 1
I20260709 12:59:20.128674  8605 tablet_bootstrap.cc:654] T 669f7bcd33714dcc8c71ded8af98b09b P ddc41f662e65490eace3db87dd558cb3: Neither blocks nor log segments found. Creating new log.
I20260709 12:59:20.134671  8692 raft_consensus.cc:515] T 0d2d16bdcd224c29b37a08fdd346260b P 9fed69a3314446edb7aa73870291b6c7 [term 1 FOLLOWER]: Starting leader election with config: opid_index: -1 OBSOLETE_local: false peers { permanent_uuid: "f0dd768675b44ad39b8759c854f177c7" member_type: VOTER last_known_addr { host: "127.7.35.193" port: 40111 } } peers { permanent_uuid: "ddc41f662e65490eace3db87dd558cb3" member_type: VOTER last_known_addr { host: "127.7.35.194" port: 35211 } } peers { permanent_uuid: "9fed69a3314446edb7aa73870291b6c7" member_type: VOTER last_known_addr { host: "127.7.35.195" port: 39229 } }
I20260709 12:59:20.139947  8411 tablet_service.cc:1917] Received RequestConsensusVote() RPC: tablet_id: "0d2d16bdcd224c29b37a08fdd346260b" candidate_uuid: "9fed69a3314446edb7aa73870291b6c7" candidate_term: 1 candidate_status { last_received { term: 0 index: 0 } } ignore_live_leader: false dest_uuid: "f0dd768675b44ad39b8759c854f177c7"
I20260709 12:59:20.139889  8605 tablet_bootstrap.cc:492] T 669f7bcd33714dcc8c71ded8af98b09b P ddc41f662e65490eace3db87dd558cb3: No bootstrap required, opened a new log
I20260709 12:59:20.141180  8605 ts_tablet_manager.cc:1403] T 669f7bcd33714dcc8c71ded8af98b09b P ddc41f662e65490eace3db87dd558cb3: Time spent bootstrapping tablet: real 0.019s	user 0.013s	sys 0.003s
I20260709 12:59:20.141567  8487 tablet_service.cc:1917] Received RequestConsensusVote() RPC: tablet_id: "0d2d16bdcd224c29b37a08fdd346260b" candidate_uuid: "9fed69a3314446edb7aa73870291b6c7" candidate_term: 1 candidate_status { last_received { term: 0 index: 0 } } ignore_live_leader: false dest_uuid: "ddc41f662e65490eace3db87dd558cb3"
I20260709 12:59:20.142110  8487 raft_consensus.cc:3060] T 0d2d16bdcd224c29b37a08fdd346260b P ddc41f662e65490eace3db87dd558cb3 [term 0 FOLLOWER]: Advancing to term 1
I20260709 12:59:20.143752  8605 raft_consensus.cc:359] T 669f7bcd33714dcc8c71ded8af98b09b P ddc41f662e65490eace3db87dd558cb3 [term 0 FOLLOWER]: Replica starting. Triggering 0 pending ops. Active config: opid_index: -1 OBSOLETE_local: false peers { permanent_uuid: "f0dd768675b44ad39b8759c854f177c7" member_type: VOTER last_known_addr { host: "127.7.35.193" port: 40111 } } peers { permanent_uuid: "ddc41f662e65490eace3db87dd558cb3" member_type: VOTER last_known_addr { host: "127.7.35.194" port: 35211 } } peers { permanent_uuid: "9fed69a3314446edb7aa73870291b6c7" member_type: VOTER last_known_addr { host: "127.7.35.195" port: 39229 } }
I20260709 12:59:20.144608  8605 raft_consensus.cc:385] T 669f7bcd33714dcc8c71ded8af98b09b P ddc41f662e65490eace3db87dd558cb3 [term 0 FOLLOWER]: Consensus starting up: Expiring failure detector timer to make a prompt election more likely
I20260709 12:59:20.144892  8605 raft_consensus.cc:740] T 669f7bcd33714dcc8c71ded8af98b09b P ddc41f662e65490eace3db87dd558cb3 [term 0 FOLLOWER]: Becoming Follower/Learner. State: Replica: ddc41f662e65490eace3db87dd558cb3, State: Initialized, Role: FOLLOWER
I20260709 12:59:20.145529  8605 consensus_queue.cc:260] T 669f7bcd33714dcc8c71ded8af98b09b P ddc41f662e65490eace3db87dd558cb3 [NON_LEADER]: Queue going to NON_LEADER mode. State: All replicated index: 0, Majority replicated index: 0, Committed index: 0, Last appended: 0.0, Last appended by leader: 0, Current term: 0, Majority size: -1, State: 0, Mode: NON_LEADER, active raft config: opid_index: -1 OBSOLETE_local: false peers { permanent_uuid: "f0dd768675b44ad39b8759c854f177c7" member_type: VOTER last_known_addr { host: "127.7.35.193" port: 40111 } } peers { permanent_uuid: "ddc41f662e65490eace3db87dd558cb3" member_type: VOTER last_known_addr { host: "127.7.35.194" port: 35211 } } peers { permanent_uuid: "9fed69a3314446edb7aa73870291b6c7" member_type: VOTER last_known_addr { host: "127.7.35.195" port: 39229 } }
I20260709 12:59:20.146421  8487 raft_consensus.cc:2468] T 0d2d16bdcd224c29b37a08fdd346260b P ddc41f662e65490eace3db87dd558cb3 [term 1 FOLLOWER]: Leader election vote request: Granting yes vote for candidate 9fed69a3314446edb7aa73870291b6c7 in term 1.
I20260709 12:59:20.147622  8529 leader_election.cc:304] T 0d2d16bdcd224c29b37a08fdd346260b P 9fed69a3314446edb7aa73870291b6c7 [CANDIDATE]: Term 1 election: Election decided. Result: candidate won. Election summary: received 2 responses out of 3 voters: 2 yes votes; 0 no votes. yes voters: 9fed69a3314446edb7aa73870291b6c7, ddc41f662e65490eace3db87dd558cb3; no voters: 
I20260709 12:59:20.147859  8605 ts_tablet_manager.cc:1434] T 669f7bcd33714dcc8c71ded8af98b09b P ddc41f662e65490eace3db87dd558cb3: Time spent starting tablet: real 0.006s	user 0.006s	sys 0.000s
I20260709 12:59:20.148972  8604 tablet_bootstrap.cc:492] T 9ab0343bbe24419f97b55cfdb2760b30 P f0dd768675b44ad39b8759c854f177c7: No bootstrap required, opened a new log
I20260709 12:59:20.149076  8733 raft_consensus.cc:2804] T 0d2d16bdcd224c29b37a08fdd346260b P 9fed69a3314446edb7aa73870291b6c7 [term 1 FOLLOWER]: Leader election won for term 1
I20260709 12:59:20.149391  8604 ts_tablet_manager.cc:1403] T 9ab0343bbe24419f97b55cfdb2760b30 P f0dd768675b44ad39b8759c854f177c7: Time spent bootstrapping tablet: real 0.106s	user 0.024s	sys 0.031s
I20260709 12:59:20.149552  8733 raft_consensus.cc:697] T 0d2d16bdcd224c29b37a08fdd346260b P 9fed69a3314446edb7aa73870291b6c7 [term 1 LEADER]: Becoming Leader. State: Replica: 9fed69a3314446edb7aa73870291b6c7, State: Running, Role: LEADER
I20260709 12:59:20.149737  8605 tablet_bootstrap.cc:492] T e33409a10ff64fddab42ff6288596f3d P ddc41f662e65490eace3db87dd558cb3: Bootstrap starting.
I20260709 12:59:20.151696  8604 raft_consensus.cc:359] T 9ab0343bbe24419f97b55cfdb2760b30 P f0dd768675b44ad39b8759c854f177c7 [term 0 FOLLOWER]: Replica starting. Triggering 0 pending ops. Active config: opid_index: -1 OBSOLETE_local: false peers { permanent_uuid: "f0dd768675b44ad39b8759c854f177c7" member_type: VOTER last_known_addr { host: "127.7.35.193" port: 40111 } } peers { permanent_uuid: "ddc41f662e65490eace3db87dd558cb3" member_type: VOTER last_known_addr { host: "127.7.35.194" port: 35211 } } peers { permanent_uuid: "9fed69a3314446edb7aa73870291b6c7" member_type: VOTER last_known_addr { host: "127.7.35.195" port: 39229 } }
I20260709 12:59:20.152546  8604 raft_consensus.cc:385] T 9ab0343bbe24419f97b55cfdb2760b30 P f0dd768675b44ad39b8759c854f177c7 [term 0 FOLLOWER]: Consensus starting up: Expiring failure detector timer to make a prompt election more likely
I20260709 12:59:20.152825  8604 raft_consensus.cc:740] T 9ab0343bbe24419f97b55cfdb2760b30 P f0dd768675b44ad39b8759c854f177c7 [term 0 FOLLOWER]: Becoming Follower/Learner. State: Replica: f0dd768675b44ad39b8759c854f177c7, State: Initialized, Role: FOLLOWER
I20260709 12:59:20.153484  8604 consensus_queue.cc:260] T 9ab0343bbe24419f97b55cfdb2760b30 P f0dd768675b44ad39b8759c854f177c7 [NON_LEADER]: Queue going to NON_LEADER mode. State: All replicated index: 0, Majority replicated index: 0, Committed index: 0, Last appended: 0.0, Last appended by leader: 0, Current term: 0, Majority size: -1, State: 0, Mode: NON_LEADER, active raft config: opid_index: -1 OBSOLETE_local: false peers { permanent_uuid: "f0dd768675b44ad39b8759c854f177c7" member_type: VOTER last_known_addr { host: "127.7.35.193" port: 40111 } } peers { permanent_uuid: "ddc41f662e65490eace3db87dd558cb3" member_type: VOTER last_known_addr { host: "127.7.35.194" port: 35211 } } peers { permanent_uuid: "9fed69a3314446edb7aa73870291b6c7" member_type: VOTER last_known_addr { host: "127.7.35.195" port: 39229 } }
I20260709 12:59:20.155543  8604 ts_tablet_manager.cc:1434] T 9ab0343bbe24419f97b55cfdb2760b30 P f0dd768675b44ad39b8759c854f177c7: Time spent starting tablet: real 0.006s	user 0.004s	sys 0.000s
I20260709 12:59:20.155606  8605 tablet_bootstrap.cc:654] T e33409a10ff64fddab42ff6288596f3d P ddc41f662e65490eace3db87dd558cb3: Neither blocks nor log segments found. Creating new log.
I20260709 12:59:20.156893  8604 tablet_bootstrap.cc:492] T 73c8c06609af4424b2e175a19011819b P f0dd768675b44ad39b8759c854f177c7: Bootstrap starting.
I20260709 12:59:20.158317  8490 raft_consensus.cc:3060] T 6cb3c293b5814ae69f095233e4a1186e P ddc41f662e65490eace3db87dd558cb3 [term 0 FOLLOWER]: Advancing to term 1
I20260709 12:59:20.162025  8710 raft_consensus.cc:493] T e178f64043b8464f89c7b00a47382627 P ddc41f662e65490eace3db87dd558cb3 [term 0 FOLLOWER]: Starting pre-election (no leader contacted us within the election timeout)
I20260709 12:59:20.162606  8604 tablet_bootstrap.cc:654] T 73c8c06609af4424b2e175a19011819b P f0dd768675b44ad39b8759c854f177c7: Neither blocks nor log segments found. Creating new log.
I20260709 12:59:20.162488  8710 raft_consensus.cc:515] T e178f64043b8464f89c7b00a47382627 P ddc41f662e65490eace3db87dd558cb3 [term 0 FOLLOWER]: Starting pre-election with config: opid_index: -1 OBSOLETE_local: false peers { permanent_uuid: "f0dd768675b44ad39b8759c854f177c7" member_type: VOTER last_known_addr { host: "127.7.35.193" port: 40111 } } peers { permanent_uuid: "ddc41f662e65490eace3db87dd558cb3" member_type: VOTER last_known_addr { host: "127.7.35.194" port: 35211 } } peers { permanent_uuid: "9fed69a3314446edb7aa73870291b6c7" member_type: VOTER last_known_addr { host: "127.7.35.195" port: 39229 } }
W20260709 12:59:20.164243  8530 leader_election.cc:343] T 0d2d16bdcd224c29b37a08fdd346260b P 9fed69a3314446edb7aa73870291b6c7 [CANDIDATE]: Term 1 election: Tablet error from VoteRequest() call to peer f0dd768675b44ad39b8759c854f177c7 (127.7.35.193:40111): Illegal state: must be running to vote when last-logged opid is not known
I20260709 12:59:20.166038  8562 tablet_service.cc:1917] Received RequestConsensusVote() RPC: tablet_id: "e178f64043b8464f89c7b00a47382627" candidate_uuid: "ddc41f662e65490eace3db87dd558cb3" candidate_term: 1 candidate_status { last_received { term: 0 index: 0 } } ignore_live_leader: false dest_uuid: "9fed69a3314446edb7aa73870291b6c7" is_pre_election: true
I20260709 12:59:20.167194  8605 tablet_bootstrap.cc:492] T e33409a10ff64fddab42ff6288596f3d P ddc41f662e65490eace3db87dd558cb3: No bootstrap required, opened a new log
W20260709 12:59:20.167306  8455 leader_election.cc:343] T e178f64043b8464f89c7b00a47382627 P ddc41f662e65490eace3db87dd558cb3 [CANDIDATE]: Term 1 pre-election: Tablet error from VoteRequest() call to peer 9fed69a3314446edb7aa73870291b6c7 (127.7.35.195:39229): Illegal state: must be running to vote when last-logged opid is not known
I20260709 12:59:20.167697  8605 ts_tablet_manager.cc:1403] T e33409a10ff64fddab42ff6288596f3d P ddc41f662e65490eace3db87dd558cb3: Time spent bootstrapping tablet: real 0.018s	user 0.010s	sys 0.007s
I20260709 12:59:20.167836  8607 tablet_bootstrap.cc:492] T 4b7e8e3028034f3cbae0f9e163f76eee P 9fed69a3314446edb7aa73870291b6c7: No bootstrap required, opened a new log
I20260709 12:59:20.168082  8630 raft_consensus.cc:493] T e33409a10ff64fddab42ff6288596f3d P f0dd768675b44ad39b8759c854f177c7 [term 0 FOLLOWER]: Starting pre-election (no leader contacted us within the election timeout)
I20260709 12:59:20.168167  8710 leader_election.cc:290] T e178f64043b8464f89c7b00a47382627 P ddc41f662e65490eace3db87dd558cb3 [CANDIDATE]: Term 1 pre-election: Requested pre-vote from peers f0dd768675b44ad39b8759c854f177c7 (127.7.35.193:40111), 9fed69a3314446edb7aa73870291b6c7 (127.7.35.195:39229)
I20260709 12:59:20.168264  8607 ts_tablet_manager.cc:1403] T 4b7e8e3028034f3cbae0f9e163f76eee P 9fed69a3314446edb7aa73870291b6c7: Time spent bootstrapping tablet: real 0.102s	user 0.012s	sys 0.000s
I20260709 12:59:20.169337  8411 tablet_service.cc:1917] Received RequestConsensusVote() RPC: tablet_id: "e178f64043b8464f89c7b00a47382627" candidate_uuid: "ddc41f662e65490eace3db87dd558cb3" candidate_term: 1 candidate_status { last_received { term: 0 index: 0 } } ignore_live_leader: false dest_uuid: "f0dd768675b44ad39b8759c854f177c7" is_pre_election: true
